[INFO] fetching crate eqeqo_server_base 0.1.3...
[INFO] testing eqeqo_server_base-0.1.3 against nightly-2024-10-28 for randomize-layout
[INFO] extracting crate eqeqo_server_base 0.1.3 into /workspace/builds/worker-1-tc1/source
[INFO] validating manifest of crates.io crate eqeqo_server_base 0.1.3 on toolchain nightly-2024-10-28
[INFO] running `Command { std: CARGO_HOME="/workspace/cargo-home" RUSTUP_HOME="/workspace/rustup-home" "/workspace/cargo-home/bin/cargo" "+nightly-2024-10-28" "metadata" "--manifest-path" "Cargo.toml" "--no-deps", kill_on_drop: false }`
[INFO] started tweaking crates.io crate eqeqo_server_base 0.1.3
[INFO] finished tweaking crates.io crate eqeqo_server_base 0.1.3
[INFO] tweaked toml for crates.io crate eqeqo_server_base 0.1.3 written to /workspace/builds/worker-1-tc1/source/Cargo.toml
[INFO] running `Command { std: CARGO_HOME="/workspace/cargo-home" RUSTUP_HOME="/workspace/rustup-home" "/workspace/cargo-home/bin/cargo" "+nightly-2024-10-28" "generate-lockfile" "--manifest-path" "Cargo.toml", kill_on_drop: false }`
[INFO] running `Command { std: CARGO_HOME="/workspace/cargo-home" RUSTUP_HOME="/workspace/rustup-home" "/workspace/cargo-home/bin/cargo" "+nightly-2024-10-28" "fetch" "--manifest-path" "Cargo.toml", kill_on_drop: false }`
[INFO] running `Command { std: "docker" "create" "-v" "/var/lib/crater-agent-workspace/builds/worker-1-tc1/target:/opt/rustwide/target:rw,Z" "-v" "/var/lib/crater-agent-workspace/builds/worker-1-tc1/source:/opt/rustwide/workdir:ro,Z" "-v" "/var/lib/crater-agent-workspace/cargo-home:/opt/rustwide/cargo-home:ro,Z" "-v" "/var/lib/crater-agent-workspace/rustup-home:/opt/rustwide/rustup-home:ro,Z" "-e" "SOURCE_DIR=/opt/rustwide/workdir" "-e" "CARGO_TARGET_DIR=/opt/rustwide/target" "-e" "CARGO_HOME=/opt/rustwide/cargo-home" "-e" "RUSTUP_HOME=/opt/rustwide/rustup-home" "-w" "/opt/rustwide/workdir" "-m" "1610612736" "--user" "0:0" "--network" "none" "ghcr.io/rust-lang/crates-build-env/linux@sha256:4a844ea9eb2546a2d2c7022eacef16ef2e8229c7fbb2c7d4d55a9ceca922f72d" "/opt/rustwide/cargo-home/bin/cargo" "+nightly-2024-10-28" "metadata" "--no-deps" "--format-version=1", kill_on_drop: false }`
[INFO] [stdout] b1555959d8f2c100cf68e910bce1b9d2deab391a2afd4f45c0df9546c0be765d
[INFO] running `Command { std: "docker" "start" "-a" "b1555959d8f2c100cf68e910bce1b9d2deab391a2afd4f45c0df9546c0be765d", kill_on_drop: false }`
[INFO] running `Command { std: "docker" "inspect" "b1555959d8f2c100cf68e910bce1b9d2deab391a2afd4f45c0df9546c0be765d", kill_on_drop: false }`
[INFO] running `Command { std: "docker" "rm" "-f" "b1555959d8f2c100cf68e910bce1b9d2deab391a2afd4f45c0df9546c0be765d", kill_on_drop: false }`
[INFO] [stdout] b1555959d8f2c100cf68e910bce1b9d2deab391a2afd4f45c0df9546c0be765d
[INFO] running `Command { std: "docker" "create" "-v" "/var/lib/crater-agent-workspace/builds/worker-1-tc1/target:/opt/rustwide/target:rw,Z" "-v" "/var/lib/crater-agent-workspace/builds/worker-1-tc1/source:/opt/rustwide/workdir:ro,Z" "-v" "/var/lib/crater-agent-workspace/cargo-home:/opt/rustwide/cargo-home:ro,Z" "-v" "/var/lib/crater-agent-workspace/rustup-home:/opt/rustwide/rustup-home:ro,Z" "-e" "SOURCE_DIR=/opt/rustwide/workdir" "-e" "CARGO_TARGET_DIR=/opt/rustwide/target" "-e" "CARGO_INCREMENTAL=0" "-e" "RUST_BACKTRACE=full" "-e" "RUSTFLAGS=--cap-lints=forbid" "-e" "RUSTDOCFLAGS=--cap-lints=forbid" "-e" "CARGO_HOME=/opt/rustwide/cargo-home" "-e" "RUSTUP_HOME=/opt/rustwide/rustup-home" "-w" "/opt/rustwide/workdir" "-m" "1610612736" "--user" "0:0" "--network" "none" "ghcr.io/rust-lang/crates-build-env/linux@sha256:4a844ea9eb2546a2d2c7022eacef16ef2e8229c7fbb2c7d4d55a9ceca922f72d" "/opt/rustwide/cargo-home/bin/cargo" "+nightly-2024-10-28" "build" "--frozen" "--message-format=json", kill_on_drop: false }`
[INFO] [stdout] e66dbaecf15ab6273b3c89004b35139c65d8be0bbcb12db935a25247005d9716
[INFO] running `Command { std: "docker" "start" "-a" "e66dbaecf15ab6273b3c89004b35139c65d8be0bbcb12db935a25247005d9716", kill_on_drop: false }`
[INFO] [stderr]    Compiling eqeqo_server_base v0.1.3 (/opt/rustwide/workdir)
[INFO] [stderr]     Finished `dev` profile [unoptimized + debuginfo] target(s) in 0.56s
[INFO] running `Command { std: "docker" "inspect" "e66dbaecf15ab6273b3c89004b35139c65d8be0bbcb12db935a25247005d9716", kill_on_drop: false }`
[INFO] running `Command { std: "docker" "rm" "-f" "e66dbaecf15ab6273b3c89004b35139c65d8be0bbcb12db935a25247005d9716", kill_on_drop: false }`
[INFO] [stdout] e66dbaecf15ab6273b3c89004b35139c65d8be0bbcb12db935a25247005d9716
[INFO] running `Command { std: "docker" "create" "-v" "/var/lib/crater-agent-workspace/builds/worker-1-tc1/target:/opt/rustwide/target:rw,Z" "-v" "/var/lib/crater-agent-workspace/builds/worker-1-tc1/source:/opt/rustwide/workdir:ro,Z" "-v" "/var/lib/crater-agent-workspace/cargo-home:/opt/rustwide/cargo-home:ro,Z" "-v" "/var/lib/crater-agent-workspace/rustup-home:/opt/rustwide/rustup-home:ro,Z" "-e" "SOURCE_DIR=/opt/rustwide/workdir" "-e" "CARGO_TARGET_DIR=/opt/rustwide/target" "-e" "CARGO_INCREMENTAL=0" "-e" "RUST_BACKTRACE=full" "-e" "RUSTFLAGS=--cap-lints=forbid" "-e" "RUSTDOCFLAGS=--cap-lints=forbid" "-e" "CARGO_HOME=/opt/rustwide/cargo-home" "-e" "RUSTUP_HOME=/opt/rustwide/rustup-home" "-w" "/opt/rustwide/workdir" "-m" "1610612736" "--user" "0:0" "--network" "none" "ghcr.io/rust-lang/crates-build-env/linux@sha256:4a844ea9eb2546a2d2c7022eacef16ef2e8229c7fbb2c7d4d55a9ceca922f72d" "/opt/rustwide/cargo-home/bin/cargo" "+nightly-2024-10-28" "test" "--frozen" "--no-run" "--message-format=json", kill_on_drop: false }`
[INFO] [stdout] d624d74340f4dd01c5fa30b57e33e1e6e2a4462ca4f201bf46f703dba811fba6
[INFO] running `Command { std: "docker" "start" "-a" "d624d74340f4dd01c5fa30b57e33e1e6e2a4462ca4f201bf46f703dba811fba6", kill_on_drop: false }`
[INFO] [stderr]    Compiling eqeqo_server_base v0.1.3 (/opt/rustwide/workdir)
[INFO] [stderr]     Finished `test` profile [unoptimized + debuginfo] target(s) in 0.35s
[INFO] running `Command { std: "docker" "inspect" "d624d74340f4dd01c5fa30b57e33e1e6e2a4462ca4f201bf46f703dba811fba6", kill_on_drop: false }`
[INFO] running `Command { std: "docker" "rm" "-f" "d624d74340f4dd01c5fa30b57e33e1e6e2a4462ca4f201bf46f703dba811fba6", kill_on_drop: false }`
[INFO] [stdout] d624d74340f4dd01c5fa30b57e33e1e6e2a4462ca4f201bf46f703dba811fba6
[INFO] running `Command { std: "docker" "create" "-v" "/var/lib/crater-agent-workspace/builds/worker-1-tc1/target:/opt/rustwide/target:rw,Z" "-v" "/var/lib/crater-agent-workspace/builds/worker-1-tc1/source:/opt/rustwide/workdir:ro,Z" "-v" "/var/lib/crater-agent-workspace/cargo-home:/opt/rustwide/cargo-home:ro,Z" "-v" "/var/lib/crater-agent-workspace/rustup-home:/opt/rustwide/rustup-home:ro,Z" "-e" "SOURCE_DIR=/opt/rustwide/workdir" "-e" "CARGO_TARGET_DIR=/opt/rustwide/target" "-e" "CARGO_INCREMENTAL=0" "-e" "RUST_BACKTRACE=full" "-e" "RUSTFLAGS=--cap-lints=forbid" "-e" "RUSTDOCFLAGS=--cap-lints=forbid" "-e" "CARGO_HOME=/opt/rustwide/cargo-home" "-e" "RUSTUP_HOME=/opt/rustwide/rustup-home" "-w" "/opt/rustwide/workdir" "-m" "1610612736" "--user" "0:0" "--network" "none" "ghcr.io/rust-lang/crates-build-env/linux@sha256:4a844ea9eb2546a2d2c7022eacef16ef2e8229c7fbb2c7d4d55a9ceca922f72d" "/opt/rustwide/cargo-home/bin/cargo" "+nightly-2024-10-28" "test" "--frozen", kill_on_drop: false }`
[INFO] [stdout] ef330b229628b58ee6e8478243b5d1141cc2cdd652b5e904553c8b1405a64060
[INFO] running `Command { std: "docker" "start" "-a" "ef330b229628b58ee6e8478243b5d1141cc2cdd652b5e904553c8b1405a64060", kill_on_drop: false }`
[INFO] [stderr]     Finished `test` profile [unoptimized + debuginfo] target(s) in 0.01s
[INFO] [stderr]      Running unittests src/lib.rs (/opt/rustwide/target/debug/deps/eqeqo_server_base-1274be88404e42d1)
[INFO] [stdout] 
[INFO] [stdout] running 0 tests
[INFO] [stdout] 
[INFO] [stdout] test result: ok. 0 passed; 0 failed; 0 ignored; 0 measured; 0 filtered out; finished in 0.00s
[INFO] [stdout] 
[INFO] [stderr]      Running tests/test.rs (/opt/rustwide/target/debug/deps/test-c70039a0f687cdb2)
[INFO] [stdout] 
[INFO] [stdout] running 6 tests
[INFO] [stdout] test test_post ... FAILED
[INFO] [stdout] test test_put ... FAILED
[INFO] [stdout] test test_home ... FAILED
[INFO] [stdout] test test_delete ... FAILED
[INFO] [stdout] test test_get ... FAILED
[INFO] [stdout] test test_file has been running for over 60 seconds
[ERROR] error running command: no output for 300 seconds
[INFO] running `Command { std: "docker" "inspect" "ef330b229628b58ee6e8478243b5d1141cc2cdd652b5e904553c8b1405a64060", kill_on_drop: false }`
[INFO] running `Command { std: "docker" "rm" "-f" "ef330b229628b58ee6e8478243b5d1141cc2cdd652b5e904553c8b1405a64060", kill_on_drop: false }`
[INFO] [stdout] ef330b229628b58ee6e8478243b5d1141cc2cdd652b5e904553c8b1405a64060
