[INFO] fetching crate eow_words_quiz 0.1.3...
[INFO] testing eow_words_quiz-0.1.3 against nightly-2024-10-28 for randomize-layout
[INFO] extracting crate eow_words_quiz 0.1.3 into /workspace/builds/worker-1-tc1/source
[INFO] validating manifest of crates.io crate eow_words_quiz 0.1.3 on toolchain nightly-2024-10-28
[INFO] running `Command { std: CARGO_HOME="/workspace/cargo-home" RUSTUP_HOME="/workspace/rustup-home" "/workspace/cargo-home/bin/cargo" "+nightly-2024-10-28" "metadata" "--manifest-path" "Cargo.toml" "--no-deps", kill_on_drop: false }`
[INFO] started tweaking crates.io crate eow_words_quiz 0.1.3
[INFO] finished tweaking crates.io crate eow_words_quiz 0.1.3
[INFO] tweaked toml for crates.io crate eow_words_quiz 0.1.3 written to /workspace/builds/worker-1-tc1/source/Cargo.toml
[INFO] crate crates.io crate eow_words_quiz 0.1.3 already has a lockfile, it will not be regenerated
[INFO] running `Command { std: CARGO_HOME="/workspace/cargo-home" RUSTUP_HOME="/workspace/rustup-home" "/workspace/cargo-home/bin/cargo" "+nightly-2024-10-28" "fetch" "--manifest-path" "Cargo.toml", kill_on_drop: false }`
[INFO] [stderr]     Blocking waiting for file lock on package cache
[INFO] [stderr]     Blocking waiting for file lock on package cache
[INFO] [stderr]  Downloading crates ...
[INFO] [stderr]   Downloaded subprocess v0.2.4
[INFO] [stderr]   Downloaded serde v1.0.111
[INFO] [stderr]   Downloaded itoa v0.4.5
[INFO] [stderr]   Downloaded bstr v0.2.13
[INFO] [stderr]   Downloaded csv v1.1.3
[INFO] running `Command { std: "docker" "create" "-v" "/var/lib/crater-agent-workspace/builds/worker-1-tc1/target:/opt/rustwide/target:rw,Z" "-v" "/var/lib/crater-agent-workspace/builds/worker-1-tc1/source:/opt/rustwide/workdir:ro,Z" "-v" "/var/lib/crater-agent-workspace/cargo-home:/opt/rustwide/cargo-home:ro,Z" "-v" "/var/lib/crater-agent-workspace/rustup-home:/opt/rustwide/rustup-home:ro,Z" "-e" "SOURCE_DIR=/opt/rustwide/workdir" "-e" "CARGO_TARGET_DIR=/opt/rustwide/target" "-e" "CARGO_HOME=/opt/rustwide/cargo-home" "-e" "RUSTUP_HOME=/opt/rustwide/rustup-home" "-w" "/opt/rustwide/workdir" "-m" "1610612736" "--user" "0:0" "--network" "none" "ghcr.io/rust-lang/crates-build-env/linux@sha256:4a844ea9eb2546a2d2c7022eacef16ef2e8229c7fbb2c7d4d55a9ceca922f72d" "/opt/rustwide/cargo-home/bin/cargo" "+nightly-2024-10-28" "metadata" "--no-deps" "--format-version=1", kill_on_drop: false }`
[INFO] [stdout] 6d3f27f23339d5a5f7ef9aa8422c673afc0f7d0deee7b809926eb16df288f0f1
[INFO] running `Command { std: "docker" "start" "-a" "6d3f27f23339d5a5f7ef9aa8422c673afc0f7d0deee7b809926eb16df288f0f1", kill_on_drop: false }`
[INFO] running `Command { std: "docker" "inspect" "6d3f27f23339d5a5f7ef9aa8422c673afc0f7d0deee7b809926eb16df288f0f1", kill_on_drop: false }`
[INFO] running `Command { std: "docker" "rm" "-f" "6d3f27f23339d5a5f7ef9aa8422c673afc0f7d0deee7b809926eb16df288f0f1", kill_on_drop: false }`
[INFO] [stdout] 6d3f27f23339d5a5f7ef9aa8422c673afc0f7d0deee7b809926eb16df288f0f1
[INFO] running `Command { std: "docker" "create" "-v" "/var/lib/crater-agent-workspace/builds/worker-1-tc1/target:/opt/rustwide/target:rw,Z" "-v" "/var/lib/crater-agent-workspace/builds/worker-1-tc1/source:/opt/rustwide/workdir:ro,Z" "-v" "/var/lib/crater-agent-workspace/cargo-home:/opt/rustwide/cargo-home:ro,Z" "-v" "/var/lib/crater-agent-workspace/rustup-home:/opt/rustwide/rustup-home:ro,Z" "-e" "SOURCE_DIR=/opt/rustwide/workdir" "-e" "CARGO_TARGET_DIR=/opt/rustwide/target" "-e" "CARGO_INCREMENTAL=0" "-e" "RUST_BACKTRACE=full" "-e" "RUSTFLAGS=--cap-lints=forbid" "-e" "RUSTDOCFLAGS=--cap-lints=forbid" "-e" "CARGO_HOME=/opt/rustwide/cargo-home" "-e" "RUSTUP_HOME=/opt/rustwide/rustup-home" "-w" "/opt/rustwide/workdir" "-m" "1610612736" "--user" "0:0" "--network" "none" "ghcr.io/rust-lang/crates-build-env/linux@sha256:4a844ea9eb2546a2d2c7022eacef16ef2e8229c7fbb2c7d4d55a9ceca922f72d" "/opt/rustwide/cargo-home/bin/cargo" "+nightly-2024-10-28" "build" "--frozen" "--message-format=json", kill_on_drop: false }`
[INFO] [stdout] 75c51f95a223bb9480f778af5f95957bc4674156d05a18db12bddd28be12ba7e
[INFO] running `Command { std: "docker" "start" "-a" "75c51f95a223bb9480f778af5f95957bc4674156d05a18db12bddd28be12ba7e", kill_on_drop: false }`
[INFO] [stderr]    Compiling libc v0.2.71
[INFO] [stderr]    Compiling byteorder v1.3.4
[INFO] [stderr]    Compiling memchr v2.3.3
[INFO] [stderr]    Compiling serde v1.0.111
[INFO] [stderr]    Compiling ryu v1.0.5
[INFO] [stderr]    Compiling itoa v0.4.5
[INFO] [stderr]    Compiling csv-core v0.1.10
[INFO] [stderr]    Compiling regex-automata v0.1.9
[INFO] [stderr]    Compiling rand v0.4.6
[INFO] [stderr]    Compiling subprocess v0.2.4
[INFO] [stderr]    Compiling rand v0.3.23
[INFO] [stderr]    Compiling bstr v0.2.13
[INFO] [stderr]    Compiling csv v1.1.3
[INFO] [stderr]    Compiling eow_words_quiz v0.1.3 (/opt/rustwide/workdir)
[INFO] [stderr]     Finished `dev` profile [unoptimized + debuginfo] target(s) in 3.47s
[INFO] running `Command { std: "docker" "inspect" "75c51f95a223bb9480f778af5f95957bc4674156d05a18db12bddd28be12ba7e", kill_on_drop: false }`
[INFO] running `Command { std: "docker" "rm" "-f" "75c51f95a223bb9480f778af5f95957bc4674156d05a18db12bddd28be12ba7e", kill_on_drop: false }`
[INFO] [stdout] 75c51f95a223bb9480f778af5f95957bc4674156d05a18db12bddd28be12ba7e
[INFO] running `Command { std: "docker" "create" "-v" "/var/lib/crater-agent-workspace/builds/worker-1-tc1/target:/opt/rustwide/target:rw,Z" "-v" "/var/lib/crater-agent-workspace/builds/worker-1-tc1/source:/opt/rustwide/workdir:ro,Z" "-v" "/var/lib/crater-agent-workspace/cargo-home:/opt/rustwide/cargo-home:ro,Z" "-v" "/var/lib/crater-agent-workspace/rustup-home:/opt/rustwide/rustup-home:ro,Z" "-e" "SOURCE_DIR=/opt/rustwide/workdir" "-e" "CARGO_TARGET_DIR=/opt/rustwide/target" "-e" "CARGO_INCREMENTAL=0" "-e" "RUST_BACKTRACE=full" "-e" "RUSTFLAGS=--cap-lints=forbid" "-e" "RUSTDOCFLAGS=--cap-lints=forbid" "-e" "CARGO_HOME=/opt/rustwide/cargo-home" "-e" "RUSTUP_HOME=/opt/rustwide/rustup-home" "-w" "/opt/rustwide/workdir" "-m" "1610612736" "--user" "0:0" "--network" "none" "ghcr.io/rust-lang/crates-build-env/linux@sha256:4a844ea9eb2546a2d2c7022eacef16ef2e8229c7fbb2c7d4d55a9ceca922f72d" "/opt/rustwide/cargo-home/bin/cargo" "+nightly-2024-10-28" "test" "--frozen" "--no-run" "--message-format=json", kill_on_drop: false }`
[INFO] [stdout] 91253a918cbd0fa248122b228b4ce4a2c0bcef81005132b14bf32a16dab954d0
[INFO] running `Command { std: "docker" "start" "-a" "91253a918cbd0fa248122b228b4ce4a2c0bcef81005132b14bf32a16dab954d0", kill_on_drop: false }`
[INFO] [stderr]    Compiling eow_words_quiz v0.1.3 (/opt/rustwide/workdir)
[INFO] [stderr]     Finished `test` profile [unoptimized + debuginfo] target(s) in 0.13s
[INFO] running `Command { std: "docker" "inspect" "91253a918cbd0fa248122b228b4ce4a2c0bcef81005132b14bf32a16dab954d0", kill_on_drop: false }`
[INFO] running `Command { std: "docker" "rm" "-f" "91253a918cbd0fa248122b228b4ce4a2c0bcef81005132b14bf32a16dab954d0", kill_on_drop: false }`
[INFO] [stdout] 91253a918cbd0fa248122b228b4ce4a2c0bcef81005132b14bf32a16dab954d0
[INFO] running `Command { std: "docker" "create" "-v" "/var/lib/crater-agent-workspace/builds/worker-1-tc1/target:/opt/rustwide/target:rw,Z" "-v" "/var/lib/crater-agent-workspace/builds/worker-1-tc1/source:/opt/rustwide/workdir:ro,Z" "-v" "/var/lib/crater-agent-workspace/cargo-home:/opt/rustwide/cargo-home:ro,Z" "-v" "/var/lib/crater-agent-workspace/rustup-home:/opt/rustwide/rustup-home:ro,Z" "-e" "SOURCE_DIR=/opt/rustwide/workdir" "-e" "CARGO_TARGET_DIR=/opt/rustwide/target" "-e" "CARGO_INCREMENTAL=0" "-e" "RUST_BACKTRACE=full" "-e" "RUSTFLAGS=--cap-lints=forbid" "-e" "RUSTDOCFLAGS=--cap-lints=forbid" "-e" "CARGO_HOME=/opt/rustwide/cargo-home" "-e" "RUSTUP_HOME=/opt/rustwide/rustup-home" "-w" "/opt/rustwide/workdir" "-m" "1610612736" "--user" "0:0" "--network" "none" "ghcr.io/rust-lang/crates-build-env/linux@sha256:4a844ea9eb2546a2d2c7022eacef16ef2e8229c7fbb2c7d4d55a9ceca922f72d" "/opt/rustwide/cargo-home/bin/cargo" "+nightly-2024-10-28" "test" "--frozen", kill_on_drop: false }`
[INFO] [stdout] fe2f10b9a87cf29d43547915c78f57b7e0243c84b111d5b7a20094ea59e01ce9
[INFO] running `Command { std: "docker" "start" "-a" "fe2f10b9a87cf29d43547915c78f57b7e0243c84b111d5b7a20094ea59e01ce9", kill_on_drop: false }`
[INFO] [stderr]     Finished `test` profile [unoptimized + debuginfo] target(s) in 0.02s
[INFO] [stderr]      Running unittests src/lib.rs (/opt/rustwide/target/debug/deps/eow_words_quiz-aa436d8c48ab5612)
[INFO] [stdout] 
[INFO] [stdout] running 0 tests
[INFO] [stdout] 
[INFO] [stdout] test result: ok. 0 passed; 0 failed; 0 ignored; 0 measured; 0 filtered out; finished in 0.00s
[INFO] [stdout] 
[INFO] [stderr]      Running unittests src/main.rs (/opt/rustwide/target/debug/deps/eow_words_quiz-2a1f56bc8157d926)
[INFO] [stdout] 
[INFO] [stdout] running 0 tests
[INFO] [stdout] 
[INFO] [stdout] test result: ok. 0 passed; 0 failed; 0 ignored; 0 measured; 0 filtered out; finished in 0.00s
[INFO] [stdout] 
[INFO] [stderr]    Doc-tests eow_words_quiz
[INFO] [stdout] 
[INFO] [stdout] running 1 test
[INFO] [stdout] test src/lib.rs - run (line 14) ... FAILED
[INFO] [stdout] 
[INFO] [stdout] failures:
[INFO] [stdout] 
[INFO] [stdout] ---- src/lib.rs - run (line 14) stdout ----
[INFO] [stdout] error[E0433]: failed to resolve: use of undeclared crate or module `eow_word_quiz`
[INFO] [stdout]  --> src/lib.rs:18:5
[INFO] [stdout]   |
[INFO] [stdout] 5 |     eow_word_quiz::run(env::args());
[INFO] [stdout]   |     ^^^^^^^^^^^^^ use of undeclared crate or module `eow_word_quiz`
[INFO] [stdout]   |
[INFO] [stdout] help: there is a crate or module with a similar name
[INFO] [stdout]   |
[INFO] [stdout] 5 |     eow_words_quiz::run(env::args());
[INFO] [stdout]   |     ~~~~~~~~~~~~~~
[INFO] [stdout] 
[INFO] [stdout] error: aborting due to 1 previous error
[INFO] [stdout] 
[INFO] [stdout] For more information about this error, try `rustc --explain E0433`.
[INFO] [stdout] Couldn't compile the test.
[INFO] [stdout] 
[INFO] [stdout] failures:
[INFO] [stdout]     src/lib.rs - run (line 14)
[INFO] [stdout] 
[INFO] [stdout] test result: FAILED. 0 passed; 1 failed; 0 ignored; 0 measured; 0 filtered out; finished in 0.05s
[INFO] [stdout] 
[INFO] [stderr] error: doctest failed, to rerun pass `--doc`
[INFO] running `Command { std: "docker" "inspect" "fe2f10b9a87cf29d43547915c78f57b7e0243c84b111d5b7a20094ea59e01ce9", kill_on_drop: false }`
[INFO] running `Command { std: "docker" "rm" "-f" "fe2f10b9a87cf29d43547915c78f57b7e0243c84b111d5b7a20094ea59e01ce9", kill_on_drop: false }`
[INFO] [stdout] fe2f10b9a87cf29d43547915c78f57b7e0243c84b111d5b7a20094ea59e01ce9
