[INFO] fetching crate envstruct 1.0.6...
[INFO] testing envstruct-1.0.6 against nightly-2024-10-28 for randomize-layout
[INFO] extracting crate envstruct 1.0.6 into /workspace/builds/worker-7-tc1/source
[INFO] validating manifest of crates.io crate envstruct 1.0.6 on toolchain nightly-2024-10-28
[INFO] running `Command { std: CARGO_HOME="/workspace/cargo-home" RUSTUP_HOME="/workspace/rustup-home" "/workspace/cargo-home/bin/cargo" "+nightly-2024-10-28" "metadata" "--manifest-path" "Cargo.toml" "--no-deps", kill_on_drop: false }`
[INFO] started tweaking crates.io crate envstruct 1.0.6
[INFO] removed 0 missing examples
[INFO] removed 0 missing tests
[INFO] finished tweaking crates.io crate envstruct 1.0.6
[INFO] tweaked toml for crates.io crate envstruct 1.0.6 written to /workspace/builds/worker-7-tc1/source/Cargo.toml
[INFO] crate crates.io crate envstruct 1.0.6 already has a lockfile, it will not be regenerated
[INFO] running `Command { std: CARGO_HOME="/workspace/cargo-home" RUSTUP_HOME="/workspace/rustup-home" "/workspace/cargo-home/bin/cargo" "+nightly-2024-10-28" "fetch" "--manifest-path" "Cargo.toml", kill_on_drop: false }`
[INFO] [stderr]     Updating crates.io index
[INFO] [stderr]  Downloading crates ...
[INFO] [stderr]   Downloaded prettytable-rs v0.10.0
[INFO] [stderr]   Downloaded encode_unicode v1.0.0
[INFO] [stderr]   Downloaded envstruct_derive v1.0.6
[INFO] [stderr]   Downloaded trybuild v1.0.99
[INFO] running `Command { std: "docker" "create" "-v" "/var/lib/crater-agent-workspace/builds/worker-7-tc1/target:/opt/rustwide/target:rw,Z" "-v" "/var/lib/crater-agent-workspace/builds/worker-7-tc1/source:/opt/rustwide/workdir:ro,Z" "-v" "/var/lib/crater-agent-workspace/cargo-home:/opt/rustwide/cargo-home:ro,Z" "-v" "/var/lib/crater-agent-workspace/rustup-home:/opt/rustwide/rustup-home:ro,Z" "-e" "SOURCE_DIR=/opt/rustwide/workdir" "-e" "CARGO_TARGET_DIR=/opt/rustwide/target" "-e" "CARGO_HOME=/opt/rustwide/cargo-home" "-e" "RUSTUP_HOME=/opt/rustwide/rustup-home" "-w" "/opt/rustwide/workdir" "-m" "1610612736" "--user" "0:0" "--network" "none" "ghcr.io/rust-lang/crates-build-env/linux@sha256:4a844ea9eb2546a2d2c7022eacef16ef2e8229c7fbb2c7d4d55a9ceca922f72d" "/opt/rustwide/cargo-home/bin/cargo" "+nightly-2024-10-28" "metadata" "--no-deps" "--format-version=1", kill_on_drop: false }`
[INFO] [stdout] 92d1e1a95f39349519465f8bd13e052bf7a1c273741a7acdb4dd318e5f7c3fde
[INFO] running `Command { std: "docker" "start" "-a" "92d1e1a95f39349519465f8bd13e052bf7a1c273741a7acdb4dd318e5f7c3fde", kill_on_drop: false }`
[INFO] running `Command { std: "docker" "inspect" "92d1e1a95f39349519465f8bd13e052bf7a1c273741a7acdb4dd318e5f7c3fde", kill_on_drop: false }`
[INFO] running `Command { std: "docker" "rm" "-f" "92d1e1a95f39349519465f8bd13e052bf7a1c273741a7acdb4dd318e5f7c3fde", kill_on_drop: false }`
[INFO] [stdout] 92d1e1a95f39349519465f8bd13e052bf7a1c273741a7acdb4dd318e5f7c3fde
[INFO] running `Command { std: "docker" "create" "-v" "/var/lib/crater-agent-workspace/builds/worker-7-tc1/target:/opt/rustwide/target:rw,Z" "-v" "/var/lib/crater-agent-workspace/builds/worker-7-tc1/source:/opt/rustwide/workdir:ro,Z" "-v" "/var/lib/crater-agent-workspace/cargo-home:/opt/rustwide/cargo-home:ro,Z" "-v" "/var/lib/crater-agent-workspace/rustup-home:/opt/rustwide/rustup-home:ro,Z" "-e" "SOURCE_DIR=/opt/rustwide/workdir" "-e" "CARGO_TARGET_DIR=/opt/rustwide/target" "-e" "CARGO_INCREMENTAL=0" "-e" "RUST_BACKTRACE=full" "-e" "RUSTFLAGS=--cap-lints=forbid" "-e" "RUSTDOCFLAGS=--cap-lints=forbid" "-e" "CARGO_HOME=/opt/rustwide/cargo-home" "-e" "RUSTUP_HOME=/opt/rustwide/rustup-home" "-w" "/opt/rustwide/workdir" "-m" "1610612736" "--user" "0:0" "--network" "none" "ghcr.io/rust-lang/crates-build-env/linux@sha256:4a844ea9eb2546a2d2c7022eacef16ef2e8229c7fbb2c7d4d55a9ceca922f72d" "/opt/rustwide/cargo-home/bin/cargo" "+nightly-2024-10-28" "build" "--frozen" "--message-format=json", kill_on_drop: false }`
[INFO] [stdout] 2033f7965ad617b3102b153eac2d2fe9bba0f6cad4ded87ee5f552713df43921
[INFO] running `Command { std: "docker" "start" "-a" "2033f7965ad617b3102b153eac2d2fe9bba0f6cad4ded87ee5f552713df43921", kill_on_drop: false }`
[INFO] [stderr]    Compiling unicode-ident v1.0.12
[INFO] [stderr]    Compiling libc v0.2.158
[INFO] [stderr]    Compiling serde v1.0.208
[INFO] [stderr]    Compiling tinyvec_macros v0.1.1
[INFO] [stderr]    Compiling strsim v0.11.1
[INFO] [stderr]    Compiling fnv v1.0.7
[INFO] [stderr]    Compiling ident_case v1.0.1
[INFO] [stderr]    Compiling num-traits v0.2.19
[INFO] [stderr]    Compiling csv-core v0.1.11
[INFO] [stderr]    Compiling thiserror v1.0.63
[INFO] [stderr]    Compiling unicode-bidi v0.3.15
[INFO] [stderr]    Compiling regex-syntax v0.8.4
[INFO] [stderr]    Compiling serde_json v1.0.125
[INFO] [stderr]    Compiling percent-encoding v2.3.1
[INFO] [stderr]    Compiling iana-time-zone v0.1.60
[INFO] [stderr]    Compiling encode_unicode v1.0.0
[INFO] [stderr]    Compiling tinyvec v1.8.0
[INFO] [stderr]    Compiling lazy_static v1.5.0
[INFO] [stderr]    Compiling proc-macro2 v1.0.86
[INFO] [stderr]    Compiling unicode-width v0.1.13
[INFO] [stderr]    Compiling form_urlencoded v1.2.1
[INFO] [stderr]    Compiling humantime v2.1.0
[INFO] [stderr]    Compiling bytesize v1.3.0
[INFO] [stderr]    Compiling quote v1.0.36
[INFO] [stderr]    Compiling syn v2.0.75
[INFO] [stderr]    Compiling chrono v0.4.38
[INFO] [stderr]    Compiling unicode-normalization v0.1.23
[INFO] [stderr]    Compiling dirs-sys-next v0.1.2
[INFO] [stderr]    Compiling is-terminal v0.4.13
[INFO] [stderr]    Compiling dirs-next v2.0.0
[INFO] [stderr]    Compiling term v0.7.0
[INFO] [stderr]    Compiling idna v0.5.0
[INFO] [stderr]    Compiling url v2.5.2
[INFO] [stderr]    Compiling regex-automata v0.4.7
[INFO] [stderr]    Compiling csv v1.3.0
[INFO] [stderr]    Compiling prettytable-rs v0.10.0
[INFO] [stderr]    Compiling darling_core v0.20.10
[INFO] [stderr]    Compiling regex v1.10.6
[INFO] [stderr]    Compiling thiserror-impl v1.0.63
[INFO] [stderr]    Compiling darling_macro v0.20.10
[INFO] [stderr]    Compiling darling v0.20.10
[INFO] [stderr]    Compiling envstruct_derive v1.0.6
[INFO] [stderr]    Compiling envstruct v1.0.6 (/opt/rustwide/workdir)
[INFO] [stderr]     Finished `dev` profile [unoptimized + debuginfo] target(s) in 5.89s
[INFO] running `Command { std: "docker" "inspect" "2033f7965ad617b3102b153eac2d2fe9bba0f6cad4ded87ee5f552713df43921", kill_on_drop: false }`
[INFO] running `Command { std: "docker" "rm" "-f" "2033f7965ad617b3102b153eac2d2fe9bba0f6cad4ded87ee5f552713df43921", kill_on_drop: false }`
[INFO] [stdout] 2033f7965ad617b3102b153eac2d2fe9bba0f6cad4ded87ee5f552713df43921
[INFO] running `Command { std: "docker" "create" "-v" "/var/lib/crater-agent-workspace/builds/worker-7-tc1/target:/opt/rustwide/target:rw,Z" "-v" "/var/lib/crater-agent-workspace/builds/worker-7-tc1/source:/opt/rustwide/workdir:ro,Z" "-v" "/var/lib/crater-agent-workspace/cargo-home:/opt/rustwide/cargo-home:ro,Z" "-v" "/var/lib/crater-agent-workspace/rustup-home:/opt/rustwide/rustup-home:ro,Z" "-e" "SOURCE_DIR=/opt/rustwide/workdir" "-e" "CARGO_TARGET_DIR=/opt/rustwide/target" "-e" "CARGO_INCREMENTAL=0" "-e" "RUST_BACKTRACE=full" "-e" "RUSTFLAGS=--cap-lints=forbid" "-e" "RUSTDOCFLAGS=--cap-lints=forbid" "-e" "CARGO_HOME=/opt/rustwide/cargo-home" "-e" "RUSTUP_HOME=/opt/rustwide/rustup-home" "-w" "/opt/rustwide/workdir" "-m" "1610612736" "--user" "0:0" "--network" "none" "ghcr.io/rust-lang/crates-build-env/linux@sha256:4a844ea9eb2546a2d2c7022eacef16ef2e8229c7fbb2c7d4d55a9ceca922f72d" "/opt/rustwide/cargo-home/bin/cargo" "+nightly-2024-10-28" "test" "--frozen" "--no-run" "--message-format=json", kill_on_drop: false }`
[INFO] [stdout] 443dc3c0e4c98ee330ec643110da303ac923b9382a45e4bab1530afeb5d1a7bc
[INFO] running `Command { std: "docker" "start" "-a" "443dc3c0e4c98ee330ec643110da303ac923b9382a45e4bab1530afeb5d1a7bc", kill_on_drop: false }`
[INFO] [stderr]    Compiling serde v1.0.208
[INFO] [stderr]    Compiling rustversion v1.0.17
[INFO] [stderr]    Compiling indexmap v2.4.0
[INFO] [stderr]    Compiling winnow v0.6.18
[INFO] [stderr]    Compiling trybuild v1.0.99
[INFO] [stderr]    Compiling termcolor v1.4.1
[INFO] [stderr]    Compiling serde_derive v1.0.208
[INFO] [stderr]    Compiling glob v0.3.1
[INFO] [stderr]    Compiling strum_macros v0.26.4
[INFO] [stderr]    Compiling strum v0.26.3
[INFO] [stderr]    Compiling toml_datetime v0.6.8
[INFO] [stderr]    Compiling serde_spanned v0.6.7
[INFO] [stderr]    Compiling serde_json v1.0.125
[INFO] [stderr]    Compiling csv v1.3.0
[INFO] [stderr]    Compiling toml_edit v0.22.20
[INFO] [stderr]    Compiling prettytable-rs v0.10.0
[INFO] [stderr]    Compiling envstruct v1.0.6 (/opt/rustwide/workdir)
[INFO] [stderr]    Compiling toml v0.8.19
[INFO] [stderr]     Finished `test` profile [unoptimized + debuginfo] target(s) in 9.18s
[INFO] running `Command { std: "docker" "inspect" "443dc3c0e4c98ee330ec643110da303ac923b9382a45e4bab1530afeb5d1a7bc", kill_on_drop: false }`
[INFO] running `Command { std: "docker" "rm" "-f" "443dc3c0e4c98ee330ec643110da303ac923b9382a45e4bab1530afeb5d1a7bc", kill_on_drop: false }`
[INFO] [stdout] 443dc3c0e4c98ee330ec643110da303ac923b9382a45e4bab1530afeb5d1a7bc
[INFO] running `Command { std: "docker" "create" "-v" "/var/lib/crater-agent-workspace/builds/worker-7-tc1/target:/opt/rustwide/target:rw,Z" "-v" "/var/lib/crater-agent-workspace/builds/worker-7-tc1/source:/opt/rustwide/workdir:ro,Z" "-v" "/var/lib/crater-agent-workspace/cargo-home:/opt/rustwide/cargo-home:ro,Z" "-v" "/var/lib/crater-agent-workspace/rustup-home:/opt/rustwide/rustup-home:ro,Z" "-e" "SOURCE_DIR=/opt/rustwide/workdir" "-e" "CARGO_TARGET_DIR=/opt/rustwide/target" "-e" "CARGO_INCREMENTAL=0" "-e" "RUST_BACKTRACE=full" "-e" "RUSTFLAGS=--cap-lints=forbid" "-e" "RUSTDOCFLAGS=--cap-lints=forbid" "-e" "CARGO_HOME=/opt/rustwide/cargo-home" "-e" "RUSTUP_HOME=/opt/rustwide/rustup-home" "-w" "/opt/rustwide/workdir" "-m" "1610612736" "--user" "0:0" "--network" "none" "ghcr.io/rust-lang/crates-build-env/linux@sha256:4a844ea9eb2546a2d2c7022eacef16ef2e8229c7fbb2c7d4d55a9ceca922f72d" "/opt/rustwide/cargo-home/bin/cargo" "+nightly-2024-10-28" "test" "--frozen", kill_on_drop: false }`
[INFO] [stdout] bc84b1f00ef1502b1cb9e46cc2aa59b2def527831e17e7b5ec8a8c7291e40132
[INFO] running `Command { std: "docker" "start" "-a" "bc84b1f00ef1502b1cb9e46cc2aa59b2def527831e17e7b5ec8a8c7291e40132", kill_on_drop: false }`
[INFO] [stderr]     Finished `test` profile [unoptimized + debuginfo] target(s) in 0.06s
[INFO] [stderr]      Running unittests src/lib.rs (/opt/rustwide/target/debug/deps/envstruct-8382106f8806f490)
[INFO] [stdout] 
[INFO] [stdout] running 1 test
[INFO] [stdout] test usage::test_strip_namespace ... ok
[INFO] [stdout] 
[INFO] [stdout] test result: ok. 1 passed; 0 failed; 0 ignored; 0 measured; 0 filtered out; finished in 0.00s
[INFO] [stdout] 
[INFO] [stderr]      Running tests/compiletest.rs (/opt/rustwide/target/debug/deps/compiletest-87ecbf72d8ec8efc)
[INFO] [stdout] 
[INFO] [stdout] running 1 test
[INFO] [stderr]    Compiling proc-macro2 v1.0.86
[INFO] [stderr]    Compiling unicode-ident v1.0.12
[INFO] [stderr]     Checking memchr v2.7.4
[INFO] [stderr]    Compiling libc v0.2.158
[INFO] [stderr]    Compiling serde v1.0.208
[INFO] [stderr]    Compiling autocfg v1.3.0
[INFO] [stderr]     Checking tinyvec_macros v0.1.1
[INFO] [stderr]    Compiling strsim v0.11.1
[INFO] [stderr]    Compiling fnv v1.0.7
[INFO] [stderr]    Compiling ident_case v1.0.1
[INFO] [stderr]     Checking itoa v1.0.11
[INFO] [stderr]    Compiling rustversion v1.0.17
[INFO] [stderr]     Checking ryu v1.0.18
[INFO] [stderr]     Checking cfg-if v1.0.0
[INFO] [stderr]    Compiling paste v1.0.15
[INFO] [stderr]     Checking unicode-bidi v0.3.15
[INFO] [stderr]     Checking tinyvec v1.8.0
[INFO] [stderr]     Checking regex-syntax v0.8.4
[INFO] [stderr]    Compiling serde_json v1.0.125
[INFO] [stderr]    Compiling thiserror v1.0.63
[INFO] [stderr]     Checking percent-encoding v2.3.1
[INFO] [stderr]     Checking lazy_static v1.5.0
[INFO] [stderr]    Compiling heck v0.5.0
[INFO] [stderr]     Checking iana-time-zone v0.1.60
[INFO] [stderr]     Checking form_urlencoded v1.2.1
[INFO] [stderr]     Checking unicode-width v0.1.13
[INFO] [stderr]     Checking encode_unicode v1.0.0
[INFO] [stderr]     Checking bytesize v1.3.0
[INFO] [stderr]     Checking humantime v2.1.0
[INFO] [stderr]    Compiling num-traits v0.2.19
[INFO] [stderr]     Checking aho-corasick v1.1.3
[INFO] [stderr]     Checking csv-core v0.1.11
[INFO] [stderr]     Checking unicode-normalization v0.1.23
[INFO] [stderr]    Compiling quote v1.0.36
[INFO] [stderr]    Compiling syn v2.0.75
[INFO] [stderr]     Checking dirs-sys-next v0.1.2
[INFO] [stderr]     Checking is-terminal v0.4.13
[INFO] [stderr]     Checking dirs-next v2.0.0
[INFO] [stderr]     Checking term v0.7.0
[INFO] [stderr]     Checking idna v0.5.0
[INFO] [stderr]     Checking chrono v0.4.38
[INFO] [stderr]     Checking url v2.5.2
[INFO] [stderr]     Checking regex-automata v0.4.7
[INFO] [stderr]     Checking regex v1.10.6
[INFO] [stderr]    Compiling darling_core v0.20.10
[INFO] [stderr]    Compiling serde_derive v1.0.208
[INFO] [stderr]    Compiling thiserror-impl v1.0.63
[INFO] [stderr]    Compiling strum_macros v0.26.4
[INFO] [stderr]    Compiling darling_macro v0.20.10
[INFO] [stderr]    Compiling darling v0.20.10
[INFO] [stderr]    Compiling envstruct_derive v1.0.6
[INFO] [stderr]     Checking strum v0.26.3
[INFO] [stderr]     Checking csv v1.3.0
[INFO] [stderr]     Checking prettytable-rs v0.10.0
[INFO] [stderr]     Checking envstruct v1.0.6 (/opt/rustwide/workdir)
[INFO] [stderr]     Checking envstruct-tests v0.0.0 (/opt/rustwide/target/tests/trybuild/envstruct)
[INFO] [stderr]     Finished `dev` profile [unoptimized + debuginfo] target(s) in 9.06s
[INFO] [stderr] 
[INFO] [stderr] 
[INFO] [stderr] test tests/compiletest/derive_error_span.rs ... ok
[INFO] [stderr] 
[INFO] [stderr] 
[INFO] [stdout] test compiletest ... ok
[INFO] [stdout] 
[INFO] [stdout] test result: ok. 1 passed; 0 failed; 0 ignored; 0 measured; 0 filtered out; finished in 9.35s
[INFO] [stdout] 
[INFO] [stderr]      Running tests/parse_env.rs (/opt/rustwide/target/debug/deps/parse_env-e78d03f161e8723f)
[INFO] [stdout] 
[INFO] [stdout] running 19 tests
[INFO] [stdout] test test_bytesize_values ... ok
[INFO] [stdout] test test_custom_parsing ... ok
[INFO] [stdout] test test_container_values ... FAILED
[INFO] [stdout] test test_default_value ... ok
[INFO] [stdout] test test_date_values ... FAILED
[INFO] [stdout] test test_duration_values ... ok
[INFO] [stdout] test test_enum_parsing ... ok
[INFO] [stdout] test test_flatten_enum ... ok
[INFO] [stdout] test test_flatten_struct ... ok
[INFO] [stdout] test test_map_values ... ok
[INFO] [stdout] test test_nested_config_parsing ... ok
[INFO] [stdout] test test_path_values ... ok
[INFO] [stdout] test test_rc_value ... FAILED
[INFO] [stdout] test test_regex_values ... FAILED
[INFO] [stdout] test test_optional_struct ... FAILED
[INFO] [stdout] test test_url_values ... FAILED
[INFO] [stdout] test test_usage_output ... FAILED
[INFO] [stdout] test test_with_override ... FAILED
[INFO] [stdout] test test_serde_values ... FAILED
[INFO] [stdout] 
[INFO] [stdout] failures:
[INFO] [stdout] 
[INFO] [stdout] ---- test_container_values stdout ----
[INFO] [stdout] thread 'test_container_values' panicked at tests/parse_env.rs:440:46:
[INFO] [stdout] called `Result::unwrap()` on an `Err` value: MissingEnvVar("TEST_VEC_OF_STRINGS")
[INFO] [stdout] note: run with `RUST_BACKTRACE=1` environment variable to display a backtrace
[INFO] [stdout] 
[INFO] [stdout] ---- test_date_values stdout ----
[INFO] [stdout] thread 'test_date_values' panicked at tests/parse_env.rs:340:50:
[INFO] [stdout] called `Result::unwrap()` on an `Err` value: MissingEnvVar("TEST_UTC")
[INFO] [stdout] 
[INFO] [stdout] ---- test_rc_value stdout ----
[INFO] [stdout] thread 'test_rc_value' panicked at std/src/env.rs:163:83:
[INFO] [stdout] called `Result::unwrap()` on an `Err` value: "Hello\xFFworld"
[INFO] [stdout] 
[INFO] [stdout] ---- test_regex_values stdout ----
[INFO] [stdout] thread 'test_regex_values' panicked at std/src/env.rs:163:83:
[INFO] [stdout] called `Result::unwrap()` on an `Err` value: "Hello\xFFworld"
[INFO] [stdout] 
[INFO] [stdout] ---- test_optional_struct stdout ----
[INFO] [stdout] usage: 
[INFO] [stdout]  NAME           | TYPE   | DEFAULT 
[INFO] [stdout] ----------------+--------+---------
[INFO] [stdout]  TEST_URL       | Url    |  
[INFO] [stdout]  TEST_BAR_NAME  | String |  
[INFO] [stdout]  TEST_BAR_OTHER | String | "" 
[INFO] [stdout]  TEST_BAZ_DSN   | String |  
[INFO] [stdout]  TEST_BAZ_TTL   | u64    |  
[INFO] [stdout] 
[INFO] [stdout] thread 'test_optional_struct' panicked at std/src/env.rs:163:83:
[INFO] [stdout] called `Result::unwrap()` on an `Err` value: "Hello\xFFworld"
[INFO] [stdout] 
[INFO] [stdout] ---- test_url_values stdout ----
[INFO] [stdout] thread 'test_url_values' panicked at std/src/env.rs:163:83:
[INFO] [stdout] called `Result::unwrap()` on an `Err` value: "Hello\xFFworld"
[INFO] [stdout] 
[INFO] [stdout] ---- test_usage_output stdout ----
[INFO] [stdout] thread 'test_usage_output' panicked at std/src/env.rs:163:83:
[INFO] [stdout] called `Result::unwrap()` on an `Err` value: "Hello\xFFworld"
[INFO] [stdout] 
[INFO] [stdout] ---- test_with_override stdout ----
[INFO] [stdout] thread 'test_with_override' panicked at std/src/env.rs:163:83:
[INFO] [stdout] called `Result::unwrap()` on an `Err` value: "Hello\xFFworld"
[INFO] [stdout] 
[INFO] [stdout] ---- test_serde_values stdout ----
[INFO] [stdout] thread 'test_serde_values' panicked at std/src/env.rs:163:83:
[INFO] [stdout] called `Result::unwrap()` on an `Err` value: "Hello\xFFworld"
[INFO] [stdout] 
[INFO] [stdout] 
[INFO] [stdout] failures:
[INFO] [stdout]     test_container_values
[INFO] [stdout]     test_date_values
[INFO] [stdout]     test_optional_struct
[INFO] [stdout]     test_rc_value
[INFO] [stdout]     test_regex_values
[INFO] [stdout]     test_serde_values
[INFO] [stdout]     test_url_values
[INFO] [stdout]     test_usage_output
[INFO] [stdout]     test_with_override
[INFO] [stdout] 
[INFO] [stdout] test result: FAILED. 10 passed; 9 failed; 0 ignored; 0 measured; 0 filtered out; finished in 0.00s
[INFO] [stdout] 
[INFO] [stderr] error: test failed, to rerun pass `--test parse_env`
[INFO] running `Command { std: "docker" "inspect" "bc84b1f00ef1502b1cb9e46cc2aa59b2def527831e17e7b5ec8a8c7291e40132", kill_on_drop: false }`
[INFO] running `Command { std: "docker" "rm" "-f" "bc84b1f00ef1502b1cb9e46cc2aa59b2def527831e17e7b5ec8a8c7291e40132", kill_on_drop: false }`
[INFO] [stdout] bc84b1f00ef1502b1cb9e46cc2aa59b2def527831e17e7b5ec8a8c7291e40132
