[INFO] fetching crate envir 0.4.2...
[INFO] testing envir-0.4.2 against nightly-2024-10-28+rustflags=-Zrandomize-layout for randomize-layout
[INFO] extracting crate envir 0.4.2 into /workspace/builds/worker-5-tc2/source
[INFO] validating manifest of crates.io crate envir 0.4.2 on toolchain nightly-2024-10-28
[INFO] running `Command { std: CARGO_HOME="/workspace/cargo-home" RUSTUP_HOME="/workspace/rustup-home" "/workspace/cargo-home/bin/cargo" "+nightly-2024-10-28" "metadata" "--manifest-path" "Cargo.toml" "--no-deps", kill_on_drop: false }`
[INFO] started tweaking crates.io crate envir 0.4.2
[INFO] finished tweaking crates.io crate envir 0.4.2
[INFO] tweaked toml for crates.io crate envir 0.4.2 written to /workspace/builds/worker-5-tc2/source/Cargo.toml
[INFO] running `Command { std: CARGO_HOME="/workspace/cargo-home" RUSTUP_HOME="/workspace/rustup-home" "/workspace/cargo-home/bin/cargo" "+nightly-2024-10-28" "generate-lockfile" "--manifest-path" "Cargo.toml", kill_on_drop: false }`
[INFO] [stderr]     Updating crates.io index
[INFO] [stderr]      Locking 56 packages to latest compatible versions
[INFO] running `Command { std: CARGO_HOME="/workspace/cargo-home" RUSTUP_HOME="/workspace/rustup-home" "/workspace/cargo-home/bin/cargo" "+nightly-2024-10-28" "fetch" "--manifest-path" "Cargo.toml", kill_on_drop: false }`
[INFO] running `Command { std: "docker" "create" "-v" "/var/lib/crater-agent-workspace/builds/worker-5-tc2/target:/opt/rustwide/target:rw,Z" "-v" "/var/lib/crater-agent-workspace/builds/worker-5-tc2/source:/opt/rustwide/workdir:ro,Z" "-v" "/var/lib/crater-agent-workspace/cargo-home:/opt/rustwide/cargo-home:ro,Z" "-v" "/var/lib/crater-agent-workspace/rustup-home:/opt/rustwide/rustup-home:ro,Z" "-e" "SOURCE_DIR=/opt/rustwide/workdir" "-e" "CARGO_TARGET_DIR=/opt/rustwide/target" "-e" "CARGO_HOME=/opt/rustwide/cargo-home" "-e" "RUSTUP_HOME=/opt/rustwide/rustup-home" "-w" "/opt/rustwide/workdir" "-m" "1610612736" "--user" "0:0" "--network" "none" "ghcr.io/rust-lang/crates-build-env/linux@sha256:4a844ea9eb2546a2d2c7022eacef16ef2e8229c7fbb2c7d4d55a9ceca922f72d" "/opt/rustwide/cargo-home/bin/cargo" "+nightly-2024-10-28" "metadata" "--no-deps" "--format-version=1", kill_on_drop: false }`
[INFO] [stdout] efdde6bf8b88c2ab46f7c963f2d185408f31e1e3897ba095068d0ccfb0083014
[INFO] running `Command { std: "docker" "start" "-a" "efdde6bf8b88c2ab46f7c963f2d185408f31e1e3897ba095068d0ccfb0083014", kill_on_drop: false }`
[INFO] running `Command { std: "docker" "inspect" "efdde6bf8b88c2ab46f7c963f2d185408f31e1e3897ba095068d0ccfb0083014", kill_on_drop: false }`
[INFO] running `Command { std: "docker" "rm" "-f" "efdde6bf8b88c2ab46f7c963f2d185408f31e1e3897ba095068d0ccfb0083014", kill_on_drop: false }`
[INFO] [stdout] efdde6bf8b88c2ab46f7c963f2d185408f31e1e3897ba095068d0ccfb0083014
[INFO] running `Command { std: "docker" "create" "-v" "/var/lib/crater-agent-workspace/builds/worker-5-tc2/target:/opt/rustwide/target:rw,Z" "-v" "/var/lib/crater-agent-workspace/builds/worker-5-tc2/source:/opt/rustwide/workdir:ro,Z" "-v" "/var/lib/crater-agent-workspace/cargo-home:/opt/rustwide/cargo-home:ro,Z" "-v" "/var/lib/crater-agent-workspace/rustup-home:/opt/rustwide/rustup-home:ro,Z" "-e" "SOURCE_DIR=/opt/rustwide/workdir" "-e" "CARGO_TARGET_DIR=/opt/rustwide/target" "-e" "CARGO_INCREMENTAL=0" "-e" "RUST_BACKTRACE=full" "-e" "RUSTFLAGS=--cap-lints=forbid -Zrandomize-layout" "-e" "RUSTDOCFLAGS=--cap-lints=forbid" "-e" "CARGO_HOME=/opt/rustwide/cargo-home" "-e" "RUSTUP_HOME=/opt/rustwide/rustup-home" "-w" "/opt/rustwide/workdir" "-m" "1610612736" "--user" "0:0" "--network" "none" "ghcr.io/rust-lang/crates-build-env/linux@sha256:4a844ea9eb2546a2d2c7022eacef16ef2e8229c7fbb2c7d4d55a9ceca922f72d" "/opt/rustwide/cargo-home/bin/cargo" "+nightly-2024-10-28" "build" "--frozen" "--message-format=json", kill_on_drop: false }`
[INFO] [stdout] 991a5c2d76a73b247479b086efec04cdee1d64c2b2368d9409c515f69171d01e
[INFO] running `Command { std: "docker" "start" "-a" "991a5c2d76a73b247479b086efec04cdee1d64c2b2368d9409c515f69171d01e", kill_on_drop: false }`
[INFO] [stderr]    Compiling memchr v2.7.4
[INFO] [stderr]    Compiling regex-syntax v0.8.5
[INFO] [stderr]    Compiling utf8parse v0.2.2
[INFO] [stderr]    Compiling anstyle-query v1.1.2
[INFO] [stderr]    Compiling colorchoice v1.0.3
[INFO] [stderr]    Compiling anstyle v1.0.9
[INFO] [stderr]    Compiling log v0.4.22
[INFO] [stderr]    Compiling is_terminal_polyfill v1.70.1
[INFO] [stderr]    Compiling humantime v2.1.0
[INFO] [stderr]    Compiling dotenvy v0.15.7
[INFO] [stderr]    Compiling anstyle-parse v0.2.6
[INFO] [stderr]    Compiling anstream v0.6.17
[INFO] [stderr]    Compiling aho-corasick v1.1.3
[INFO] [stderr]    Compiling regex-automata v0.4.8
[INFO] [stderr]    Compiling regex v1.11.1
[INFO] [stderr]    Compiling env_filter v0.1.2
[INFO] [stderr]    Compiling env_logger v0.11.5
[INFO] [stderr]    Compiling envir v0.4.2 (/opt/rustwide/workdir)
[INFO] [stderr]     Finished `dev` profile [unoptimized + debuginfo] target(s) in 3.23s
[INFO] running `Command { std: "docker" "inspect" "991a5c2d76a73b247479b086efec04cdee1d64c2b2368d9409c515f69171d01e", kill_on_drop: false }`
[INFO] running `Command { std: "docker" "rm" "-f" "991a5c2d76a73b247479b086efec04cdee1d64c2b2368d9409c515f69171d01e", kill_on_drop: false }`
[INFO] [stdout] 991a5c2d76a73b247479b086efec04cdee1d64c2b2368d9409c515f69171d01e
[INFO] running `Command { std: "docker" "create" "-v" "/var/lib/crater-agent-workspace/builds/worker-5-tc2/target:/opt/rustwide/target:rw,Z" "-v" "/var/lib/crater-agent-workspace/builds/worker-5-tc2/source:/opt/rustwide/workdir:ro,Z" "-v" "/var/lib/crater-agent-workspace/cargo-home:/opt/rustwide/cargo-home:ro,Z" "-v" "/var/lib/crater-agent-workspace/rustup-home:/opt/rustwide/rustup-home:ro,Z" "-e" "SOURCE_DIR=/opt/rustwide/workdir" "-e" "CARGO_TARGET_DIR=/opt/rustwide/target" "-e" "CARGO_INCREMENTAL=0" "-e" "RUST_BACKTRACE=full" "-e" "RUSTFLAGS=--cap-lints=forbid -Zrandomize-layout" "-e" "RUSTDOCFLAGS=--cap-lints=forbid" "-e" "CARGO_HOME=/opt/rustwide/cargo-home" "-e" "RUSTUP_HOME=/opt/rustwide/rustup-home" "-w" "/opt/rustwide/workdir" "-m" "1610612736" "--user" "0:0" "--network" "none" "ghcr.io/rust-lang/crates-build-env/linux@sha256:4a844ea9eb2546a2d2c7022eacef16ef2e8229c7fbb2c7d4d55a9ceca922f72d" "/opt/rustwide/cargo-home/bin/cargo" "+nightly-2024-10-28" "test" "--frozen" "--no-run" "--message-format=json", kill_on_drop: false }`
[INFO] [stdout] 509210aa533070086afd4b06fe1198f920044d5dabbba1700263aab8e464096e
[INFO] running `Command { std: "docker" "start" "-a" "509210aa533070086afd4b06fe1198f920044d5dabbba1700263aab8e464096e", kill_on_drop: false }`
[INFO] [stderr]    Compiling envir v0.4.2 (/opt/rustwide/workdir)
[INFO] [stderr]     Finished `test` profile [unoptimized + debuginfo] target(s) in 0.26s
[INFO] running `Command { std: "docker" "inspect" "509210aa533070086afd4b06fe1198f920044d5dabbba1700263aab8e464096e", kill_on_drop: false }`
[INFO] running `Command { std: "docker" "rm" "-f" "509210aa533070086afd4b06fe1198f920044d5dabbba1700263aab8e464096e", kill_on_drop: false }`
[INFO] [stdout] 509210aa533070086afd4b06fe1198f920044d5dabbba1700263aab8e464096e
[INFO] running `Command { std: "docker" "create" "-v" "/var/lib/crater-agent-workspace/builds/worker-5-tc2/target:/opt/rustwide/target:rw,Z" "-v" "/var/lib/crater-agent-workspace/builds/worker-5-tc2/source:/opt/rustwide/workdir:ro,Z" "-v" "/var/lib/crater-agent-workspace/cargo-home:/opt/rustwide/cargo-home:ro,Z" "-v" "/var/lib/crater-agent-workspace/rustup-home:/opt/rustwide/rustup-home:ro,Z" "-e" "SOURCE_DIR=/opt/rustwide/workdir" "-e" "CARGO_TARGET_DIR=/opt/rustwide/target" "-e" "CARGO_INCREMENTAL=0" "-e" "RUST_BACKTRACE=full" "-e" "RUSTFLAGS=--cap-lints=forbid -Zrandomize-layout" "-e" "RUSTDOCFLAGS=--cap-lints=forbid" "-e" "CARGO_HOME=/opt/rustwide/cargo-home" "-e" "RUSTUP_HOME=/opt/rustwide/rustup-home" "-w" "/opt/rustwide/workdir" "-m" "1610612736" "--user" "0:0" "--network" "none" "ghcr.io/rust-lang/crates-build-env/linux@sha256:4a844ea9eb2546a2d2c7022eacef16ef2e8229c7fbb2c7d4d55a9ceca922f72d" "/opt/rustwide/cargo-home/bin/cargo" "+nightly-2024-10-28" "test" "--frozen", kill_on_drop: false }`
[INFO] [stdout] 2c6ed7b02e8045b3de608ec384bc366275188b192a242c36bc4e1b8a26cddd44
[INFO] running `Command { std: "docker" "start" "-a" "2c6ed7b02e8045b3de608ec384bc366275188b192a242c36bc4e1b8a26cddd44", kill_on_drop: false }`
[INFO] [stderr]     Finished `test` profile [unoptimized + debuginfo] target(s) in 0.02s
[INFO] [stderr]      Running unittests src/lib.rs (/opt/rustwide/target/debug/deps/envir-a75ff4bdb722dbe3)
[INFO] [stdout] 
[INFO] [stdout] running 5 tests
[INFO] [stdout] test test::collect ... ok
[INFO] [stdout] test test::get ... ok
[INFO] [stdout] test test::parse ... ok
[INFO] [stdout] test test::try_get ... ok
[INFO] [stdout] test test::try_parse ... ok
[INFO] [stdout] 
[INFO] [stdout] test result: ok. 5 passed; 0 failed; 0 ignored; 0 measured; 0 filtered out; finished in 0.00s
[INFO] [stdout] 
[INFO] [stderr]    Doc-tests envir
[INFO] [stdout] 
[INFO] [stdout] running 3 tests
[INFO] [stdout] test src/../README.md - (line 69) ... FAILED
[INFO] [stdout] test src/../README.md - (line 37) ... FAILED
[INFO] [stdout] test src/../README.md - (line 55) ... FAILED
[INFO] [stdout] 
[INFO] [stdout] failures:
[INFO] [stdout] 
[INFO] [stdout] ---- src/../README.md - (line 69) stdout ----
[INFO] [stdout] error[E0433]: failed to resolve: could not find `Deserialize` in `envir`
[INFO] [stdout]  --> src/../README.md:71:17
[INFO] [stdout]   |
[INFO] [stdout] 5 | #[derive(envir::Deserialize)]
[INFO] [stdout]   |                 ^^^^^^^^^^^ could not find `Deserialize` in `envir`
[INFO] [stdout] 
[INFO] [stdout] error: cannot find attribute `envir` in this scope
[INFO] [stdout]  --> src/../README.md:73:7
[INFO] [stdout]   |
[INFO] [stdout] 7 |     #[envir(default = "/home/${USER}")]
[INFO] [stdout]   |       ^^^^^
[INFO] [stdout]   |
[INFO] [stdout] note: `envir` is imported here, but it is a crate, not an attribute
[INFO] [stdout]  --> src/../README.md:69:1
[INFO] [stdout]   |
[INFO] [stdout] 3 | extern crate r#envir;
[INFO] [stdout]   | ^^^^^^^^^^^^^^^^^^^^^
[INFO] [stdout] 
[INFO] [stdout] error: aborting due to 2 previous errors
[INFO] [stdout] 
[INFO] [stdout] For more information about this error, try `rustc --explain E0433`.
[INFO] [stdout] Couldn't compile the test.
[INFO] [stdout] ---- src/../README.md - (line 37) stdout ----
[INFO] [stdout] error[E0432]: unresolved import `envir::Deserialize`
[INFO] [stdout]  --> src/../README.md:39:5
[INFO] [stdout]   |
[INFO] [stdout] 4 | use envir::Deserialize;
[INFO] [stdout]   |     ^^^^^^^^^^^^^^^^^^ no `Deserialize` in the root
[INFO] [stdout] 
[INFO] [stdout] error[E0433]: failed to resolve: could not find `Deserialize` in `envir`
[INFO] [stdout]  --> src/../README.md:41:17
[INFO] [stdout]   |
[INFO] [stdout] 6 | #[derive(envir::Deserialize)]
[INFO] [stdout]   |                 ^^^^^^^^^^^ could not find `Deserialize` in `envir`
[INFO] [stdout] 
[INFO] [stdout] error[E0425]: cannot find function `from_env` in crate `envir`
[INFO] [stdout]   --> src/../README.md:46:33
[INFO] [stdout]    |
[INFO] [stdout] 11 |     let config: Config = envir::from_env()?;
[INFO] [stdout]    |                                 ^^^^^^^^ not found in `envir`
[INFO] [stdout]    |
[INFO] [stdout] help: consider importing this function
[INFO] [stdout]    |
[INFO] [stdout] 4  + use env_logger::from_env;
[INFO] [stdout]    |
[INFO] [stdout] help: if you import `from_env`, refer to it directly
[INFO] [stdout]    |
[INFO] [stdout] 11 -     let config: Config = envir::from_env()?;
[INFO] [stdout] 11 +     let config: Config = from_env()?;
[INFO] [stdout]    |
[INFO] [stdout] 
[INFO] [stdout] error[E0599]: no function or associated item named `from_env` found for struct `Config` in the current scope
[INFO] [stdout]   --> src/../README.md:48:26
[INFO] [stdout]    |
[INFO] [stdout] 7  | struct Config {
[INFO] [stdout]    | ------------- function or associated item `from_env` not found for this struct
[INFO] [stdout] ...
[INFO] [stdout] 13 |     let config = Config::from_env()?;
[INFO] [stdout]    |                          ^^^^^^^^ function or associated item not found in `Config`
[INFO] [stdout]    |
[INFO] [stdout] help: there is an associated function `from` with a similar name
[INFO] [stdout]   --> /rustc/df4ca44d3fbc9301ee17f30f4d474e6ae4b05252/library/core/src/convert/mod.rs:585:5
[INFO] [stdout] 
[INFO] [stdout] error: aborting due to 4 previous errors
[INFO] [stdout] 
[INFO] [stdout] Some errors have detailed explanations: E0425, E0432, E0433, E0599.
[INFO] [stdout] For more information about an error, try `rustc --explain E0425`.
[INFO] [stdout] Couldn't compile the test.
[INFO] [stdout] ---- src/../README.md - (line 55) stdout ----
[INFO] [stdout] error[E0432]: unresolved import `envir::Serialize`
[INFO] [stdout]  --> src/../README.md:57:5
[INFO] [stdout]   |
[INFO] [stdout] 5 | use envir::Serialize;
[INFO] [stdout]   |     ^^^^^^^^^^^^^^^^ no `Serialize` in the root
[INFO] [stdout] 
[INFO] [stdout] error[E0433]: failed to resolve: could not find `Serialize` in `envir`
[INFO] [stdout]  --> src/../README.md:59:17
[INFO] [stdout]   |
[INFO] [stdout] 7 | #[derive(envir::Serialize, Default)]
[INFO] [stdout]   |                 ^^^^^^^^^ could not find `Serialize` in `envir`
[INFO] [stdout] 
[INFO] [stdout] error[E0599]: no method named `export` found for struct `Config` in the current scope
[INFO] [stdout]   --> src/../README.md:64:8
[INFO] [stdout]    |
[INFO] [stdout] 8  | struct Config {
[INFO] [stdout]    | ------------- method `export` not found for this struct
[INFO] [stdout] ...
[INFO] [stdout] 12 | config.export();
[INFO] [stdout]    |        ^^^^^^ method not found in `Config`
[INFO] [stdout] 
[INFO] [stdout] error: aborting due to 3 previous errors
[INFO] [stdout] 
[INFO] [stdout] Some errors have detailed explanations: E0432, E0433, E0599.
[INFO] [stdout] For more information about an error, try `rustc --explain E0432`.
[INFO] [stdout] Couldn't compile the test.
[INFO] [stdout] 
[INFO] [stdout] failures:
[INFO] [stdout]     src/../README.md - (line 37)
[INFO] [stdout]     src/../README.md - (line 55)
[INFO] [stdout]     src/../README.md - (line 69)
[INFO] [stdout] 
[INFO] [stdout] test result: FAILED. 0 passed; 3 failed; 0 ignored; 0 measured; 0 filtered out; finished in 0.06s
[INFO] [stdout] 
[INFO] [stderr] error: doctest failed, to rerun pass `--doc`
[INFO] running `Command { std: "docker" "inspect" "2c6ed7b02e8045b3de608ec384bc366275188b192a242c36bc4e1b8a26cddd44", kill_on_drop: false }`
[INFO] running `Command { std: "docker" "rm" "-f" "2c6ed7b02e8045b3de608ec384bc366275188b192a242c36bc4e1b8a26cddd44", kill_on_drop: false }`
[INFO] [stdout] 2c6ed7b02e8045b3de608ec384bc366275188b192a242c36bc4e1b8a26cddd44
