[INFO] fetching crate env_logger 0.11.5...
[INFO] testing env_logger-0.11.5 against nightly-2024-10-28+rustflags=-Zrandomize-layout for randomize-layout
[INFO] extracting crate env_logger 0.11.5 into /workspace/builds/worker-5-tc2/source
[INFO] validating manifest of crates.io crate env_logger 0.11.5 on toolchain nightly-2024-10-28
[INFO] running `Command { std: CARGO_HOME="/workspace/cargo-home" RUSTUP_HOME="/workspace/rustup-home" "/workspace/cargo-home/bin/cargo" "+nightly-2024-10-28" "metadata" "--manifest-path" "Cargo.toml" "--no-deps", kill_on_drop: false }`
[INFO] started tweaking crates.io crate env_logger 0.11.5
[INFO] removed 0 missing examples
[INFO] removed 0 missing tests
[INFO] finished tweaking crates.io crate env_logger 0.11.5
[INFO] tweaked toml for crates.io crate env_logger 0.11.5 written to /workspace/builds/worker-5-tc2/source/Cargo.toml
[INFO] crate crates.io crate env_logger 0.11.5 already has a lockfile, it will not be regenerated
[INFO] running `Command { std: CARGO_HOME="/workspace/cargo-home" RUSTUP_HOME="/workspace/rustup-home" "/workspace/cargo-home/bin/cargo" "+nightly-2024-10-28" "fetch" "--manifest-path" "Cargo.toml", kill_on_drop: false }`
[INFO] running `Command { std: "docker" "create" "-v" "/var/lib/crater-agent-workspace/builds/worker-5-tc2/target:/opt/rustwide/target:rw,Z" "-v" "/var/lib/crater-agent-workspace/builds/worker-5-tc2/source:/opt/rustwide/workdir:ro,Z" "-v" "/var/lib/crater-agent-workspace/cargo-home:/opt/rustwide/cargo-home:ro,Z" "-v" "/var/lib/crater-agent-workspace/rustup-home:/opt/rustwide/rustup-home:ro,Z" "-e" "SOURCE_DIR=/opt/rustwide/workdir" "-e" "CARGO_TARGET_DIR=/opt/rustwide/target" "-e" "CARGO_HOME=/opt/rustwide/cargo-home" "-e" "RUSTUP_HOME=/opt/rustwide/rustup-home" "-w" "/opt/rustwide/workdir" "-m" "1610612736" "--user" "0:0" "--network" "none" "ghcr.io/rust-lang/crates-build-env/linux@sha256:4a844ea9eb2546a2d2c7022eacef16ef2e8229c7fbb2c7d4d55a9ceca922f72d" "/opt/rustwide/cargo-home/bin/cargo" "+nightly-2024-10-28" "metadata" "--no-deps" "--format-version=1", kill_on_drop: false }`
[INFO] [stdout] 3be3f4aef763d4e80ff37ee1774086c2592317e588dbcbf98922766b45a37466
[INFO] running `Command { std: "docker" "start" "-a" "3be3f4aef763d4e80ff37ee1774086c2592317e588dbcbf98922766b45a37466", kill_on_drop: false }`
[INFO] running `Command { std: "docker" "inspect" "3be3f4aef763d4e80ff37ee1774086c2592317e588dbcbf98922766b45a37466", kill_on_drop: false }`
[INFO] running `Command { std: "docker" "rm" "-f" "3be3f4aef763d4e80ff37ee1774086c2592317e588dbcbf98922766b45a37466", kill_on_drop: false }`
[INFO] [stdout] 3be3f4aef763d4e80ff37ee1774086c2592317e588dbcbf98922766b45a37466
[INFO] running `Command { std: "docker" "create" "-v" "/var/lib/crater-agent-workspace/builds/worker-5-tc2/target:/opt/rustwide/target:rw,Z" "-v" "/var/lib/crater-agent-workspace/builds/worker-5-tc2/source:/opt/rustwide/workdir:ro,Z" "-v" "/var/lib/crater-agent-workspace/cargo-home:/opt/rustwide/cargo-home:ro,Z" "-v" "/var/lib/crater-agent-workspace/rustup-home:/opt/rustwide/rustup-home:ro,Z" "-e" "SOURCE_DIR=/opt/rustwide/workdir" "-e" "CARGO_TARGET_DIR=/opt/rustwide/target" "-e" "CARGO_INCREMENTAL=0" "-e" "RUST_BACKTRACE=full" "-e" "RUSTFLAGS=--cap-lints=forbid -Zrandomize-layout" "-e" "RUSTDOCFLAGS=--cap-lints=forbid" "-e" "CARGO_HOME=/opt/rustwide/cargo-home" "-e" "RUSTUP_HOME=/opt/rustwide/rustup-home" "-w" "/opt/rustwide/workdir" "-m" "1610612736" "--user" "0:0" "--network" "none" "ghcr.io/rust-lang/crates-build-env/linux@sha256:4a844ea9eb2546a2d2c7022eacef16ef2e8229c7fbb2c7d4d55a9ceca922f72d" "/opt/rustwide/cargo-home/bin/cargo" "+nightly-2024-10-28" "build" "--frozen" "--message-format=json", kill_on_drop: false }`
[INFO] [stdout] 468dd49027aea6b899cb942eb38dbd0382ebcb19601ec20619a9d09463565c96
[INFO] running `Command { std: "docker" "start" "-a" "468dd49027aea6b899cb942eb38dbd0382ebcb19601ec20619a9d09463565c96", kill_on_drop: false }`
[INFO] [stderr]    Compiling memchr v2.5.0
[INFO] [stderr]    Compiling utf8parse v0.2.1
[INFO] [stderr]    Compiling regex-syntax v0.6.28
[INFO] [stderr]    Compiling colorchoice v1.0.0
[INFO] [stderr]    Compiling log v0.4.21
[INFO] [stderr]    Compiling anstyle v1.0.6
[INFO] [stderr]    Compiling anstyle-query v1.0.2
[INFO] [stderr]    Compiling humantime v2.1.0
[INFO] [stderr]    Compiling anstyle-parse v0.2.3
[INFO] [stderr]    Compiling anstream v0.6.11
[INFO] [stderr]    Compiling aho-corasick v0.7.19
[INFO] [stderr]    Compiling regex v1.7.0
[INFO] [stderr]    Compiling env_filter v0.1.2
[INFO] [stderr]    Compiling env_logger v0.11.5 (/opt/rustwide/workdir)
[INFO] [stderr]     Finished `dev` profile [unoptimized + debuginfo] target(s) in 2.27s
[INFO] running `Command { std: "docker" "inspect" "468dd49027aea6b899cb942eb38dbd0382ebcb19601ec20619a9d09463565c96", kill_on_drop: false }`
[INFO] running `Command { std: "docker" "rm" "-f" "468dd49027aea6b899cb942eb38dbd0382ebcb19601ec20619a9d09463565c96", kill_on_drop: false }`
[INFO] [stdout] 468dd49027aea6b899cb942eb38dbd0382ebcb19601ec20619a9d09463565c96
[INFO] running `Command { std: "docker" "create" "-v" "/var/lib/crater-agent-workspace/builds/worker-5-tc2/target:/opt/rustwide/target:rw,Z" "-v" "/var/lib/crater-agent-workspace/builds/worker-5-tc2/source:/opt/rustwide/workdir:ro,Z" "-v" "/var/lib/crater-agent-workspace/cargo-home:/opt/rustwide/cargo-home:ro,Z" "-v" "/var/lib/crater-agent-workspace/rustup-home:/opt/rustwide/rustup-home:ro,Z" "-e" "SOURCE_DIR=/opt/rustwide/workdir" "-e" "CARGO_TARGET_DIR=/opt/rustwide/target" "-e" "CARGO_INCREMENTAL=0" "-e" "RUST_BACKTRACE=full" "-e" "RUSTFLAGS=--cap-lints=forbid -Zrandomize-layout" "-e" "RUSTDOCFLAGS=--cap-lints=forbid" "-e" "CARGO_HOME=/opt/rustwide/cargo-home" "-e" "RUSTUP_HOME=/opt/rustwide/rustup-home" "-w" "/opt/rustwide/workdir" "-m" "1610612736" "--user" "0:0" "--network" "none" "ghcr.io/rust-lang/crates-build-env/linux@sha256:4a844ea9eb2546a2d2c7022eacef16ef2e8229c7fbb2c7d4d55a9ceca922f72d" "/opt/rustwide/cargo-home/bin/cargo" "+nightly-2024-10-28" "test" "--frozen" "--no-run" "--message-format=json", kill_on_drop: false }`
[INFO] [stdout] fc1581c542a3cf22659a488764ebdccaef5e7a25dc3a5872d6259ef45560b226
[INFO] running `Command { std: "docker" "start" "-a" "fc1581c542a3cf22659a488764ebdccaef5e7a25dc3a5872d6259ef45560b226", kill_on_drop: false }`
[INFO] [stderr]    Compiling env_logger v0.11.5 (/opt/rustwide/workdir)
[INFO] [stderr]     Finished `test` profile [unoptimized + debuginfo] target(s) in 0.45s
[INFO] running `Command { std: "docker" "inspect" "fc1581c542a3cf22659a488764ebdccaef5e7a25dc3a5872d6259ef45560b226", kill_on_drop: false }`
[INFO] running `Command { std: "docker" "rm" "-f" "fc1581c542a3cf22659a488764ebdccaef5e7a25dc3a5872d6259ef45560b226", kill_on_drop: false }`
[INFO] [stdout] fc1581c542a3cf22659a488764ebdccaef5e7a25dc3a5872d6259ef45560b226
[INFO] running `Command { std: "docker" "create" "-v" "/var/lib/crater-agent-workspace/builds/worker-5-tc2/target:/opt/rustwide/target:rw,Z" "-v" "/var/lib/crater-agent-workspace/builds/worker-5-tc2/source:/opt/rustwide/workdir:ro,Z" "-v" "/var/lib/crater-agent-workspace/cargo-home:/opt/rustwide/cargo-home:ro,Z" "-v" "/var/lib/crater-agent-workspace/rustup-home:/opt/rustwide/rustup-home:ro,Z" "-e" "SOURCE_DIR=/opt/rustwide/workdir" "-e" "CARGO_TARGET_DIR=/opt/rustwide/target" "-e" "CARGO_INCREMENTAL=0" "-e" "RUST_BACKTRACE=full" "-e" "RUSTFLAGS=--cap-lints=forbid -Zrandomize-layout" "-e" "RUSTDOCFLAGS=--cap-lints=forbid" "-e" "CARGO_HOME=/opt/rustwide/cargo-home" "-e" "RUSTUP_HOME=/opt/rustwide/rustup-home" "-w" "/opt/rustwide/workdir" "-m" "1610612736" "--user" "0:0" "--network" "none" "ghcr.io/rust-lang/crates-build-env/linux@sha256:4a844ea9eb2546a2d2c7022eacef16ef2e8229c7fbb2c7d4d55a9ceca922f72d" "/opt/rustwide/cargo-home/bin/cargo" "+nightly-2024-10-28" "test" "--frozen", kill_on_drop: false }`
[INFO] [stdout] c5154ebcc9d37f282a2da6bb3e5be93561a25003f8b3f4dcd99b425e5aba6324
[INFO] running `Command { std: "docker" "start" "-a" "c5154ebcc9d37f282a2da6bb3e5be93561a25003f8b3f4dcd99b425e5aba6324", kill_on_drop: false }`
[INFO] [stderr]     Finished `test` profile [unoptimized + debuginfo] target(s) in 0.02s
[INFO] [stderr]      Running unittests src/lib.rs (/opt/rustwide/target/debug/deps/env_logger-01a161b3d9180d29)
[INFO] [stdout] 
[INFO] [stdout] running 17 tests
[INFO] [stdout] test fmt::tests::format_empty_target ... ok
[INFO] [stdout] test fmt::tests::format_indent_spaces ... ok
[INFO] [stdout] test fmt::tests::format_indent_spaces_no_header ... ok
[INFO] [stdout] test fmt::tests::format_indent_zero_spaces ... ok
[INFO] [stdout] test fmt::tests::format_no_header ... ok
[INFO] [stdout] test fmt::tests::format_no_target ... ok
[INFO] [stdout] test fmt::tests::format_suffix ... ok
[INFO] [stdout] test fmt::tests::format_suffix_with_indent ... ok
[INFO] [stdout] test fmt::tests::format_with_header ... ok
[INFO] [stdout] test fmt::tests::format_target ... ok
[INFO] [stdout] test fmt::writer::tests::parse_write_style_invalid ... ok
[INFO] [stdout] test fmt::writer::tests::parse_write_style_valid ... ok
[INFO] [stdout] test logger::tests::env_get_filter_reads_from_default_if_var_not_set ... ok
[INFO] [stdout] test logger::tests::builder_parse_env_overrides_existing_filters ... ok
[INFO] [stdout] test logger::tests::env_get_filter_reads_from_var_if_set ... ok
[INFO] [stdout] test logger::tests::env_get_write_style_reads_from_default_if_var_not_set ... ok
[INFO] [stdout] test logger::tests::env_get_write_style_reads_from_var_if_set ... ok
[INFO] [stdout] 
[INFO] [stdout] test result: ok. 17 passed; 0 failed; 0 ignored; 0 measured; 0 filtered out; finished in 0.00s
[INFO] [stdout] 
[INFO] [stderr]      Running tests/init-twice-retains-filter.rs (/opt/rustwide/target/debug/deps/init_twice_retains_filter-0b523f668ef58a3a)
[INFO] [stderr]      Running tests/log-in-log.rs (/opt/rustwide/target/debug/deps/log_in_log-3deb14577fa0e12a)
[INFO] [stderr]      Running tests/log_tls_dtors.rs (/opt/rustwide/target/debug/deps/log_tls_dtors-6b7663c8d8fab0a0)
[INFO] [stderr]      Running tests/regexp_filter.rs (/opt/rustwide/target/debug/deps/regexp_filter-d1a92acb6b8595da)
[INFO] [stderr]    Doc-tests env_logger
[INFO] [stdout] 
[INFO] [stdout] running 34 tests
[INFO] [stdout] test src/lib.rs - (line 63) ... FAILED
[INFO] [stdout] test src/lib.rs - (line 35) ... FAILED
[INFO] [stdout] test src/lib.rs - (line 40) ... FAILED
[INFO] [stdout] test src/lib.rs - (line 55) ... FAILED
[INFO] [stdout] test src/lib.rs - (line 73) ... FAILED
[INFO] [stdout] test src/lib.rs - (line 46) ... FAILED
[INFO] [stdout] test src/fmt/mod.rs - fmt (line 42) ... ok
[INFO] [stdout] test src/lib.rs - (line 175) ... ok
[INFO] [stdout] test src/fmt/mod.rs - fmt (line 21) ... ok
[INFO] [stdout] test src/fmt/mod.rs - fmt::Formatter (line 121) ... ok
[INFO] [stdout] test src/fmt/humantime.rs - fmt::humantime::Formatter::timestamp (line 17) ... ok
[INFO] [stdout] test src/lib.rs - (line 253) ... ok
[INFO] [stdout] test src/lib.rs - (line 214) ... ok
[INFO] [stdout] test src/lib.rs - (line 19) ... ok
[INFO] [stdout] test src/logger.rs - logger::Builder (line 22) ... ok
[INFO] [stdout] test src/logger.rs - logger::Builder::filter_level (line 360) ... ok
[INFO] [stdout] test src/logger.rs - logger::Builder::format (line 231) ... ok
[INFO] [stdout] test src/logger.rs - logger::Builder::filter_module (line 341) ... ok
[INFO] [stdout] test src/logger.rs - logger::Builder::filter (line 382) ... ok
[INFO] [stdout] test src/logger.rs - logger::Builder::from_default_env (line 176) ... ok
[INFO] [stdout] test src/lib.rs - (line 234) ... ok
[INFO] [stdout] test src/logger.rs - logger::Builder::from_env (line 86) ... ok
[INFO] [stdout] test src/logger.rs - logger::Builder::from_env (line 96) ... ok
[INFO] [stdout] test src/logger.rs - logger::Builder::new (line 56) ... ok
[INFO] [stdout] test src/logger.rs - logger::Builder::parse_env (line 123) ... ok
[INFO] [stdout] test src/logger.rs - logger::Builder::target (line 415) ... ok
[INFO] [stdout] test src/logger.rs - logger::Builder::write_style (line 436) ... ok
[INFO] [stdout] test src/logger.rs - logger::Builder::parse_default_env (line 199) ... ok
[INFO] [stdout] test src/logger.rs - logger::Logger::from_default_env (line 600) ... ok
[INFO] [stdout] test src/logger.rs - logger::init_from_env (line 927) ... ok
[INFO] [stdout] test src/logger.rs - logger::try_init_from_env (line 890) ... ok
[INFO] [stdout] test src/logger.rs - logger::Builder::parse_env (line 138) ... ok
[INFO] [stdout] test src/logger.rs - logger::Logger::from_env (line 567) ... ok
[INFO] [stdout] test src/logger.rs - logger::Logger::from_env (line 576) ... ok
[INFO] [stdout] 
[INFO] [stdout] failures:
[INFO] [stdout] 
[INFO] [stdout] ---- src/lib.rs - (line 63) stdout ----
[INFO] [stdout] error: expected expression, found `$`
[INFO] [stdout]  --> src/lib.rs:64:1
[INFO] [stdout]   |
[INFO] [stdout] 3 | $ RUST_LOG=main ./main
[INFO] [stdout]   | ^ expected expression
[INFO] [stdout] 
[INFO] [stdout] error: aborting due to 1 previous error
[INFO] [stdout] 
[INFO] [stdout] Couldn't compile the test.
[INFO] [stdout] ---- src/lib.rs - (line 35) stdout ----
[INFO] [stdout] error: expected expression, found `$`
[INFO] [stdout]  --> src/lib.rs:36:1
[INFO] [stdout]   |
[INFO] [stdout] 3 | $ RUST_LOG=error ./main
[INFO] [stdout]   | ^ expected expression
[INFO] [stdout] 
[INFO] [stdout] error: aborting due to 1 previous error
[INFO] [stdout] 
[INFO] [stdout] Couldn't compile the test.
[INFO] [stdout] ---- src/lib.rs - (line 40) stdout ----
[INFO] [stdout] error: expected expression, found `$`
[INFO] [stdout]  --> src/lib.rs:41:1
[INFO] [stdout]   |
[INFO] [stdout] 3 | $ RUST_LOG=info ./main
[INFO] [stdout]   | ^ expected expression
[INFO] [stdout] 
[INFO] [stdout] error: aborting due to 1 previous error
[INFO] [stdout] 
[INFO] [stdout] Couldn't compile the test.
[INFO] [stdout] ---- src/lib.rs - (line 55) stdout ----
[INFO] [stdout] error: expected expression, found `$`
[INFO] [stdout]  --> src/lib.rs:56:1
[INFO] [stdout]   |
[INFO] [stdout] 3 | $ RUST_LOG=main=info ./main
[INFO] [stdout]   | ^ expected expression
[INFO] [stdout] 
[INFO] [stdout] error: aborting due to 1 previous error
[INFO] [stdout] 
[INFO] [stdout] Couldn't compile the test.
[INFO] [stdout] ---- src/lib.rs - (line 73) stdout ----
[INFO] [stdout] error: expected expression, found `$`
[INFO] [stdout]  --> src/lib.rs:74:1
[INFO] [stdout]   |
[INFO] [stdout] 3 | $ RUST_LOG=my_app ./my-app
[INFO] [stdout]   | ^ expected expression
[INFO] [stdout] 
[INFO] [stdout] error: aborting due to 1 previous error
[INFO] [stdout] 
[INFO] [stdout] Couldn't compile the test.
[INFO] [stdout] ---- src/lib.rs - (line 46) stdout ----
[INFO] [stdout] error: expected expression, found `$`
[INFO] [stdout]  --> src/lib.rs:47:1
[INFO] [stdout]   |
[INFO] [stdout] 3 | $ RUST_LOG=debug ./main
[INFO] [stdout]   | ^ expected expression
[INFO] [stdout] 
[INFO] [stdout] error: aborting due to 1 previous error
[INFO] [stdout] 
[INFO] [stdout] Couldn't compile the test.
[INFO] [stdout] 
[INFO] [stdout] failures:
[INFO] [stdout]     src/lib.rs - (line 35)
[INFO] [stdout]     src/lib.rs - (line 40)
[INFO] [stdout]     src/lib.rs - (line 46)
[INFO] [stdout]     src/lib.rs - (line 55)
[INFO] [stdout]     src/lib.rs - (line 63)
[INFO] [stdout]     src/lib.rs - (line 73)
[INFO] [stdout] 
[INFO] [stdout] test result: FAILED. 28 passed; 6 failed; 0 ignored; 0 measured; 0 filtered out; finished in 0.79s
[INFO] [stdout] 
[INFO] [stderr] error: doctest failed, to rerun pass `--doc`
[INFO] running `Command { std: "docker" "inspect" "c5154ebcc9d37f282a2da6bb3e5be93561a25003f8b3f4dcd99b425e5aba6324", kill_on_drop: false }`
[INFO] running `Command { std: "docker" "rm" "-f" "c5154ebcc9d37f282a2da6bb3e5be93561a25003f8b3f4dcd99b425e5aba6324", kill_on_drop: false }`
[INFO] [stdout] c5154ebcc9d37f282a2da6bb3e5be93561a25003f8b3f4dcd99b425e5aba6324
