[INFO] fetching crate enutil_macros 0.1.0...
[INFO] testing enutil_macros-0.1.0 against nightly-2024-10-28 for randomize-layout
[INFO] extracting crate enutil_macros 0.1.0 into /workspace/builds/worker-7-tc1/source
[INFO] validating manifest of crates.io crate enutil_macros 0.1.0 on toolchain nightly-2024-10-28
[INFO] running `Command { std: CARGO_HOME="/workspace/cargo-home" RUSTUP_HOME="/workspace/rustup-home" "/workspace/cargo-home/bin/cargo" "+nightly-2024-10-28" "metadata" "--manifest-path" "Cargo.toml" "--no-deps", kill_on_drop: false }`
[INFO] started tweaking crates.io crate enutil_macros 0.1.0
[INFO] finished tweaking crates.io crate enutil_macros 0.1.0
[INFO] tweaked toml for crates.io crate enutil_macros 0.1.0 written to /workspace/builds/worker-7-tc1/source/Cargo.toml
[INFO] running `Command { std: CARGO_HOME="/workspace/cargo-home" RUSTUP_HOME="/workspace/rustup-home" "/workspace/cargo-home/bin/cargo" "+nightly-2024-10-28" "generate-lockfile" "--manifest-path" "Cargo.toml", kill_on_drop: false }`
[INFO] [stderr]     Updating crates.io index
[INFO] [stderr]      Locking 4 packages to latest compatible versions
[INFO] running `Command { std: CARGO_HOME="/workspace/cargo-home" RUSTUP_HOME="/workspace/rustup-home" "/workspace/cargo-home/bin/cargo" "+nightly-2024-10-28" "fetch" "--manifest-path" "Cargo.toml", kill_on_drop: false }`
[INFO] running `Command { std: "docker" "create" "-v" "/var/lib/crater-agent-workspace/builds/worker-7-tc1/target:/opt/rustwide/target:rw,Z" "-v" "/var/lib/crater-agent-workspace/builds/worker-7-tc1/source:/opt/rustwide/workdir:ro,Z" "-v" "/var/lib/crater-agent-workspace/cargo-home:/opt/rustwide/cargo-home:ro,Z" "-v" "/var/lib/crater-agent-workspace/rustup-home:/opt/rustwide/rustup-home:ro,Z" "-e" "SOURCE_DIR=/opt/rustwide/workdir" "-e" "CARGO_TARGET_DIR=/opt/rustwide/target" "-e" "CARGO_HOME=/opt/rustwide/cargo-home" "-e" "RUSTUP_HOME=/opt/rustwide/rustup-home" "-w" "/opt/rustwide/workdir" "-m" "1610612736" "--user" "0:0" "--network" "none" "ghcr.io/rust-lang/crates-build-env/linux@sha256:4a844ea9eb2546a2d2c7022eacef16ef2e8229c7fbb2c7d4d55a9ceca922f72d" "/opt/rustwide/cargo-home/bin/cargo" "+nightly-2024-10-28" "metadata" "--no-deps" "--format-version=1", kill_on_drop: false }`
[INFO] [stdout] 79c9220ed4b57a534d3b80409b8201b1e07b2d6b9f25a0e4aa6ca7f1a79f7c09
[INFO] running `Command { std: "docker" "start" "-a" "79c9220ed4b57a534d3b80409b8201b1e07b2d6b9f25a0e4aa6ca7f1a79f7c09", kill_on_drop: false }`
[INFO] running `Command { std: "docker" "inspect" "79c9220ed4b57a534d3b80409b8201b1e07b2d6b9f25a0e4aa6ca7f1a79f7c09", kill_on_drop: false }`
[INFO] running `Command { std: "docker" "rm" "-f" "79c9220ed4b57a534d3b80409b8201b1e07b2d6b9f25a0e4aa6ca7f1a79f7c09", kill_on_drop: false }`
[INFO] [stdout] 79c9220ed4b57a534d3b80409b8201b1e07b2d6b9f25a0e4aa6ca7f1a79f7c09
[INFO] running `Command { std: "docker" "create" "-v" "/var/lib/crater-agent-workspace/builds/worker-7-tc1/target:/opt/rustwide/target:rw,Z" "-v" "/var/lib/crater-agent-workspace/builds/worker-7-tc1/source:/opt/rustwide/workdir:ro,Z" "-v" "/var/lib/crater-agent-workspace/cargo-home:/opt/rustwide/cargo-home:ro,Z" "-v" "/var/lib/crater-agent-workspace/rustup-home:/opt/rustwide/rustup-home:ro,Z" "-e" "SOURCE_DIR=/opt/rustwide/workdir" "-e" "CARGO_TARGET_DIR=/opt/rustwide/target" "-e" "CARGO_INCREMENTAL=0" "-e" "RUST_BACKTRACE=full" "-e" "RUSTFLAGS=--cap-lints=forbid" "-e" "RUSTDOCFLAGS=--cap-lints=forbid" "-e" "CARGO_HOME=/opt/rustwide/cargo-home" "-e" "RUSTUP_HOME=/opt/rustwide/rustup-home" "-w" "/opt/rustwide/workdir" "-m" "1610612736" "--user" "0:0" "--network" "none" "ghcr.io/rust-lang/crates-build-env/linux@sha256:4a844ea9eb2546a2d2c7022eacef16ef2e8229c7fbb2c7d4d55a9ceca922f72d" "/opt/rustwide/cargo-home/bin/cargo" "+nightly-2024-10-28" "build" "--frozen" "--message-format=json", kill_on_drop: false }`
[INFO] [stdout] 675459667b83af42359060ede619139242debfd765d6574c392e69c238dfa6b2
[INFO] running `Command { std: "docker" "start" "-a" "675459667b83af42359060ede619139242debfd765d6574c392e69c238dfa6b2", kill_on_drop: false }`
[INFO] [stderr]    Compiling syn v2.0.86
[INFO] [stderr]    Compiling enutil_macros v0.1.0 (/opt/rustwide/workdir)
[INFO] [stderr]     Finished `dev` profile [unoptimized + debuginfo] target(s) in 2.64s
[INFO] running `Command { std: "docker" "inspect" "675459667b83af42359060ede619139242debfd765d6574c392e69c238dfa6b2", kill_on_drop: false }`
[INFO] running `Command { std: "docker" "rm" "-f" "675459667b83af42359060ede619139242debfd765d6574c392e69c238dfa6b2", kill_on_drop: false }`
[INFO] [stdout] 675459667b83af42359060ede619139242debfd765d6574c392e69c238dfa6b2
[INFO] running `Command { std: "docker" "create" "-v" "/var/lib/crater-agent-workspace/builds/worker-7-tc1/target:/opt/rustwide/target:rw,Z" "-v" "/var/lib/crater-agent-workspace/builds/worker-7-tc1/source:/opt/rustwide/workdir:ro,Z" "-v" "/var/lib/crater-agent-workspace/cargo-home:/opt/rustwide/cargo-home:ro,Z" "-v" "/var/lib/crater-agent-workspace/rustup-home:/opt/rustwide/rustup-home:ro,Z" "-e" "SOURCE_DIR=/opt/rustwide/workdir" "-e" "CARGO_TARGET_DIR=/opt/rustwide/target" "-e" "CARGO_INCREMENTAL=0" "-e" "RUST_BACKTRACE=full" "-e" "RUSTFLAGS=--cap-lints=forbid" "-e" "RUSTDOCFLAGS=--cap-lints=forbid" "-e" "CARGO_HOME=/opt/rustwide/cargo-home" "-e" "RUSTUP_HOME=/opt/rustwide/rustup-home" "-w" "/opt/rustwide/workdir" "-m" "1610612736" "--user" "0:0" "--network" "none" "ghcr.io/rust-lang/crates-build-env/linux@sha256:4a844ea9eb2546a2d2c7022eacef16ef2e8229c7fbb2c7d4d55a9ceca922f72d" "/opt/rustwide/cargo-home/bin/cargo" "+nightly-2024-10-28" "test" "--frozen" "--no-run" "--message-format=json", kill_on_drop: false }`
[INFO] [stdout] 7b224c7e9f94c248d9996c62578f0b80ebb21156356c0e3fc1a704fae774d964
[INFO] running `Command { std: "docker" "start" "-a" "7b224c7e9f94c248d9996c62578f0b80ebb21156356c0e3fc1a704fae774d964", kill_on_drop: false }`
[INFO] [stderr]    Compiling proc-macro2 v1.0.89
[INFO] [stderr]    Compiling unicode-ident v1.0.13
[INFO] [stderr]    Compiling quote v1.0.37
[INFO] [stderr]    Compiling syn v2.0.86
[INFO] [stderr]    Compiling enutil_macros v0.1.0 (/opt/rustwide/workdir)
[INFO] [stderr]     Finished `test` profile [unoptimized + debuginfo] target(s) in 3.68s
[INFO] running `Command { std: "docker" "inspect" "7b224c7e9f94c248d9996c62578f0b80ebb21156356c0e3fc1a704fae774d964", kill_on_drop: false }`
[INFO] running `Command { std: "docker" "rm" "-f" "7b224c7e9f94c248d9996c62578f0b80ebb21156356c0e3fc1a704fae774d964", kill_on_drop: false }`
[INFO] [stdout] 7b224c7e9f94c248d9996c62578f0b80ebb21156356c0e3fc1a704fae774d964
[INFO] running `Command { std: "docker" "create" "-v" "/var/lib/crater-agent-workspace/builds/worker-7-tc1/target:/opt/rustwide/target:rw,Z" "-v" "/var/lib/crater-agent-workspace/builds/worker-7-tc1/source:/opt/rustwide/workdir:ro,Z" "-v" "/var/lib/crater-agent-workspace/cargo-home:/opt/rustwide/cargo-home:ro,Z" "-v" "/var/lib/crater-agent-workspace/rustup-home:/opt/rustwide/rustup-home:ro,Z" "-e" "SOURCE_DIR=/opt/rustwide/workdir" "-e" "CARGO_TARGET_DIR=/opt/rustwide/target" "-e" "CARGO_INCREMENTAL=0" "-e" "RUST_BACKTRACE=full" "-e" "RUSTFLAGS=--cap-lints=forbid" "-e" "RUSTDOCFLAGS=--cap-lints=forbid" "-e" "CARGO_HOME=/opt/rustwide/cargo-home" "-e" "RUSTUP_HOME=/opt/rustwide/rustup-home" "-w" "/opt/rustwide/workdir" "-m" "1610612736" "--user" "0:0" "--network" "none" "ghcr.io/rust-lang/crates-build-env/linux@sha256:4a844ea9eb2546a2d2c7022eacef16ef2e8229c7fbb2c7d4d55a9ceca922f72d" "/opt/rustwide/cargo-home/bin/cargo" "+nightly-2024-10-28" "test" "--frozen", kill_on_drop: false }`
[INFO] [stdout] 2f34c7948f9144b8f82171dad24e8629eafb27278d413637ca50f64878b4b58d
[INFO] running `Command { std: "docker" "start" "-a" "2f34c7948f9144b8f82171dad24e8629eafb27278d413637ca50f64878b4b58d", kill_on_drop: false }`
[INFO] [stderr]     Finished `test` profile [unoptimized + debuginfo] target(s) in 0.01s
[INFO] [stderr]      Running unittests src/lib.rs (/opt/rustwide/target/debug/deps/enutil_macros-8792d95d8ad46172)
[INFO] [stdout] 
[INFO] [stdout] running 0 tests
[INFO] [stdout] 
[INFO] [stdout] test result: ok. 0 passed; 0 failed; 0 ignored; 0 measured; 0 filtered out; finished in 0.00s
[INFO] [stdout] 
[INFO] [stderr]      Running tests/enum_deref.rs (/opt/rustwide/target/debug/deps/enum_deref-53e11a88d7cb6c1c)
[INFO] [stdout] 
[INFO] [stdout] running 4 tests
[INFO] [stdout] test heterogeneous_enum ... ok
[INFO] [stdout] test multi_level_deref ... ok
[INFO] [stdout] test traits ... ok
[INFO] [stdout] test homogeneous_enum ... ok
[INFO] [stdout] 
[INFO] [stderr]    Doc-tests enutil_macros
[INFO] [stdout] test result: ok. 4 passed; 0 failed; 0 ignored; 0 measured; 0 filtered out; finished in 0.00s
[INFO] [stdout] 
[INFO] [stdout] 
[INFO] [stdout] running 2 tests
[INFO] [stdout] test src/lib.rs - enum_deref (line 18) ... FAILED
[INFO] [stdout] test src/lib.rs - enum_deref (line 46) ... FAILED
[INFO] [stdout] 
[INFO] [stdout] failures:
[INFO] [stdout] 
[INFO] [stdout] ---- src/lib.rs - enum_deref (line 18) stdout ----
[INFO] [stdout] error[E0432]: unresolved import `enutil`
[INFO] [stdout]  --> src/lib.rs:20:5
[INFO] [stdout]   |
[INFO] [stdout] 5 | use enutil::EnumDeref;
[INFO] [stdout]   |     ^^^^^^ use of undeclared crate or module `enutil`
[INFO] [stdout] 
[INFO] [stdout] error: aborting due to 1 previous error
[INFO] [stdout] 
[INFO] [stdout] For more information about this error, try `rustc --explain E0432`.
[INFO] [stdout] Couldn't compile the test.
[INFO] [stdout] ---- src/lib.rs - enum_deref (line 46) stdout ----
[INFO] [stdout] error[E0432]: unresolved import `enutil`
[INFO] [stdout]  --> src/lib.rs:48:5
[INFO] [stdout]   |
[INFO] [stdout] 5 | use enutil::EnumDeref;
[INFO] [stdout]   |     ^^^^^^ use of undeclared crate or module `enutil`
[INFO] [stdout] 
[INFO] [stdout] error: aborting due to 1 previous error
[INFO] [stdout] 
[INFO] [stdout] For more information about this error, try `rustc --explain E0432`.
[INFO] [stdout] Couldn't compile the test.
[INFO] [stdout] 
[INFO] [stdout] failures:
[INFO] [stdout]     src/lib.rs - enum_deref (line 18)
[INFO] [stdout]     src/lib.rs - enum_deref (line 46)
[INFO] [stdout] 
[INFO] [stdout] test result: FAILED. 0 passed; 2 failed; 0 ignored; 0 measured; 0 filtered out; finished in 0.04s
[INFO] [stdout] 
[INFO] [stderr] error: doctest failed, to rerun pass `--doc`
[INFO] running `Command { std: "docker" "inspect" "2f34c7948f9144b8f82171dad24e8629eafb27278d413637ca50f64878b4b58d", kill_on_drop: false }`
[INFO] running `Command { std: "docker" "rm" "-f" "2f34c7948f9144b8f82171dad24e8629eafb27278d413637ca50f64878b4b58d", kill_on_drop: false }`
[INFO] [stdout] 2f34c7948f9144b8f82171dad24e8629eafb27278d413637ca50f64878b4b58d
