[INFO] fetching crate enum_access 0.4.0...
[INFO] testing enum_access-0.4.0 against nightly-2024-10-28+rustflags=-Zrandomize-layout for randomize-layout
[INFO] extracting crate enum_access 0.4.0 into /workspace/builds/worker-3-tc2/source
[INFO] validating manifest of crates.io crate enum_access 0.4.0 on toolchain nightly-2024-10-28
[INFO] running `Command { std: CARGO_HOME="/workspace/cargo-home" RUSTUP_HOME="/workspace/rustup-home" "/workspace/cargo-home/bin/cargo" "+nightly-2024-10-28" "metadata" "--manifest-path" "Cargo.toml" "--no-deps", kill_on_drop: false }`
[INFO] started tweaking crates.io crate enum_access 0.4.0
[INFO] finished tweaking crates.io crate enum_access 0.4.0
[INFO] tweaked toml for crates.io crate enum_access 0.4.0 written to /workspace/builds/worker-3-tc2/source/Cargo.toml
[INFO] running `Command { std: CARGO_HOME="/workspace/cargo-home" RUSTUP_HOME="/workspace/rustup-home" "/workspace/cargo-home/bin/cargo" "+nightly-2024-10-28" "generate-lockfile" "--manifest-path" "Cargo.toml", kill_on_drop: false }`
[INFO] [stderr]     Updating crates.io index
[INFO] [stderr]      Locking 7 packages to latest compatible versions
[INFO] [stderr]       Adding syn v1.0.109 (available: v2.0.86)
[INFO] [stderr]       Adding synstructure v0.12.6 (available: v0.13.1)
[INFO] running `Command { std: CARGO_HOME="/workspace/cargo-home" RUSTUP_HOME="/workspace/rustup-home" "/workspace/cargo-home/bin/cargo" "+nightly-2024-10-28" "fetch" "--manifest-path" "Cargo.toml", kill_on_drop: false }`
[INFO] [stderr] warning: no edition set: defaulting to the 2015 edition while the latest is 2021
[INFO] running `Command { std: "docker" "create" "-v" "/var/lib/crater-agent-workspace/builds/worker-3-tc2/target:/opt/rustwide/target:rw,Z" "-v" "/var/lib/crater-agent-workspace/builds/worker-3-tc2/source:/opt/rustwide/workdir:ro,Z" "-v" "/var/lib/crater-agent-workspace/cargo-home:/opt/rustwide/cargo-home:ro,Z" "-v" "/var/lib/crater-agent-workspace/rustup-home:/opt/rustwide/rustup-home:ro,Z" "-e" "SOURCE_DIR=/opt/rustwide/workdir" "-e" "CARGO_TARGET_DIR=/opt/rustwide/target" "-e" "CARGO_HOME=/opt/rustwide/cargo-home" "-e" "RUSTUP_HOME=/opt/rustwide/rustup-home" "-w" "/opt/rustwide/workdir" "-m" "1610612736" "--user" "0:0" "--network" "none" "ghcr.io/rust-lang/crates-build-env/linux@sha256:4a844ea9eb2546a2d2c7022eacef16ef2e8229c7fbb2c7d4d55a9ceca922f72d" "/opt/rustwide/cargo-home/bin/cargo" "+nightly-2024-10-28" "metadata" "--no-deps" "--format-version=1", kill_on_drop: false }`
[INFO] [stdout] f1a378e83b81bfb6e2075226f2587d10ad554f1905cdc86ef77df6adb8c3e184
[INFO] running `Command { std: "docker" "start" "-a" "f1a378e83b81bfb6e2075226f2587d10ad554f1905cdc86ef77df6adb8c3e184", kill_on_drop: false }`
[INFO] running `Command { std: "docker" "inspect" "f1a378e83b81bfb6e2075226f2587d10ad554f1905cdc86ef77df6adb8c3e184", kill_on_drop: false }`
[INFO] running `Command { std: "docker" "rm" "-f" "f1a378e83b81bfb6e2075226f2587d10ad554f1905cdc86ef77df6adb8c3e184", kill_on_drop: false }`
[INFO] [stdout] f1a378e83b81bfb6e2075226f2587d10ad554f1905cdc86ef77df6adb8c3e184
[INFO] running `Command { std: "docker" "create" "-v" "/var/lib/crater-agent-workspace/builds/worker-3-tc2/target:/opt/rustwide/target:rw,Z" "-v" "/var/lib/crater-agent-workspace/builds/worker-3-tc2/source:/opt/rustwide/workdir:ro,Z" "-v" "/var/lib/crater-agent-workspace/cargo-home:/opt/rustwide/cargo-home:ro,Z" "-v" "/var/lib/crater-agent-workspace/rustup-home:/opt/rustwide/rustup-home:ro,Z" "-e" "SOURCE_DIR=/opt/rustwide/workdir" "-e" "CARGO_TARGET_DIR=/opt/rustwide/target" "-e" "CARGO_INCREMENTAL=0" "-e" "RUST_BACKTRACE=full" "-e" "RUSTFLAGS=--cap-lints=forbid -Zrandomize-layout" "-e" "RUSTDOCFLAGS=--cap-lints=forbid" "-e" "CARGO_HOME=/opt/rustwide/cargo-home" "-e" "RUSTUP_HOME=/opt/rustwide/rustup-home" "-w" "/opt/rustwide/workdir" "-m" "1610612736" "--user" "0:0" "--network" "none" "ghcr.io/rust-lang/crates-build-env/linux@sha256:4a844ea9eb2546a2d2c7022eacef16ef2e8229c7fbb2c7d4d55a9ceca922f72d" "/opt/rustwide/cargo-home/bin/cargo" "+nightly-2024-10-28" "build" "--frozen" "--message-format=json", kill_on_drop: false }`
[INFO] [stdout] 0a72fde682c7fa3d19f06f83a3e4ad6f4d70e8bfd69eca816ba85e026705b38c
[INFO] running `Command { std: "docker" "start" "-a" "0a72fde682c7fa3d19f06f83a3e4ad6f4d70e8bfd69eca816ba85e026705b38c", kill_on_drop: false }`
[INFO] [stderr] warning: no edition set: defaulting to the 2015 edition while the latest is 2021
[INFO] [stderr]    Compiling syn v1.0.109
[INFO] [stderr]    Compiling unicode-xid v0.2.6
[INFO] [stderr]    Compiling syn_util v0.4.2
[INFO] [stderr]    Compiling synstructure v0.12.6
[INFO] [stderr]    Compiling enum_access v0.4.0 (/opt/rustwide/workdir)
[INFO] [stderr]     Finished `dev` profile [unoptimized + debuginfo] target(s) in 2.26s
[INFO] running `Command { std: "docker" "inspect" "0a72fde682c7fa3d19f06f83a3e4ad6f4d70e8bfd69eca816ba85e026705b38c", kill_on_drop: false }`
[INFO] running `Command { std: "docker" "rm" "-f" "0a72fde682c7fa3d19f06f83a3e4ad6f4d70e8bfd69eca816ba85e026705b38c", kill_on_drop: false }`
[INFO] [stdout] 0a72fde682c7fa3d19f06f83a3e4ad6f4d70e8bfd69eca816ba85e026705b38c
[INFO] running `Command { std: "docker" "create" "-v" "/var/lib/crater-agent-workspace/builds/worker-3-tc2/target:/opt/rustwide/target:rw,Z" "-v" "/var/lib/crater-agent-workspace/builds/worker-3-tc2/source:/opt/rustwide/workdir:ro,Z" "-v" "/var/lib/crater-agent-workspace/cargo-home:/opt/rustwide/cargo-home:ro,Z" "-v" "/var/lib/crater-agent-workspace/rustup-home:/opt/rustwide/rustup-home:ro,Z" "-e" "SOURCE_DIR=/opt/rustwide/workdir" "-e" "CARGO_TARGET_DIR=/opt/rustwide/target" "-e" "CARGO_INCREMENTAL=0" "-e" "RUST_BACKTRACE=full" "-e" "RUSTFLAGS=--cap-lints=forbid -Zrandomize-layout" "-e" "RUSTDOCFLAGS=--cap-lints=forbid" "-e" "CARGO_HOME=/opt/rustwide/cargo-home" "-e" "RUSTUP_HOME=/opt/rustwide/rustup-home" "-w" "/opt/rustwide/workdir" "-m" "1610612736" "--user" "0:0" "--network" "none" "ghcr.io/rust-lang/crates-build-env/linux@sha256:4a844ea9eb2546a2d2c7022eacef16ef2e8229c7fbb2c7d4d55a9ceca922f72d" "/opt/rustwide/cargo-home/bin/cargo" "+nightly-2024-10-28" "test" "--frozen" "--no-run" "--message-format=json", kill_on_drop: false }`
[INFO] [stdout] 9ad8b716ddc5ea23012548b1d694a9412535ee43fe74b9c6358b9f6544dc7f87
[INFO] running `Command { std: "docker" "start" "-a" "9ad8b716ddc5ea23012548b1d694a9412535ee43fe74b9c6358b9f6544dc7f87", kill_on_drop: false }`
[INFO] [stderr] warning: no edition set: defaulting to the 2015 edition while the latest is 2021
[INFO] [stderr]    Compiling unicode-xid v0.2.6
[INFO] [stderr]    Compiling syn v1.0.109
[INFO] [stderr]    Compiling synstructure v0.12.6
[INFO] [stderr]    Compiling syn_util v0.4.2
[INFO] [stderr]    Compiling enum_access v0.4.0 (/opt/rustwide/workdir)
[INFO] [stdout] warning: non-local `impl` definition, `impl` blocks should be written at the same level as their item
[INFO] [stdout]  --> tests/integration_test.rs:4:47
[INFO] [stdout]   |
[INFO] [stdout] 4 | #[derive(Clone, PartialEq, Debug, EnumAccess, EnumDisplay)]
[INFO] [stdout]   |                                               ^----------
[INFO] [stdout]   |                                               |
[INFO] [stdout]   |                                               `Display` is not local
[INFO] [stdout]   |                                               move the `impl` block outside of this constant `_DERIVE_Display_FOR_Enum`
[INFO] [stdout] 5 | #[enum_access(get(name), get_some(index, value), iter(inputs))]
[INFO] [stdout] 6 | enum Enum<T> {
[INFO] [stdout]   |      ---- `Enum` is not local
[INFO] [stdout]   |
[INFO] [stdout]   = note: the derive macro `EnumDisplay` defines the non-local `impl`, and may need to be changed
[INFO] [stdout]   = note: the derive macro `EnumDisplay` may come from an old version of the `enum_access` crate, try updating your dependency with `cargo update -p enum_access`
[INFO] [stdout]   = note: an `impl` is never scoped, even when it is nested inside an item, as it may impact type checking outside of that item, which can be the case if neither the trait or the self type are at the same nesting level as the `impl`
[INFO] [stdout]   = note: items in an anonymous const item (`const _: () = { ... }`) are treated as in the same scope as the anonymous const's declaration for the purpose of this lint
[INFO] [stdout]   = note: `#[warn(non_local_definitions)]` on by default
[INFO] [stdout]   = note: this warning originates in the derive macro `EnumDisplay` (in Nightly builds, run with -Z macro-backtrace for more info)
[INFO] [stdout] 
[INFO] [stdout] 
[INFO] [stderr]     Finished `test` profile [unoptimized + debuginfo] target(s) in 3.16s
[INFO] running `Command { std: "docker" "inspect" "9ad8b716ddc5ea23012548b1d694a9412535ee43fe74b9c6358b9f6544dc7f87", kill_on_drop: false }`
[INFO] running `Command { std: "docker" "rm" "-f" "9ad8b716ddc5ea23012548b1d694a9412535ee43fe74b9c6358b9f6544dc7f87", kill_on_drop: false }`
[INFO] [stdout] 9ad8b716ddc5ea23012548b1d694a9412535ee43fe74b9c6358b9f6544dc7f87
[INFO] running `Command { std: "docker" "create" "-v" "/var/lib/crater-agent-workspace/builds/worker-3-tc2/target:/opt/rustwide/target:rw,Z" "-v" "/var/lib/crater-agent-workspace/builds/worker-3-tc2/source:/opt/rustwide/workdir:ro,Z" "-v" "/var/lib/crater-agent-workspace/cargo-home:/opt/rustwide/cargo-home:ro,Z" "-v" "/var/lib/crater-agent-workspace/rustup-home:/opt/rustwide/rustup-home:ro,Z" "-e" "SOURCE_DIR=/opt/rustwide/workdir" "-e" "CARGO_TARGET_DIR=/opt/rustwide/target" "-e" "CARGO_INCREMENTAL=0" "-e" "RUST_BACKTRACE=full" "-e" "RUSTFLAGS=--cap-lints=forbid -Zrandomize-layout" "-e" "RUSTDOCFLAGS=--cap-lints=forbid" "-e" "CARGO_HOME=/opt/rustwide/cargo-home" "-e" "RUSTUP_HOME=/opt/rustwide/rustup-home" "-w" "/opt/rustwide/workdir" "-m" "1610612736" "--user" "0:0" "--network" "none" "ghcr.io/rust-lang/crates-build-env/linux@sha256:4a844ea9eb2546a2d2c7022eacef16ef2e8229c7fbb2c7d4d55a9ceca922f72d" "/opt/rustwide/cargo-home/bin/cargo" "+nightly-2024-10-28" "test" "--frozen", kill_on_drop: false }`
[INFO] [stdout] 308620ebcce2d14bb108ac970d959097524860bacf6d5fd15c721e5d86175b43
[INFO] running `Command { std: "docker" "start" "-a" "308620ebcce2d14bb108ac970d959097524860bacf6d5fd15c721e5d86175b43", kill_on_drop: false }`
[INFO] [stderr] warning: no edition set: defaulting to the 2015 edition while the latest is 2021
[INFO] [stderr] warning: non-local `impl` definition, `impl` blocks should be written at the same level as their item
[INFO] [stderr]  --> tests/integration_test.rs:4:47
[INFO] [stderr]   |
[INFO] [stderr] 4 | #[derive(Clone, PartialEq, Debug, EnumAccess, EnumDisplay)]
[INFO] [stderr]   |                                               ^----------
[INFO] [stderr]   |                                               |
[INFO] [stderr]   |                                               `Display` is not local
[INFO] [stderr]   |                                               move the `impl` block outside of this constant `_DERIVE_Display_FOR_Enum`
[INFO] [stderr] 5 | #[enum_access(get(name), get_some(index, value), iter(inputs))]
[INFO] [stderr] 6 | enum Enum<T> {
[INFO] [stderr]   |      ---- `Enum` is not local
[INFO] [stderr]   |
[INFO] [stderr]   = note: the derive macro `EnumDisplay` defines the non-local `impl`, and may need to be changed
[INFO] [stderr]   = note: the derive macro `EnumDisplay` may come from an old version of the `enum_access` crate, try updating your dependency with `cargo update -p enum_access`
[INFO] [stderr]   = note: an `impl` is never scoped, even when it is nested inside an item, as it may impact type checking outside of that item, which can be the case if neither the trait or the self type are at the same nesting level as the `impl`
[INFO] [stderr]   = note: items in an anonymous const item (`const _: () = { ... }`) are treated as in the same scope as the anonymous const's declaration for the purpose of this lint
[INFO] [stderr]   = note: `#[warn(non_local_definitions)]` on by default
[INFO] [stderr]   = note: this warning originates in the derive macro `EnumDisplay` (in Nightly builds, run with -Z macro-backtrace for more info)
[INFO] [stderr] 
[INFO] [stderr] warning: `enum_access` (test "integration_test") generated 1 warning
[INFO] [stderr]     Finished `test` profile [unoptimized + debuginfo] target(s) in 0.03s
[INFO] [stderr]      Running unittests src/lib.rs (/opt/rustwide/target/debug/deps/enum_access-575b05f8c208ff11)
[INFO] [stdout] 
[INFO] [stdout] running 1 test
[INFO] [stdout] test test::unittest_enum_access ... FAILED
[INFO] [stdout] 
[INFO] [stdout] failures:
[INFO] [stdout] 
[INFO] [stdout] ---- test::unittest_enum_access stdout ----
[INFO] [stdout] thread 'test::unittest_enum_access' panicked at src/lib.rs:532:9:
[INFO] [stdout] test_derive failed:
[INFO] [stdout] expected:
[INFO] [stdout] ```
[INFO] [stdout] pub struct EnumVariant1Inner < T : Clone > (
[INFO] [stdout]     pub i32 , pub T)
[INFO] [stdout] ;
[INFO] [stdout] impl <'a , T : Clone > From < Enum <'a , T > > for EnumVariant1Inner < T > {
[INFO] [stdout]     fn from (
[INFO] [stdout]         x : Enum <'a , T >)
[INFO] [stdout]     -> Self {
[INFO] [stdout]         match x {
[INFO] [stdout]             Enum :: Variant1 (
[INFO] [stdout]                 binding0 , binding1)
[INFO] [stdout]             => EnumVariant1Inner (
[INFO] [stdout]                 binding0 , binding1)
[INFO] [stdout]             , _ => panic ! (
[INFO] [stdout]                 "cannot converted to {
[INFO] [stdout]                     }
[INFO] [stdout]                 ." , stringify ! (
[INFO] [stdout]                     EnumVariant1Inner)
[INFO] [stdout]                 )
[INFO] [stdout]             , }
[INFO] [stdout]         }
[INFO] [stdout]     }
[INFO] [stdout] impl <'a , T : Clone > From < EnumVariant1Inner < T > > for Enum <'a , T > {
[INFO] [stdout]     fn from (
[INFO] [stdout]         x : EnumVariant1Inner < T >)
[INFO] [stdout]     -> Self {
[INFO] [stdout]         let EnumVariant1Inner (
[INFO] [stdout]             binding0 , binding1)
[INFO] [stdout]         = x ;
[INFO] [stdout]         Enum :: Variant1 (
[INFO] [stdout]             binding0 , binding1)
[INFO] [stdout]         }
[INFO] [stdout]     }
[INFO] [stdout] pub struct EnumVariant2Inner <'a > {
[INFO] [stdout]     pub key : &'a i32 , pub value : i32 }
[INFO] [stdout] impl <'a , T : Clone > From < Enum <'a , T > > for EnumVariant2Inner <'a > {
[INFO] [stdout]     fn from (
[INFO] [stdout]         x : Enum <'a , T >)
[INFO] [stdout]     -> Self {
[INFO] [stdout]         match x {
[INFO] [stdout]             Enum :: Variant2 {
[INFO] [stdout]                 key , value }
[INFO] [stdout]             => EnumVariant2Inner {
[INFO] [stdout]                 key , value }
[INFO] [stdout]             , _ => panic ! (
[INFO] [stdout]                 "cannot converted to {
[INFO] [stdout]                     }
[INFO] [stdout]                 ." , stringify ! (
[INFO] [stdout]                     EnumVariant2Inner)
[INFO] [stdout]                 )
[INFO] [stdout]             , }
[INFO] [stdout]         }
[INFO] [stdout]     }
[INFO] [stdout] impl <'a , T : Clone > From < EnumVariant2Inner <'a > > for Enum <'a , T > {
[INFO] [stdout]     fn from (
[INFO] [stdout]         x : EnumVariant2Inner <'a >)
[INFO] [stdout]     -> Self {
[INFO] [stdout]         let EnumVariant2Inner {
[INFO] [stdout]             key , value }
[INFO] [stdout]         = x ;
[INFO] [stdout]         Enum :: Variant2 {
[INFO] [stdout]             key , value }
[INFO] [stdout]         }
[INFO] [stdout]     }
[INFO] [stdout] pub struct EnumVariant3Inner <'a , T : Clone > (
[INFO] [stdout]     pub &'a T)
[INFO] [stdout] ;
[INFO] [stdout] impl <'a , T : Clone > From < Enum <'a , T > > for EnumVariant3Inner <'a , T > {
[INFO] [stdout]     fn from (
[INFO] [stdout]         x : Enum <'a , T >)
[INFO] [stdout]     -> Self {
[INFO] [stdout]         match x {
[INFO] [stdout]             Enum :: Variant3 (
[INFO] [stdout]                 binding0)
[INFO] [stdout]             => EnumVariant3Inner (
[INFO] [stdout]                 binding0)
[INFO] [stdout]             , _ => panic ! (
[INFO] [stdout]                 "cannot converted to {
[INFO] [stdout]                     }
[INFO] [stdout]                 ." , stringify ! (
[INFO] [stdout]                     EnumVariant3Inner)
[INFO] [stdout]                 )
[INFO] [stdout]             , }
[INFO] [stdout]         }
[INFO] [stdout]     }
[INFO] [stdout] impl <'a , T : Clone > From < EnumVariant3Inner <'a , T > > for Enum <'a , T > {
[INFO] [stdout]     fn from (
[INFO] [stdout]         x : EnumVariant3Inner <'a , T >)
[INFO] [stdout]     -> Self {
[INFO] [stdout]         let EnumVariant3Inner (
[INFO] [stdout]             binding0)
[INFO] [stdout]         = x ;
[INFO] [stdout]         Enum :: Variant3 (
[INFO] [stdout]             binding0)
[INFO] [stdout]         }
[INFO] [stdout]     }
[INFO] [stdout] 
[INFO] [stdout] ```
[INFO] [stdout] 
[INFO] [stdout] got:
[INFO] [stdout] ```
[INFO] [stdout] pub struct EnumVariant1Inner < T : Clone > (
[INFO] [stdout]     pub i32 , pub T)
[INFO] [stdout] ;
[INFO] [stdout] impl < 'a , T : Clone > From < Enum < 'a , T > > for EnumVariant1Inner < T > {
[INFO] [stdout]     fn from (
[INFO] [stdout]         x : Enum < 'a , T >)
[INFO] [stdout]     -> Self {
[INFO] [stdout]         match x {
[INFO] [stdout]             Enum :: Variant1 (
[INFO] [stdout]                 binding0 , binding1)
[INFO] [stdout]             => EnumVariant1Inner (
[INFO] [stdout]                 binding0 , binding1)
[INFO] [stdout]             , _ => panic ! (
[INFO] [stdout]                 "cannot converted to {
[INFO] [stdout]                     }
[INFO] [stdout]                 ." , stringify ! (
[INFO] [stdout]                     EnumVariant1Inner)
[INFO] [stdout]                 )
[INFO] [stdout]             , }
[INFO] [stdout]         }
[INFO] [stdout]     }
[INFO] [stdout] impl < 'a , T : Clone > From < EnumVariant1Inner < T > > for Enum < 'a , T > {
[INFO] [stdout]     fn from (
[INFO] [stdout]         x : EnumVariant1Inner < T >)
[INFO] [stdout]     -> Self {
[INFO] [stdout]         let EnumVariant1Inner (
[INFO] [stdout]             binding0 , binding1)
[INFO] [stdout]         = x ;
[INFO] [stdout]         Enum :: Variant1 (
[INFO] [stdout]             binding0 , binding1)
[INFO] [stdout]         }
[INFO] [stdout]     }
[INFO] [stdout] pub struct EnumVariant2Inner < 'a > {
[INFO] [stdout]     pub key : & 'a i32 , pub value : i32 }
[INFO] [stdout] impl < 'a , T : Clone > From < Enum < 'a , T > > for EnumVariant2Inner < 'a > {
[INFO] [stdout]     fn from (
[INFO] [stdout]         x : Enum < 'a , T >)
[INFO] [stdout]     -> Self {
[INFO] [stdout]         match x {
[INFO] [stdout]             Enum :: Variant2 {
[INFO] [stdout]                 key , value }
[INFO] [stdout]             => EnumVariant2Inner {
[INFO] [stdout]                 key , value }
[INFO] [stdout]             , _ => panic ! (
[INFO] [stdout]                 "cannot converted to {
[INFO] [stdout]                     }
[INFO] [stdout]                 ." , stringify ! (
[INFO] [stdout]                     EnumVariant2Inner)
[INFO] [stdout]                 )
[INFO] [stdout]             , }
[INFO] [stdout]         }
[INFO] [stdout]     }
[INFO] [stdout] impl < 'a , T : Clone > From < EnumVariant2Inner < 'a > > for Enum < 'a , T > {
[INFO] [stdout]     fn from (
[INFO] [stdout]         x : EnumVariant2Inner < 'a >)
[INFO] [stdout]     -> Self {
[INFO] [stdout]         let EnumVariant2Inner {
[INFO] [stdout]             key , value }
[INFO] [stdout]         = x ;
[INFO] [stdout]         Enum :: Variant2 {
[INFO] [stdout]             key , value }
[INFO] [stdout]         }
[INFO] [stdout]     }
[INFO] [stdout] pub struct EnumVariant3Inner < 'a , T : Clone > (
[INFO] [stdout]     pub & 'a T)
[INFO] [stdout] ;
[INFO] [stdout] impl < 'a , T : Clone > From < Enum < 'a , T > > for EnumVariant3Inner < 'a , T > {
[INFO] [stdout]     fn from (
[INFO] [stdout]         x : Enum < 'a , T >)
[INFO] [stdout]     -> Self {
[INFO] [stdout]         match x {
[INFO] [stdout]             Enum :: Variant3 (
[INFO] [stdout]                 binding0)
[INFO] [stdout]             => EnumVariant3Inner (
[INFO] [stdout]                 binding0)
[INFO] [stdout]             , _ => panic ! (
[INFO] [stdout]                 "cannot converted to {
[INFO] [stdout]                     }
[INFO] [stdout]                 ." , stringify ! (
[INFO] [stdout]                     EnumVariant3Inner)
[INFO] [stdout]                 )
[INFO] [stdout]             , }
[INFO] [stdout]         }
[INFO] [stdout]     }
[INFO] [stdout] impl < 'a , T : Clone > From < EnumVariant3Inner < 'a , T > > for Enum < 'a , T > {
[INFO] [stdout]     fn from (
[INFO] [stdout]         x : EnumVariant3Inner < 'a , T >)
[INFO] [stdout]     -> Self {
[INFO] [stdout]         let EnumVariant3Inner (
[INFO] [stdout]             binding0)
[INFO] [stdout]         = x ;
[INFO] [stdout]         Enum :: Variant3 (
[INFO] [stdout]             binding0)
[INFO] [stdout]         }
[INFO] [stdout]     }
[INFO] [stdout] 
[INFO] [stdout] ```
[INFO] [stdout] 
[INFO] [stdout] stack backtrace:
[INFO] [stdout]    0:     0x76aa1616f60a - std::backtrace_rs::backtrace::libunwind::trace::h207520d6e9873551
[INFO] [stdout]                                at /rustc/df4ca44d3fbc9301ee17f30f4d474e6ae4b05252/library/std/src/../../backtrace/src/backtrace/libunwind.rs:116:5
[INFO] [stdout]    1:     0x76aa1616f60a - std::backtrace_rs::backtrace::trace_unsynchronized::h2ed7433f370e3eca
[INFO] [stdout]                                at /rustc/df4ca44d3fbc9301ee17f30f4d474e6ae4b05252/library/std/src/../../backtrace/src/backtrace/mod.rs:66:5
[INFO] [stdout]    2:     0x76aa1616f60a - std::sys::backtrace::_print_fmt::h916fac51166b18d7
[INFO] [stdout]                                at /rustc/df4ca44d3fbc9301ee17f30f4d474e6ae4b05252/library/std/src/sys/backtrace.rs:66:9
[INFO] [stdout]    3:     0x76aa1616f60a - <std::sys::backtrace::BacktraceLock::print::DisplayBacktrace as core::fmt::Display>::fmt::ha0a4c9b8ce3802e6
[INFO] [stdout]                                at /rustc/df4ca44d3fbc9301ee17f30f4d474e6ae4b05252/library/std/src/sys/backtrace.rs:39:26
[INFO] [stdout]    4:     0x76aa161bfbb3 - core::fmt::rt::Argument::fmt::h4cfc8587d52b3eb5
[INFO] [stdout]                                at /rustc/df4ca44d3fbc9301ee17f30f4d474e6ae4b05252/library/core/src/fmt/rt.rs:177:76
[INFO] [stdout]    5:     0x76aa161bfbb3 - core::fmt::write::h522cc39e5b36ae9f
[INFO] [stdout]                                at /rustc/df4ca44d3fbc9301ee17f30f4d474e6ae4b05252/library/core/src/fmt/mod.rs:1190:21
[INFO] [stdout]    6:     0x76aa16162fa3 - std::io::Write::write_fmt::h7d3c26752da97734
[INFO] [stdout]                                at /rustc/df4ca44d3fbc9301ee17f30f4d474e6ae4b05252/library/std/src/io/mod.rs:1839:15
[INFO] [stdout]    7:     0x76aa1616f452 - std::sys::backtrace::BacktraceLock::print::h4b9e00b29e9c0942
[INFO] [stdout]                                at /rustc/df4ca44d3fbc9301ee17f30f4d474e6ae4b05252/library/std/src/sys/backtrace.rs:42:9
[INFO] [stdout]    8:     0x76aa16171a8a - std::panicking::default_hook::{{closure}}::hb59b88280d0324d9
[INFO] [stdout]                                at /rustc/df4ca44d3fbc9301ee17f30f4d474e6ae4b05252/library/std/src/panicking.rs:268:22
[INFO] [stdout]    9:     0x76aa16171894 - std::panicking::default_hook::he1dd496665be4a29
[INFO] [stdout]                                at /rustc/df4ca44d3fbc9301ee17f30f4d474e6ae4b05252/library/std/src/panicking.rs:292:9
[INFO] [stdout]   10:     0x5a3f5702d689 - <alloc::boxed::Box<F,A> as core::ops::function::Fn<Args>>::call::h4ff71de18744e1dc
[INFO] [stdout]                                at /rustc/df4ca44d3fbc9301ee17f30f4d474e6ae4b05252/library/alloc/src/boxed.rs:2468:9
[INFO] [stdout]   11:     0x5a3f5702d689 - test::test_main::{{closure}}::hcf7c055ce117aa81
[INFO] [stdout]                                at /rustc/df4ca44d3fbc9301ee17f30f4d474e6ae4b05252/library/test/src/lib.rs:133:21
[INFO] [stdout]   12:     0x76aa161721f8 - <alloc::boxed::Box<F,A> as core::ops::function::Fn<Args>>::call::h1d66c6bbd60c9692
[INFO] [stdout]                                at /rustc/df4ca44d3fbc9301ee17f30f4d474e6ae4b05252/library/alloc/src/boxed.rs:2468:9
[INFO] [stdout]   13:     0x76aa161721f8 - std::panicking::rust_panic_with_hook::h2ff17fe8f26dfcf8
[INFO] [stdout]                                at /rustc/df4ca44d3fbc9301ee17f30f4d474e6ae4b05252/library/std/src/panicking.rs:809:13
[INFO] [stdout]   14:     0x76aa16171fba - std::panicking::begin_panic_handler::{{closure}}::h4fad77951c07e101
[INFO] [stdout]                                at /rustc/df4ca44d3fbc9301ee17f30f4d474e6ae4b05252/library/std/src/panicking.rs:674:13
[INFO] [stdout]   15:     0x76aa1616fae9 - std::sys::backtrace::__rust_end_short_backtrace::hb1a25b3da5d0ea08
[INFO] [stdout]                                at /rustc/df4ca44d3fbc9301ee17f30f4d474e6ae4b05252/library/std/src/sys/backtrace.rs:170:18
[INFO] [stdout]   16:     0x76aa16171c4c - rust_begin_unwind
[INFO] [stdout]                                at /rustc/df4ca44d3fbc9301ee17f30f4d474e6ae4b05252/library/std/src/panicking.rs:665:5
[INFO] [stdout]   17:     0x76aa161bbfc0 - core::panicking::panic_fmt::ha9db07b529f9b256
[INFO] [stdout]                                at /rustc/df4ca44d3fbc9301ee17f30f4d474e6ae4b05252/library/core/src/panicking.rs:75:14
[INFO] [stdout]   18:     0x5a3f56fe1546 - enum_access::test::unittest_enum_access::hc791263bc6ef88af
[INFO] [stdout]                                at /opt/rustwide/workdir/src/lib.rs:532:9
[INFO] [stdout]   19:     0x5a3f56fe0267 - enum_access::test::unittest_enum_access::{{closure}}::h3ccf987bb8659fdf
[INFO] [stdout]                                at /opt/rustwide/workdir/src/lib.rs:479:30
[INFO] [stdout]   20:     0x5a3f56fe4136 - core::ops::function::FnOnce::call_once::h9e6ab231945db158
[INFO] [stdout]                                at /rustc/df4ca44d3fbc9301ee17f30f4d474e6ae4b05252/library/core/src/ops/function.rs:250:5
[INFO] [stdout]   21:     0x5a3f57031f5b - core::ops::function::FnOnce::call_once::h22c3ba5715e93f05
[INFO] [stdout]                                at /rustc/df4ca44d3fbc9301ee17f30f4d474e6ae4b05252/library/core/src/ops/function.rs:250:5
[INFO] [stdout]   22:     0x5a3f57031f5b - test::__rust_begin_short_backtrace::h8e82d8113d0da17f
[INFO] [stdout]                                at /rustc/df4ca44d3fbc9301ee17f30f4d474e6ae4b05252/library/test/src/lib.rs:621:18
[INFO] [stdout]   23:     0x5a3f570318d7 - test::run_test_in_process::{{closure}}::h33235f4f20b7b7c7
[INFO] [stdout]                                at /rustc/df4ca44d3fbc9301ee17f30f4d474e6ae4b05252/library/test/src/lib.rs:644:60
[INFO] [stdout]   24:     0x5a3f570318d7 - <core::panic::unwind_safe::AssertUnwindSafe<F> as core::ops::function::FnOnce<()>>::call_once::hb5043206310c586f
[INFO] [stdout]                                at /rustc/df4ca44d3fbc9301ee17f30f4d474e6ae4b05252/library/core/src/panic/unwind_safe.rs:272:9
[INFO] [stdout]   25:     0x5a3f570318d7 - std::panicking::try::do_call::h9ad4731a60ab23e2
[INFO] [stdout]                                at /rustc/df4ca44d3fbc9301ee17f30f4d474e6ae4b05252/library/std/src/panicking.rs:557:40
[INFO] [stdout]   26:     0x5a3f570318d7 - std::panicking::try::h3824d23db772a716
[INFO] [stdout]                                at /rustc/df4ca44d3fbc9301ee17f30f4d474e6ae4b05252/library/std/src/panicking.rs:520:19
[INFO] [stdout]   27:     0x5a3f570318d7 - std::panic::catch_unwind::h5afd514605fde46b
[INFO] [stdout]                                at /rustc/df4ca44d3fbc9301ee17f30f4d474e6ae4b05252/library/std/src/panic.rs:358:14
[INFO] [stdout]   28:     0x5a3f570318d7 - test::run_test_in_process::h0d5cbfa7067d1720
[INFO] [stdout]                                at /rustc/df4ca44d3fbc9301ee17f30f4d474e6ae4b05252/library/test/src/lib.rs:644:27
[INFO] [stdout]   29:     0x5a3f570318d7 - test::run_test::{{closure}}::h708eb8872708115d
[INFO] [stdout]                                at /rustc/df4ca44d3fbc9301ee17f30f4d474e6ae4b05252/library/test/src/lib.rs:565:43
[INFO] [stdout]   30:     0x5a3f56ff4ff4 - test::run_test::{{closure}}::h392c51cee94713ab
[INFO] [stdout]                                at /rustc/df4ca44d3fbc9301ee17f30f4d474e6ae4b05252/library/test/src/lib.rs:595:41
[INFO] [stdout]   31:     0x5a3f56ff4ff4 - std::sys::backtrace::__rust_begin_short_backtrace::h2f40290710935a8b
[INFO] [stdout]                                at /rustc/df4ca44d3fbc9301ee17f30f4d474e6ae4b05252/library/std/src/sys/backtrace.rs:154:18
[INFO] [stdout]   32:     0x5a3f56ff879e - std::thread::Builder::spawn_unchecked_::{{closure}}::{{closure}}::h3fd968d89053a903
[INFO] [stdout]                                at /rustc/df4ca44d3fbc9301ee17f30f4d474e6ae4b05252/library/std/src/thread/mod.rs:541:17
[INFO] [stdout]   33:     0x5a3f56ff879e - <core::panic::unwind_safe::AssertUnwindSafe<F> as core::ops::function::FnOnce<()>>::call_once::h743f637ba4229880
[INFO] [stdout]                                at /rustc/df4ca44d3fbc9301ee17f30f4d474e6ae4b05252/library/core/src/panic/unwind_safe.rs:272:9
[INFO] [stdout]   34:     0x5a3f56ff879e - std::panicking::try::do_call::h07440897322525a6
[INFO] [stdout]                                at /rustc/df4ca44d3fbc9301ee17f30f4d474e6ae4b05252/library/std/src/panicking.rs:557:40
[INFO] [stdout]   35:     0x5a3f56ff879e - std::panicking::try::he5a2e00188156637
[INFO] [stdout]                                at /rustc/df4ca44d3fbc9301ee17f30f4d474e6ae4b05252/library/std/src/panicking.rs:520:19
[INFO] [stdout]   36:     0x5a3f56ff879e - std::panic::catch_unwind::hbaf3cae49b3c6433
[INFO] [stdout]                                at /rustc/df4ca44d3fbc9301ee17f30f4d474e6ae4b05252/library/std/src/panic.rs:358:14
[INFO] [stdout]   37:     0x5a3f56ff879e - std::thread::Builder::spawn_unchecked_::{{closure}}::h8e141ea224820bce
[INFO] [stdout]                                at /rustc/df4ca44d3fbc9301ee17f30f4d474e6ae4b05252/library/std/src/thread/mod.rs:540:30
[INFO] [stdout]   38:     0x5a3f56ff879e - core::ops::function::FnOnce::call_once{{vtable.shim}}::h90d312fedd7b8ea8
[INFO] [stdout]                                at /rustc/df4ca44d3fbc9301ee17f30f4d474e6ae4b05252/library/core/src/ops/function.rs:250:5
[INFO] [stdout]   39:     0x76aa1617bd2b - <alloc::boxed::Box<F,A> as core::ops::function::FnOnce<Args>>::call_once::h69aa08ddb6adb8b6
[INFO] [stdout]                                at /rustc/df4ca44d3fbc9301ee17f30f4d474e6ae4b05252/library/alloc/src/boxed.rs:2454:9
[INFO] [stdout]   40:     0x76aa1617bd2b - <alloc::boxed::Box<F,A> as core::ops::function::FnOnce<Args>>::call_once::h5aa36efdb79c806f
[INFO] [stdout]                                at /rustc/df4ca44d3fbc9301ee17f30f4d474e6ae4b05252/library/alloc/src/boxed.rs:2454:9
[INFO] [stdout]   41:     0x76aa1617bd2b - std::sys::pal::unix::thread::Thread::new::thread_start::h6cd80a1b4be5158d
[INFO] [stdout]                                at /rustc/df4ca44d3fbc9301ee17f30f4d474e6ae4b05252/library/std/src/sys/pal/unix/thread.rs:105:17
[INFO] [stdout]   42:     0x76aa15defac3 - <unknown>
[INFO] [stdout]   43:     0x76aa15e80a04 - clone
[INFO] [stdout]   44:                0x0 - <unknown>
[INFO] [stdout] 
[INFO] [stdout] 
[INFO] [stdout] failures:
[INFO] [stdout]     test::unittest_enum_access
[INFO] [stdout] 
[INFO] [stdout] test result: FAILED. 0 passed; 1 failed; 0 ignored; 0 measured; 0 filtered out; finished in 0.03s
[INFO] [stdout] 
[INFO] [stderr] error: test failed, to rerun pass `--lib`
[INFO] running `Command { std: "docker" "inspect" "308620ebcce2d14bb108ac970d959097524860bacf6d5fd15c721e5d86175b43", kill_on_drop: false }`
[INFO] running `Command { std: "docker" "rm" "-f" "308620ebcce2d14bb108ac970d959097524860bacf6d5fd15c721e5d86175b43", kill_on_drop: false }`
[INFO] [stdout] 308620ebcce2d14bb108ac970d959097524860bacf6d5fd15c721e5d86175b43
