[INFO] fetching crate enum2egui 0.3.9...
[INFO] testing enum2egui-0.3.9 against nightly-2024-10-28+rustflags=-Zrandomize-layout for randomize-layout
[INFO] extracting crate enum2egui 0.3.9 into /workspace/builds/worker-1-tc2/source
[INFO] validating manifest of crates.io crate enum2egui 0.3.9 on toolchain nightly-2024-10-28
[INFO] running `Command { std: CARGO_HOME="/workspace/cargo-home" RUSTUP_HOME="/workspace/rustup-home" "/workspace/cargo-home/bin/cargo" "+nightly-2024-10-28" "metadata" "--manifest-path" "Cargo.toml" "--no-deps", kill_on_drop: false }`
[INFO] started tweaking crates.io crate enum2egui 0.3.9
[INFO] finished tweaking crates.io crate enum2egui 0.3.9
[INFO] tweaked toml for crates.io crate enum2egui 0.3.9 written to /workspace/builds/worker-1-tc2/source/Cargo.toml
[INFO] running `Command { std: CARGO_HOME="/workspace/cargo-home" RUSTUP_HOME="/workspace/rustup-home" "/workspace/cargo-home/bin/cargo" "+nightly-2024-10-28" "generate-lockfile" "--manifest-path" "Cargo.toml", kill_on_drop: false }`
[INFO] [stderr]     Updating crates.io index
[INFO] [stderr]      Locking 44 packages to latest compatible versions
[INFO] running `Command { std: CARGO_HOME="/workspace/cargo-home" RUSTUP_HOME="/workspace/rustup-home" "/workspace/cargo-home/bin/cargo" "+nightly-2024-10-28" "fetch" "--manifest-path" "Cargo.toml", kill_on_drop: false }`
[INFO] running `Command { std: "docker" "create" "-v" "/var/lib/crater-agent-workspace/builds/worker-1-tc2/target:/opt/rustwide/target:rw,Z" "-v" "/var/lib/crater-agent-workspace/builds/worker-1-tc2/source:/opt/rustwide/workdir:ro,Z" "-v" "/var/lib/crater-agent-workspace/cargo-home:/opt/rustwide/cargo-home:ro,Z" "-v" "/var/lib/crater-agent-workspace/rustup-home:/opt/rustwide/rustup-home:ro,Z" "-e" "SOURCE_DIR=/opt/rustwide/workdir" "-e" "CARGO_TARGET_DIR=/opt/rustwide/target" "-e" "CARGO_HOME=/opt/rustwide/cargo-home" "-e" "RUSTUP_HOME=/opt/rustwide/rustup-home" "-w" "/opt/rustwide/workdir" "-m" "1610612736" "--user" "0:0" "--network" "none" "ghcr.io/rust-lang/crates-build-env/linux@sha256:4a844ea9eb2546a2d2c7022eacef16ef2e8229c7fbb2c7d4d55a9ceca922f72d" "/opt/rustwide/cargo-home/bin/cargo" "+nightly-2024-10-28" "metadata" "--no-deps" "--format-version=1", kill_on_drop: false }`
[INFO] [stdout] 55a2f1c30c751bb2a909a6b4ac4a97b231cf339f833b5c13858468ebb8d0b380
[INFO] running `Command { std: "docker" "start" "-a" "55a2f1c30c751bb2a909a6b4ac4a97b231cf339f833b5c13858468ebb8d0b380", kill_on_drop: false }`
[INFO] running `Command { std: "docker" "inspect" "55a2f1c30c751bb2a909a6b4ac4a97b231cf339f833b5c13858468ebb8d0b380", kill_on_drop: false }`
[INFO] running `Command { std: "docker" "rm" "-f" "55a2f1c30c751bb2a909a6b4ac4a97b231cf339f833b5c13858468ebb8d0b380", kill_on_drop: false }`
[INFO] [stdout] 55a2f1c30c751bb2a909a6b4ac4a97b231cf339f833b5c13858468ebb8d0b380
[INFO] running `Command { std: "docker" "create" "-v" "/var/lib/crater-agent-workspace/builds/worker-1-tc2/target:/opt/rustwide/target:rw,Z" "-v" "/var/lib/crater-agent-workspace/builds/worker-1-tc2/source:/opt/rustwide/workdir:ro,Z" "-v" "/var/lib/crater-agent-workspace/cargo-home:/opt/rustwide/cargo-home:ro,Z" "-v" "/var/lib/crater-agent-workspace/rustup-home:/opt/rustwide/rustup-home:ro,Z" "-e" "SOURCE_DIR=/opt/rustwide/workdir" "-e" "CARGO_TARGET_DIR=/opt/rustwide/target" "-e" "CARGO_INCREMENTAL=0" "-e" "RUST_BACKTRACE=full" "-e" "RUSTFLAGS=--cap-lints=forbid -Zrandomize-layout" "-e" "RUSTDOCFLAGS=--cap-lints=forbid" "-e" "CARGO_HOME=/opt/rustwide/cargo-home" "-e" "RUSTUP_HOME=/opt/rustwide/rustup-home" "-w" "/opt/rustwide/workdir" "-m" "1610612736" "--user" "0:0" "--network" "none" "ghcr.io/rust-lang/crates-build-env/linux@sha256:4a844ea9eb2546a2d2c7022eacef16ef2e8229c7fbb2c7d4d55a9ceca922f72d" "/opt/rustwide/cargo-home/bin/cargo" "+nightly-2024-10-28" "build" "--frozen" "--message-format=json", kill_on_drop: false }`
[INFO] [stdout] a4d741a1fa409c64fe45150d51448ce2f0f15afbe4b216781118adcf5682933a
[INFO] running `Command { std: "docker" "start" "-a" "a4d741a1fa409c64fe45150d51448ce2f0f15afbe4b216781118adcf5682933a", kill_on_drop: false }`
[INFO] [stderr]    Compiling libc v0.2.161
[INFO] [stderr]    Compiling autocfg v1.4.0
[INFO] [stderr]    Compiling parking_lot_core v0.9.10
[INFO] [stderr]    Compiling version_check v0.9.5
[INFO] [stderr]    Compiling ttf-parser v0.25.0
[INFO] [stderr]    Compiling proc-macro2 v1.0.89
[INFO] [stderr]    Compiling smallvec v1.13.2
[INFO] [stderr]    Compiling scopeguard v1.2.0
[INFO] [stderr]    Compiling unicode-ident v1.0.13
[INFO] [stderr]    Compiling zerocopy v0.7.35
[INFO] [stderr]    Compiling emath v0.29.1
[INFO] [stderr]    Compiling ab_glyph_rasterizer v0.1.8
[INFO] [stderr]    Compiling once_cell v1.20.2
[INFO] [stderr]    Compiling epaint_default_fonts v0.29.1
[INFO] [stderr]    Compiling nohash-hasher v0.2.0
[INFO] [stderr]    Compiling syn v1.0.109
[INFO] [stderr]    Compiling ahash v0.8.11
[INFO] [stderr]    Compiling lock_api v0.4.12
[INFO] [stderr]    Compiling ecolor v0.29.1
[INFO] [stderr]    Compiling quote v1.0.37
[INFO] [stderr]    Compiling parking_lot v0.12.3
[INFO] [stderr]    Compiling owned_ttf_parser v0.25.0
[INFO] [stderr]    Compiling ab_glyph v0.2.29
[INFO] [stderr]    Compiling epaint v0.29.1
[INFO] [stderr]    Compiling egui v0.29.1
[INFO] [stderr]    Compiling enum2egui-derive v0.3.9
[INFO] [stderr]    Compiling enum2egui v0.3.9 (/opt/rustwide/workdir)
[INFO] [stderr]     Finished `dev` profile [unoptimized + debuginfo] target(s) in 6.60s
[INFO] running `Command { std: "docker" "inspect" "a4d741a1fa409c64fe45150d51448ce2f0f15afbe4b216781118adcf5682933a", kill_on_drop: false }`
[INFO] running `Command { std: "docker" "rm" "-f" "a4d741a1fa409c64fe45150d51448ce2f0f15afbe4b216781118adcf5682933a", kill_on_drop: false }`
[INFO] [stdout] a4d741a1fa409c64fe45150d51448ce2f0f15afbe4b216781118adcf5682933a
[INFO] running `Command { std: "docker" "create" "-v" "/var/lib/crater-agent-workspace/builds/worker-1-tc2/target:/opt/rustwide/target:rw,Z" "-v" "/var/lib/crater-agent-workspace/builds/worker-1-tc2/source:/opt/rustwide/workdir:ro,Z" "-v" "/var/lib/crater-agent-workspace/cargo-home:/opt/rustwide/cargo-home:ro,Z" "-v" "/var/lib/crater-agent-workspace/rustup-home:/opt/rustwide/rustup-home:ro,Z" "-e" "SOURCE_DIR=/opt/rustwide/workdir" "-e" "CARGO_TARGET_DIR=/opt/rustwide/target" "-e" "CARGO_INCREMENTAL=0" "-e" "RUST_BACKTRACE=full" "-e" "RUSTFLAGS=--cap-lints=forbid -Zrandomize-layout" "-e" "RUSTDOCFLAGS=--cap-lints=forbid" "-e" "CARGO_HOME=/opt/rustwide/cargo-home" "-e" "RUSTUP_HOME=/opt/rustwide/rustup-home" "-w" "/opt/rustwide/workdir" "-m" "1610612736" "--user" "0:0" "--network" "none" "ghcr.io/rust-lang/crates-build-env/linux@sha256:4a844ea9eb2546a2d2c7022eacef16ef2e8229c7fbb2c7d4d55a9ceca922f72d" "/opt/rustwide/cargo-home/bin/cargo" "+nightly-2024-10-28" "test" "--frozen" "--no-run" "--message-format=json", kill_on_drop: false }`
[INFO] [stdout] 0e61476dfabdbfee6714635ca7c417bc96cd0f1bb9d4db1090673b5c4d2e885c
[INFO] running `Command { std: "docker" "start" "-a" "0e61476dfabdbfee6714635ca7c417bc96cd0f1bb9d4db1090673b5c4d2e885c", kill_on_drop: false }`
[INFO] [stderr]    Compiling enum2egui v0.3.9 (/opt/rustwide/workdir)
[INFO] [stderr]     Finished `test` profile [unoptimized + debuginfo] target(s) in 0.17s
[INFO] running `Command { std: "docker" "inspect" "0e61476dfabdbfee6714635ca7c417bc96cd0f1bb9d4db1090673b5c4d2e885c", kill_on_drop: false }`
[INFO] running `Command { std: "docker" "rm" "-f" "0e61476dfabdbfee6714635ca7c417bc96cd0f1bb9d4db1090673b5c4d2e885c", kill_on_drop: false }`
[INFO] [stdout] 0e61476dfabdbfee6714635ca7c417bc96cd0f1bb9d4db1090673b5c4d2e885c
[INFO] running `Command { std: "docker" "create" "-v" "/var/lib/crater-agent-workspace/builds/worker-1-tc2/target:/opt/rustwide/target:rw,Z" "-v" "/var/lib/crater-agent-workspace/builds/worker-1-tc2/source:/opt/rustwide/workdir:ro,Z" "-v" "/var/lib/crater-agent-workspace/cargo-home:/opt/rustwide/cargo-home:ro,Z" "-v" "/var/lib/crater-agent-workspace/rustup-home:/opt/rustwide/rustup-home:ro,Z" "-e" "SOURCE_DIR=/opt/rustwide/workdir" "-e" "CARGO_TARGET_DIR=/opt/rustwide/target" "-e" "CARGO_INCREMENTAL=0" "-e" "RUST_BACKTRACE=full" "-e" "RUSTFLAGS=--cap-lints=forbid -Zrandomize-layout" "-e" "RUSTDOCFLAGS=--cap-lints=forbid" "-e" "CARGO_HOME=/opt/rustwide/cargo-home" "-e" "RUSTUP_HOME=/opt/rustwide/rustup-home" "-w" "/opt/rustwide/workdir" "-m" "1610612736" "--user" "0:0" "--network" "none" "ghcr.io/rust-lang/crates-build-env/linux@sha256:4a844ea9eb2546a2d2c7022eacef16ef2e8229c7fbb2c7d4d55a9ceca922f72d" "/opt/rustwide/cargo-home/bin/cargo" "+nightly-2024-10-28" "test" "--frozen", kill_on_drop: false }`
[INFO] [stdout] 4fe776b13a6c2a912c712ad4a79e126e8433cf0ab9e6735851425a0141d39c5c
[INFO] running `Command { std: "docker" "start" "-a" "4fe776b13a6c2a912c712ad4a79e126e8433cf0ab9e6735851425a0141d39c5c", kill_on_drop: false }`
[INFO] [stderr]     Finished `test` profile [unoptimized + debuginfo] target(s) in 0.02s
[INFO] [stderr]      Running unittests src/lib.rs (/opt/rustwide/target/debug/deps/enum2egui-7f3d7523f4a11504)
[INFO] [stdout] 
[INFO] [stdout] running 0 tests
[INFO] [stdout] 
[INFO] [stdout] test result: ok. 0 passed; 0 failed; 0 ignored; 0 measured; 0 filtered out; finished in 0.00s
[INFO] [stdout] 
[INFO] [stderr]    Doc-tests enum2egui
[INFO] [stdout] 
[INFO] [stdout] running 2 tests
[INFO] [stdout] test src/lib.rs - (line 95) ... FAILED
[INFO] [stdout] test src/lib.rs - (line 24) ... FAILED
[INFO] [stdout] 
[INFO] [stdout] failures:
[INFO] [stdout] 
[INFO] [stdout] ---- src/lib.rs - (line 95) stdout ----
[INFO] [stdout] error: statements are terminated with a semicolon
[INFO] [stdout]  --> src/lib.rs:102:24
[INFO] [stdout]   |
[INFO] [stdout] 9 |             data.ui(ui):
[INFO] [stdout]   |                        ^
[INFO] [stdout]   |
[INFO] [stdout]   = note: if you meant to annotate an expression with a type, the type ascription syntax has been removed, see issue #101728 <https://github.com/rust-lang/rust/issues/101728>
[INFO] [stdout] help: use a semicolon instead
[INFO] [stdout]   |
[INFO] [stdout] 9 |             data.ui(ui);
[INFO] [stdout]   |                        ~
[INFO] [stdout] 
[INFO] [stdout] error[E0412]: cannot find type `DemoApp` in this scope
[INFO] [stdout]  --> src/lib.rs:96:22
[INFO] [stdout]   |
[INFO] [stdout] 3 | impl eframe::App for DemoApp {
[INFO] [stdout]   |                      ^^^^^^^ not found in this scope
[INFO] [stdout] 
[INFO] [stdout] error[E0433]: failed to resolve: use of undeclared crate or module `eframe`
[INFO] [stdout]  --> src/lib.rs:96:6
[INFO] [stdout]   |
[INFO] [stdout] 3 | impl eframe::App for DemoApp {
[INFO] [stdout]   |      ^^^^^^ use of undeclared crate or module `eframe`
[INFO] [stdout] 
[INFO] [stdout] error[E0433]: failed to resolve: use of undeclared crate or module `eframe`
[INFO] [stdout]  --> src/lib.rs:97:60
[INFO] [stdout]   |
[INFO] [stdout] 4 |     fn update(&mut self, ctx: &egui::Context, _frame: &mut eframe::Frame) {
[INFO] [stdout]   |                                                            ^^^^^^ use of undeclared crate or module `eframe`
[INFO] [stdout] 
[INFO] [stdout] error: aborting due to 4 previous errors
[INFO] [stdout] 
[INFO] [stdout] Some errors have detailed explanations: E0412, E0433.
[INFO] [stdout] For more information about an error, try `rustc --explain E0412`.
[INFO] [stdout] Couldn't compile the test.
[INFO] [stdout] ---- src/lib.rs - (line 24) stdout ----
[INFO] [stdout] error[E0433]: failed to resolve: use of undeclared crate or module `serde`
[INFO] [stdout]   --> src/lib.rs:87:31
[INFO] [stdout]    |
[INFO] [stdout] 66 | #[derive(Gui, Clone, Default, serde::Deserialize, serde::Serialize, PartialEq)]
[INFO] [stdout]    |                               ^^^^^ use of undeclared crate or module `serde`
[INFO] [stdout] 
[INFO] [stdout] error[E0433]: failed to resolve: use of undeclared crate or module `serde`
[INFO] [stdout]   --> src/lib.rs:87:51
[INFO] [stdout]    |
[INFO] [stdout] 66 | #[derive(Gui, Clone, Default, serde::Deserialize, serde::Serialize, PartialEq)]
[INFO] [stdout]    |                                                   ^^^^^ use of undeclared crate or module `serde`
[INFO] [stdout] 
[INFO] [stdout] error[E0433]: failed to resolve: use of undeclared crate or module `serde`
[INFO] [stdout]   --> src/lib.rs:82:31
[INFO] [stdout]    |
[INFO] [stdout] 61 | #[derive(Gui, Clone, Default, serde::Deserialize, serde::Serialize, PartialEq, Debug)]
[INFO] [stdout]    |                               ^^^^^ use of undeclared crate or module `serde`
[INFO] [stdout] 
[INFO] [stdout] error[E0433]: failed to resolve: use of undeclared crate or module `serde`
[INFO] [stdout]   --> src/lib.rs:82:51
[INFO] [stdout]    |
[INFO] [stdout] 61 | #[derive(Gui, Clone, Default, serde::Deserialize, serde::Serialize, PartialEq, Debug)]
[INFO] [stdout]    |                                                   ^^^^^ use of undeclared crate or module `serde`
[INFO] [stdout] 
[INFO] [stdout] error[E0433]: failed to resolve: use of undeclared crate or module `serde`
[INFO] [stdout]   --> src/lib.rs:73:22
[INFO] [stdout]    |
[INFO] [stdout] 52 | #[derive(Gui, Clone, serde::Deserialize, serde::Serialize, PartialEq)]
[INFO] [stdout]    |                      ^^^^^ use of undeclared crate or module `serde`
[INFO] [stdout] 
[INFO] [stdout] error[E0433]: failed to resolve: use of undeclared crate or module `serde`
[INFO] [stdout]   --> src/lib.rs:73:42
[INFO] [stdout]    |
[INFO] [stdout] 52 | #[derive(Gui, Clone, serde::Deserialize, serde::Serialize, PartialEq)]
[INFO] [stdout]    |                                          ^^^^^ use of undeclared crate or module `serde`
[INFO] [stdout] 
[INFO] [stdout] error[E0433]: failed to resolve: use of undeclared crate or module `serde`
[INFO] [stdout]   --> src/lib.rs:53:22
[INFO] [stdout]    |
[INFO] [stdout] 32 | #[derive(Gui, Clone, serde::Deserialize, serde::Serialize, Default)]
[INFO] [stdout]    |                      ^^^^^ use of undeclared crate or module `serde`
[INFO] [stdout] 
[INFO] [stdout] error[E0433]: failed to resolve: use of undeclared crate or module `serde`
[INFO] [stdout]   --> src/lib.rs:53:42
[INFO] [stdout]    |
[INFO] [stdout] 32 | #[derive(Gui, Clone, serde::Deserialize, serde::Serialize, Default)]
[INFO] [stdout]    |                                          ^^^^^ use of undeclared crate or module `serde`
[INFO] [stdout] 
[INFO] [stdout] error[E0433]: failed to resolve: use of undeclared crate or module `serde`
[INFO] [stdout]  --> src/lib.rs:28:47
[INFO] [stdout]   |
[INFO] [stdout] 7 | #[derive(Gui, EnumStr, Debug, Clone, Default, serde::Deserialize, serde::Serialize, PartialEq)]
[INFO] [stdout]   |                                               ^^^^^ use of undeclared crate or module `serde`
[INFO] [stdout] 
[INFO] [stdout] error[E0433]: failed to resolve: use of undeclared crate or module `serde`
[INFO] [stdout]  --> src/lib.rs:28:67
[INFO] [stdout]   |
[INFO] [stdout] 7 | #[derive(Gui, EnumStr, Debug, Clone, Default, serde::Deserialize, serde::Serialize, PartialEq)]
[INFO] [stdout]   |                                                                   ^^^^^ use of undeclared crate or module `serde`
[INFO] [stdout] 
[INFO] [stdout] error: cannot find derive macro `EnumStr` in this scope
[INFO] [stdout]  --> src/lib.rs:28:15
[INFO] [stdout]   |
[INFO] [stdout] 7 | #[derive(Gui, EnumStr, Debug, Clone, Default, serde::Deserialize, serde::Serialize, PartialEq)]
[INFO] [stdout]   |               ^^^^^^^
[INFO] [stdout] 
[INFO] [stdout] error: cannot find attribute `enum2str` in this scope
[INFO] [stdout]   --> src/lib.rs:34:6
[INFO] [stdout]    |
[INFO] [stdout] 13 |    #[enum2str("Custom")]
[INFO] [stdout]    |      ^^^^^^^^
[INFO] [stdout] 
[INFO] [stdout] error: cannot find attribute `enum2str` in this scope
[INFO] [stdout]   --> src/lib.rs:48:6
[INFO] [stdout]    |
[INFO] [stdout] 27 |    #[enum2str("Skipped Custom")]
[INFO] [stdout]    |      ^^^^^^^^
[INFO] [stdout] 
[INFO] [stdout] error[E0277]: `_doctest_main_src_lib_rs_24_0::Color` doesn't implement `std::fmt::Display`
[INFO] [stdout]  --> src/lib.rs:28:10
[INFO] [stdout]   |
[INFO] [stdout] 7 | #[derive(Gui, EnumStr, Debug, Clone, Default, serde::Deserialize, serde::Serialize, PartialEq)]
[INFO] [stdout]   |          ^^^ `_doctest_main_src_lib_rs_24_0::Color` cannot be formatted with the default formatter
[INFO] [stdout]   |
[INFO] [stdout]   = help: the trait `std::fmt::Display` is not implemented for `_doctest_main_src_lib_rs_24_0::Color`, which is required by `&_doctest_main_src_lib_rs_24_0::Color: std::fmt::Display`
[INFO] [stdout]   = note: in format strings you may be able to use `{:?}` (or {:#?} for pretty-print) instead
[INFO] [stdout]   = note: this error originates in the macro `$crate::__export::format_args` which comes from the expansion of the derive macro `Gui` (in Nightly builds, run with -Z macro-backtrace for more info)
[INFO] [stdout] 
[INFO] [stdout] error[E0277]: `_doctest_main_src_lib_rs_24_0::Color` doesn't implement `std::fmt::Display`
[INFO] [stdout]  --> src/lib.rs:28:10
[INFO] [stdout]   |
[INFO] [stdout] 7 | #[derive(Gui, EnumStr, Debug, Clone, Default, serde::Deserialize, serde::Serialize, PartialEq)]
[INFO] [stdout]   |          ^^^ `_doctest_main_src_lib_rs_24_0::Color` cannot be formatted with the default formatter
[INFO] [stdout]   |
[INFO] [stdout]   = help: the trait `std::fmt::Display` is not implemented for `_doctest_main_src_lib_rs_24_0::Color`, which is required by `&mut _doctest_main_src_lib_rs_24_0::Color: std::fmt::Display`
[INFO] [stdout]   = note: in format strings you may be able to use `{:?}` (or {:#?} for pretty-print) instead
[INFO] [stdout]   = note: this error originates in the macro `$crate::__export::format_args` which comes from the expansion of the derive macro `Gui` (in Nightly builds, run with -Z macro-backtrace for more info)
[INFO] [stdout] 
[INFO] [stdout] error: aborting due to 15 previous errors
[INFO] [stdout] 
[INFO] [stdout] Some errors have detailed explanations: E0277, E0433.
[INFO] [stdout] For more information about an error, try `rustc --explain E0277`.
[INFO] [stdout] Couldn't compile the test.
[INFO] [stdout] 
[INFO] [stdout] failures:
[INFO] [stdout]     src/lib.rs - (line 24)
[INFO] [stdout]     src/lib.rs - (line 95)
[INFO] [stdout] 
[INFO] [stdout] test result: FAILED. 0 passed; 2 failed; 0 ignored; 0 measured; 0 filtered out; finished in 0.09s
[INFO] [stdout] 
[INFO] [stderr] error: doctest failed, to rerun pass `--doc`
[INFO] running `Command { std: "docker" "inspect" "4fe776b13a6c2a912c712ad4a79e126e8433cf0ab9e6735851425a0141d39c5c", kill_on_drop: false }`
[INFO] running `Command { std: "docker" "rm" "-f" "4fe776b13a6c2a912c712ad4a79e126e8433cf0ab9e6735851425a0141d39c5c", kill_on_drop: false }`
[INFO] [stdout] 4fe776b13a6c2a912c712ad4a79e126e8433cf0ab9e6735851425a0141d39c5c
