[INFO] fetching crate enso-shapely-macros 0.2.1...
[INFO] testing enso-shapely-macros-0.2.1 against nightly-2024-10-28+rustflags=-Zrandomize-layout for randomize-layout
[INFO] extracting crate enso-shapely-macros 0.2.1 into /workspace/builds/worker-3-tc2/source
[INFO] validating manifest of crates.io crate enso-shapely-macros 0.2.1 on toolchain nightly-2024-10-28
[INFO] running `Command { std: CARGO_HOME="/workspace/cargo-home" RUSTUP_HOME="/workspace/rustup-home" "/workspace/cargo-home/bin/cargo" "+nightly-2024-10-28" "metadata" "--manifest-path" "Cargo.toml" "--no-deps", kill_on_drop: false }`
[INFO] started tweaking crates.io crate enso-shapely-macros 0.2.1
[INFO] finished tweaking crates.io crate enso-shapely-macros 0.2.1
[INFO] tweaked toml for crates.io crate enso-shapely-macros 0.2.1 written to /workspace/builds/worker-3-tc2/source/Cargo.toml
[INFO] running `Command { std: CARGO_HOME="/workspace/cargo-home" RUSTUP_HOME="/workspace/rustup-home" "/workspace/cargo-home/bin/cargo" "+nightly-2024-10-28" "generate-lockfile" "--manifest-path" "Cargo.toml", kill_on_drop: false }`
[INFO] [stderr]     Updating crates.io index
[INFO] [stderr]      Locking 37 packages to latest compatible versions
[INFO] [stderr]       Adding itertools v0.8.2 (available: v0.13.0)
[INFO] [stderr]       Adding syn v1.0.109 (available: v2.0.86)
[INFO] [stderr]       Adding wasm-bindgen-test v0.2.50 (available: v0.3.45)
[INFO] running `Command { std: CARGO_HOME="/workspace/cargo-home" RUSTUP_HOME="/workspace/rustup-home" "/workspace/cargo-home/bin/cargo" "+nightly-2024-10-28" "fetch" "--manifest-path" "Cargo.toml", kill_on_drop: false }`
[INFO] running `Command { std: "docker" "create" "-v" "/var/lib/crater-agent-workspace/builds/worker-3-tc2/target:/opt/rustwide/target:rw,Z" "-v" "/var/lib/crater-agent-workspace/builds/worker-3-tc2/source:/opt/rustwide/workdir:ro,Z" "-v" "/var/lib/crater-agent-workspace/cargo-home:/opt/rustwide/cargo-home:ro,Z" "-v" "/var/lib/crater-agent-workspace/rustup-home:/opt/rustwide/rustup-home:ro,Z" "-e" "SOURCE_DIR=/opt/rustwide/workdir" "-e" "CARGO_TARGET_DIR=/opt/rustwide/target" "-e" "CARGO_HOME=/opt/rustwide/cargo-home" "-e" "RUSTUP_HOME=/opt/rustwide/rustup-home" "-w" "/opt/rustwide/workdir" "-m" "1610612736" "--user" "0:0" "--network" "none" "ghcr.io/rust-lang/crates-build-env/linux@sha256:4a844ea9eb2546a2d2c7022eacef16ef2e8229c7fbb2c7d4d55a9ceca922f72d" "/opt/rustwide/cargo-home/bin/cargo" "+nightly-2024-10-28" "metadata" "--no-deps" "--format-version=1", kill_on_drop: false }`
[INFO] [stdout] 139d6794042d16bdc62df5d4b30055cc9d69f3b8804589bea6c2e31ad05af903
[INFO] running `Command { std: "docker" "start" "-a" "139d6794042d16bdc62df5d4b30055cc9d69f3b8804589bea6c2e31ad05af903", kill_on_drop: false }`
[INFO] running `Command { std: "docker" "inspect" "139d6794042d16bdc62df5d4b30055cc9d69f3b8804589bea6c2e31ad05af903", kill_on_drop: false }`
[INFO] running `Command { std: "docker" "rm" "-f" "139d6794042d16bdc62df5d4b30055cc9d69f3b8804589bea6c2e31ad05af903", kill_on_drop: false }`
[INFO] [stdout] 139d6794042d16bdc62df5d4b30055cc9d69f3b8804589bea6c2e31ad05af903
[INFO] running `Command { std: "docker" "create" "-v" "/var/lib/crater-agent-workspace/builds/worker-3-tc2/target:/opt/rustwide/target:rw,Z" "-v" "/var/lib/crater-agent-workspace/builds/worker-3-tc2/source:/opt/rustwide/workdir:ro,Z" "-v" "/var/lib/crater-agent-workspace/cargo-home:/opt/rustwide/cargo-home:ro,Z" "-v" "/var/lib/crater-agent-workspace/rustup-home:/opt/rustwide/rustup-home:ro,Z" "-e" "SOURCE_DIR=/opt/rustwide/workdir" "-e" "CARGO_TARGET_DIR=/opt/rustwide/target" "-e" "CARGO_INCREMENTAL=0" "-e" "RUST_BACKTRACE=full" "-e" "RUSTFLAGS=--cap-lints=forbid -Zrandomize-layout" "-e" "RUSTDOCFLAGS=--cap-lints=forbid" "-e" "CARGO_HOME=/opt/rustwide/cargo-home" "-e" "RUSTUP_HOME=/opt/rustwide/rustup-home" "-w" "/opt/rustwide/workdir" "-m" "1610612736" "--user" "0:0" "--network" "none" "ghcr.io/rust-lang/crates-build-env/linux@sha256:4a844ea9eb2546a2d2c7022eacef16ef2e8229c7fbb2c7d4d55a9ceca922f72d" "/opt/rustwide/cargo-home/bin/cargo" "+nightly-2024-10-28" "build" "--frozen" "--message-format=json", kill_on_drop: false }`
[INFO] [stdout] ba4ca6f2d7c87bf3ab5428923a0c6ce156f5476a2d771249c67e6ba2009504bd
[INFO] running `Command { std: "docker" "start" "-a" "ba4ca6f2d7c87bf3ab5428923a0c6ce156f5476a2d771249c67e6ba2009504bd", kill_on_drop: false }`
[INFO] [stderr]    Compiling memchr v2.7.4
[INFO] [stderr]    Compiling regex-syntax v0.8.5
[INFO] [stderr]    Compiling syn v1.0.109
[INFO] [stderr]    Compiling either v1.13.0
[INFO] [stderr]    Compiling lazy_static v1.5.0
[INFO] [stderr]    Compiling boolinator v2.4.0
[INFO] [stderr]    Compiling itertools v0.8.2
[INFO] [stderr]    Compiling aho-corasick v1.1.3
[INFO] [stderr]    Compiling regex-automata v0.4.8
[INFO] [stderr]    Compiling regex v1.11.1
[INFO] [stderr]    Compiling enso-macro-utils v0.2.0
[INFO] [stderr]    Compiling Inflector v0.11.4
[INFO] [stderr]    Compiling enso-shapely-macros v0.2.1 (/opt/rustwide/workdir)
[INFO] [stdout] warning: the feature `bool_to_option` has been stable since 1.62.0 and no longer requires an attribute to enable
[INFO] [stdout]  --> src/lib.rs:5:12
[INFO] [stdout]   |
[INFO] [stdout] 5 | #![feature(bool_to_option)]
[INFO] [stdout]   |            ^^^^^^^^^^^^^^
[INFO] [stdout]   |
[INFO] [stdout]   = note: `#[warn(stable_features)]` on by default
[INFO] [stdout] 
[INFO] [stdout] 
[INFO] [stdout] warning: for loop over a `&Option`. This is more readably written as an `if let` statement
[INFO] [stdout]    --> src/derive_clone_ref.rs:204:34
[INFO] [stdout]     |
[INFO] [stdout] 204 |     for inherent_where_clause in inherent_where_clause_opt {
[INFO] [stdout]     |                                  ^^^^^^^^^^^^^^^^^^^^^^^^^
[INFO] [stdout]     |
[INFO] [stdout]     = note: `#[warn(for_loops_over_fallibles)]` on by default
[INFO] [stdout] help: to check pattern in a loop use `while let`
[INFO] [stdout]     |
[INFO] [stdout] 204 |     while let Some(inherent_where_clause) = inherent_where_clause_opt {
[INFO] [stdout]     |     ~~~~~~~~~~~~~~~                     ~~~
[INFO] [stdout] help: consider using `if let` to clear intent
[INFO] [stdout]     |
[INFO] [stdout] 204 |     if let Some(inherent_where_clause) = inherent_where_clause_opt {
[INFO] [stdout]     |     ~~~~~~~~~~~~                     ~~~
[INFO] [stdout] 
[INFO] [stdout] 
[INFO] [stderr]     Finished `dev` profile [unoptimized + debuginfo] target(s) in 6.89s
[INFO] running `Command { std: "docker" "inspect" "ba4ca6f2d7c87bf3ab5428923a0c6ce156f5476a2d771249c67e6ba2009504bd", kill_on_drop: false }`
[INFO] running `Command { std: "docker" "rm" "-f" "ba4ca6f2d7c87bf3ab5428923a0c6ce156f5476a2d771249c67e6ba2009504bd", kill_on_drop: false }`
[INFO] [stdout] ba4ca6f2d7c87bf3ab5428923a0c6ce156f5476a2d771249c67e6ba2009504bd
[INFO] running `Command { std: "docker" "create" "-v" "/var/lib/crater-agent-workspace/builds/worker-3-tc2/target:/opt/rustwide/target:rw,Z" "-v" "/var/lib/crater-agent-workspace/builds/worker-3-tc2/source:/opt/rustwide/workdir:ro,Z" "-v" "/var/lib/crater-agent-workspace/cargo-home:/opt/rustwide/cargo-home:ro,Z" "-v" "/var/lib/crater-agent-workspace/rustup-home:/opt/rustwide/rustup-home:ro,Z" "-e" "SOURCE_DIR=/opt/rustwide/workdir" "-e" "CARGO_TARGET_DIR=/opt/rustwide/target" "-e" "CARGO_INCREMENTAL=0" "-e" "RUST_BACKTRACE=full" "-e" "RUSTFLAGS=--cap-lints=forbid -Zrandomize-layout" "-e" "RUSTDOCFLAGS=--cap-lints=forbid" "-e" "CARGO_HOME=/opt/rustwide/cargo-home" "-e" "RUSTUP_HOME=/opt/rustwide/rustup-home" "-w" "/opt/rustwide/workdir" "-m" "1610612736" "--user" "0:0" "--network" "none" "ghcr.io/rust-lang/crates-build-env/linux@sha256:4a844ea9eb2546a2d2c7022eacef16ef2e8229c7fbb2c7d4d55a9ceca922f72d" "/opt/rustwide/cargo-home/bin/cargo" "+nightly-2024-10-28" "test" "--frozen" "--no-run" "--message-format=json", kill_on_drop: false }`
[INFO] [stdout] 774e932b4c1a1a8cfe163014245f498dce6d9f68a12e710648c013033a039617
[INFO] running `Command { std: "docker" "start" "-a" "774e932b4c1a1a8cfe163014245f498dce6d9f68a12e710648c013033a039617", kill_on_drop: false }`
[INFO] [stderr]    Compiling wasm-bindgen-shared v0.2.95
[INFO] [stderr]    Compiling once_cell v1.20.2
[INFO] [stderr]    Compiling bumpalo v3.16.0
[INFO] [stderr]    Compiling log v0.4.22
[INFO] [stderr]    Compiling wasm-bindgen v0.2.95
[INFO] [stderr]    Compiling proc-macro2 v0.4.30
[INFO] [stderr]    Compiling cfg-if v1.0.0
[INFO] [stderr]    Compiling unicode-xid v0.1.0
[INFO] [stderr]    Compiling futures v0.1.31
[INFO] [stderr]    Compiling cfg-if v0.1.10
[INFO] [stderr]    Compiling scoped-tls v1.0.1
[INFO] [stderr]    Compiling syn v2.0.86
[INFO] [stderr]    Compiling enso-shapely-macros v0.2.1 (/opt/rustwide/workdir)
[INFO] [stdout] warning: the feature `bool_to_option` has been stable since 1.62.0 and no longer requires an attribute to enable
[INFO] [stdout]  --> src/lib.rs:5:12
[INFO] [stdout]   |
[INFO] [stdout] 5 | #![feature(bool_to_option)]
[INFO] [stdout]   |            ^^^^^^^^^^^^^^
[INFO] [stdout]   |
[INFO] [stdout]   = note: `#[warn(stable_features)]` on by default
[INFO] [stdout] 
[INFO] [stdout] 
[INFO] [stdout] warning: for loop over a `&Option`. This is more readably written as an `if let` statement
[INFO] [stdout]    --> src/derive_clone_ref.rs:204:34
[INFO] [stdout]     |
[INFO] [stdout] 204 |     for inherent_where_clause in inherent_where_clause_opt {
[INFO] [stdout]     |                                  ^^^^^^^^^^^^^^^^^^^^^^^^^
[INFO] [stdout]     |
[INFO] [stdout]     = note: `#[warn(for_loops_over_fallibles)]` on by default
[INFO] [stdout] help: to check pattern in a loop use `while let`
[INFO] [stdout]     |
[INFO] [stdout] 204 |     while let Some(inherent_where_clause) = inherent_where_clause_opt {
[INFO] [stdout]     |     ~~~~~~~~~~~~~~~                     ~~~
[INFO] [stdout] help: consider using `if let` to clear intent
[INFO] [stdout]     |
[INFO] [stdout] 204 |     if let Some(inherent_where_clause) = inherent_where_clause_opt {
[INFO] [stdout]     |     ~~~~~~~~~~~~                     ~~~
[INFO] [stdout] 
[INFO] [stdout] 
[INFO] [stderr]    Compiling quote v0.6.13
[INFO] [stderr]    Compiling wasm-bindgen-test-macro v0.2.50
[INFO] [stderr]    Compiling wasm-bindgen-backend v0.2.95
[INFO] [stderr]    Compiling wasm-bindgen-macro-support v0.2.95
[INFO] [stderr]    Compiling wasm-bindgen-macro v0.2.95
[INFO] [stderr]    Compiling js-sys v0.3.72
[INFO] [stderr]    Compiling console_error_panic_hook v0.1.7
[INFO] [stderr]    Compiling wasm-bindgen-futures v0.3.27
[INFO] [stderr]    Compiling wasm-bindgen-test v0.2.50
[INFO] [stdout] warning: the feature `bool_to_option` has been stable since 1.62.0 and no longer requires an attribute to enable
[INFO] [stdout]  --> src/lib.rs:5:12
[INFO] [stdout]   |
[INFO] [stdout] 5 | #![feature(bool_to_option)]
[INFO] [stdout]   |            ^^^^^^^^^^^^^^
[INFO] [stdout]   |
[INFO] [stdout]   = note: `#[warn(stable_features)]` on by default
[INFO] [stdout] 
[INFO] [stdout] 
[INFO] [stdout] warning: for loop over a `&Option`. This is more readably written as an `if let` statement
[INFO] [stdout]    --> src/derive_clone_ref.rs:204:34
[INFO] [stdout]     |
[INFO] [stdout] 204 |     for inherent_where_clause in inherent_where_clause_opt {
[INFO] [stdout]     |                                  ^^^^^^^^^^^^^^^^^^^^^^^^^
[INFO] [stdout]     |
[INFO] [stdout]     = note: `#[warn(for_loops_over_fallibles)]` on by default
[INFO] [stdout] help: to check pattern in a loop use `while let`
[INFO] [stdout]     |
[INFO] [stdout] 204 |     while let Some(inherent_where_clause) = inherent_where_clause_opt {
[INFO] [stdout]     |     ~~~~~~~~~~~~~~~                     ~~~
[INFO] [stdout] help: consider using `if let` to clear intent
[INFO] [stdout]     |
[INFO] [stdout] 204 |     if let Some(inherent_where_clause) = inherent_where_clause_opt {
[INFO] [stdout]     |     ~~~~~~~~~~~~                     ~~~
[INFO] [stdout] 
[INFO] [stdout] 
[INFO] [stderr]     Finished `test` profile [unoptimized + debuginfo] target(s) in 10.95s
[INFO] running `Command { std: "docker" "inspect" "774e932b4c1a1a8cfe163014245f498dce6d9f68a12e710648c013033a039617", kill_on_drop: false }`
[INFO] running `Command { std: "docker" "rm" "-f" "774e932b4c1a1a8cfe163014245f498dce6d9f68a12e710648c013033a039617", kill_on_drop: false }`
[INFO] [stdout] 774e932b4c1a1a8cfe163014245f498dce6d9f68a12e710648c013033a039617
[INFO] running `Command { std: "docker" "create" "-v" "/var/lib/crater-agent-workspace/builds/worker-3-tc2/target:/opt/rustwide/target:rw,Z" "-v" "/var/lib/crater-agent-workspace/builds/worker-3-tc2/source:/opt/rustwide/workdir:ro,Z" "-v" "/var/lib/crater-agent-workspace/cargo-home:/opt/rustwide/cargo-home:ro,Z" "-v" "/var/lib/crater-agent-workspace/rustup-home:/opt/rustwide/rustup-home:ro,Z" "-e" "SOURCE_DIR=/opt/rustwide/workdir" "-e" "CARGO_TARGET_DIR=/opt/rustwide/target" "-e" "CARGO_INCREMENTAL=0" "-e" "RUST_BACKTRACE=full" "-e" "RUSTFLAGS=--cap-lints=forbid -Zrandomize-layout" "-e" "RUSTDOCFLAGS=--cap-lints=forbid" "-e" "CARGO_HOME=/opt/rustwide/cargo-home" "-e" "RUSTUP_HOME=/opt/rustwide/rustup-home" "-w" "/opt/rustwide/workdir" "-m" "1610612736" "--user" "0:0" "--network" "none" "ghcr.io/rust-lang/crates-build-env/linux@sha256:4a844ea9eb2546a2d2c7022eacef16ef2e8229c7fbb2c7d4d55a9ceca922f72d" "/opt/rustwide/cargo-home/bin/cargo" "+nightly-2024-10-28" "test" "--frozen", kill_on_drop: false }`
[INFO] [stdout] 452bd331db275f14476321dd7e7dc53ff8967a46fa8ee9b794c35f240529cd8b
[INFO] running `Command { std: "docker" "start" "-a" "452bd331db275f14476321dd7e7dc53ff8967a46fa8ee9b794c35f240529cd8b", kill_on_drop: false }`
[INFO] [stderr] warning: the feature `bool_to_option` has been stable since 1.62.0 and no longer requires an attribute to enable
[INFO] [stderr]  --> src/lib.rs:5:12
[INFO] [stderr]   |
[INFO] [stderr] 5 | #![feature(bool_to_option)]
[INFO] [stderr]   |            ^^^^^^^^^^^^^^
[INFO] [stderr]   |
[INFO] [stderr]   = note: `#[warn(stable_features)]` on by default
[INFO] [stderr] 
[INFO] [stderr] warning: for loop over a `&Option`. This is more readably written as an `if let` statement
[INFO] [stderr]    --> src/derive_clone_ref.rs:204:34
[INFO] [stderr]     |
[INFO] [stderr] 204 |     for inherent_where_clause in inherent_where_clause_opt {
[INFO] [stderr]     |                                  ^^^^^^^^^^^^^^^^^^^^^^^^^
[INFO] [stderr]     |
[INFO] [stderr]     = note: `#[warn(for_loops_over_fallibles)]` on by default
[INFO] [stderr] help: to check pattern in a loop use `while let`
[INFO] [stderr]     |
[INFO] [stderr] 204 |     while let Some(inherent_where_clause) = inherent_where_clause_opt {
[INFO] [stderr]     |     ~~~~~~~~~~~~~~~                     ~~~
[INFO] [stderr] help: consider using `if let` to clear intent
[INFO] [stderr]     |
[INFO] [stderr] 204 |     if let Some(inherent_where_clause) = inherent_where_clause_opt {
[INFO] [stderr]     |     ~~~~~~~~~~~~                     ~~~
[INFO] [stderr] 
[INFO] [stderr] warning: `enso-shapely-macros` (lib) generated 2 warnings
[INFO] [stderr] warning: `enso-shapely-macros` (lib test) generated 2 warnings (2 duplicates)
[INFO] [stderr]     Finished `test` profile [unoptimized + debuginfo] target(s) in 0.03s
[INFO] [stderr]      Running unittests src/lib.rs (/opt/rustwide/target/debug/deps/enso_shapely_macros-993bd1faf56d97c8)
[INFO] [stdout] 
[INFO] [stdout] running 0 tests
[INFO] [stdout] 
[INFO] [stdout] test result: ok. 0 passed; 0 failed; 0 ignored; 0 measured; 0 filtered out; finished in 0.00s
[INFO] [stdout] 
[INFO] [stderr]    Doc-tests enso_shapely_macros
[INFO] [stdout] 
[INFO] [stdout] running 1 test
[INFO] [stdout] test src/lib.rs - derive_iterator (line 49) ... FAILED
[INFO] [stdout] 
[INFO] [stdout] failures:
[INFO] [stdout] 
[INFO] [stdout] ---- src/lib.rs - derive_iterator (line 49) stdout ----
[INFO] [stdout] error[E0557]: feature has been removed
[INFO] [stdout]  --> src/lib.rs:49:12
[INFO] [stdout]   |
[INFO] [stdout] 2 | #![feature(generators)]
[INFO] [stdout]   |            ^^^^^^^^^^ feature has been removed
[INFO] [stdout]   |
[INFO] [stdout]   = note: renamed to `coroutines`
[INFO] [stdout] 
[INFO] [stdout] error[E0557]: feature has been removed
[INFO] [stdout]  --> src/lib.rs:50:12
[INFO] [stdout]   |
[INFO] [stdout] 3 | #![feature(min_type_alias_impl_trait)]
[INFO] [stdout]   |            ^^^^^^^^^^^^^^^^^^^^^^^^^ feature has been removed
[INFO] [stdout]   |
[INFO] [stdout]   = note: removed in favor of full type_alias_impl_trait
[INFO] [stdout] 
[INFO] [stdout] error: aborting due to 2 previous errors
[INFO] [stdout] 
[INFO] [stdout] For more information about this error, try `rustc --explain E0557`.
[INFO] [stdout] Couldn't compile the test.
[INFO] [stdout] 
[INFO] [stdout] failures:
[INFO] [stdout]     src/lib.rs - derive_iterator (line 49)
[INFO] [stdout] 
[INFO] [stdout] test result: FAILED. 0 passed; 1 failed; 0 ignored; 0 measured; 0 filtered out; finished in 0.03s
[INFO] [stdout] 
[INFO] [stderr] error: doctest failed, to rerun pass `--doc`
[INFO] running `Command { std: "docker" "inspect" "452bd331db275f14476321dd7e7dc53ff8967a46fa8ee9b794c35f240529cd8b", kill_on_drop: false }`
[INFO] running `Command { std: "docker" "rm" "-f" "452bd331db275f14476321dd7e7dc53ff8967a46fa8ee9b794c35f240529cd8b", kill_on_drop: false }`
[INFO] [stdout] 452bd331db275f14476321dd7e7dc53ff8967a46fa8ee9b794c35f240529cd8b
