[INFO] fetching crate endian-writer 2.1.2...
[INFO] testing endian-writer-2.1.2 against nightly-2024-10-28+rustflags=-Zrandomize-layout for randomize-layout
[INFO] extracting crate endian-writer 2.1.2 into /workspace/builds/worker-1-tc2/source
[INFO] validating manifest of crates.io crate endian-writer 2.1.2 on toolchain nightly-2024-10-28
[INFO] running `Command { std: CARGO_HOME="/workspace/cargo-home" RUSTUP_HOME="/workspace/rustup-home" "/workspace/cargo-home/bin/cargo" "+nightly-2024-10-28" "metadata" "--manifest-path" "Cargo.toml" "--no-deps", kill_on_drop: false }`
[INFO] started tweaking crates.io crate endian-writer 2.1.2
[INFO] finished tweaking crates.io crate endian-writer 2.1.2
[INFO] tweaked toml for crates.io crate endian-writer 2.1.2 written to /workspace/builds/worker-1-tc2/source/Cargo.toml
[INFO] running `Command { std: CARGO_HOME="/workspace/cargo-home" RUSTUP_HOME="/workspace/rustup-home" "/workspace/cargo-home/bin/cargo" "+nightly-2024-10-28" "generate-lockfile" "--manifest-path" "Cargo.toml", kill_on_drop: false }`
[INFO] [stderr]     Updating crates.io index
[INFO] [stderr]      Locking 6 packages to latest compatible versions
[INFO] running `Command { std: CARGO_HOME="/workspace/cargo-home" RUSTUP_HOME="/workspace/rustup-home" "/workspace/cargo-home/bin/cargo" "+nightly-2024-10-28" "fetch" "--manifest-path" "Cargo.toml", kill_on_drop: false }`
[INFO] running `Command { std: "docker" "create" "-v" "/var/lib/crater-agent-workspace/builds/worker-1-tc2/target:/opt/rustwide/target:rw,Z" "-v" "/var/lib/crater-agent-workspace/builds/worker-1-tc2/source:/opt/rustwide/workdir:ro,Z" "-v" "/var/lib/crater-agent-workspace/cargo-home:/opt/rustwide/cargo-home:ro,Z" "-v" "/var/lib/crater-agent-workspace/rustup-home:/opt/rustwide/rustup-home:ro,Z" "-e" "SOURCE_DIR=/opt/rustwide/workdir" "-e" "CARGO_TARGET_DIR=/opt/rustwide/target" "-e" "CARGO_HOME=/opt/rustwide/cargo-home" "-e" "RUSTUP_HOME=/opt/rustwide/rustup-home" "-w" "/opt/rustwide/workdir" "-m" "1610612736" "--user" "0:0" "--network" "none" "ghcr.io/rust-lang/crates-build-env/linux@sha256:4a844ea9eb2546a2d2c7022eacef16ef2e8229c7fbb2c7d4d55a9ceca922f72d" "/opt/rustwide/cargo-home/bin/cargo" "+nightly-2024-10-28" "metadata" "--no-deps" "--format-version=1", kill_on_drop: false }`
[INFO] [stdout] 10c355a1e829041f31b8752ddcb63b04988b83d5cf696e23725200b05ed82141
[INFO] running `Command { std: "docker" "start" "-a" "10c355a1e829041f31b8752ddcb63b04988b83d5cf696e23725200b05ed82141", kill_on_drop: false }`
[INFO] running `Command { std: "docker" "inspect" "10c355a1e829041f31b8752ddcb63b04988b83d5cf696e23725200b05ed82141", kill_on_drop: false }`
[INFO] running `Command { std: "docker" "rm" "-f" "10c355a1e829041f31b8752ddcb63b04988b83d5cf696e23725200b05ed82141", kill_on_drop: false }`
[INFO] [stdout] 10c355a1e829041f31b8752ddcb63b04988b83d5cf696e23725200b05ed82141
[INFO] running `Command { std: "docker" "create" "-v" "/var/lib/crater-agent-workspace/builds/worker-1-tc2/target:/opt/rustwide/target:rw,Z" "-v" "/var/lib/crater-agent-workspace/builds/worker-1-tc2/source:/opt/rustwide/workdir:ro,Z" "-v" "/var/lib/crater-agent-workspace/cargo-home:/opt/rustwide/cargo-home:ro,Z" "-v" "/var/lib/crater-agent-workspace/rustup-home:/opt/rustwide/rustup-home:ro,Z" "-e" "SOURCE_DIR=/opt/rustwide/workdir" "-e" "CARGO_TARGET_DIR=/opt/rustwide/target" "-e" "CARGO_INCREMENTAL=0" "-e" "RUST_BACKTRACE=full" "-e" "RUSTFLAGS=--cap-lints=forbid -Zrandomize-layout" "-e" "RUSTDOCFLAGS=--cap-lints=forbid" "-e" "CARGO_HOME=/opt/rustwide/cargo-home" "-e" "RUSTUP_HOME=/opt/rustwide/rustup-home" "-w" "/opt/rustwide/workdir" "-m" "1610612736" "--user" "0:0" "--network" "none" "ghcr.io/rust-lang/crates-build-env/linux@sha256:4a844ea9eb2546a2d2c7022eacef16ef2e8229c7fbb2c7d4d55a9ceca922f72d" "/opt/rustwide/cargo-home/bin/cargo" "+nightly-2024-10-28" "build" "--frozen" "--message-format=json", kill_on_drop: false }`
[INFO] [stdout] 1ae9af975ffa3c78a6175b5d786631bf164a3154cc883b6cffd8834577425a08
[INFO] running `Command { std: "docker" "start" "-a" "1ae9af975ffa3c78a6175b5d786631bf164a3154cc883b6cffd8834577425a08", kill_on_drop: false }`
[INFO] [stderr]    Compiling quote v1.0.37
[INFO] [stderr]    Compiling syn v2.0.86
[INFO] [stderr]    Compiling concat-idents v1.1.5
[INFO] [stderr]    Compiling endian-writer v2.1.2 (/opt/rustwide/workdir)
[INFO] [stderr]     Finished `dev` profile [unoptimized + debuginfo] target(s) in 2.23s
[INFO] running `Command { std: "docker" "inspect" "1ae9af975ffa3c78a6175b5d786631bf164a3154cc883b6cffd8834577425a08", kill_on_drop: false }`
[INFO] running `Command { std: "docker" "rm" "-f" "1ae9af975ffa3c78a6175b5d786631bf164a3154cc883b6cffd8834577425a08", kill_on_drop: false }`
[INFO] [stdout] 1ae9af975ffa3c78a6175b5d786631bf164a3154cc883b6cffd8834577425a08
[INFO] running `Command { std: "docker" "create" "-v" "/var/lib/crater-agent-workspace/builds/worker-1-tc2/target:/opt/rustwide/target:rw,Z" "-v" "/var/lib/crater-agent-workspace/builds/worker-1-tc2/source:/opt/rustwide/workdir:ro,Z" "-v" "/var/lib/crater-agent-workspace/cargo-home:/opt/rustwide/cargo-home:ro,Z" "-v" "/var/lib/crater-agent-workspace/rustup-home:/opt/rustwide/rustup-home:ro,Z" "-e" "SOURCE_DIR=/opt/rustwide/workdir" "-e" "CARGO_TARGET_DIR=/opt/rustwide/target" "-e" "CARGO_INCREMENTAL=0" "-e" "RUST_BACKTRACE=full" "-e" "RUSTFLAGS=--cap-lints=forbid -Zrandomize-layout" "-e" "RUSTDOCFLAGS=--cap-lints=forbid" "-e" "CARGO_HOME=/opt/rustwide/cargo-home" "-e" "RUSTUP_HOME=/opt/rustwide/rustup-home" "-w" "/opt/rustwide/workdir" "-m" "1610612736" "--user" "0:0" "--network" "none" "ghcr.io/rust-lang/crates-build-env/linux@sha256:4a844ea9eb2546a2d2c7022eacef16ef2e8229c7fbb2c7d4d55a9ceca922f72d" "/opt/rustwide/cargo-home/bin/cargo" "+nightly-2024-10-28" "test" "--frozen" "--no-run" "--message-format=json", kill_on_drop: false }`
[INFO] [stdout] 173ef9fe750f8382e308a77d2805ffdc9ae63cd6eceed9a88b779699d02e85fe
[INFO] running `Command { std: "docker" "start" "-a" "173ef9fe750f8382e308a77d2805ffdc9ae63cd6eceed9a88b779699d02e85fe", kill_on_drop: false }`
[INFO] [stderr]    Compiling endian-writer v2.1.2 (/opt/rustwide/workdir)
[INFO] [stderr]     Finished `test` profile [unoptimized + debuginfo] target(s) in 0.27s
[INFO] running `Command { std: "docker" "inspect" "173ef9fe750f8382e308a77d2805ffdc9ae63cd6eceed9a88b779699d02e85fe", kill_on_drop: false }`
[INFO] running `Command { std: "docker" "rm" "-f" "173ef9fe750f8382e308a77d2805ffdc9ae63cd6eceed9a88b779699d02e85fe", kill_on_drop: false }`
[INFO] [stdout] 173ef9fe750f8382e308a77d2805ffdc9ae63cd6eceed9a88b779699d02e85fe
[INFO] running `Command { std: "docker" "create" "-v" "/var/lib/crater-agent-workspace/builds/worker-1-tc2/target:/opt/rustwide/target:rw,Z" "-v" "/var/lib/crater-agent-workspace/builds/worker-1-tc2/source:/opt/rustwide/workdir:ro,Z" "-v" "/var/lib/crater-agent-workspace/cargo-home:/opt/rustwide/cargo-home:ro,Z" "-v" "/var/lib/crater-agent-workspace/rustup-home:/opt/rustwide/rustup-home:ro,Z" "-e" "SOURCE_DIR=/opt/rustwide/workdir" "-e" "CARGO_TARGET_DIR=/opt/rustwide/target" "-e" "CARGO_INCREMENTAL=0" "-e" "RUST_BACKTRACE=full" "-e" "RUSTFLAGS=--cap-lints=forbid -Zrandomize-layout" "-e" "RUSTDOCFLAGS=--cap-lints=forbid" "-e" "CARGO_HOME=/opt/rustwide/cargo-home" "-e" "RUSTUP_HOME=/opt/rustwide/rustup-home" "-w" "/opt/rustwide/workdir" "-m" "1610612736" "--user" "0:0" "--network" "none" "ghcr.io/rust-lang/crates-build-env/linux@sha256:4a844ea9eb2546a2d2c7022eacef16ef2e8229c7fbb2c7d4d55a9ceca922f72d" "/opt/rustwide/cargo-home/bin/cargo" "+nightly-2024-10-28" "test" "--frozen", kill_on_drop: false }`
[INFO] [stdout] ccd236e36b67c6124e7a04d531eedc1ff009d15d9b0d6856b1af0476146140d7
[INFO] running `Command { std: "docker" "start" "-a" "ccd236e36b67c6124e7a04d531eedc1ff009d15d9b0d6856b1af0476146140d7", kill_on_drop: false }`
[INFO] [stderr]     Finished `test` profile [unoptimized + debuginfo] target(s) in 0.01s
[INFO] [stderr]      Running unittests src/lib.rs (/opt/rustwide/target/debug/deps/endian_writer-38ebd5480c47b805)
[INFO] [stdout] 
[INFO] [stdout] running 50 tests
[INFO] [stdout] test big_endian_reader::tests::big_endian_reader_at ... ok
[INFO] [stdout] test big_endian_reader::tests::big_endian_reader_at_float ... ok
[INFO] [stdout] test big_endian_reader::tests::big_endian_reader_float ... ok
[INFO] [stdout] test big_endian_reader::tests::big_endian_reader_int ... ok
[INFO] [stdout] test big_endian_writer::tests::big_endian_writer_at_float ... ok
[INFO] [stdout] test big_endian_writer::tests::big_endian_writer_at_int ... ok
[INFO] [stdout] test big_endian_writer::tests::big_endian_writer_float ... ok
[INFO] [stdout] test big_endian_writer::tests::big_endian_writer_int ... ok
[INFO] [stdout] test little_endian_reader::tests::little_endian_reader_at ... ok
[INFO] [stdout] test little_endian_reader::tests::little_endian_reader_float ... ok
[INFO] [stdout] test little_endian_reader::tests::little_endian_reader_int ... ok
[INFO] [stdout] test little_endian_writer::tests::little_endian_writer_at_float ... ok
[INFO] [stdout] test little_endian_writer::tests::little_endian_writer_at_int ... ok
[INFO] [stdout] test little_endian_writer::tests::little_endian_writer_float ... ok
[INFO] [stdout] test little_endian_writer::tests::little_endian_writer_int ... ok
[INFO] [stdout] test traits::tests::big_endian_write_read ... ok
[INFO] [stdout] test traits::tests::little_endian_write_read ... ok
[INFO] [stdout] test traits::tests::partial_write_read ... ok
[INFO] [stdout] test unroll_intrinsics::tests::read_entries_empty ... ok
[INFO] [stdout] test unroll_intrinsics::tests::read_entries_from ... ok
[INFO] [stdout] test unroll_intrinsics::tests::read_entries_from_empty ... ok
[INFO] [stdout] test unroll_intrinsics::tests::read_entries_from_single_entry ... ok
[INFO] [stdout] test unroll_intrinsics::tests::read_entries_from_unroll_2 ... ok
[INFO] [stdout] test unroll_intrinsics::tests::read_entries_from_unroll_2_with_remainder ... ok
[INFO] [stdout] test unroll_intrinsics::tests::read_entries_from_unroll_3 ... ok
[INFO] [stdout] test unroll_intrinsics::tests::read_entries_from_unroll_4_with_fewer_entries ... ok
[INFO] [stdout] test unroll_intrinsics::tests::read_entries_from_unroll_4 ... ok
[INFO] [stdout] test unroll_intrinsics::tests::read_entries_from_unroll_3_with_fewer_entries ... ok
[INFO] [stdout] test unroll_intrinsics::tests::read_entries_single_entry ... ok
[INFO] [stdout] test unroll_intrinsics::tests::read_entries_unroll_4 ... ok
[INFO] [stdout] test unroll_intrinsics::tests::read_entries_unroll_3 ... ok
[INFO] [stdout] test unroll_intrinsics::tests::read_entries_with_unroll_2 ... ok
[INFO] [stdout] test unroll_intrinsics::tests::read_entries_unroll_4_with_remainder ... ok
[INFO] [stdout] test unroll_intrinsics::tests::read_entries_without_unrolling ... ok
[INFO] [stdout] test unroll_intrinsics::tests::write_entries_empty ... ok
[INFO] [stdout] test unroll_intrinsics::tests::write_entries_from ... ok
[INFO] [stdout] test unroll_intrinsics::tests::read_entries_unroll_3_with_remainder ... ok
[INFO] [stdout] test unroll_intrinsics::tests::write_entries_from_unroll_3_fewer ... ok
[INFO] [stdout] test unroll_intrinsics::tests::write_entries_from_unroll_3 ... ok
[INFO] [stdout] test unroll_intrinsics::tests::write_entries_from_empty ... ok
[INFO] [stdout] test unroll_intrinsics::tests::write_entries_from_unroll_2_odd ... ok
[INFO] [stdout] test unroll_intrinsics::tests::write_entries_unroll_4_with_remainder ... ok
[INFO] [stdout] test unroll_intrinsics::tests::write_entries_with_unroll_2 ... ok
[INFO] [stdout] test unroll_intrinsics::tests::write_entries_with_unroll_3 ... ok
[INFO] [stdout] test unroll_intrinsics::tests::write_entries_from_unroll_4 ... ok
[INFO] [stdout] test unroll_intrinsics::tests::write_entries_with_unroll_4 ... ok
[INFO] [stdout] test unroll_intrinsics::tests::write_entries_without_unrolling ... ok
[INFO] [stdout] test unroll_intrinsics::tests::write_entries_from_unroll_2 ... ok
[INFO] [stdout] test unroll_intrinsics::tests::write_entries_unroll_3_with_remainder ... ok
[INFO] [stdout] test unroll_intrinsics::tests::write_entries_single_entry ... ok
[INFO] [stdout] 
[INFO] [stdout] test result: ok. 50 passed; 0 failed; 0 ignored; 0 measured; 0 filtered out; finished in 0.00s
[INFO] [stdout] 
[INFO] [stderr]    Doc-tests endian_writer
[INFO] [stdout] 
[INFO] [stdout] running 24 tests
[INFO] [stdout] test src/traits.rs - traits::EndianReader (line 344) ... ignored
[INFO] [stdout] test src/traits.rs - traits::EndianWriter (line 218) ... ignored
[INFO] [stdout] test src/../README.MD - (line 191) ... FAILED
[INFO] [stdout] test src/../README.MD - (line 219) ... FAILED
[INFO] [stdout] test src/../README.MD - (line 263) ... FAILED
[INFO] [stdout] test src/traits.rs - traits::EndianWritableAt (line 50) ... ok
[INFO] [stdout] test src/traits.rs - traits::EndianReadable (line 87) ... ok
[INFO] [stdout] test src/traits.rs - traits::EndianReader (line 321) ... ok
[INFO] [stdout] test src/traits.rs - traits::EndianWritable (line 10) ... ok
[INFO] [stdout] test src/traits.rs - traits::EndianWriter (line 196) ... ok
[INFO] [stdout] test src/traits.rs - traits::EndianReadableAt (line 131) ... ok
[INFO] [stdout] test src/../README.MD - (line 61) ... ok
[INFO] [stdout] test src/../README.MD - (line 99) ... ok
[INFO] [stdout] test src/../README.MD - (line 31) ... ok
[INFO] [stdout] test src/unroll_intrinsics.rs - unroll_intrinsics::EndianReaderExt::read_entries (line 554) ... ok
[INFO] [stdout] test src/unroll_intrinsics.rs - unroll_intrinsics::EndianReaderExt::read_entries_unroll_3 (line 690) ... ok
[INFO] [stdout] test src/unroll_intrinsics.rs - unroll_intrinsics::EndianReaderExt (line 504) ... ok
[INFO] [stdout] test src/unroll_intrinsics.rs - unroll_intrinsics::EndianReaderExt::read_entries_unroll_2 (line 616) ... ok
[INFO] [stdout] test src/unroll_intrinsics.rs - unroll_intrinsics::EndianReaderExt::read_entries_unroll_4 (line 775) ... ok
[INFO] [stdout] test src/unroll_intrinsics.rs - unroll_intrinsics::EndianWriterExt (line 10) ... ok
[INFO] [stdout] test src/unroll_intrinsics.rs - unroll_intrinsics::EndianWriterExt::write_entries (line 59) ... ok
[INFO] [stdout] test src/unroll_intrinsics.rs - unroll_intrinsics::EndianWriterExt::write_entries_unroll_2 (line 121) ... ok
[INFO] [stdout] test src/unroll_intrinsics.rs - unroll_intrinsics::EndianWriterExt::write_entries_unroll_3 (line 197) ... ok
[INFO] [stdout] test src/unroll_intrinsics.rs - unroll_intrinsics::EndianWriterExt::write_entries_unroll_4 (line 275) ... ok
[INFO] [stdout] 
[INFO] [stdout] failures:
[INFO] [stdout] 
[INFO] [stdout] ---- src/../README.MD - (line 191) stdout ----
[INFO] [stdout] error[E0432]: unresolved import `endian_writer_derive`
[INFO] [stdout]  --> src/../README.MD:193:5
[INFO] [stdout]   |
[INFO] [stdout] 5 | use endian_writer_derive::EndianWritable;
[INFO] [stdout]   |     ^^^^^^^^^^^^^^^^^^^^ use of undeclared crate or module `endian_writer_derive`
[INFO] [stdout] 
[INFO] [stdout] error: aborting due to 1 previous error
[INFO] [stdout] 
[INFO] [stdout] For more information about this error, try `rustc --explain E0432`.
[INFO] [stdout] Couldn't compile the test.
[INFO] [stdout] ---- src/../README.MD - (line 219) stdout ----
[INFO] [stdout] error[E0405]: cannot find trait `EndianWritableAt` in this scope
[INFO] [stdout]  --> src/../README.MD:226:6
[INFO] [stdout]   |
[INFO] [stdout] 9 | impl EndianWritableAt for FileEntry {
[INFO] [stdout]   |      ^^^^^^^^^^^^^^^^ not found in this scope
[INFO] [stdout]   |
[INFO] [stdout] help: consider importing this trait
[INFO] [stdout]   |
[INFO] [stdout] 2 + use endian_writer::EndianWritableAt;
[INFO] [stdout]   |
[INFO] [stdout] 
[INFO] [stdout] error[E0405]: cannot find trait `EndianWriter` in this scope
[INFO] [stdout]   --> src/../README.MD:227:27
[INFO] [stdout]    |
[INFO] [stdout] 10 |     unsafe fn write_at<W: EndianWriter>(&self, writer: &mut W, offset: isize) {
[INFO] [stdout]    |                           ^^^^^^^^^^^^ not found in this scope
[INFO] [stdout]    |
[INFO] [stdout] help: consider importing this trait
[INFO] [stdout]    |
[INFO] [stdout] 2  + use endian_writer::EndianWriter;
[INFO] [stdout]    |
[INFO] [stdout] 
[INFO] [stdout] error[E0405]: cannot find trait `EndianReadableAt` in this scope
[INFO] [stdout]   --> src/../README.MD:233:6
[INFO] [stdout]    |
[INFO] [stdout] 16 | impl EndianReadableAt for FileEntry {
[INFO] [stdout]    |      ^^^^^^^^^^^^^^^^ not found in this scope
[INFO] [stdout]    |
[INFO] [stdout] help: consider importing this trait
[INFO] [stdout]    |
[INFO] [stdout] 2  + use endian_writer::EndianReadableAt;
[INFO] [stdout]    |
[INFO] [stdout] 
[INFO] [stdout] error[E0405]: cannot find trait `EndianReader` in this scope
[INFO] [stdout]   --> src/../README.MD:234:26
[INFO] [stdout]    |
[INFO] [stdout] 17 |     unsafe fn read_at<R: EndianReader>(reader: &mut R, offset: isize) -> Self {
[INFO] [stdout]    |                          ^^^^^^^^^^^^ not found in this scope
[INFO] [stdout]    |
[INFO] [stdout] help: consider importing this trait
[INFO] [stdout]    |
[INFO] [stdout] 2  + use endian_writer::EndianReader;
[INFO] [stdout]    |
[INFO] [stdout] 
[INFO] [stdout] error[E0405]: cannot find trait `HasSize` in this scope
[INFO] [stdout]   --> src/../README.MD:241:6
[INFO] [stdout]    |
[INFO] [stdout] 24 | impl HasSize for FileEntry {
[INFO] [stdout]    |      ^^^^^^^ not found in this scope
[INFO] [stdout]    |
[INFO] [stdout] help: consider importing this trait
[INFO] [stdout]    |
[INFO] [stdout] 2  + use endian_writer::HasSize;
[INFO] [stdout]    |
[INFO] [stdout] 
[INFO] [stdout] error[E0433]: failed to resolve: use of undeclared type `LittleEndianWriter`
[INFO] [stdout]   --> src/../README.MD:253:22
[INFO] [stdout]    |
[INFO] [stdout] 36 |     let mut writer = LittleEndianWriter::new(buffer.as_mut_ptr());
[INFO] [stdout]    |                      ^^^^^^^^^^^^^^^^^^ use of undeclared type `LittleEndianWriter`
[INFO] [stdout]    |
[INFO] [stdout] help: consider importing this struct
[INFO] [stdout]    |
[INFO] [stdout] 2  + use endian_writer::LittleEndianWriter;
[INFO] [stdout]    |
[INFO] [stdout] 
[INFO] [stdout] error[E0433]: failed to resolve: use of undeclared type `LittleEndianReader`
[INFO] [stdout]   --> src/../README.MD:257:22
[INFO] [stdout]    |
[INFO] [stdout] 40 |     let mut reader = LittleEndianReader::new(buffer.as_ptr());
[INFO] [stdout]    |                      ^^^^^^^^^^^^^^^^^^ use of undeclared type `LittleEndianReader`
[INFO] [stdout]    |
[INFO] [stdout] help: consider importing this struct
[INFO] [stdout]    |
[INFO] [stdout] 2  + use endian_writer::LittleEndianReader;
[INFO] [stdout]    |
[INFO] [stdout] 
[INFO] [stdout] error: aborting due to 7 previous errors
[INFO] [stdout] 
[INFO] [stdout] Some errors have detailed explanations: E0405, E0433.
[INFO] [stdout] For more information about an error, try `rustc --explain E0405`.
[INFO] [stdout] Couldn't compile the test.
[INFO] [stdout] ---- src/../README.MD - (line 263) stdout ----
[INFO] [stdout] error[E0412]: cannot find type `FileEntry` in this scope
[INFO] [stdout]   --> src/../README.MD:271:27
[INFO] [stdout]    |
[INFO] [stdout] 4  | struct FileEntryB {
[INFO] [stdout]    | ----------------- similarly named struct `FileEntryB` defined here
[INFO] [stdout] ...
[INFO] [stdout] 10 | impl From<FileEntryB> for FileEntry {
[INFO] [stdout]    |                           ^^^^^^^^^ help: a struct with a similar name exists: `FileEntryB`
[INFO] [stdout] 
[INFO] [stdout] error[E0422]: cannot find struct, variant or union type `FileEntry` in this scope
[INFO] [stdout]   --> src/../README.MD:273:9
[INFO] [stdout]    |
[INFO] [stdout] 4  | struct FileEntryB {
[INFO] [stdout]    | ----------------- similarly named struct `FileEntryB` defined here
[INFO] [stdout] ...
[INFO] [stdout] 12 |         FileEntry {
[INFO] [stdout]    |         ^^^^^^^^^ help: a struct with a similar name exists: `FileEntryB`
[INFO] [stdout] 
[INFO] [stdout] error[E0412]: cannot find type `FileEntry` in this scope
[INFO] [stdout]   --> src/../README.MD:281:11
[INFO] [stdout]    |
[INFO] [stdout] 4  | struct FileEntryB {
[INFO] [stdout]    | ----------------- similarly named struct `FileEntryB` defined here
[INFO] [stdout] ...
[INFO] [stdout] 20 | impl From<FileEntry> for FileEntryB {
[INFO] [stdout]    |           ^^^^^^^^^
[INFO] [stdout]    |
[INFO] [stdout] help: a struct with a similar name exists
[INFO] [stdout]    |
[INFO] [stdout] 20 | impl From<FileEntryB> for FileEntryB {
[INFO] [stdout]    |           ~~~~~~~~~~
[INFO] [stdout] help: you might be missing a type parameter
[INFO] [stdout]    |
[INFO] [stdout] 20 | impl<FileEntry> From<FileEntry> for FileEntryB {
[INFO] [stdout]    |     +++++++++++
[INFO] [stdout] 
[INFO] [stdout] error[E0412]: cannot find type `FileEntry` in this scope
[INFO] [stdout]   --> src/../README.MD:282:21
[INFO] [stdout]    |
[INFO] [stdout] 4  | struct FileEntryB {
[INFO] [stdout]    | ----------------- similarly named struct `FileEntryB` defined here
[INFO] [stdout] ...
[INFO] [stdout] 21 |     fn from(source: FileEntry) -> Self {
[INFO] [stdout]    |                     ^^^^^^^^^ help: a struct with a similar name exists: `FileEntryB`
[INFO] [stdout] 
[INFO] [stdout] error[E0433]: failed to resolve: use of undeclared type `LittleEndianWriter`
[INFO] [stdout]   --> src/../README.MD:298:22
[INFO] [stdout]    |
[INFO] [stdout] 37 |     let mut writer = LittleEndianWriter::new(buffer.as_mut_ptr());
[INFO] [stdout]    |                      ^^^^^^^^^^^^^^^^^^ use of undeclared type `LittleEndianWriter`
[INFO] [stdout]    |
[INFO] [stdout] help: consider importing this struct
[INFO] [stdout]    |
[INFO] [stdout] 2  + use endian_writer::LittleEndianWriter;
[INFO] [stdout]    |
[INFO] [stdout] 
[INFO] [stdout] error[E0412]: cannot find type `FileEntry` in this scope
[INFO] [stdout]   --> src/../README.MD:299:33
[INFO] [stdout]    |
[INFO] [stdout] 4  | struct FileEntryB {
[INFO] [stdout]    | ----------------- similarly named struct `FileEntryB` defined here
[INFO] [stdout] ...
[INFO] [stdout] 38 |     writer.write_entries_into::<FileEntry, FileEntryB>(&sources);
[INFO] [stdout]    |                                 ^^^^^^^^^
[INFO] [stdout]    |
[INFO] [stdout] help: a struct with a similar name exists
[INFO] [stdout]    |
[INFO] [stdout] 38 |     writer.write_entries_into::<FileEntryB, FileEntryB>(&sources);
[INFO] [stdout]    |                                 ~~~~~~~~~~
[INFO] [stdout] help: you might be missing a type parameter
[INFO] [stdout]    |
[INFO] [stdout] 2  | fn main() { #[allow(non_snake_case)] fn _doctest_main_src____README_MD_263_0<FileEntry>() {
[INFO] [stdout]    |                                                                             +++++++++++
[INFO] [stdout] 
[INFO] [stdout] error[E0433]: failed to resolve: use of undeclared type `LittleEndianReader`
[INFO] [stdout]   --> src/../README.MD:302:22
[INFO] [stdout]    |
[INFO] [stdout] 41 |     let mut reader = LittleEndianReader::new(buffer.as_ptr());
[INFO] [stdout]    |                      ^^^^^^^^^^^^^^^^^^ use of undeclared type `LittleEndianReader`
[INFO] [stdout]    |
[INFO] [stdout] help: consider importing this struct
[INFO] [stdout]    |
[INFO] [stdout] 2  + use endian_writer::LittleEndianReader;
[INFO] [stdout]    |
[INFO] [stdout] 
[INFO] [stdout] error[E0412]: cannot find type `FileEntry` in this scope
[INFO] [stdout]   --> src/../README.MD:304:44
[INFO] [stdout]    |
[INFO] [stdout] 4  | struct FileEntryB {
[INFO] [stdout]    | ----------------- similarly named struct `FileEntryB` defined here
[INFO] [stdout] ...
[INFO] [stdout] 43 |     reader.read_entries_into::<FileEntryB, FileEntry>(&mut read_entries);
[INFO] [stdout]    |                                            ^^^^^^^^^
[INFO] [stdout]    |
[INFO] [stdout] help: a struct with a similar name exists
[INFO] [stdout]    |
[INFO] [stdout] 43 |     reader.read_entries_into::<FileEntryB, FileEntryB>(&mut read_entries);
[INFO] [stdout]    |                                            ~~~~~~~~~~
[INFO] [stdout] help: you might be missing a type parameter
[INFO] [stdout]    |
[INFO] [stdout] 2  | fn main() { #[allow(non_snake_case)] fn _doctest_main_src____README_MD_263_0<FileEntry>() {
[INFO] [stdout]    |                                                                             +++++++++++
[INFO] [stdout] 
[INFO] [stdout] error: aborting due to 8 previous errors
[INFO] [stdout] 
[INFO] [stdout] Some errors have detailed explanations: E0412, E0422, E0433.
[INFO] [stdout] For more information about an error, try `rustc --explain E0412`.
[INFO] [stdout] Couldn't compile the test.
[INFO] [stdout] 
[INFO] [stdout] failures:
[INFO] [stdout]     src/../README.MD - (line 191)
[INFO] [stdout]     src/../README.MD - (line 219)
[INFO] [stdout]     src/../README.MD - (line 263)
[INFO] [stdout] 
[INFO] [stdout] test result: FAILED. 19 passed; 3 failed; 2 ignored; 0 measured; 0 filtered out; finished in 0.18s
[INFO] [stdout] 
[INFO] [stderr] error: doctest failed, to rerun pass `--doc`
[INFO] running `Command { std: "docker" "inspect" "ccd236e36b67c6124e7a04d531eedc1ff009d15d9b0d6856b1af0476146140d7", kill_on_drop: false }`
[INFO] running `Command { std: "docker" "rm" "-f" "ccd236e36b67c6124e7a04d531eedc1ff009d15d9b0d6856b1af0476146140d7", kill_on_drop: false }`
[INFO] [stdout] ccd236e36b67c6124e7a04d531eedc1ff009d15d9b0d6856b1af0476146140d7
