[INFO] fetching crate encryption-macros-encryption 0.1.2...
[INFO] testing encryption-macros-encryption-0.1.2 against nightly-2024-10-28 for randomize-layout
[INFO] extracting crate encryption-macros-encryption 0.1.2 into /workspace/builds/worker-0-tc1/source
[INFO] validating manifest of crates.io crate encryption-macros-encryption 0.1.2 on toolchain nightly-2024-10-28
[INFO] running `Command { std: CARGO_HOME="/workspace/cargo-home" RUSTUP_HOME="/workspace/rustup-home" "/workspace/cargo-home/bin/cargo" "+nightly-2024-10-28" "metadata" "--manifest-path" "Cargo.toml" "--no-deps", kill_on_drop: false }`
[INFO] started tweaking crates.io crate encryption-macros-encryption 0.1.2
[INFO] finished tweaking crates.io crate encryption-macros-encryption 0.1.2
[INFO] tweaked toml for crates.io crate encryption-macros-encryption 0.1.2 written to /workspace/builds/worker-0-tc1/source/Cargo.toml
[INFO] running `Command { std: CARGO_HOME="/workspace/cargo-home" RUSTUP_HOME="/workspace/rustup-home" "/workspace/cargo-home/bin/cargo" "+nightly-2024-10-28" "generate-lockfile" "--manifest-path" "Cargo.toml", kill_on_drop: false }`
[INFO] [stderr]     Updating crates.io index
[INFO] [stderr]      Locking 19 packages to latest compatible versions
[INFO] [stderr]       Adding litrs v0.2.3 (available: v0.4.1)
[INFO] running `Command { std: CARGO_HOME="/workspace/cargo-home" RUSTUP_HOME="/workspace/rustup-home" "/workspace/cargo-home/bin/cargo" "+nightly-2024-10-28" "fetch" "--manifest-path" "Cargo.toml", kill_on_drop: false }`
[INFO] [stderr]  Downloading crates ...
[INFO] [stderr]   Downloaded encryption-macros-key-generation v0.1.0
[INFO] [stderr]   Downloaded encryption-macros-utils v0.1.0
[INFO] [stderr]   Downloaded litrs v0.2.3
[INFO] running `Command { std: "docker" "create" "-v" "/var/lib/crater-agent-workspace/builds/worker-0-tc1/target:/opt/rustwide/target:rw,Z" "-v" "/var/lib/crater-agent-workspace/builds/worker-0-tc1/source:/opt/rustwide/workdir:ro,Z" "-v" "/var/lib/crater-agent-workspace/cargo-home:/opt/rustwide/cargo-home:ro,Z" "-v" "/var/lib/crater-agent-workspace/rustup-home:/opt/rustwide/rustup-home:ro,Z" "-e" "SOURCE_DIR=/opt/rustwide/workdir" "-e" "CARGO_TARGET_DIR=/opt/rustwide/target" "-e" "CARGO_HOME=/opt/rustwide/cargo-home" "-e" "RUSTUP_HOME=/opt/rustwide/rustup-home" "-w" "/opt/rustwide/workdir" "-m" "1610612736" "--user" "0:0" "--network" "none" "ghcr.io/rust-lang/crates-build-env/linux@sha256:4a844ea9eb2546a2d2c7022eacef16ef2e8229c7fbb2c7d4d55a9ceca922f72d" "/opt/rustwide/cargo-home/bin/cargo" "+nightly-2024-10-28" "metadata" "--no-deps" "--format-version=1", kill_on_drop: false }`
[INFO] [stdout] b335b0117a2da5f31a253d2655cde4398b38d4360fc0bcd6413b8c6228252797
[INFO] running `Command { std: "docker" "start" "-a" "b335b0117a2da5f31a253d2655cde4398b38d4360fc0bcd6413b8c6228252797", kill_on_drop: false }`
[INFO] running `Command { std: "docker" "inspect" "b335b0117a2da5f31a253d2655cde4398b38d4360fc0bcd6413b8c6228252797", kill_on_drop: false }`
[INFO] running `Command { std: "docker" "rm" "-f" "b335b0117a2da5f31a253d2655cde4398b38d4360fc0bcd6413b8c6228252797", kill_on_drop: false }`
[INFO] [stdout] b335b0117a2da5f31a253d2655cde4398b38d4360fc0bcd6413b8c6228252797
[INFO] running `Command { std: "docker" "create" "-v" "/var/lib/crater-agent-workspace/builds/worker-0-tc1/target:/opt/rustwide/target:rw,Z" "-v" "/var/lib/crater-agent-workspace/builds/worker-0-tc1/source:/opt/rustwide/workdir:ro,Z" "-v" "/var/lib/crater-agent-workspace/cargo-home:/opt/rustwide/cargo-home:ro,Z" "-v" "/var/lib/crater-agent-workspace/rustup-home:/opt/rustwide/rustup-home:ro,Z" "-e" "SOURCE_DIR=/opt/rustwide/workdir" "-e" "CARGO_TARGET_DIR=/opt/rustwide/target" "-e" "CARGO_INCREMENTAL=0" "-e" "RUST_BACKTRACE=full" "-e" "RUSTFLAGS=--cap-lints=forbid" "-e" "RUSTDOCFLAGS=--cap-lints=forbid" "-e" "CARGO_HOME=/opt/rustwide/cargo-home" "-e" "RUSTUP_HOME=/opt/rustwide/rustup-home" "-w" "/opt/rustwide/workdir" "-m" "1610612736" "--user" "0:0" "--network" "none" "ghcr.io/rust-lang/crates-build-env/linux@sha256:4a844ea9eb2546a2d2c7022eacef16ef2e8229c7fbb2c7d4d55a9ceca922f72d" "/opt/rustwide/cargo-home/bin/cargo" "+nightly-2024-10-28" "build" "--frozen" "--message-format=json", kill_on_drop: false }`
[INFO] [stdout] b36970135315c93201bcf47abe5da0e7fd987d6b8f0eb79100bbb8012be8e4e5
[INFO] running `Command { std: "docker" "start" "-a" "b36970135315c93201bcf47abe5da0e7fd987d6b8f0eb79100bbb8012be8e4e5", kill_on_drop: false }`
[INFO] [stderr]    Compiling proc-macro2 v1.0.89
[INFO] [stderr]    Compiling unicode-ident v1.0.13
[INFO] [stderr]    Compiling libc v0.2.161
[INFO] [stderr]    Compiling byteorder v1.5.0
[INFO] [stderr]    Compiling cfg-if v1.0.0
[INFO] [stderr]    Compiling hex v0.4.3
[INFO] [stderr]    Compiling quote v1.0.37
[INFO] [stderr]    Compiling litrs v0.2.3
[INFO] [stderr]    Compiling syn v2.0.86
[INFO] [stderr]    Compiling getrandom v0.2.15
[INFO] [stderr]    Compiling rand_core v0.6.4
[INFO] [stderr]    Compiling zerocopy-derive v0.7.35
[INFO] [stderr]    Compiling zerocopy v0.7.35
[INFO] [stderr]    Compiling ppv-lite86 v0.2.20
[INFO] [stderr]    Compiling rand_chacha v0.3.1
[INFO] [stderr]    Compiling rand v0.8.5
[INFO] [stderr]    Compiling encryption-macros-key-generation v0.1.0
[INFO] [stderr]    Compiling encryption-macros-utils v0.1.0
[INFO] [stderr]    Compiling encryption-macros-encryption v0.1.2 (/opt/rustwide/workdir)
[INFO] [stderr]     Finished `dev` profile [unoptimized + debuginfo] target(s) in 9.24s
[INFO] running `Command { std: "docker" "inspect" "b36970135315c93201bcf47abe5da0e7fd987d6b8f0eb79100bbb8012be8e4e5", kill_on_drop: false }`
[INFO] running `Command { std: "docker" "rm" "-f" "b36970135315c93201bcf47abe5da0e7fd987d6b8f0eb79100bbb8012be8e4e5", kill_on_drop: false }`
[INFO] [stdout] b36970135315c93201bcf47abe5da0e7fd987d6b8f0eb79100bbb8012be8e4e5
[INFO] running `Command { std: "docker" "create" "-v" "/var/lib/crater-agent-workspace/builds/worker-0-tc1/target:/opt/rustwide/target:rw,Z" "-v" "/var/lib/crater-agent-workspace/builds/worker-0-tc1/source:/opt/rustwide/workdir:ro,Z" "-v" "/var/lib/crater-agent-workspace/cargo-home:/opt/rustwide/cargo-home:ro,Z" "-v" "/var/lib/crater-agent-workspace/rustup-home:/opt/rustwide/rustup-home:ro,Z" "-e" "SOURCE_DIR=/opt/rustwide/workdir" "-e" "CARGO_TARGET_DIR=/opt/rustwide/target" "-e" "CARGO_INCREMENTAL=0" "-e" "RUST_BACKTRACE=full" "-e" "RUSTFLAGS=--cap-lints=forbid" "-e" "RUSTDOCFLAGS=--cap-lints=forbid" "-e" "CARGO_HOME=/opt/rustwide/cargo-home" "-e" "RUSTUP_HOME=/opt/rustwide/rustup-home" "-w" "/opt/rustwide/workdir" "-m" "1610612736" "--user" "0:0" "--network" "none" "ghcr.io/rust-lang/crates-build-env/linux@sha256:4a844ea9eb2546a2d2c7022eacef16ef2e8229c7fbb2c7d4d55a9ceca922f72d" "/opt/rustwide/cargo-home/bin/cargo" "+nightly-2024-10-28" "test" "--frozen" "--no-run" "--message-format=json", kill_on_drop: false }`
[INFO] [stdout] 9ac4405d29328ffb5d7e35d40e67f6a2fef1140b6377d737bcc101b6c7ade5f4
[INFO] running `Command { std: "docker" "start" "-a" "9ac4405d29328ffb5d7e35d40e67f6a2fef1140b6377d737bcc101b6c7ade5f4", kill_on_drop: false }`
[INFO] [stderr]    Compiling encryption-macros-encryption v0.1.2 (/opt/rustwide/workdir)
[INFO] [stderr]     Finished `test` profile [unoptimized + debuginfo] target(s) in 0.47s
[INFO] running `Command { std: "docker" "inspect" "9ac4405d29328ffb5d7e35d40e67f6a2fef1140b6377d737bcc101b6c7ade5f4", kill_on_drop: false }`
[INFO] running `Command { std: "docker" "rm" "-f" "9ac4405d29328ffb5d7e35d40e67f6a2fef1140b6377d737bcc101b6c7ade5f4", kill_on_drop: false }`
[INFO] [stdout] 9ac4405d29328ffb5d7e35d40e67f6a2fef1140b6377d737bcc101b6c7ade5f4
[INFO] running `Command { std: "docker" "create" "-v" "/var/lib/crater-agent-workspace/builds/worker-0-tc1/target:/opt/rustwide/target:rw,Z" "-v" "/var/lib/crater-agent-workspace/builds/worker-0-tc1/source:/opt/rustwide/workdir:ro,Z" "-v" "/var/lib/crater-agent-workspace/cargo-home:/opt/rustwide/cargo-home:ro,Z" "-v" "/var/lib/crater-agent-workspace/rustup-home:/opt/rustwide/rustup-home:ro,Z" "-e" "SOURCE_DIR=/opt/rustwide/workdir" "-e" "CARGO_TARGET_DIR=/opt/rustwide/target" "-e" "CARGO_INCREMENTAL=0" "-e" "RUST_BACKTRACE=full" "-e" "RUSTFLAGS=--cap-lints=forbid" "-e" "RUSTDOCFLAGS=--cap-lints=forbid" "-e" "CARGO_HOME=/opt/rustwide/cargo-home" "-e" "RUSTUP_HOME=/opt/rustwide/rustup-home" "-w" "/opt/rustwide/workdir" "-m" "1610612736" "--user" "0:0" "--network" "none" "ghcr.io/rust-lang/crates-build-env/linux@sha256:4a844ea9eb2546a2d2c7022eacef16ef2e8229c7fbb2c7d4d55a9ceca922f72d" "/opt/rustwide/cargo-home/bin/cargo" "+nightly-2024-10-28" "test" "--frozen", kill_on_drop: false }`
[INFO] [stdout] b1c29fbf50e150f31d215579feef59d47e5ec40850935844778d3c085d9be1a3
[INFO] running `Command { std: "docker" "start" "-a" "b1c29fbf50e150f31d215579feef59d47e5ec40850935844778d3c085d9be1a3", kill_on_drop: false }`
[INFO] [stderr]     Finished `test` profile [unoptimized + debuginfo] target(s) in 0.03s
[INFO] [stderr]      Running unittests src/lib.rs (/opt/rustwide/target/debug/deps/encryption_macros_encryption-0f12a6aafea0a1a2)
[INFO] [stderr]    Doc-tests encryption_macros_encryption
[INFO] [stdout] 
[INFO] [stdout] running 0 tests
[INFO] [stdout] 
[INFO] [stdout] test result: ok. 0 passed; 0 failed; 0 ignored; 0 measured; 0 filtered out; finished in 0.00s
[INFO] [stdout] 
[INFO] [stdout] 
[INFO] [stdout] running 3 tests
[INFO] [stdout] test src/lib.rs - FORMAT_ARGS_IDENTIFIERS (line 34) ... FAILED
[INFO] [stdout] test src/lib.rs - e (line 9) ... FAILED
[INFO] [stdout] test src/lib.rs - encrypt_all_strings (line 54) ... FAILED
[INFO] [stdout] 
[INFO] [stdout] failures:
[INFO] [stdout] 
[INFO] [stdout] ---- src/lib.rs - FORMAT_ARGS_IDENTIFIERS (line 34) stdout ----
[INFO] [stdout] error[E0432]: unresolved import `encryption_macros`
[INFO] [stdout]  --> src/lib.rs:35:5
[INFO] [stdout]   |
[INFO] [stdout] 2 | use encryption_macros::encrypt_strings;
[INFO] [stdout]   |     ^^^^^^^^^^^^^^^^^ use of undeclared crate or module `encryption_macros`
[INFO] [stdout] 
[INFO] [stdout] error[E0601]: `main` function not found in crate `rust_out`
[INFO] [stdout]  --> src/lib.rs:41:2
[INFO] [stdout]   |
[INFO] [stdout] 8 | }
[INFO] [stdout]   |  ^ consider adding a `main` function to `src/lib.rs`
[INFO] [stdout] 
[INFO] [stdout] error: aborting due to 2 previous errors
[INFO] [stdout] 
[INFO] [stdout] Some errors have detailed explanations: E0432, E0601.
[INFO] [stdout] For more information about an error, try `rustc --explain E0432`.
[INFO] [stdout] Couldn't compile the test.
[INFO] [stdout] ---- src/lib.rs - e (line 9) stdout ----
[INFO] [stdout] error[E0432]: unresolved import `encryption_macros`
[INFO] [stdout]  --> src/lib.rs:10:5
[INFO] [stdout]   |
[INFO] [stdout] 2 | use encryption_macros::e;
[INFO] [stdout]   |     ^^^^^^^^^^^^^^^^^ use of undeclared crate or module `encryption_macros`
[INFO] [stdout] 
[INFO] [stdout] error: aborting due to 1 previous error
[INFO] [stdout] 
[INFO] [stdout] For more information about this error, try `rustc --explain E0432`.
[INFO] [stdout] Couldn't compile the test.
[INFO] [stdout] ---- src/lib.rs - encrypt_all_strings (line 54) stdout ----
[INFO] [stdout] error[E0432]: unresolved import `encryption_macros`
[INFO] [stdout]  --> src/lib.rs:55:5
[INFO] [stdout]   |
[INFO] [stdout] 2 | use encryption_macros::encrypt_all_strings;
[INFO] [stdout]   |     ^^^^^^^^^^^^^^^^^ use of undeclared crate or module `encryption_macros`
[INFO] [stdout] 
[INFO] [stdout] error: aborting due to 1 previous error
[INFO] [stdout] 
[INFO] [stdout] For more information about this error, try `rustc --explain E0432`.
[INFO] [stdout] Couldn't compile the test.
[INFO] [stdout] 
[INFO] [stdout] failures:
[INFO] [stdout]     src/lib.rs - FORMAT_ARGS_IDENTIFIERS (line 34)
[INFO] [stdout]     src/lib.rs - e (line 9)
[INFO] [stdout]     src/lib.rs - encrypt_all_strings (line 54)
[INFO] [stdout] 
[INFO] [stdout] test result: FAILED. 0 passed; 3 failed; 0 ignored; 0 measured; 0 filtered out; finished in 0.08s
[INFO] [stdout] 
[INFO] [stderr] error: doctest failed, to rerun pass `--doc`
[INFO] running `Command { std: "docker" "inspect" "b1c29fbf50e150f31d215579feef59d47e5ec40850935844778d3c085d9be1a3", kill_on_drop: false }`
[INFO] running `Command { std: "docker" "rm" "-f" "b1c29fbf50e150f31d215579feef59d47e5ec40850935844778d3c085d9be1a3", kill_on_drop: false }`
[INFO] [stdout] b1c29fbf50e150f31d215579feef59d47e5ec40850935844778d3c085d9be1a3
