[INFO] fetching crate empty-option 0.1.1...
[INFO] testing empty-option-0.1.1 against nightly-2024-10-28 for randomize-layout
[INFO] extracting crate empty-option 0.1.1 into /workspace/builds/worker-6-tc1/source
[INFO] validating manifest of crates.io crate empty-option 0.1.1 on toolchain nightly-2024-10-28
[INFO] running `Command { std: CARGO_HOME="/workspace/cargo-home" RUSTUP_HOME="/workspace/rustup-home" "/workspace/cargo-home/bin/cargo" "+nightly-2024-10-28" "metadata" "--manifest-path" "Cargo.toml" "--no-deps", kill_on_drop: false }`
[INFO] started tweaking crates.io crate empty-option 0.1.1
[INFO] finished tweaking crates.io crate empty-option 0.1.1
[INFO] tweaked toml for crates.io crate empty-option 0.1.1 written to /workspace/builds/worker-6-tc1/source/Cargo.toml
[INFO] running `Command { std: CARGO_HOME="/workspace/cargo-home" RUSTUP_HOME="/workspace/rustup-home" "/workspace/cargo-home/bin/cargo" "+nightly-2024-10-28" "generate-lockfile" "--manifest-path" "Cargo.toml", kill_on_drop: false }`
[INFO] running `Command { std: CARGO_HOME="/workspace/cargo-home" RUSTUP_HOME="/workspace/rustup-home" "/workspace/cargo-home/bin/cargo" "+nightly-2024-10-28" "fetch" "--manifest-path" "Cargo.toml", kill_on_drop: false }`
[INFO] [stderr] warning: no edition set: defaulting to the 2015 edition while the latest is 2021
[INFO] running `Command { std: "docker" "create" "-v" "/var/lib/crater-agent-workspace/builds/worker-6-tc1/target:/opt/rustwide/target:rw,Z" "-v" "/var/lib/crater-agent-workspace/builds/worker-6-tc1/source:/opt/rustwide/workdir:ro,Z" "-v" "/var/lib/crater-agent-workspace/cargo-home:/opt/rustwide/cargo-home:ro,Z" "-v" "/var/lib/crater-agent-workspace/rustup-home:/opt/rustwide/rustup-home:ro,Z" "-e" "SOURCE_DIR=/opt/rustwide/workdir" "-e" "CARGO_TARGET_DIR=/opt/rustwide/target" "-e" "CARGO_HOME=/opt/rustwide/cargo-home" "-e" "RUSTUP_HOME=/opt/rustwide/rustup-home" "-w" "/opt/rustwide/workdir" "-m" "1610612736" "--user" "0:0" "--network" "none" "ghcr.io/rust-lang/crates-build-env/linux@sha256:4a844ea9eb2546a2d2c7022eacef16ef2e8229c7fbb2c7d4d55a9ceca922f72d" "/opt/rustwide/cargo-home/bin/cargo" "+nightly-2024-10-28" "metadata" "--no-deps" "--format-version=1", kill_on_drop: false }`
[INFO] [stdout] 6e298c1a4eaa59f003245fcb002852366a2daa5bdd72692f84677a4cf18d3850
[INFO] running `Command { std: "docker" "start" "-a" "6e298c1a4eaa59f003245fcb002852366a2daa5bdd72692f84677a4cf18d3850", kill_on_drop: false }`
[INFO] running `Command { std: "docker" "inspect" "6e298c1a4eaa59f003245fcb002852366a2daa5bdd72692f84677a4cf18d3850", kill_on_drop: false }`
[INFO] running `Command { std: "docker" "rm" "-f" "6e298c1a4eaa59f003245fcb002852366a2daa5bdd72692f84677a4cf18d3850", kill_on_drop: false }`
[INFO] [stdout] 6e298c1a4eaa59f003245fcb002852366a2daa5bdd72692f84677a4cf18d3850
[INFO] running `Command { std: "docker" "create" "-v" "/var/lib/crater-agent-workspace/builds/worker-6-tc1/target:/opt/rustwide/target:rw,Z" "-v" "/var/lib/crater-agent-workspace/builds/worker-6-tc1/source:/opt/rustwide/workdir:ro,Z" "-v" "/var/lib/crater-agent-workspace/cargo-home:/opt/rustwide/cargo-home:ro,Z" "-v" "/var/lib/crater-agent-workspace/rustup-home:/opt/rustwide/rustup-home:ro,Z" "-e" "SOURCE_DIR=/opt/rustwide/workdir" "-e" "CARGO_TARGET_DIR=/opt/rustwide/target" "-e" "CARGO_INCREMENTAL=0" "-e" "RUST_BACKTRACE=full" "-e" "RUSTFLAGS=--cap-lints=forbid" "-e" "RUSTDOCFLAGS=--cap-lints=forbid" "-e" "CARGO_HOME=/opt/rustwide/cargo-home" "-e" "RUSTUP_HOME=/opt/rustwide/rustup-home" "-w" "/opt/rustwide/workdir" "-m" "1610612736" "--user" "0:0" "--network" "none" "ghcr.io/rust-lang/crates-build-env/linux@sha256:4a844ea9eb2546a2d2c7022eacef16ef2e8229c7fbb2c7d4d55a9ceca922f72d" "/opt/rustwide/cargo-home/bin/cargo" "+nightly-2024-10-28" "build" "--frozen" "--message-format=json", kill_on_drop: false }`
[INFO] [stdout] 19fa3c3b39669543a6ba60762a41065874adfa48c1658a0508b83d93b9c7fad5
[INFO] running `Command { std: "docker" "start" "-a" "19fa3c3b39669543a6ba60762a41065874adfa48c1658a0508b83d93b9c7fad5", kill_on_drop: false }`
[INFO] [stderr] warning: no edition set: defaulting to the 2015 edition while the latest is 2021
[INFO] [stderr]    Compiling empty-option v0.1.1 (/opt/rustwide/workdir)
[INFO] [stderr]     Finished `dev` profile [unoptimized + debuginfo] target(s) in 0.05s
[INFO] running `Command { std: "docker" "inspect" "19fa3c3b39669543a6ba60762a41065874adfa48c1658a0508b83d93b9c7fad5", kill_on_drop: false }`
[INFO] running `Command { std: "docker" "rm" "-f" "19fa3c3b39669543a6ba60762a41065874adfa48c1658a0508b83d93b9c7fad5", kill_on_drop: false }`
[INFO] [stdout] 19fa3c3b39669543a6ba60762a41065874adfa48c1658a0508b83d93b9c7fad5
[INFO] running `Command { std: "docker" "create" "-v" "/var/lib/crater-agent-workspace/builds/worker-6-tc1/target:/opt/rustwide/target:rw,Z" "-v" "/var/lib/crater-agent-workspace/builds/worker-6-tc1/source:/opt/rustwide/workdir:ro,Z" "-v" "/var/lib/crater-agent-workspace/cargo-home:/opt/rustwide/cargo-home:ro,Z" "-v" "/var/lib/crater-agent-workspace/rustup-home:/opt/rustwide/rustup-home:ro,Z" "-e" "SOURCE_DIR=/opt/rustwide/workdir" "-e" "CARGO_TARGET_DIR=/opt/rustwide/target" "-e" "CARGO_INCREMENTAL=0" "-e" "RUST_BACKTRACE=full" "-e" "RUSTFLAGS=--cap-lints=forbid" "-e" "RUSTDOCFLAGS=--cap-lints=forbid" "-e" "CARGO_HOME=/opt/rustwide/cargo-home" "-e" "RUSTUP_HOME=/opt/rustwide/rustup-home" "-w" "/opt/rustwide/workdir" "-m" "1610612736" "--user" "0:0" "--network" "none" "ghcr.io/rust-lang/crates-build-env/linux@sha256:4a844ea9eb2546a2d2c7022eacef16ef2e8229c7fbb2c7d4d55a9ceca922f72d" "/opt/rustwide/cargo-home/bin/cargo" "+nightly-2024-10-28" "test" "--frozen" "--no-run" "--message-format=json", kill_on_drop: false }`
[INFO] [stdout] e6adcad895acb7857b51cefe436c62e150949198e072296866659aff7f000d34
[INFO] running `Command { std: "docker" "start" "-a" "e6adcad895acb7857b51cefe436c62e150949198e072296866659aff7f000d34", kill_on_drop: false }`
[INFO] [stderr] warning: no edition set: defaulting to the 2015 edition while the latest is 2021
[INFO] [stderr]    Compiling empty-option v0.1.1 (/opt/rustwide/workdir)
[INFO] [stderr]     Finished `test` profile [unoptimized + debuginfo] target(s) in 0.15s
[INFO] running `Command { std: "docker" "inspect" "e6adcad895acb7857b51cefe436c62e150949198e072296866659aff7f000d34", kill_on_drop: false }`
[INFO] running `Command { std: "docker" "rm" "-f" "e6adcad895acb7857b51cefe436c62e150949198e072296866659aff7f000d34", kill_on_drop: false }`
[INFO] [stdout] e6adcad895acb7857b51cefe436c62e150949198e072296866659aff7f000d34
[INFO] running `Command { std: "docker" "create" "-v" "/var/lib/crater-agent-workspace/builds/worker-6-tc1/target:/opt/rustwide/target:rw,Z" "-v" "/var/lib/crater-agent-workspace/builds/worker-6-tc1/source:/opt/rustwide/workdir:ro,Z" "-v" "/var/lib/crater-agent-workspace/cargo-home:/opt/rustwide/cargo-home:ro,Z" "-v" "/var/lib/crater-agent-workspace/rustup-home:/opt/rustwide/rustup-home:ro,Z" "-e" "SOURCE_DIR=/opt/rustwide/workdir" "-e" "CARGO_TARGET_DIR=/opt/rustwide/target" "-e" "CARGO_INCREMENTAL=0" "-e" "RUST_BACKTRACE=full" "-e" "RUSTFLAGS=--cap-lints=forbid" "-e" "RUSTDOCFLAGS=--cap-lints=forbid" "-e" "CARGO_HOME=/opt/rustwide/cargo-home" "-e" "RUSTUP_HOME=/opt/rustwide/rustup-home" "-w" "/opt/rustwide/workdir" "-m" "1610612736" "--user" "0:0" "--network" "none" "ghcr.io/rust-lang/crates-build-env/linux@sha256:4a844ea9eb2546a2d2c7022eacef16ef2e8229c7fbb2c7d4d55a9ceca922f72d" "/opt/rustwide/cargo-home/bin/cargo" "+nightly-2024-10-28" "test" "--frozen", kill_on_drop: false }`
[INFO] [stdout] 009a46b23e8fb62d2923097d32e1d636dc10ab2f63d82f4589992c2e1a3df423
[INFO] running `Command { std: "docker" "start" "-a" "009a46b23e8fb62d2923097d32e1d636dc10ab2f63d82f4589992c2e1a3df423", kill_on_drop: false }`
[INFO] [stderr] warning: no edition set: defaulting to the 2015 edition while the latest is 2021
[INFO] [stderr]     Finished `test` profile [unoptimized + debuginfo] target(s) in 0.00s
[INFO] [stderr]      Running unittests src/lib.rs (/opt/rustwide/target/debug/deps/empty_option-ee7e94cefb026dc2)
[INFO] [stdout] 
[INFO] [stdout] running 6 tests
[INFO] [stdout] test tests::catch_and_release ... ok
[INFO] [stdout] test tests::mut_and_keep ... ok
[INFO] [stdout] test tests::mut_and_release ... ok
[INFO] [stdout] test tests::catch_and_keep - should panic ... ok
[INFO] [stdout] test tests::catch_from_none - should panic ... ok
[INFO] [stdout] test tests::mut_from_none - should panic ... ok
[INFO] [stdout] 
[INFO] [stdout] test result: ok. 6 passed; 0 failed; 0 ignored; 0 measured; 0 filtered out; finished in 0.01s
[INFO] [stdout] 
[INFO] [stderr]    Doc-tests empty_option
[INFO] [stdout] 
[INFO] [stdout] running 12 tests
[INFO] [stdout] test src/lib.rs - OptionGuardMut (line 246) ... FAILED
[INFO] [stdout] test src/lib.rs - (line 99) ... FAILED
[INFO] [stdout] test src/lib.rs - OptionGuard (line 168) ... FAILED
[INFO] [stdout] test src/lib.rs - (line 46) ... FAILED
[INFO] [stdout] test src/lib.rs - OptionGuardMut (line 230) ... ok
[INFO] [stdout] test src/lib.rs - (line 63) ... ok
[INFO] [stdout] test src/lib.rs - (line 11) ... ok
[INFO] [stdout] test src/lib.rs - (line 81) ... ok
[INFO] [stdout] test src/lib.rs - OptionGuardMut (line 213) ... ok
[INFO] [stdout] test src/lib.rs - OptionGuard (line 157) ... ok
[INFO] [stdout] test src/lib.rs - (line 34) ... ok
[INFO] [stdout] test src/lib.rs - OptionGuard (line 135) ... ok
[INFO] [stdout] 
[INFO] [stdout] failures:
[INFO] [stdout] 
[INFO] [stdout] ---- src/lib.rs - OptionGuardMut (line 246) stdout ----
[INFO] [stdout] error[E0599]: no method named `steal_mut` found for enum `Option` in the current scope
[INFO] [stdout]  --> src/lib.rs:250:7
[INFO] [stdout]   |
[INFO] [stdout] 6 | thing.steal_mut();
[INFO] [stdout]   |       ^^^^^^^^^
[INFO] [stdout]   |
[INFO] [stdout] help: there is a method `iter_mut` with a similar name
[INFO] [stdout]   |
[INFO] [stdout] 6 | thing.iter_mut();
[INFO] [stdout]   |       ~~~~~~~~
[INFO] [stdout] 
[INFO] [stdout] error: aborting due to 1 previous error
[INFO] [stdout] 
[INFO] [stdout] For more information about this error, try `rustc --explain E0599`.
[INFO] [stdout] Couldn't compile the test.
[INFO] [stdout] ---- src/lib.rs - (line 99) stdout ----
[INFO] [stdout] error[E0599]: no method named `steal_mut` found for enum `Option` in the current scope
[INFO] [stdout]  --> src/lib.rs:103:7
[INFO] [stdout]   |
[INFO] [stdout] 6 | thing.steal_mut();
[INFO] [stdout]   |       ^^^^^^^^^
[INFO] [stdout]   |
[INFO] [stdout] help: there is a method `iter_mut` with a similar name
[INFO] [stdout]   |
[INFO] [stdout] 6 | thing.iter_mut();
[INFO] [stdout]   |       ~~~~~~~~
[INFO] [stdout] 
[INFO] [stdout] error: aborting due to 1 previous error
[INFO] [stdout] 
[INFO] [stdout] For more information about this error, try `rustc --explain E0599`.
[INFO] [stdout] Couldn't compile the test.
[INFO] [stdout] ---- src/lib.rs - OptionGuard (line 168) stdout ----
[INFO] [stdout] error[E0599]: no method named `steal` found for enum `Option` in the current scope
[INFO] [stdout]  --> src/lib.rs:172:24
[INFO] [stdout]   |
[INFO] [stdout] 6 | let (guard, _) = thing.steal();
[INFO] [stdout]   |                        ^^^^^ method not found in `Option<_>`
[INFO] [stdout] 
[INFO] [stdout] error: aborting due to 1 previous error
[INFO] [stdout] 
[INFO] [stdout] For more information about this error, try `rustc --explain E0599`.
[INFO] [stdout] Couldn't compile the test.
[INFO] [stdout] ---- src/lib.rs - (line 46) stdout ----
[INFO] [stdout] error[E0599]: no method named `steal` found for enum `Option` in the current scope
[INFO] [stdout]  --> src/lib.rs:50:24
[INFO] [stdout]   |
[INFO] [stdout] 6 | let (guard, _) = thing.steal();
[INFO] [stdout]   |                        ^^^^^ method not found in `Option<_>`
[INFO] [stdout] 
[INFO] [stdout] error: aborting due to 1 previous error
[INFO] [stdout] 
[INFO] [stdout] For more information about this error, try `rustc --explain E0599`.
[INFO] [stdout] Couldn't compile the test.
[INFO] [stdout] 
[INFO] [stdout] failures:
[INFO] [stdout]     src/lib.rs - (line 46)
[INFO] [stdout]     src/lib.rs - (line 99)
[INFO] [stdout]     src/lib.rs - OptionGuard (line 168)
[INFO] [stdout]     src/lib.rs - OptionGuardMut (line 246)
[INFO] [stdout] 
[INFO] [stdout] test result: FAILED. 8 passed; 4 failed; 0 ignored; 0 measured; 0 filtered out; finished in 0.12s
[INFO] [stdout] 
[INFO] [stderr] error: doctest failed, to rerun pass `--doc`
[INFO] running `Command { std: "docker" "inspect" "009a46b23e8fb62d2923097d32e1d636dc10ab2f63d82f4589992c2e1a3df423", kill_on_drop: false }`
[INFO] running `Command { std: "docker" "rm" "-f" "009a46b23e8fb62d2923097d32e1d636dc10ab2f63d82f4589992c2e1a3df423", kill_on_drop: false }`
[INFO] [stdout] 009a46b23e8fb62d2923097d32e1d636dc10ab2f63d82f4589992c2e1a3df423
