[INFO] fetching crate embedded-sprites 0.2.0...
[INFO] testing embedded-sprites-0.2.0 against nightly-2024-10-28+rustflags=-Zrandomize-layout for randomize-layout
[INFO] extracting crate embedded-sprites 0.2.0 into /workspace/builds/worker-1-tc2/source
[INFO] validating manifest of crates.io crate embedded-sprites 0.2.0 on toolchain nightly-2024-10-28
[INFO] running `Command { std: CARGO_HOME="/workspace/cargo-home" RUSTUP_HOME="/workspace/rustup-home" "/workspace/cargo-home/bin/cargo" "+nightly-2024-10-28" "metadata" "--manifest-path" "Cargo.toml" "--no-deps", kill_on_drop: false }`
[INFO] started tweaking crates.io crate embedded-sprites 0.2.0
[INFO] finished tweaking crates.io crate embedded-sprites 0.2.0
[INFO] tweaked toml for crates.io crate embedded-sprites 0.2.0 written to /workspace/builds/worker-1-tc2/source/Cargo.toml
[INFO] running `Command { std: CARGO_HOME="/workspace/cargo-home" RUSTUP_HOME="/workspace/rustup-home" "/workspace/cargo-home/bin/cargo" "+nightly-2024-10-28" "generate-lockfile" "--manifest-path" "Cargo.toml", kill_on_drop: false }`
[INFO] [stderr]     Updating crates.io index
[INFO] [stderr]      Locking 152 packages to latest compatible versions
[INFO] [stderr]       Adding embedded-graphics-simulator v0.6.0 (available: v0.7.0)
[INFO] running `Command { std: CARGO_HOME="/workspace/cargo-home" RUSTUP_HOME="/workspace/rustup-home" "/workspace/cargo-home/bin/cargo" "+nightly-2024-10-28" "fetch" "--manifest-path" "Cargo.toml", kill_on_drop: false }`
[INFO] running `Command { std: "docker" "create" "-v" "/var/lib/crater-agent-workspace/builds/worker-1-tc2/target:/opt/rustwide/target:rw,Z" "-v" "/var/lib/crater-agent-workspace/builds/worker-1-tc2/source:/opt/rustwide/workdir:ro,Z" "-v" "/var/lib/crater-agent-workspace/cargo-home:/opt/rustwide/cargo-home:ro,Z" "-v" "/var/lib/crater-agent-workspace/rustup-home:/opt/rustwide/rustup-home:ro,Z" "-e" "SOURCE_DIR=/opt/rustwide/workdir" "-e" "CARGO_TARGET_DIR=/opt/rustwide/target" "-e" "CARGO_HOME=/opt/rustwide/cargo-home" "-e" "RUSTUP_HOME=/opt/rustwide/rustup-home" "-w" "/opt/rustwide/workdir" "-m" "1610612736" "--user" "0:0" "--network" "none" "ghcr.io/rust-lang/crates-build-env/linux@sha256:4a844ea9eb2546a2d2c7022eacef16ef2e8229c7fbb2c7d4d55a9ceca922f72d" "/opt/rustwide/cargo-home/bin/cargo" "+nightly-2024-10-28" "metadata" "--no-deps" "--format-version=1", kill_on_drop: false }`
[INFO] [stdout] 2b236cdf38078c043ac113ee60f0ec74e38dcf9ed998fe485724c4f63883abc9
[INFO] running `Command { std: "docker" "start" "-a" "2b236cdf38078c043ac113ee60f0ec74e38dcf9ed998fe485724c4f63883abc9", kill_on_drop: false }`
[INFO] running `Command { std: "docker" "inspect" "2b236cdf38078c043ac113ee60f0ec74e38dcf9ed998fe485724c4f63883abc9", kill_on_drop: false }`
[INFO] running `Command { std: "docker" "rm" "-f" "2b236cdf38078c043ac113ee60f0ec74e38dcf9ed998fe485724c4f63883abc9", kill_on_drop: false }`
[INFO] [stdout] 2b236cdf38078c043ac113ee60f0ec74e38dcf9ed998fe485724c4f63883abc9
[INFO] running `Command { std: "docker" "create" "-v" "/var/lib/crater-agent-workspace/builds/worker-1-tc2/target:/opt/rustwide/target:rw,Z" "-v" "/var/lib/crater-agent-workspace/builds/worker-1-tc2/source:/opt/rustwide/workdir:ro,Z" "-v" "/var/lib/crater-agent-workspace/cargo-home:/opt/rustwide/cargo-home:ro,Z" "-v" "/var/lib/crater-agent-workspace/rustup-home:/opt/rustwide/rustup-home:ro,Z" "-e" "SOURCE_DIR=/opt/rustwide/workdir" "-e" "CARGO_TARGET_DIR=/opt/rustwide/target" "-e" "CARGO_INCREMENTAL=0" "-e" "RUST_BACKTRACE=full" "-e" "RUSTFLAGS=--cap-lints=forbid -Zrandomize-layout" "-e" "RUSTDOCFLAGS=--cap-lints=forbid" "-e" "CARGO_HOME=/opt/rustwide/cargo-home" "-e" "RUSTUP_HOME=/opt/rustwide/rustup-home" "-w" "/opt/rustwide/workdir" "-m" "1610612736" "--user" "0:0" "--network" "none" "ghcr.io/rust-lang/crates-build-env/linux@sha256:4a844ea9eb2546a2d2c7022eacef16ef2e8229c7fbb2c7d4d55a9ceca922f72d" "/opt/rustwide/cargo-home/bin/cargo" "+nightly-2024-10-28" "build" "--frozen" "--message-format=json", kill_on_drop: false }`
[INFO] [stdout] 33bc4e2c3b2e6ac5d994f30af047b38fcec3f0c87156649b5ea4ad7f5b5ab3c8
[INFO] running `Command { std: "docker" "start" "-a" "33bc4e2c3b2e6ac5d994f30af047b38fcec3f0c87156649b5ea4ad7f5b5ab3c8", kill_on_drop: false }`
[INFO] [stderr]    Compiling cfg-if v1.0.0
[INFO] [stderr]    Compiling wasm-bindgen-shared v0.2.95
[INFO] [stderr]    Compiling log v0.4.22
[INFO] [stderr]    Compiling crossbeam-utils v0.8.20
[INFO] [stderr]    Compiling simd-adler32 v0.3.7
[INFO] [stderr]    Compiling num-traits v0.2.19
[INFO] [stderr]    Compiling bumpalo v3.16.0
[INFO] [stderr]    Compiling syn v2.0.86
[INFO] [stderr]    Compiling once_cell v1.20.2
[INFO] [stderr]    Compiling anyhow v1.0.92
[INFO] [stderr]    Compiling adler2 v2.0.0
[INFO] [stderr]    Compiling thiserror v1.0.66
[INFO] [stderr]    Compiling paste v1.0.15
[INFO] [stderr]    Compiling miniz_oxide v0.8.0
[INFO] [stderr]    Compiling minimal-lexical v0.2.1
[INFO] [stderr]    Compiling arrayvec v0.7.6
[INFO] [stderr]    Compiling built v0.7.5
[INFO] [stderr]    Compiling rayon-core v1.12.1
[INFO] [stderr]    Compiling either v1.13.0
[INFO] [stderr]    Compiling aligned-vec v0.5.0
[INFO] [stderr]    Compiling memchr v2.7.4
[INFO] [stderr]    Compiling crossbeam-epoch v0.9.18
[INFO] [stderr]    Compiling wasm-bindgen v0.2.95
[INFO] [stderr]    Compiling rav1e v0.7.1
[INFO] [stderr]    Compiling libc v0.2.161
[INFO] [stderr]    Compiling crossbeam-deque v0.8.5
[INFO] [stderr]    Compiling crc32fast v1.4.2
[INFO] [stderr]    Compiling az v1.2.1
[INFO] [stderr]    Compiling num-integer v0.1.46
[INFO] [stderr]    Compiling v_frame v0.3.8
[INFO] [stderr]    Compiling nom v7.1.3
[INFO] [stderr]    Compiling flate2 v1.0.34
[INFO] [stderr]    Compiling num-bigint v0.4.6
[INFO] [stderr]    Compiling itertools v0.12.1
[INFO] [stderr]    Compiling maybe-rayon v0.1.1
[INFO] [stderr]    Compiling simd_helpers v0.1.0
[INFO] [stderr]    Compiling new_debug_unreachable v1.0.6
[INFO] [stderr]    Compiling quick-error v2.0.1
[INFO] [stderr]    Compiling noop_proc_macro v0.3.0
[INFO] [stderr]    Compiling imgref v1.11.0
[INFO] [stderr]    Compiling bitstream-io v2.5.3
[INFO] [stderr]    Compiling weezl v0.1.8
[INFO] [stderr]    Compiling loop9 v0.1.5
[INFO] [stderr]    Compiling avif-serialize v0.8.2
[INFO] [stderr]    Compiling fdeflate v0.3.6
[INFO] [stderr]    Compiling zune-inflate v0.2.54
[INFO] [stderr]    Compiling half v2.4.1
[INFO] [stderr]    Compiling num-rational v0.4.2
[INFO] [stderr]    Compiling bytemuck v1.19.0
[INFO] [stderr]    Compiling rgb v0.8.50
[INFO] [stderr]    Compiling syn v1.0.109
[INFO] [stderr]    Compiling av1-grain v0.2.3
[INFO] [stderr]    Compiling bit_field v0.10.2
[INFO] [stderr]    Compiling jpeg-decoder v0.3.1
[INFO] [stderr]    Compiling lebe v0.5.2
[INFO] [stderr]    Compiling bitflags v1.3.2
[INFO] [stderr]    Compiling color_quant v1.1.0
[INFO] [stderr]    Compiling zune-core v0.4.12
[INFO] [stderr]    Compiling byteorder v1.5.0
[INFO] [stderr]    Compiling smallvec v1.13.2
[INFO] [stderr]    Compiling byteorder-lite v0.1.0
[INFO] [stderr]    Compiling gif v0.13.1
[INFO] [stderr]    Compiling zune-jpeg v0.4.13
[INFO] [stderr]    Compiling embedded-graphics-core v0.4.0
[INFO] [stderr]    Compiling exr v1.73.0
[INFO] [stderr]    Compiling image-webp v0.2.0
[INFO] [stderr]    Compiling tiff v0.9.1
[INFO] [stderr]    Compiling png v0.17.14
[INFO] [stderr]    Compiling qoi v0.4.1
[INFO] [stderr]    Compiling wasm-bindgen-backend v0.2.95
[INFO] [stderr]    Compiling rayon v1.10.0
[INFO] [stderr]    Compiling float-cmp v0.9.0
[INFO] [stderr]    Compiling micromath v2.1.0
[INFO] [stderr]    Compiling embedded-graphics v0.8.1
[INFO] [stderr]    Compiling wasm-bindgen-macro-support v0.2.95
[INFO] [stderr]    Compiling profiling-procmacros v1.0.16
[INFO] [stderr]    Compiling thiserror-impl v1.0.66
[INFO] [stderr]    Compiling num-derive v0.4.2
[INFO] [stderr]    Compiling profiling v1.0.16
[INFO] [stderr]    Compiling arg_enum_proc_macro v0.3.4
[INFO] [stderr]    Compiling wasm-bindgen-macro v0.2.95
[INFO] [stderr]    Compiling ravif v0.11.11
[INFO] [stderr]    Compiling image v0.25.4
[INFO] [stderr]    Compiling embedded-sprites-proc-macro v0.2.0
[INFO] [stderr]    Compiling embedded-sprites v0.2.0 (/opt/rustwide/workdir)
[INFO] [stderr]     Finished `dev` profile [unoptimized + debuginfo] target(s) in 13.57s
[INFO] running `Command { std: "docker" "inspect" "33bc4e2c3b2e6ac5d994f30af047b38fcec3f0c87156649b5ea4ad7f5b5ab3c8", kill_on_drop: false }`
[INFO] running `Command { std: "docker" "rm" "-f" "33bc4e2c3b2e6ac5d994f30af047b38fcec3f0c87156649b5ea4ad7f5b5ab3c8", kill_on_drop: false }`
[INFO] [stdout] 33bc4e2c3b2e6ac5d994f30af047b38fcec3f0c87156649b5ea4ad7f5b5ab3c8
[INFO] running `Command { std: "docker" "create" "-v" "/var/lib/crater-agent-workspace/builds/worker-1-tc2/target:/opt/rustwide/target:rw,Z" "-v" "/var/lib/crater-agent-workspace/builds/worker-1-tc2/source:/opt/rustwide/workdir:ro,Z" "-v" "/var/lib/crater-agent-workspace/cargo-home:/opt/rustwide/cargo-home:ro,Z" "-v" "/var/lib/crater-agent-workspace/rustup-home:/opt/rustwide/rustup-home:ro,Z" "-e" "SOURCE_DIR=/opt/rustwide/workdir" "-e" "CARGO_TARGET_DIR=/opt/rustwide/target" "-e" "CARGO_INCREMENTAL=0" "-e" "RUST_BACKTRACE=full" "-e" "RUSTFLAGS=--cap-lints=forbid -Zrandomize-layout" "-e" "RUSTDOCFLAGS=--cap-lints=forbid" "-e" "CARGO_HOME=/opt/rustwide/cargo-home" "-e" "RUSTUP_HOME=/opt/rustwide/rustup-home" "-w" "/opt/rustwide/workdir" "-m" "1610612736" "--user" "0:0" "--network" "none" "ghcr.io/rust-lang/crates-build-env/linux@sha256:4a844ea9eb2546a2d2c7022eacef16ef2e8229c7fbb2c7d4d55a9ceca922f72d" "/opt/rustwide/cargo-home/bin/cargo" "+nightly-2024-10-28" "test" "--frozen" "--no-run" "--message-format=json", kill_on_drop: false }`
[INFO] [stdout] dc6518a00c878cbb2c7028ebf73c82dc4d0ec6351ab2d7b9639422deb64cd4ad
[INFO] running `Command { std: "docker" "start" "-a" "dc6518a00c878cbb2c7028ebf73c82dc4d0ec6351ab2d7b9639422deb64cd4ad", kill_on_drop: false }`
[INFO] [stderr]    Compiling either v1.13.0
[INFO] [stderr]    Compiling crossbeam-utils v0.8.20
[INFO] [stderr]    Compiling rayon-core v1.12.1
[INFO] [stderr]    Compiling crc32fast v1.4.2
[INFO] [stderr]    Compiling weezl v0.1.8
[INFO] [stderr]    Compiling num-integer v0.1.46
[INFO] [stderr]    Compiling bitflags v1.3.2
[INFO] [stderr]    Compiling color_quant v1.1.0
[INFO] [stderr]    Compiling proc-macro-error-attr v1.0.4
[INFO] [stderr]    Compiling bytemuck v1.19.0
[INFO] [stderr]    Compiling version-compare v0.1.1
[INFO] [stderr]    Compiling itertools v0.12.1
[INFO] [stderr]    Compiling flate2 v1.0.34
[INFO] [stderr]    Compiling wasm-bindgen v0.2.95
[INFO] [stderr]    Compiling num-bigint v0.4.6
[INFO] [stderr]    Compiling sdl2-sys v0.35.2
[INFO] [stderr]    Compiling proc-macro-error v1.0.4
[INFO] [stderr]    Compiling crossbeam-epoch v0.9.18
[INFO] [stderr]    Compiling miniz_oxide v0.4.4
[INFO] [stderr]    Compiling maybe-rayon v0.1.1
[INFO] [stderr]    Compiling adler32 v1.2.0
[INFO] [stderr]    Compiling num-rational v0.3.2
[INFO] [stderr]    Compiling crossbeam-deque v0.8.5
[INFO] [stderr]    Compiling half v2.4.1
[INFO] [stderr]    Compiling adler v1.0.2
[INFO] [stderr]    Compiling tiff v0.9.1
[INFO] [stderr]    Compiling png v0.17.14
[INFO] [stderr]    Compiling deflate v0.8.6
[INFO] [stderr]    Compiling miniz_oxide v0.3.7
[INFO] [stderr]    Compiling rayon v1.10.0
[INFO] [stderr]    Compiling num-rational v0.4.2
[INFO] [stderr]    Compiling exr v1.73.0
[INFO] [stderr]    Compiling qoi v0.4.1
[INFO] [stderr]    Compiling gif v0.13.1
[INFO] [stderr]    Compiling typewit_proc_macros v1.8.1
[INFO] [stderr]    Compiling sdl2 v0.35.2
[INFO] [stderr]    Compiling heck v0.4.1
[INFO] [stderr]    Compiling av1-grain v0.2.3
[INFO] [stderr]    Compiling typewit v1.9.0
[INFO] [stderr]    Compiling ouroboros_macro v0.17.2
[INFO] [stderr]    Compiling png v0.16.8
[INFO] [stderr]    Compiling num-iter v0.1.45
[INFO] [stderr]    Compiling rav1e v0.7.1
[INFO] [stderr]    Compiling gif v0.11.4
[INFO] [stderr]    Compiling lazy_static v1.5.0
[INFO] [stderr]    Compiling static_assertions v1.1.0
[INFO] [stderr]    Compiling scoped_threadpool v0.1.9
[INFO] [stderr]    Compiling aliasable v0.1.3
[INFO] [stderr]    Compiling konst_kernel v0.3.9
[INFO] [stderr]    Compiling base64 v0.13.1
[INFO] [stderr]    Compiling ouroboros v0.17.2
[INFO] [stderr]    Compiling const_panic v0.2.10
[INFO] [stderr]    Compiling konst_proc_macros v0.3.0
[INFO] [stderr]    Compiling jpeg-decoder v0.1.22
[INFO] [stderr]    Compiling konst v0.3.9
[INFO] [stderr]    Compiling tiff v0.6.1
[INFO] [stderr]    Compiling image v0.23.14
[INFO] [stderr]    Compiling embedded-graphics-simulator v0.6.0
[INFO] [stderr]    Compiling ravif v0.11.11
[INFO] [stderr]    Compiling image v0.25.4
[INFO] [stderr]    Compiling embedded-sprites-proc-macro v0.2.0
[INFO] [stderr]    Compiling embedded-sprites v0.2.0 (/opt/rustwide/workdir)
[INFO] [stderr]     Finished `test` profile [unoptimized + debuginfo] target(s) in 10.18s
[INFO] running `Command { std: "docker" "inspect" "dc6518a00c878cbb2c7028ebf73c82dc4d0ec6351ab2d7b9639422deb64cd4ad", kill_on_drop: false }`
[INFO] running `Command { std: "docker" "rm" "-f" "dc6518a00c878cbb2c7028ebf73c82dc4d0ec6351ab2d7b9639422deb64cd4ad", kill_on_drop: false }`
[INFO] [stdout] dc6518a00c878cbb2c7028ebf73c82dc4d0ec6351ab2d7b9639422deb64cd4ad
[INFO] running `Command { std: "docker" "create" "-v" "/var/lib/crater-agent-workspace/builds/worker-1-tc2/target:/opt/rustwide/target:rw,Z" "-v" "/var/lib/crater-agent-workspace/builds/worker-1-tc2/source:/opt/rustwide/workdir:ro,Z" "-v" "/var/lib/crater-agent-workspace/cargo-home:/opt/rustwide/cargo-home:ro,Z" "-v" "/var/lib/crater-agent-workspace/rustup-home:/opt/rustwide/rustup-home:ro,Z" "-e" "SOURCE_DIR=/opt/rustwide/workdir" "-e" "CARGO_TARGET_DIR=/opt/rustwide/target" "-e" "CARGO_INCREMENTAL=0" "-e" "RUST_BACKTRACE=full" "-e" "RUSTFLAGS=--cap-lints=forbid -Zrandomize-layout" "-e" "RUSTDOCFLAGS=--cap-lints=forbid" "-e" "CARGO_HOME=/opt/rustwide/cargo-home" "-e" "RUSTUP_HOME=/opt/rustwide/rustup-home" "-w" "/opt/rustwide/workdir" "-m" "1610612736" "--user" "0:0" "--network" "none" "ghcr.io/rust-lang/crates-build-env/linux@sha256:4a844ea9eb2546a2d2c7022eacef16ef2e8229c7fbb2c7d4d55a9ceca922f72d" "/opt/rustwide/cargo-home/bin/cargo" "+nightly-2024-10-28" "test" "--frozen", kill_on_drop: false }`
[INFO] [stdout] 9fac80a63041ddf61d3ca44e549118863ec7e0e5c7d81ed9a5e8bfb1587fa0c9
[INFO] running `Command { std: "docker" "start" "-a" "9fac80a63041ddf61d3ca44e549118863ec7e0e5c7d81ed9a5e8bfb1587fa0c9", kill_on_drop: false }`
[INFO] [stderr]     Finished `test` profile [unoptimized + debuginfo] target(s) in 0.07s
[INFO] [stderr]      Running unittests src/lib.rs (/opt/rustwide/target/debug/deps/embedded_sprites-70fe1f834b2e4abf)
[INFO] [stdout] 
[INFO] [stdout] running 3 tests
[INFO] [stdout] test image::tests::create_const_image ... ok
[INFO] [stdout] test image::tests::create_image_wrong_widht ... ok
[INFO] [stdout] test image::tests::create_image_wrong_hight ... ok
[INFO] [stdout] 
[INFO] [stdout] test result: ok. 3 passed; 0 failed; 0 ignored; 0 measured; 0 filtered out; finished in 0.00s
[INFO] [stdout] 
[INFO] [stderr]    Doc-tests embedded_sprites
[INFO] [stdout] 
[INFO] [stdout] running 4 tests
[INFO] [stdout] test src/lib.rs - (line 9) ... FAILED
[INFO] [stdout] test src/lib.rs - (line 18) ... FAILED
[INFO] [stdout] test src/image.rs - image::transparency (line 99) ... ok
[INFO] [stdout] test src/image.rs - image::Image<'a,C>::new (line 62) ... ok
[INFO] [stdout] 
[INFO] [stdout] failures:
[INFO] [stdout] 
[INFO] [stdout] ---- src/lib.rs - (line 9) stdout ----
[INFO] [stdout] error: Failed to open image "embedded-sprites/grass.png": No such file or directory (os error 2)
[INFO] [stdout]  --> src/lib.rs:14:30
[INFO] [stdout]   |
[INFO] [stdout] 8 | const IMAGE: Image<Bgr565> = "embedded-sprites/grass.png";
[INFO] [stdout]   |                              ^^^^^^^^^^^^^^^^^^^^^^^^^^^^
[INFO] [stdout] 
[INFO] [stdout] error: aborting due to 1 previous error
[INFO] [stdout] 
[INFO] [stdout] Couldn't compile the test.
[INFO] [stdout] ---- src/lib.rs - (line 18) stdout ----
[INFO] [stdout] error: Failed to open image "embedded-sprites/grass.png": No such file or directory (os error 2)
[INFO] [stdout]   --> src/lib.rs:27:30
[INFO] [stdout]    |
[INFO] [stdout] 12 | const IMAGE: Image<Bgr565> = "embedded-sprites/grass.png";
[INFO] [stdout]    |                              ^^^^^^^^^^^^^^^^^^^^^^^^^^^^
[INFO] [stdout] 
[INFO] [stdout] error[E0425]: cannot find value `IMAGE` in this scope
[INFO] [stdout]   --> src/lib.rs:28:64
[INFO] [stdout]    |
[INFO] [stdout] 13 | const SPRITE1: Sprite<Bgr565> = Sprite::new(Point::new(0, 0), &IMAGE);
[INFO] [stdout]    |                                                                ^^^^^ not found in this scope
[INFO] [stdout] 
[INFO] [stdout] error[E0425]: cannot find value `IMAGE` in this scope
[INFO] [stdout]   --> src/lib.rs:29:66
[INFO] [stdout]    |
[INFO] [stdout] 14 | const SPRITE2: Sprite<Bgr565> = Sprite::new(Point::new(32, 32), &IMAGE);
[INFO] [stdout]    |                                                                  ^^^^^ not found in this scope
[INFO] [stdout] 
[INFO] [stdout] error: aborting due to 3 previous errors
[INFO] [stdout] 
[INFO] [stdout] For more information about this error, try `rustc --explain E0425`.
[INFO] [stdout] Couldn't compile the test.
[INFO] [stdout] 
[INFO] [stdout] failures:
[INFO] [stdout]     src/lib.rs - (line 18)
[INFO] [stdout]     src/lib.rs - (line 9)
[INFO] [stdout] 
[INFO] [stdout] test result: FAILED. 2 passed; 2 failed; 0 ignored; 0 measured; 0 filtered out; finished in 0.07s
[INFO] [stdout] 
[INFO] [stderr] error: doctest failed, to rerun pass `--doc`
[INFO] running `Command { std: "docker" "inspect" "9fac80a63041ddf61d3ca44e549118863ec7e0e5c7d81ed9a5e8bfb1587fa0c9", kill_on_drop: false }`
[INFO] running `Command { std: "docker" "rm" "-f" "9fac80a63041ddf61d3ca44e549118863ec7e0e5c7d81ed9a5e8bfb1587fa0c9", kill_on_drop: false }`
[INFO] [stdout] 9fac80a63041ddf61d3ca44e549118863ec7e0e5c7d81ed9a5e8bfb1587fa0c9
