[INFO] fetching crate embedded-resources 0.1.5...
[INFO] testing embedded-resources-0.1.5 against nightly-2024-10-28+rustflags=-Zrandomize-layout for randomize-layout
[INFO] extracting crate embedded-resources 0.1.5 into /workspace/builds/worker-2-tc2/source
[INFO] validating manifest of crates.io crate embedded-resources 0.1.5 on toolchain nightly-2024-10-28
[INFO] running `Command { std: CARGO_HOME="/workspace/cargo-home" RUSTUP_HOME="/workspace/rustup-home" "/workspace/cargo-home/bin/cargo" "+nightly-2024-10-28" "metadata" "--manifest-path" "Cargo.toml" "--no-deps", kill_on_drop: false }`
[INFO] started tweaking crates.io crate embedded-resources 0.1.5
[INFO] finished tweaking crates.io crate embedded-resources 0.1.5
[INFO] tweaked toml for crates.io crate embedded-resources 0.1.5 written to /workspace/builds/worker-2-tc2/source/Cargo.toml
[INFO] running `Command { std: CARGO_HOME="/workspace/cargo-home" RUSTUP_HOME="/workspace/rustup-home" "/workspace/cargo-home/bin/cargo" "+nightly-2024-10-28" "generate-lockfile" "--manifest-path" "Cargo.toml", kill_on_drop: false }`
[INFO] [stderr]     Updating crates.io index
[INFO] [stderr]      Locking 11 packages to latest compatible versions
[INFO] running `Command { std: CARGO_HOME="/workspace/cargo-home" RUSTUP_HOME="/workspace/rustup-home" "/workspace/cargo-home/bin/cargo" "+nightly-2024-10-28" "fetch" "--manifest-path" "Cargo.toml", kill_on_drop: false }`
[INFO] running `Command { std: "docker" "create" "-v" "/var/lib/crater-agent-workspace/builds/worker-2-tc2/target:/opt/rustwide/target:rw,Z" "-v" "/var/lib/crater-agent-workspace/builds/worker-2-tc2/source:/opt/rustwide/workdir:ro,Z" "-v" "/var/lib/crater-agent-workspace/cargo-home:/opt/rustwide/cargo-home:ro,Z" "-v" "/var/lib/crater-agent-workspace/rustup-home:/opt/rustwide/rustup-home:ro,Z" "-e" "SOURCE_DIR=/opt/rustwide/workdir" "-e" "CARGO_TARGET_DIR=/opt/rustwide/target" "-e" "CARGO_HOME=/opt/rustwide/cargo-home" "-e" "RUSTUP_HOME=/opt/rustwide/rustup-home" "-w" "/opt/rustwide/workdir" "-m" "1610612736" "--user" "0:0" "--network" "none" "ghcr.io/rust-lang/crates-build-env/linux@sha256:4a844ea9eb2546a2d2c7022eacef16ef2e8229c7fbb2c7d4d55a9ceca922f72d" "/opt/rustwide/cargo-home/bin/cargo" "+nightly-2024-10-28" "metadata" "--no-deps" "--format-version=1", kill_on_drop: false }`
[INFO] [stdout] 1240d792d2be45b2d27071190ea72b36f66e46abe94844cff5218ac63ee4750c
[INFO] running `Command { std: "docker" "start" "-a" "1240d792d2be45b2d27071190ea72b36f66e46abe94844cff5218ac63ee4750c", kill_on_drop: false }`
[INFO] running `Command { std: "docker" "inspect" "1240d792d2be45b2d27071190ea72b36f66e46abe94844cff5218ac63ee4750c", kill_on_drop: false }`
[INFO] running `Command { std: "docker" "rm" "-f" "1240d792d2be45b2d27071190ea72b36f66e46abe94844cff5218ac63ee4750c", kill_on_drop: false }`
[INFO] [stdout] 1240d792d2be45b2d27071190ea72b36f66e46abe94844cff5218ac63ee4750c
[INFO] running `Command { std: "docker" "create" "-v" "/var/lib/crater-agent-workspace/builds/worker-2-tc2/target:/opt/rustwide/target:rw,Z" "-v" "/var/lib/crater-agent-workspace/builds/worker-2-tc2/source:/opt/rustwide/workdir:ro,Z" "-v" "/var/lib/crater-agent-workspace/cargo-home:/opt/rustwide/cargo-home:ro,Z" "-v" "/var/lib/crater-agent-workspace/rustup-home:/opt/rustwide/rustup-home:ro,Z" "-e" "SOURCE_DIR=/opt/rustwide/workdir" "-e" "CARGO_TARGET_DIR=/opt/rustwide/target" "-e" "CARGO_INCREMENTAL=0" "-e" "RUST_BACKTRACE=full" "-e" "RUSTFLAGS=--cap-lints=forbid -Zrandomize-layout" "-e" "RUSTDOCFLAGS=--cap-lints=forbid" "-e" "CARGO_HOME=/opt/rustwide/cargo-home" "-e" "RUSTUP_HOME=/opt/rustwide/rustup-home" "-w" "/opt/rustwide/workdir" "-m" "1610612736" "--user" "0:0" "--network" "none" "ghcr.io/rust-lang/crates-build-env/linux@sha256:4a844ea9eb2546a2d2c7022eacef16ef2e8229c7fbb2c7d4d55a9ceca922f72d" "/opt/rustwide/cargo-home/bin/cargo" "+nightly-2024-10-28" "build" "--frozen" "--message-format=json", kill_on_drop: false }`
[INFO] [stdout] fa19ed19877c4f8c328717dd6d0078a26b7d65ca290b174eea7222b635fa4c7f
[INFO] running `Command { std: "docker" "start" "-a" "fa19ed19877c4f8c328717dd6d0078a26b7d65ca290b174eea7222b635fa4c7f", kill_on_drop: false }`
[INFO] [stderr]    Compiling syn v2.0.86
[INFO] [stderr]    Compiling Inflector v0.11.4
[INFO] [stderr]    Compiling embedded-resources v0.1.5 (/opt/rustwide/workdir)
[INFO] [stderr]     Finished `dev` profile [unoptimized + debuginfo] target(s) in 2.36s
[INFO] running `Command { std: "docker" "inspect" "fa19ed19877c4f8c328717dd6d0078a26b7d65ca290b174eea7222b635fa4c7f", kill_on_drop: false }`
[INFO] running `Command { std: "docker" "rm" "-f" "fa19ed19877c4f8c328717dd6d0078a26b7d65ca290b174eea7222b635fa4c7f", kill_on_drop: false }`
[INFO] [stdout] fa19ed19877c4f8c328717dd6d0078a26b7d65ca290b174eea7222b635fa4c7f
[INFO] running `Command { std: "docker" "create" "-v" "/var/lib/crater-agent-workspace/builds/worker-2-tc2/target:/opt/rustwide/target:rw,Z" "-v" "/var/lib/crater-agent-workspace/builds/worker-2-tc2/source:/opt/rustwide/workdir:ro,Z" "-v" "/var/lib/crater-agent-workspace/cargo-home:/opt/rustwide/cargo-home:ro,Z" "-v" "/var/lib/crater-agent-workspace/rustup-home:/opt/rustwide/rustup-home:ro,Z" "-e" "SOURCE_DIR=/opt/rustwide/workdir" "-e" "CARGO_TARGET_DIR=/opt/rustwide/target" "-e" "CARGO_INCREMENTAL=0" "-e" "RUST_BACKTRACE=full" "-e" "RUSTFLAGS=--cap-lints=forbid -Zrandomize-layout" "-e" "RUSTDOCFLAGS=--cap-lints=forbid" "-e" "CARGO_HOME=/opt/rustwide/cargo-home" "-e" "RUSTUP_HOME=/opt/rustwide/rustup-home" "-w" "/opt/rustwide/workdir" "-m" "1610612736" "--user" "0:0" "--network" "none" "ghcr.io/rust-lang/crates-build-env/linux@sha256:4a844ea9eb2546a2d2c7022eacef16ef2e8229c7fbb2c7d4d55a9ceca922f72d" "/opt/rustwide/cargo-home/bin/cargo" "+nightly-2024-10-28" "test" "--frozen" "--no-run" "--message-format=json", kill_on_drop: false }`
[INFO] [stdout] e95452b32accdd4a99f613d9e9c94aa16448ee764fbced5785d132e428cb180d
[INFO] running `Command { std: "docker" "start" "-a" "e95452b32accdd4a99f613d9e9c94aa16448ee764fbced5785d132e428cb180d", kill_on_drop: false }`
[INFO] [stderr]    Compiling embedded-resources v0.1.5 (/opt/rustwide/workdir)
[INFO] [stderr]     Finished `test` profile [unoptimized + debuginfo] target(s) in 0.23s
[INFO] running `Command { std: "docker" "inspect" "e95452b32accdd4a99f613d9e9c94aa16448ee764fbced5785d132e428cb180d", kill_on_drop: false }`
[INFO] running `Command { std: "docker" "rm" "-f" "e95452b32accdd4a99f613d9e9c94aa16448ee764fbced5785d132e428cb180d", kill_on_drop: false }`
[INFO] [stdout] e95452b32accdd4a99f613d9e9c94aa16448ee764fbced5785d132e428cb180d
[INFO] running `Command { std: "docker" "create" "-v" "/var/lib/crater-agent-workspace/builds/worker-2-tc2/target:/opt/rustwide/target:rw,Z" "-v" "/var/lib/crater-agent-workspace/builds/worker-2-tc2/source:/opt/rustwide/workdir:ro,Z" "-v" "/var/lib/crater-agent-workspace/cargo-home:/opt/rustwide/cargo-home:ro,Z" "-v" "/var/lib/crater-agent-workspace/rustup-home:/opt/rustwide/rustup-home:ro,Z" "-e" "SOURCE_DIR=/opt/rustwide/workdir" "-e" "CARGO_TARGET_DIR=/opt/rustwide/target" "-e" "CARGO_INCREMENTAL=0" "-e" "RUST_BACKTRACE=full" "-e" "RUSTFLAGS=--cap-lints=forbid -Zrandomize-layout" "-e" "RUSTDOCFLAGS=--cap-lints=forbid" "-e" "CARGO_HOME=/opt/rustwide/cargo-home" "-e" "RUSTUP_HOME=/opt/rustwide/rustup-home" "-w" "/opt/rustwide/workdir" "-m" "1610612736" "--user" "0:0" "--network" "none" "ghcr.io/rust-lang/crates-build-env/linux@sha256:4a844ea9eb2546a2d2c7022eacef16ef2e8229c7fbb2c7d4d55a9ceca922f72d" "/opt/rustwide/cargo-home/bin/cargo" "+nightly-2024-10-28" "test" "--frozen", kill_on_drop: false }`
[INFO] [stdout] 9b76d8faae93af163faa5b31f20f6c200fb0c19032e03e388939d1b8fed8c8e3
[INFO] running `Command { std: "docker" "start" "-a" "9b76d8faae93af163faa5b31f20f6c200fb0c19032e03e388939d1b8fed8c8e3", kill_on_drop: false }`
[INFO] [stderr]     Finished `test` profile [unoptimized + debuginfo] target(s) in 0.01s
[INFO] [stderr]      Running unittests src/lib.rs (/opt/rustwide/target/debug/deps/embedded_resources-1fe91cc7ab14700d)
[INFO] [stdout] 
[INFO] [stdout] running 0 tests
[INFO] [stdout] 
[INFO] [stdout] test result: ok. 0 passed; 0 failed; 0 ignored; 0 measured; 0 filtered out; finished in 0.00s
[INFO] [stdout] 
[INFO] [stderr]    Doc-tests embedded_resources
[INFO] [stdout] 
[INFO] [stdout] running 1 test
[INFO] [stdout] test src/lib.rs - resource_group (line 17) ... FAILED
[INFO] [stdout] 
[INFO] [stdout] failures:
[INFO] [stdout] 
[INFO] [stdout] ---- src/lib.rs - resource_group (line 17) stdout ----
[INFO] [stdout] error[E0433]: failed to resolve: use of undeclared crate or module `embassy_stm32`
[INFO] [stdout]  --> src/lib.rs:19:5
[INFO] [stdout]   |
[INFO] [stdout] 4 | use embassy_stm32::peripherals::*;
[INFO] [stdout]   |     ^^^^^^^^^^^^^ use of undeclared crate or module `embassy_stm32`
[INFO] [stdout] 
[INFO] [stdout] error[E0433]: failed to resolve: use of undeclared crate or module `embassy_executor`
[INFO] [stdout]   --> src/lib.rs:38:3
[INFO] [stdout]    |
[INFO] [stdout] 23 | #[embassy_executor::task]
[INFO] [stdout]    |   ^^^^^^^^^^^^^^^^ use of undeclared crate or module `embassy_executor`
[INFO] [stdout] 
[INFO] [stdout] error[E0433]: failed to resolve: use of undeclared crate or module `embassy_executor`
[INFO] [stdout]   --> src/lib.rs:47:3
[INFO] [stdout]    |
[INFO] [stdout] 32 | #[embassy_executor::task]
[INFO] [stdout]    |   ^^^^^^^^^^^^^^^^ use of undeclared crate or module `embassy_executor`
[INFO] [stdout] 
[INFO] [stdout] error[E0433]: failed to resolve: use of undeclared crate or module `embassy_executor`
[INFO] [stdout]   --> src/lib.rs:52:3
[INFO] [stdout]    |
[INFO] [stdout] 37 | #[embassy_executor::main]
[INFO] [stdout]    |   ^^^^^^^^^^^^^^^^ use of undeclared crate or module `embassy_executor`
[INFO] [stdout] 
[INFO] [stdout] error[E0261]: use of undeclared lifetime name `'a`
[INFO] [stdout]   --> src/lib.rs:48:38
[INFO] [stdout]    |
[INFO] [stdout] 33 | async fn led_task(rgb_pwm: SimplePWM<'a, PWMTimer>) {
[INFO] [stdout]    |                  -                   ^^ undeclared lifetime
[INFO] [stdout]    |                  |
[INFO] [stdout]    |                  help: consider introducing lifetime `'a` here: `<'a>`
[INFO] [stdout] 
[INFO] [stdout] error[E0412]: cannot find type `PA12` in this scope
[INFO] [stdout]  --> src/lib.rs:24:9
[INFO] [stdout]   |
[INFO] [stdout] 9 |     dp: PA12, // type aliases are generated (`type Dp = PA12` in this case)
[INFO] [stdout]   |         ^^^^ not found in this scope
[INFO] [stdout] 
[INFO] [stdout] error[E0412]: cannot find type `PA11` in this scope
[INFO] [stdout]   --> src/lib.rs:25:9
[INFO] [stdout]    |
[INFO] [stdout] 10 |     dm: PA11,
[INFO] [stdout]    |         ^^^^ not found in this scope
[INFO] [stdout] 
[INFO] [stdout] error[E0412]: cannot find type `USB` in this scope
[INFO] [stdout]   --> src/lib.rs:26:10
[INFO] [stdout]    |
[INFO] [stdout] 7  | #[resource_group]
[INFO] [stdout]    | ----------------- similarly named type alias `Usb` defined here
[INFO] [stdout] ...
[INFO] [stdout] 11 |     usb: USB,
[INFO] [stdout]    |          ^^^ help: a type alias with a similar name exists: `Usb`
[INFO] [stdout] 
[INFO] [stdout] error[E0412]: cannot find type `TIM2` in this scope
[INFO] [stdout]   --> src/lib.rs:35:11
[INFO] [stdout]    |
[INFO] [stdout] 20 |     tim2: TIM2,
[INFO] [stdout]    |           ^^^^ not found in this scope
[INFO] [stdout] 
[INFO] [stdout] error[E0412]: cannot find type `PA2` in this scope
[INFO] [stdout]   --> src/lib.rs:31:8
[INFO] [stdout]    |
[INFO] [stdout] 16 |     r: PA2,
[INFO] [stdout]    |        ^^^ not found in this scope
[INFO] [stdout] 
[INFO] [stdout] error[E0412]: cannot find type `PA3` in this scope
[INFO] [stdout]   --> src/lib.rs:32:8
[INFO] [stdout]    |
[INFO] [stdout] 17 |     g: PA3,
[INFO] [stdout]    |        ^^^ not found in this scope
[INFO] [stdout] 
[INFO] [stdout] error[E0412]: cannot find type `PA4` in this scope
[INFO] [stdout]   --> src/lib.rs:33:8
[INFO] [stdout]    |
[INFO] [stdout] 18 |     b: PA4,
[INFO] [stdout]    |        ^^^ not found in this scope
[INFO] [stdout] 
[INFO] [stdout] error[E0412]: cannot find type `SimplePWM` in this scope
[INFO] [stdout]   --> src/lib.rs:43:45
[INFO] [stdout]    |
[INFO] [stdout] 28 | async fn setup_leds<'a>(r: LedResources) -> SimplePWM<'a, PWMTimer> {
[INFO] [stdout]    |                                             ^^^^^^^^^ not found in this scope
[INFO] [stdout] 
[INFO] [stdout] error[E0412]: cannot find type `SimplePWM` in this scope
[INFO] [stdout]   --> src/lib.rs:48:28
[INFO] [stdout]    |
[INFO] [stdout] 33 | async fn led_task(rgb_pwm: SimplePWM<'a, PWMTimer>) {
[INFO] [stdout]    |                            ^^^^^^^^^ not found in this scope
[INFO] [stdout] 
[INFO] [stdout] error[E0433]: failed to resolve: use of undeclared crate or module `embassy_stm32`
[INFO] [stdout]   --> src/lib.rs:54:13
[INFO] [stdout]    |
[INFO] [stdout] 39 |     let p = embassy_stm32::init(Default::default());
[INFO] [stdout]    |             ^^^^^^^^^^^^^ use of undeclared crate or module `embassy_stm32`
[INFO] [stdout] 
[INFO] [stdout] error[E0752]: `main` function is not allowed to be `async`
[INFO] [stdout]   --> src/lib.rs:53:1
[INFO] [stdout]    |
[INFO] [stdout] 38 | async fn main(spawner: embassy_executor::Spawner) {
[INFO] [stdout]    | ^^^^^^^^^^^^^^^^^^^^^^^^^^^^^^^^^^^^^^^^^^^^^^^^^ `main` function is not allowed to be `async`
[INFO] [stdout] 
[INFO] [stdout] error[E0433]: failed to resolve: use of undeclared crate or module `embassy_executor`
[INFO] [stdout]   --> src/lib.rs:53:24
[INFO] [stdout]    |
[INFO] [stdout] 38 | async fn main(spawner: embassy_executor::Spawner) {
[INFO] [stdout]    |                        ^^^^^^^^^^^^^^^^ use of undeclared crate or module `embassy_executor`
[INFO] [stdout] 
[INFO] [stdout] error: aborting due to 17 previous errors
[INFO] [stdout] 
[INFO] [stdout] Some errors have detailed explanations: E0261, E0412, E0433, E0752.
[INFO] [stdout] For more information about an error, try `rustc --explain E0261`.
[INFO] [stdout] Couldn't compile the test.
[INFO] [stdout] 
[INFO] [stdout] failures:
[INFO] [stdout]     src/lib.rs - resource_group (line 17)
[INFO] [stdout] 
[INFO] [stdout] test result: FAILED. 0 passed; 1 failed; 0 ignored; 0 measured; 0 filtered out; finished in 0.14s
[INFO] [stdout] 
[INFO] [stderr] error: doctest failed, to rerun pass `--doc`
[INFO] running `Command { std: "docker" "inspect" "9b76d8faae93af163faa5b31f20f6c200fb0c19032e03e388939d1b8fed8c8e3", kill_on_drop: false }`
[INFO] running `Command { std: "docker" "rm" "-f" "9b76d8faae93af163faa5b31f20f6c200fb0c19032e03e388939d1b8fed8c8e3", kill_on_drop: false }`
[INFO] [stdout] 9b76d8faae93af163faa5b31f20f6c200fb0c19032e03e388939d1b8fed8c8e3
