[INFO] fetching crate embedded-c-sdk-bind-hal 0.7.1...
[INFO] testing embedded-c-sdk-bind-hal-0.7.1 against nightly-2024-10-28 for randomize-layout
[INFO] extracting crate embedded-c-sdk-bind-hal 0.7.1 into /workspace/builds/worker-3-tc1/source
[INFO] validating manifest of crates.io crate embedded-c-sdk-bind-hal 0.7.1 on toolchain nightly-2024-10-28
[INFO] running `Command { std: CARGO_HOME="/workspace/cargo-home" RUSTUP_HOME="/workspace/rustup-home" "/workspace/cargo-home/bin/cargo" "+nightly-2024-10-28" "metadata" "--manifest-path" "Cargo.toml" "--no-deps", kill_on_drop: false }`
[INFO] started tweaking crates.io crate embedded-c-sdk-bind-hal 0.7.1
[INFO] finished tweaking crates.io crate embedded-c-sdk-bind-hal 0.7.1
[INFO] tweaked toml for crates.io crate embedded-c-sdk-bind-hal 0.7.1 written to /workspace/builds/worker-3-tc1/source/Cargo.toml
[INFO] running `Command { std: CARGO_HOME="/workspace/cargo-home" RUSTUP_HOME="/workspace/rustup-home" "/workspace/cargo-home/bin/cargo" "+nightly-2024-10-28" "generate-lockfile" "--manifest-path" "Cargo.toml", kill_on_drop: false }`
[INFO] [stderr]     Updating crates.io index
[INFO] [stderr]     Blocking waiting for file lock on package cache
[INFO] [stderr]      Locking 32 packages to latest compatible versions
[INFO] running `Command { std: CARGO_HOME="/workspace/cargo-home" RUSTUP_HOME="/workspace/rustup-home" "/workspace/cargo-home/bin/cargo" "+nightly-2024-10-28" "fetch" "--manifest-path" "Cargo.toml", kill_on_drop: false }`
[INFO] [stderr]     Blocking waiting for file lock on package cache
[INFO] [stderr]     Blocking waiting for file lock on package cache
[INFO] [stderr]  Downloading crates ...
[INFO] [stderr]   Downloaded embedded-c-sdk-bind-print-macros v0.1.2
[INFO] [stderr]   Downloaded fugit-timer v0.1.3
[INFO] [stderr]   Downloaded embassy-sync v0.6.0
[INFO] running `Command { std: "docker" "create" "-v" "/var/lib/crater-agent-workspace/builds/worker-3-tc1/target:/opt/rustwide/target:rw,Z" "-v" "/var/lib/crater-agent-workspace/builds/worker-3-tc1/source:/opt/rustwide/workdir:ro,Z" "-v" "/var/lib/crater-agent-workspace/cargo-home:/opt/rustwide/cargo-home:ro,Z" "-v" "/var/lib/crater-agent-workspace/rustup-home:/opt/rustwide/rustup-home:ro,Z" "-e" "SOURCE_DIR=/opt/rustwide/workdir" "-e" "CARGO_TARGET_DIR=/opt/rustwide/target" "-e" "CARGO_HOME=/opt/rustwide/cargo-home" "-e" "RUSTUP_HOME=/opt/rustwide/rustup-home" "-w" "/opt/rustwide/workdir" "-m" "1610612736" "--user" "0:0" "--network" "none" "ghcr.io/rust-lang/crates-build-env/linux@sha256:4a844ea9eb2546a2d2c7022eacef16ef2e8229c7fbb2c7d4d55a9ceca922f72d" "/opt/rustwide/cargo-home/bin/cargo" "+nightly-2024-10-28" "metadata" "--no-deps" "--format-version=1", kill_on_drop: false }`
[INFO] [stdout] f8d60c3caea056b56857e07358b5703109f2f71d8c404b8e99f407cad13bd61d
[INFO] running `Command { std: "docker" "start" "-a" "f8d60c3caea056b56857e07358b5703109f2f71d8c404b8e99f407cad13bd61d", kill_on_drop: false }`
[INFO] running `Command { std: "docker" "inspect" "f8d60c3caea056b56857e07358b5703109f2f71d8c404b8e99f407cad13bd61d", kill_on_drop: false }`
[INFO] running `Command { std: "docker" "rm" "-f" "f8d60c3caea056b56857e07358b5703109f2f71d8c404b8e99f407cad13bd61d", kill_on_drop: false }`
[INFO] [stdout] f8d60c3caea056b56857e07358b5703109f2f71d8c404b8e99f407cad13bd61d
[INFO] running `Command { std: "docker" "create" "-v" "/var/lib/crater-agent-workspace/builds/worker-3-tc1/target:/opt/rustwide/target:rw,Z" "-v" "/var/lib/crater-agent-workspace/builds/worker-3-tc1/source:/opt/rustwide/workdir:ro,Z" "-v" "/var/lib/crater-agent-workspace/cargo-home:/opt/rustwide/cargo-home:ro,Z" "-v" "/var/lib/crater-agent-workspace/rustup-home:/opt/rustwide/rustup-home:ro,Z" "-e" "SOURCE_DIR=/opt/rustwide/workdir" "-e" "CARGO_TARGET_DIR=/opt/rustwide/target" "-e" "CARGO_INCREMENTAL=0" "-e" "RUST_BACKTRACE=full" "-e" "RUSTFLAGS=--cap-lints=forbid" "-e" "RUSTDOCFLAGS=--cap-lints=forbid" "-e" "CARGO_HOME=/opt/rustwide/cargo-home" "-e" "RUSTUP_HOME=/opt/rustwide/rustup-home" "-w" "/opt/rustwide/workdir" "-m" "1610612736" "--user" "0:0" "--network" "none" "ghcr.io/rust-lang/crates-build-env/linux@sha256:4a844ea9eb2546a2d2c7022eacef16ef2e8229c7fbb2c7d4d55a9ceca922f72d" "/opt/rustwide/cargo-home/bin/cargo" "+nightly-2024-10-28" "build" "--frozen" "--message-format=json", kill_on_drop: false }`
[INFO] [stdout] 12f3a52115c37dd76bc9c6dc4d1245981d719264325fb7f835e416a6ab8e95bc
[INFO] running `Command { std: "docker" "start" "-a" "12f3a52115c37dd76bc9c6dc4d1245981d719264325fb7f835e416a6ab8e95bc", kill_on_drop: false }`
[INFO] [stderr]    Compiling embassy-sync v0.6.0
[INFO] [stderr]    Compiling paste v1.0.15
[INFO] [stderr]    Compiling gcd v2.3.0
[INFO] [stderr]    Compiling portable-atomic v1.9.0
[INFO] [stderr]    Compiling embedded-hal-nb v1.0.0
[INFO] [stderr]    Compiling log v0.4.22
[INFO] [stderr]    Compiling futures-util v0.3.31
[INFO] [stderr]    Compiling embedded-c-sdk-bind-print-macros v0.1.2
[INFO] [stderr]    Compiling fugit v0.3.7
[INFO] [stderr]    Compiling fugit-timer v0.1.3
[INFO] [stderr]    Compiling embedded-c-sdk-bind-hal v0.7.1 (/opt/rustwide/workdir)
[INFO] [stderr]     Finished `dev` profile [unoptimized + debuginfo] target(s) in 1.87s
[INFO] running `Command { std: "docker" "inspect" "12f3a52115c37dd76bc9c6dc4d1245981d719264325fb7f835e416a6ab8e95bc", kill_on_drop: false }`
[INFO] running `Command { std: "docker" "rm" "-f" "12f3a52115c37dd76bc9c6dc4d1245981d719264325fb7f835e416a6ab8e95bc", kill_on_drop: false }`
[INFO] [stdout] 12f3a52115c37dd76bc9c6dc4d1245981d719264325fb7f835e416a6ab8e95bc
[INFO] running `Command { std: "docker" "create" "-v" "/var/lib/crater-agent-workspace/builds/worker-3-tc1/target:/opt/rustwide/target:rw,Z" "-v" "/var/lib/crater-agent-workspace/builds/worker-3-tc1/source:/opt/rustwide/workdir:ro,Z" "-v" "/var/lib/crater-agent-workspace/cargo-home:/opt/rustwide/cargo-home:ro,Z" "-v" "/var/lib/crater-agent-workspace/rustup-home:/opt/rustwide/rustup-home:ro,Z" "-e" "SOURCE_DIR=/opt/rustwide/workdir" "-e" "CARGO_TARGET_DIR=/opt/rustwide/target" "-e" "CARGO_INCREMENTAL=0" "-e" "RUST_BACKTRACE=full" "-e" "RUSTFLAGS=--cap-lints=forbid" "-e" "RUSTDOCFLAGS=--cap-lints=forbid" "-e" "CARGO_HOME=/opt/rustwide/cargo-home" "-e" "RUSTUP_HOME=/opt/rustwide/rustup-home" "-w" "/opt/rustwide/workdir" "-m" "1610612736" "--user" "0:0" "--network" "none" "ghcr.io/rust-lang/crates-build-env/linux@sha256:4a844ea9eb2546a2d2c7022eacef16ef2e8229c7fbb2c7d4d55a9ceca922f72d" "/opt/rustwide/cargo-home/bin/cargo" "+nightly-2024-10-28" "test" "--frozen" "--no-run" "--message-format=json", kill_on_drop: false }`
[INFO] [stdout] 2bb211a6a61a3ef0dac364b6027297ac55d323a9e2b4c2262d214fb98dcaf9d9
[INFO] running `Command { std: "docker" "start" "-a" "2bb211a6a61a3ef0dac364b6027297ac55d323a9e2b4c2262d214fb98dcaf9d9", kill_on_drop: false }`
[INFO] [stderr]    Compiling embedded-c-sdk-bind-hal v0.7.1 (/opt/rustwide/workdir)
[INFO] [stderr]     Finished `test` profile [unoptimized + debuginfo] target(s) in 0.53s
[INFO] running `Command { std: "docker" "inspect" "2bb211a6a61a3ef0dac364b6027297ac55d323a9e2b4c2262d214fb98dcaf9d9", kill_on_drop: false }`
[INFO] running `Command { std: "docker" "rm" "-f" "2bb211a6a61a3ef0dac364b6027297ac55d323a9e2b4c2262d214fb98dcaf9d9", kill_on_drop: false }`
[INFO] [stdout] 2bb211a6a61a3ef0dac364b6027297ac55d323a9e2b4c2262d214fb98dcaf9d9
[INFO] running `Command { std: "docker" "create" "-v" "/var/lib/crater-agent-workspace/builds/worker-3-tc1/target:/opt/rustwide/target:rw,Z" "-v" "/var/lib/crater-agent-workspace/builds/worker-3-tc1/source:/opt/rustwide/workdir:ro,Z" "-v" "/var/lib/crater-agent-workspace/cargo-home:/opt/rustwide/cargo-home:ro,Z" "-v" "/var/lib/crater-agent-workspace/rustup-home:/opt/rustwide/rustup-home:ro,Z" "-e" "SOURCE_DIR=/opt/rustwide/workdir" "-e" "CARGO_TARGET_DIR=/opt/rustwide/target" "-e" "CARGO_INCREMENTAL=0" "-e" "RUST_BACKTRACE=full" "-e" "RUSTFLAGS=--cap-lints=forbid" "-e" "RUSTDOCFLAGS=--cap-lints=forbid" "-e" "CARGO_HOME=/opt/rustwide/cargo-home" "-e" "RUSTUP_HOME=/opt/rustwide/rustup-home" "-w" "/opt/rustwide/workdir" "-m" "1610612736" "--user" "0:0" "--network" "none" "ghcr.io/rust-lang/crates-build-env/linux@sha256:4a844ea9eb2546a2d2c7022eacef16ef2e8229c7fbb2c7d4d55a9ceca922f72d" "/opt/rustwide/cargo-home/bin/cargo" "+nightly-2024-10-28" "test" "--frozen", kill_on_drop: false }`
[INFO] [stdout] e05a71cadc86119c3ce84751774b8e4418a394aa6c964ab64dfcfd4a36a0f825
[INFO] running `Command { std: "docker" "start" "-a" "e05a71cadc86119c3ce84751774b8e4418a394aa6c964ab64dfcfd4a36a0f825", kill_on_drop: false }`
[INFO] [stderr]     Finished `test` profile [unoptimized + debuginfo] target(s) in 0.02s
[INFO] [stderr]      Running unittests src/lib.rs (/opt/rustwide/target/debug/deps/embedded_c_sdk_bind_hal-4b223c6041f69b27)
[INFO] [stdout] 
[INFO] [stdout] running 3 tests
[INFO] [stdout] test common::atomic_ring_buffer::tests::push_slices ... ok
[INFO] [stdout] test common::atomic_ring_buffer::tests::push_pop ... ok
[INFO] [stdout] test common::atomic_ring_buffer::tests::zero_len ... ok
[INFO] [stdout] 
[INFO] [stdout] test result: ok. 3 passed; 0 failed; 0 ignored; 0 measured; 0 filtered out; finished in 0.00s
[INFO] [stdout] 
[INFO] [stderr]    Doc-tests embedded_c_sdk_bind_hal
[INFO] [stdout] 
[INFO] [stdout] running 11 tests
[INFO] [stdout] test src/tick.rs - tick::Delay::delay_ms (line 186) ... FAILED
[INFO] [stdout] test src/tick.rs - tick::Delay (line 150) ... FAILED
[INFO] [stdout] test src/tick.rs - tick::Delay::new (line 161) ... FAILED
[INFO] [stdout] test src/tick.rs - tick::Tick::now (line 58) ... FAILED
[INFO] [stdout] test src/tick.rs - tick::Delay::delay_ns (line 174) ... FAILED
[INFO] [stdout] test src/i2c.rs - i2c::I2C<CLK_HZ>::blocking_write (line 82) ... FAILED
[INFO] [stdout] test src/tick.rs - tick::Tick::elapsed (line 80) ... FAILED
[INFO] [stdout] test src/i2c.rs - i2c::I2C<CLK_HZ>::blocking_read (line 112) ... FAILED
[INFO] [stdout] test src/lib.rs - setInterval (line 42) ... FAILED
[INFO] [stdout] test src/i2c.rs - i2c::I2C<CLK_HZ>::blocking_write_read (line 42) ... FAILED
[INFO] [stdout] test src/lib.rs - setInterval (line 36) ... FAILED
[INFO] [stdout] 
[INFO] [stdout] failures:
[INFO] [stdout] 
[INFO] [stdout] ---- src/tick.rs - tick::Delay::delay_ms (line 186) stdout ----
[INFO] [stdout] error[E0433]: failed to resolve: use of undeclared type `Delay`
[INFO] [stdout]  --> src/tick.rs:187:17
[INFO] [stdout]   |
[INFO] [stdout] 3 | let mut delay = Delay::new();
[INFO] [stdout]   |                 ^^^^^ use of undeclared type `Delay`
[INFO] [stdout]   |
[INFO] [stdout] help: consider importing one of these items
[INFO] [stdout]   |
[INFO] [stdout] 2 + use embedded_c_sdk_bind_hal::tick::Delay;
[INFO] [stdout]   |
[INFO] [stdout] 2 + use fugit_timer::Delay;
[INFO] [stdout]   |
[INFO] [stdout] 
[INFO] [stdout] error: aborting due to 1 previous error
[INFO] [stdout] 
[INFO] [stdout] For more information about this error, try `rustc --explain E0433`.
[INFO] [stdout] Couldn't compile the test.
[INFO] [stdout] ---- src/tick.rs - tick::Delay (line 150) stdout ----
[INFO] [stdout] error[E0433]: failed to resolve: use of undeclared type `Delay`
[INFO] [stdout]  --> src/tick.rs:151:17
[INFO] [stdout]   |
[INFO] [stdout] 3 | let mut delay = Delay::new(); // Create a delay object for a 1000 Hz tick frequency.
[INFO] [stdout]   |                 ^^^^^ use of undeclared type `Delay`
[INFO] [stdout]   |
[INFO] [stdout] help: consider importing one of these items
[INFO] [stdout]   |
[INFO] [stdout] 2 + use embedded_c_sdk_bind_hal::tick::Delay;
[INFO] [stdout]   |
[INFO] [stdout] 2 + use fugit_timer::Delay;
[INFO] [stdout]   |
[INFO] [stdout] 
[INFO] [stdout] error: aborting due to 1 previous error
[INFO] [stdout] 
[INFO] [stdout] For more information about this error, try `rustc --explain E0433`.
[INFO] [stdout] Couldn't compile the test.
[INFO] [stdout] ---- src/tick.rs - tick::Delay::new (line 161) stdout ----
[INFO] [stdout] error[E0433]: failed to resolve: use of undeclared type `Delay`
[INFO] [stdout]  --> src/tick.rs:162:17
[INFO] [stdout]   |
[INFO] [stdout] 3 | let mut delay = Delay::new(); // Create a delay object for a 1000 Hz tick frequency.
[INFO] [stdout]   |                 ^^^^^ use of undeclared type `Delay`
[INFO] [stdout]   |
[INFO] [stdout] help: consider importing one of these items
[INFO] [stdout]   |
[INFO] [stdout] 2 + use embedded_c_sdk_bind_hal::tick::Delay;
[INFO] [stdout]   |
[INFO] [stdout] 2 + use fugit_timer::Delay;
[INFO] [stdout]   |
[INFO] [stdout] 
[INFO] [stdout] error: aborting due to 1 previous error
[INFO] [stdout] 
[INFO] [stdout] For more information about this error, try `rustc --explain E0433`.
[INFO] [stdout] Couldn't compile the test.
[INFO] [stdout] ---- src/tick.rs - tick::Tick::now (line 58) stdout ----
[INFO] [stdout] error[E0433]: failed to resolve: use of undeclared type `Tick`
[INFO] [stdout]  --> src/tick.rs:59:20
[INFO] [stdout]   |
[INFO] [stdout] 3 | let current_tick = Tick::now();
[INFO] [stdout]   |                    ^^^^ use of undeclared type `Tick`
[INFO] [stdout]   |
[INFO] [stdout] help: consider importing this struct
[INFO] [stdout]   |
[INFO] [stdout] 2 + use embedded_c_sdk_bind_hal::tick::Tick;
[INFO] [stdout]   |
[INFO] [stdout] 
[INFO] [stdout] error: aborting due to 1 previous error
[INFO] [stdout] 
[INFO] [stdout] For more information about this error, try `rustc --explain E0433`.
[INFO] [stdout] Couldn't compile the test.
[INFO] [stdout] ---- src/tick.rs - tick::Delay::delay_ns (line 174) stdout ----
[INFO] [stdout] error[E0433]: failed to resolve: use of undeclared type `Delay`
[INFO] [stdout]  --> src/tick.rs:175:17
[INFO] [stdout]   |
[INFO] [stdout] 3 | let mut delay = Delay::new();
[INFO] [stdout]   |                 ^^^^^ use of undeclared type `Delay`
[INFO] [stdout]   |
[INFO] [stdout] help: consider importing one of these items
[INFO] [stdout]   |
[INFO] [stdout] 2 + use embedded_c_sdk_bind_hal::tick::Delay;
[INFO] [stdout]   |
[INFO] [stdout] 2 + use fugit_timer::Delay;
[INFO] [stdout]   |
[INFO] [stdout] 
[INFO] [stdout] error: aborting due to 1 previous error
[INFO] [stdout] 
[INFO] [stdout] For more information about this error, try `rustc --explain E0433`.
[INFO] [stdout] Couldn't compile the test.
[INFO] [stdout] ---- src/i2c.rs - i2c::I2C<CLK_HZ>::blocking_write (line 82) stdout ----
[INFO] [stdout] error[E0425]: cannot find value `i2c` in this scope
[INFO] [stdout]  --> src/i2c.rs:83:1
[INFO] [stdout]   |
[INFO] [stdout] 3 | i2c.blocking_write(I2CAddr::SevenBitAddress(0x48), &[0x00, 0x01])?;
[INFO] [stdout]   | ^^^ not found in this scope
[INFO] [stdout] 
[INFO] [stdout] error[E0433]: failed to resolve: use of undeclared type `I2CAddr`
[INFO] [stdout]  --> src/i2c.rs:83:20
[INFO] [stdout]   |
[INFO] [stdout] 3 | i2c.blocking_write(I2CAddr::SevenBitAddress(0x48), &[0x00, 0x01])?;
[INFO] [stdout]   |                    ^^^^^^^ use of undeclared type `I2CAddr`
[INFO] [stdout]   |
[INFO] [stdout] help: consider importing this enum
[INFO] [stdout]   |
[INFO] [stdout] 2 + use embedded_c_sdk_bind_hal::i2c::I2CAddr;
[INFO] [stdout]   |
[INFO] [stdout] 
[INFO] [stdout] error: aborting due to 2 previous errors
[INFO] [stdout] 
[INFO] [stdout] Some errors have detailed explanations: E0425, E0433.
[INFO] [stdout] For more information about an error, try `rustc --explain E0425`.
[INFO] [stdout] Couldn't compile the test.
[INFO] [stdout] ---- src/tick.rs - tick::Tick::elapsed (line 80) stdout ----
[INFO] [stdout] error[E0433]: failed to resolve: use of undeclared type `Tick`
[INFO] [stdout]  --> src/tick.rs:81:18
[INFO] [stdout]   |
[INFO] [stdout] 3 | let start_tick = Tick::now();
[INFO] [stdout]   |                  ^^^^ use of undeclared type `Tick`
[INFO] [stdout]   |
[INFO] [stdout] help: consider importing this struct
[INFO] [stdout]   |
[INFO] [stdout] 2 + use embedded_c_sdk_bind_hal::tick::Tick;
[INFO] [stdout]   |
[INFO] [stdout] 
[INFO] [stdout] error: aborting due to 1 previous error
[INFO] [stdout] 
[INFO] [stdout] For more information about this error, try `rustc --explain E0433`.
[INFO] [stdout] Couldn't compile the test.
[INFO] [stdout] ---- src/i2c.rs - i2c::I2C<CLK_HZ>::blocking_read (line 112) stdout ----
[INFO] [stdout] error[E0425]: cannot find value `i2c` in this scope
[INFO] [stdout]  --> src/i2c.rs:114:1
[INFO] [stdout]   |
[INFO] [stdout] 4 | i2c.blocking_read(I2CAddr::SevenBitAddress(0x48), &mut buffer)?;
[INFO] [stdout]   | ^^^ not found in this scope
[INFO] [stdout] 
[INFO] [stdout] error[E0433]: failed to resolve: use of undeclared type `I2CAddr`
[INFO] [stdout]  --> src/i2c.rs:114:19
[INFO] [stdout]   |
[INFO] [stdout] 4 | i2c.blocking_read(I2CAddr::SevenBitAddress(0x48), &mut buffer)?;
[INFO] [stdout]   |                   ^^^^^^^ use of undeclared type `I2CAddr`
[INFO] [stdout]   |
[INFO] [stdout] help: consider importing this enum
[INFO] [stdout]   |
[INFO] [stdout] 2 + use embedded_c_sdk_bind_hal::i2c::I2CAddr;
[INFO] [stdout]   |
[INFO] [stdout] 
[INFO] [stdout] error: aborting due to 2 previous errors
[INFO] [stdout] 
[INFO] [stdout] Some errors have detailed explanations: E0425, E0433.
[INFO] [stdout] For more information about an error, try `rustc --explain E0425`.
[INFO] [stdout] Couldn't compile the test.
[INFO] [stdout] ---- src/lib.rs - setInterval (line 42) stdout ----
[INFO] [stdout] error: cannot find macro `setInterval` in this scope
[INFO] [stdout]  --> src/lib.rs:44:1
[INFO] [stdout]   |
[INFO] [stdout] 4 | setInterval!(my_function_with_params, 1000, arg1, arg2);
[INFO] [stdout]   | ^^^^^^^^^^^
[INFO] [stdout]   |
[INFO] [stdout] help: consider importing this macro
[INFO] [stdout]   |
[INFO] [stdout] 2 + use embedded_c_sdk_bind_hal::setInterval;
[INFO] [stdout]   |
[INFO] [stdout] 
[INFO] [stdout] error: cannot find macro `setInterval` in this scope
[INFO] [stdout]  --> src/lib.rs:43:1
[INFO] [stdout]   |
[INFO] [stdout] 3 | setInterval!(my_function, 1000);
[INFO] [stdout]   | ^^^^^^^^^^^
[INFO] [stdout]   |
[INFO] [stdout] help: consider importing this macro
[INFO] [stdout]   |
[INFO] [stdout] 2 + use embedded_c_sdk_bind_hal::setInterval;
[INFO] [stdout]   |
[INFO] [stdout] 
[INFO] [stdout] error: aborting due to 2 previous errors
[INFO] [stdout] 
[INFO] [stdout] Couldn't compile the test.
[INFO] [stdout] ---- src/i2c.rs - i2c::I2C<CLK_HZ>::blocking_write_read (line 42) stdout ----
[INFO] [stdout] error[E0425]: cannot find value `i2c` in this scope
[INFO] [stdout]  --> src/i2c.rs:44:1
[INFO] [stdout]   |
[INFO] [stdout] 4 | i2c.blocking_write_read(I2CAddr::SevenBitAddress(0x48), &[0x00, 0x01], &mut buffer)?;
[INFO] [stdout]   | ^^^ not found in this scope
[INFO] [stdout] 
[INFO] [stdout] error[E0433]: failed to resolve: use of undeclared type `I2CAddr`
[INFO] [stdout]  --> src/i2c.rs:44:25
[INFO] [stdout]   |
[INFO] [stdout] 4 | i2c.blocking_write_read(I2CAddr::SevenBitAddress(0x48), &[0x00, 0x01], &mut buffer)?;
[INFO] [stdout]   |                         ^^^^^^^ use of undeclared type `I2CAddr`
[INFO] [stdout]   |
[INFO] [stdout] help: consider importing this enum
[INFO] [stdout]   |
[INFO] [stdout] 2 + use embedded_c_sdk_bind_hal::i2c::I2CAddr;
[INFO] [stdout]   |
[INFO] [stdout] 
[INFO] [stdout] error: aborting due to 2 previous errors
[INFO] [stdout] 
[INFO] [stdout] Some errors have detailed explanations: E0425, E0433.
[INFO] [stdout] For more information about an error, try `rustc --explain E0425`.
[INFO] [stdout] Couldn't compile the test.
[INFO] [stdout] ---- src/lib.rs - setInterval (line 36) stdout ----
[INFO] [stdout] error: cannot find macro `setInterval` in this scope
[INFO] [stdout]  --> src/lib.rs:38:1
[INFO] [stdout]   |
[INFO] [stdout] 4 | setInterval!(function, period_ms, param1, param2, ...);
[INFO] [stdout]   | ^^^^^^^^^^^
[INFO] [stdout]   |
[INFO] [stdout] help: consider importing this macro
[INFO] [stdout]   |
[INFO] [stdout] 2 + use embedded_c_sdk_bind_hal::setInterval;
[INFO] [stdout]   |
[INFO] [stdout] 
[INFO] [stdout] error: cannot find macro `setInterval` in this scope
[INFO] [stdout]  --> src/lib.rs:37:1
[INFO] [stdout]   |
[INFO] [stdout] 3 | setInterval!(function, period_ms);
[INFO] [stdout]   | ^^^^^^^^^^^
[INFO] [stdout]   |
[INFO] [stdout] help: consider importing this macro
[INFO] [stdout]   |
[INFO] [stdout] 2 + use embedded_c_sdk_bind_hal::setInterval;
[INFO] [stdout]   |
[INFO] [stdout] 
[INFO] [stdout] error: aborting due to 2 previous errors
[INFO] [stdout] 
[INFO] [stdout] Couldn't compile the test.
[INFO] [stdout] 
[INFO] [stdout] failures:
[INFO] [stdout]     src/i2c.rs - i2c::I2C<CLK_HZ>::blocking_read (line 112)
[INFO] [stdout]     src/i2c.rs - i2c::I2C<CLK_HZ>::blocking_write (line 82)
[INFO] [stdout]     src/i2c.rs - i2c::I2C<CLK_HZ>::blocking_write_read (line 42)
[INFO] [stdout]     src/lib.rs - setInterval (line 36)
[INFO] [stdout]     src/lib.rs - setInterval (line 42)
[INFO] [stdout]     src/tick.rs - tick::Delay (line 150)
[INFO] [stdout]     src/tick.rs - tick::Delay::delay_ms (line 186)
[INFO] [stdout]     src/tick.rs - tick::Delay::delay_ns (line 174)
[INFO] [stdout]     src/tick.rs - tick::Delay::new (line 161)
[INFO] [stdout]     src/tick.rs - tick::Tick::elapsed (line 80)
[INFO] [stdout]     src/tick.rs - tick::Tick::now (line 58)
[INFO] [stdout] 
[INFO] [stdout] test result: FAILED. 0 passed; 11 failed; 0 ignored; 0 measured; 0 filtered out; finished in 0.07s
[INFO] [stdout] 
[INFO] [stderr] error: doctest failed, to rerun pass `--doc`
[INFO] running `Command { std: "docker" "inspect" "e05a71cadc86119c3ce84751774b8e4418a394aa6c964ab64dfcfd4a36a0f825", kill_on_drop: false }`
[INFO] running `Command { std: "docker" "rm" "-f" "e05a71cadc86119c3ce84751774b8e4418a394aa6c964ab64dfcfd4a36a0f825", kill_on_drop: false }`
[INFO] [stdout] e05a71cadc86119c3ce84751774b8e4418a394aa6c964ab64dfcfd4a36a0f825
