[INFO] fetching crate embassy-usb-logger 0.2.0...
[INFO] testing embassy-usb-logger-0.2.0 against nightly-2024-10-28 for randomize-layout
[INFO] extracting crate embassy-usb-logger 0.2.0 into /workspace/builds/worker-4-tc1/source
[INFO] validating manifest of crates.io crate embassy-usb-logger 0.2.0 on toolchain nightly-2024-10-28
[INFO] running `Command { std: CARGO_HOME="/workspace/cargo-home" RUSTUP_HOME="/workspace/rustup-home" "/workspace/cargo-home/bin/cargo" "+nightly-2024-10-28" "metadata" "--manifest-path" "Cargo.toml" "--no-deps", kill_on_drop: false }`
[INFO] started tweaking crates.io crate embassy-usb-logger 0.2.0
[INFO] finished tweaking crates.io crate embassy-usb-logger 0.2.0
[INFO] tweaked toml for crates.io crate embassy-usb-logger 0.2.0 written to /workspace/builds/worker-4-tc1/source/Cargo.toml
[INFO] running `Command { std: CARGO_HOME="/workspace/cargo-home" RUSTUP_HOME="/workspace/rustup-home" "/workspace/cargo-home/bin/cargo" "+nightly-2024-10-28" "generate-lockfile" "--manifest-path" "Cargo.toml", kill_on_drop: false }`
[INFO] [stderr]     Updating crates.io index
[INFO] [stderr]      Locking 51 packages to latest compatible versions
[INFO] [stderr]       Adding byteorder v1.4.3 (available: v1.5.0)
[INFO] [stderr]       Adding embassy-sync v0.5.0 (available: v0.6.0)
[INFO] [stderr]       Adding embassy-usb v0.2.0 (available: v0.3.0)
[INFO] running `Command { std: CARGO_HOME="/workspace/cargo-home" RUSTUP_HOME="/workspace/rustup-home" "/workspace/cargo-home/bin/cargo" "+nightly-2024-10-28" "fetch" "--manifest-path" "Cargo.toml", kill_on_drop: false }`
[INFO] [stderr]  Downloading crates ...
[INFO] [stderr]   Downloaded usbd-hid-macros v0.7.1
[INFO] [stderr]   Downloaded embassy-sync v0.5.0
[INFO] [stderr]   Downloaded bitfield v0.14.0
[INFO] [stderr]   Downloaded usbd-hid v0.7.1
[INFO] [stderr]   Downloaded usbd-hid-descriptors v0.7.1
[INFO] [stderr]   Downloaded ssmarshal v1.0.0
[INFO] [stderr]   Downloaded embassy-net-driver v0.2.0
[INFO] [stderr]   Downloaded embassy-net-driver-channel v0.2.0
[INFO] [stderr]   Downloaded embassy-usb v0.2.0
[INFO] [stderr]   Downloaded embassy-sync v0.3.0
[INFO] [stderr]   Downloaded usb-device v0.3.2
[INFO] running `Command { std: "docker" "create" "-v" "/var/lib/crater-agent-workspace/builds/worker-4-tc1/target:/opt/rustwide/target:rw,Z" "-v" "/var/lib/crater-agent-workspace/builds/worker-4-tc1/source:/opt/rustwide/workdir:ro,Z" "-v" "/var/lib/crater-agent-workspace/cargo-home:/opt/rustwide/cargo-home:ro,Z" "-v" "/var/lib/crater-agent-workspace/rustup-home:/opt/rustwide/rustup-home:ro,Z" "-e" "SOURCE_DIR=/opt/rustwide/workdir" "-e" "CARGO_TARGET_DIR=/opt/rustwide/target" "-e" "CARGO_HOME=/opt/rustwide/cargo-home" "-e" "RUSTUP_HOME=/opt/rustwide/rustup-home" "-w" "/opt/rustwide/workdir" "-m" "1610612736" "--user" "0:0" "--network" "none" "ghcr.io/rust-lang/crates-build-env/linux@sha256:4a844ea9eb2546a2d2c7022eacef16ef2e8229c7fbb2c7d4d55a9ceca922f72d" "/opt/rustwide/cargo-home/bin/cargo" "+nightly-2024-10-28" "metadata" "--no-deps" "--format-version=1", kill_on_drop: false }`
[INFO] [stdout] 9e7ae2ff1010ad3efcf8ddb03f8c2cd8f9e27df46ba246c1194b9c8c232956e4
[INFO] running `Command { std: "docker" "start" "-a" "9e7ae2ff1010ad3efcf8ddb03f8c2cd8f9e27df46ba246c1194b9c8c232956e4", kill_on_drop: false }`
[INFO] running `Command { std: "docker" "inspect" "9e7ae2ff1010ad3efcf8ddb03f8c2cd8f9e27df46ba246c1194b9c8c232956e4", kill_on_drop: false }`
[INFO] running `Command { std: "docker" "rm" "-f" "9e7ae2ff1010ad3efcf8ddb03f8c2cd8f9e27df46ba246c1194b9c8c232956e4", kill_on_drop: false }`
[INFO] [stdout] 9e7ae2ff1010ad3efcf8ddb03f8c2cd8f9e27df46ba246c1194b9c8c232956e4
[INFO] running `Command { std: "docker" "create" "-v" "/var/lib/crater-agent-workspace/builds/worker-4-tc1/target:/opt/rustwide/target:rw,Z" "-v" "/var/lib/crater-agent-workspace/builds/worker-4-tc1/source:/opt/rustwide/workdir:ro,Z" "-v" "/var/lib/crater-agent-workspace/cargo-home:/opt/rustwide/cargo-home:ro,Z" "-v" "/var/lib/crater-agent-workspace/rustup-home:/opt/rustwide/rustup-home:ro,Z" "-e" "SOURCE_DIR=/opt/rustwide/workdir" "-e" "CARGO_TARGET_DIR=/opt/rustwide/target" "-e" "CARGO_INCREMENTAL=0" "-e" "RUST_BACKTRACE=full" "-e" "RUSTFLAGS=--cap-lints=forbid" "-e" "RUSTDOCFLAGS=--cap-lints=forbid" "-e" "CARGO_HOME=/opt/rustwide/cargo-home" "-e" "RUSTUP_HOME=/opt/rustwide/rustup-home" "-w" "/opt/rustwide/workdir" "-m" "1610612736" "--user" "0:0" "--network" "none" "ghcr.io/rust-lang/crates-build-env/linux@sha256:4a844ea9eb2546a2d2c7022eacef16ef2e8229c7fbb2c7d4d55a9ceca922f72d" "/opt/rustwide/cargo-home/bin/cargo" "+nightly-2024-10-28" "build" "--frozen" "--message-format=json", kill_on_drop: false }`
[INFO] [stdout] 623b78872e27524bbba1a786931278b788ee2e202978b33726cab55bb82f7f1b
[INFO] running `Command { std: "docker" "start" "-a" "623b78872e27524bbba1a786931278b788ee2e202978b33726cab55bb82f7f1b", kill_on_drop: false }`
[INFO] [stderr]    Compiling byteorder v1.4.3
[INFO] [stderr]    Compiling semver v1.0.23
[INFO] [stderr]    Compiling serde v1.0.214
[INFO] [stderr]    Compiling zerocopy v0.7.35
[INFO] [stderr]    Compiling syn v1.0.109
[INFO] [stderr]    Compiling once_cell v1.20.2
[INFO] [stderr]    Compiling portable-atomic v1.9.0
[INFO] [stderr]    Compiling ahash v0.8.11
[INFO] [stderr]    Compiling bitfield v0.14.0
[INFO] [stderr]    Compiling embassy-sync v0.3.0
[INFO] [stderr]    Compiling embassy-sync v0.5.0
[INFO] [stderr]    Compiling encode_unicode v0.3.6
[INFO] [stderr]    Compiling spin v0.9.8
[INFO] [stderr]    Compiling embassy-net-driver v0.2.0
[INFO] [stderr]    Compiling embassy-usb v0.2.0
[INFO] [stderr]    Compiling hash32 v0.3.1
[INFO] [stderr]    Compiling hash32 v0.2.1
[INFO] [stderr]    Compiling usbd-hid-descriptors v0.7.1
[INFO] [stderr]    Compiling heapless v0.8.0
[INFO] [stderr]    Compiling hashbrown v0.13.2
[INFO] [stderr]    Compiling rustc_version v0.4.1
[INFO] [stderr]    Compiling usb-device v0.3.2
[INFO] [stderr]    Compiling heapless v0.7.17
[INFO] [stderr]    Compiling embassy-net-driver-channel v0.2.0
[INFO] [stderr]    Compiling ssmarshal v1.0.0
[INFO] [stderr]    Compiling usbd-hid-macros v0.7.1
[INFO] [stderr]    Compiling usbd-hid v0.7.1
[INFO] [stderr]    Compiling embassy-usb-logger v0.2.0 (/opt/rustwide/workdir)
[INFO] [stderr]     Finished `dev` profile [unoptimized + debuginfo] target(s) in 4.84s
[INFO] running `Command { std: "docker" "inspect" "623b78872e27524bbba1a786931278b788ee2e202978b33726cab55bb82f7f1b", kill_on_drop: false }`
[INFO] running `Command { std: "docker" "rm" "-f" "623b78872e27524bbba1a786931278b788ee2e202978b33726cab55bb82f7f1b", kill_on_drop: false }`
[INFO] [stdout] 623b78872e27524bbba1a786931278b788ee2e202978b33726cab55bb82f7f1b
[INFO] running `Command { std: "docker" "create" "-v" "/var/lib/crater-agent-workspace/builds/worker-4-tc1/target:/opt/rustwide/target:rw,Z" "-v" "/var/lib/crater-agent-workspace/builds/worker-4-tc1/source:/opt/rustwide/workdir:ro,Z" "-v" "/var/lib/crater-agent-workspace/cargo-home:/opt/rustwide/cargo-home:ro,Z" "-v" "/var/lib/crater-agent-workspace/rustup-home:/opt/rustwide/rustup-home:ro,Z" "-e" "SOURCE_DIR=/opt/rustwide/workdir" "-e" "CARGO_TARGET_DIR=/opt/rustwide/target" "-e" "CARGO_INCREMENTAL=0" "-e" "RUST_BACKTRACE=full" "-e" "RUSTFLAGS=--cap-lints=forbid" "-e" "RUSTDOCFLAGS=--cap-lints=forbid" "-e" "CARGO_HOME=/opt/rustwide/cargo-home" "-e" "RUSTUP_HOME=/opt/rustwide/rustup-home" "-w" "/opt/rustwide/workdir" "-m" "1610612736" "--user" "0:0" "--network" "none" "ghcr.io/rust-lang/crates-build-env/linux@sha256:4a844ea9eb2546a2d2c7022eacef16ef2e8229c7fbb2c7d4d55a9ceca922f72d" "/opt/rustwide/cargo-home/bin/cargo" "+nightly-2024-10-28" "test" "--frozen" "--no-run" "--message-format=json", kill_on_drop: false }`
[INFO] [stdout] aebadab9755626ac8c2e1205046a6a05422ff36f1787fb747623e763ff650936
[INFO] running `Command { std: "docker" "start" "-a" "aebadab9755626ac8c2e1205046a6a05422ff36f1787fb747623e763ff650936", kill_on_drop: false }`
[INFO] [stderr]    Compiling embassy-usb-logger v0.2.0 (/opt/rustwide/workdir)
[INFO] [stderr]     Finished `test` profile [unoptimized + debuginfo] target(s) in 0.15s
[INFO] running `Command { std: "docker" "inspect" "aebadab9755626ac8c2e1205046a6a05422ff36f1787fb747623e763ff650936", kill_on_drop: false }`
[INFO] running `Command { std: "docker" "rm" "-f" "aebadab9755626ac8c2e1205046a6a05422ff36f1787fb747623e763ff650936", kill_on_drop: false }`
[INFO] [stdout] aebadab9755626ac8c2e1205046a6a05422ff36f1787fb747623e763ff650936
[INFO] running `Command { std: "docker" "create" "-v" "/var/lib/crater-agent-workspace/builds/worker-4-tc1/target:/opt/rustwide/target:rw,Z" "-v" "/var/lib/crater-agent-workspace/builds/worker-4-tc1/source:/opt/rustwide/workdir:ro,Z" "-v" "/var/lib/crater-agent-workspace/cargo-home:/opt/rustwide/cargo-home:ro,Z" "-v" "/var/lib/crater-agent-workspace/rustup-home:/opt/rustwide/rustup-home:ro,Z" "-e" "SOURCE_DIR=/opt/rustwide/workdir" "-e" "CARGO_TARGET_DIR=/opt/rustwide/target" "-e" "CARGO_INCREMENTAL=0" "-e" "RUST_BACKTRACE=full" "-e" "RUSTFLAGS=--cap-lints=forbid" "-e" "RUSTDOCFLAGS=--cap-lints=forbid" "-e" "CARGO_HOME=/opt/rustwide/cargo-home" "-e" "RUSTUP_HOME=/opt/rustwide/rustup-home" "-w" "/opt/rustwide/workdir" "-m" "1610612736" "--user" "0:0" "--network" "none" "ghcr.io/rust-lang/crates-build-env/linux@sha256:4a844ea9eb2546a2d2c7022eacef16ef2e8229c7fbb2c7d4d55a9ceca922f72d" "/opt/rustwide/cargo-home/bin/cargo" "+nightly-2024-10-28" "test" "--frozen", kill_on_drop: false }`
[INFO] [stdout] 5d3158e23fb5aad7474343cd60bc6f88b63c15afdab003043eece5204ea4a6bf
[INFO] running `Command { std: "docker" "start" "-a" "5d3158e23fb5aad7474343cd60bc6f88b63c15afdab003043eece5204ea4a6bf", kill_on_drop: false }`
[INFO] [stderr]     Finished `test` profile [unoptimized + debuginfo] target(s) in 0.03s
[INFO] [stderr]      Running unittests src/lib.rs (/opt/rustwide/target/debug/deps/embassy_usb_logger-97f40768b7225646)
[INFO] [stdout] 
[INFO] [stdout] running 0 tests
[INFO] [stdout] 
[INFO] [stdout] test result: ok. 0 passed; 0 failed; 0 ignored; 0 measured; 0 filtered out; finished in 0.00s
[INFO] [stdout] 
[INFO] [stderr]    Doc-tests embassy_usb_logger
[INFO] [stdout] 
[INFO] [stdout] running 3 tests
[INFO] [stdout] test src/lib.rs - with_class (line 196) ... FAILED
[INFO] [stdout] test src/lib.rs - run (line 172) ... FAILED
[INFO] [stdout] test src/../README.md - (line 10) ... FAILED
[INFO] [stdout] 
[INFO] [stdout] failures:
[INFO] [stdout] 
[INFO] [stdout] ---- src/lib.rs - with_class (line 196) stdout ----
[INFO] [stdout] error[E0425]: cannot find value `class` in this scope
[INFO] [stdout]  --> src/lib.rs:198:63
[INFO] [stdout]   |
[INFO] [stdout] 5 | embassy_usb_logger::with_class!(1024, log::LevelFilter::Info, class);
[INFO] [stdout]   |                                                               ^^^^^ not found in this scope
[INFO] [stdout] 
[INFO] [stdout] error: aborting due to 1 previous error
[INFO] [stdout] 
[INFO] [stdout] For more information about this error, try `rustc --explain E0425`.
[INFO] [stdout] Couldn't compile the test.
[INFO] [stdout] ---- src/lib.rs - run (line 172) stdout ----
[INFO] [stdout] error[E0425]: cannot find value `driver` in this scope
[INFO] [stdout]  --> src/lib.rs:174:56
[INFO] [stdout]   |
[INFO] [stdout] 5 | embassy_usb_logger::run!(1024, log::LevelFilter::Info, driver);
[INFO] [stdout]   |                                                        ^^^^^^ not found in this scope
[INFO] [stdout] 
[INFO] [stdout] error[E0728]: `await` is only allowed inside `async` functions and blocks
[INFO] [stdout]  --> src/lib.rs:174:1
[INFO] [stdout]   |
[INFO] [stdout] 4 | fn main() { #[allow(non_snake_case)] fn _doctest_main_src_lib_rs_172_0() {
[INFO] [stdout]   |                                      ----------------------------------- this is not `async`
[INFO] [stdout] 5 | embassy_usb_logger::run!(1024, log::LevelFilter::Info, driver);
[INFO] [stdout]   | ^^^^^^^^^^^^^^^^^^^^^^^^^^^^^^^^^^^^^^^^^^^^^^^^^^^^^^^^^^^^^^ only allowed inside `async` functions and blocks
[INFO] [stdout]   |
[INFO] [stdout]   = note: this error originates in the macro `embassy_usb_logger::run` (in Nightly builds, run with -Z macro-backtrace for more info)
[INFO] [stdout] 
[INFO] [stdout] error: aborting due to 2 previous errors
[INFO] [stdout] 
[INFO] [stdout] Some errors have detailed explanations: E0425, E0728.
[INFO] [stdout] For more information about an error, try `rustc --explain E0425`.
[INFO] [stdout] Couldn't compile the test.
[INFO] [stdout] ---- src/../README.md - (line 10) stdout ----
[INFO] [stdout] error[E0433]: failed to resolve: use of undeclared crate or module `embassy_executor`
[INFO] [stdout]  --> src/../README.md:12:3
[INFO] [stdout]   |
[INFO] [stdout] 5 | #[embassy_executor::task]
[INFO] [stdout]   |   ^^^^^^^^^^^^^^^^ use of undeclared crate or module `embassy_executor`
[INFO] [stdout] 
[INFO] [stdout] error[E0412]: cannot find type `Driver` in this scope
[INFO] [stdout]  --> src/../README.md:13:30
[INFO] [stdout]   |
[INFO] [stdout] 6 | async fn logger_task(driver: Driver<'static, USB>) {
[INFO] [stdout]   |                              ^^^^^^ not found in this scope
[INFO] [stdout] 
[INFO] [stdout] error[E0412]: cannot find type `USB` in this scope
[INFO] [stdout]  --> src/../README.md:13:46
[INFO] [stdout]   |
[INFO] [stdout] 6 | async fn logger_task(driver: Driver<'static, USB>) {
[INFO] [stdout]   |                                              ^^^ not found in this scope
[INFO] [stdout]   |
[INFO] [stdout] help: you might be missing a type parameter
[INFO] [stdout]   |
[INFO] [stdout] 6 | async fn logger_task<USB>(driver: Driver<'static, USB>) {
[INFO] [stdout]   |                     +++++
[INFO] [stdout] 
[INFO] [stdout] error: aborting due to 3 previous errors
[INFO] [stdout] 
[INFO] [stdout] Some errors have detailed explanations: E0412, E0433.
[INFO] [stdout] For more information about an error, try `rustc --explain E0412`.
[INFO] [stdout] Couldn't compile the test.
[INFO] [stdout] 
[INFO] [stdout] failures:
[INFO] [stdout]     src/../README.md - (line 10)
[INFO] [stdout]     src/lib.rs - run (line 172)
[INFO] [stdout]     src/lib.rs - with_class (line 196)
[INFO] [stdout] 
[INFO] [stdout] test result: FAILED. 0 passed; 3 failed; 0 ignored; 0 measured; 0 filtered out; finished in 0.05s
[INFO] [stdout] 
[INFO] [stderr] error: doctest failed, to rerun pass `--doc`
[INFO] running `Command { std: "docker" "inspect" "5d3158e23fb5aad7474343cd60bc6f88b63c15afdab003043eece5204ea4a6bf", kill_on_drop: false }`
[INFO] running `Command { std: "docker" "rm" "-f" "5d3158e23fb5aad7474343cd60bc6f88b63c15afdab003043eece5204ea4a6bf", kill_on_drop: false }`
[INFO] [stdout] 5d3158e23fb5aad7474343cd60bc6f88b63c15afdab003043eece5204ea4a6bf
