[INFO] fetching crate elevenlabs_rs 0.3.1...
[INFO] testing elevenlabs_rs-0.3.1 against nightly-2024-10-28 for randomize-layout
[INFO] extracting crate elevenlabs_rs 0.3.1 into /workspace/builds/worker-2-tc1/source
[INFO] validating manifest of crates.io crate elevenlabs_rs 0.3.1 on toolchain nightly-2024-10-28
[INFO] running `Command { std: CARGO_HOME="/workspace/cargo-home" RUSTUP_HOME="/workspace/rustup-home" "/workspace/cargo-home/bin/cargo" "+nightly-2024-10-28" "metadata" "--manifest-path" "Cargo.toml" "--no-deps", kill_on_drop: false }`
[INFO] started tweaking crates.io crate elevenlabs_rs 0.3.1
[INFO] removed 0 missing examples
[INFO] finished tweaking crates.io crate elevenlabs_rs 0.3.1
[INFO] tweaked toml for crates.io crate elevenlabs_rs 0.3.1 written to /workspace/builds/worker-2-tc1/source/Cargo.toml
[INFO] crate crates.io crate elevenlabs_rs 0.3.1 already has a lockfile, it will not be regenerated
[INFO] running `Command { std: CARGO_HOME="/workspace/cargo-home" RUSTUP_HOME="/workspace/rustup-home" "/workspace/cargo-home/bin/cargo" "+nightly-2024-10-28" "fetch" "--manifest-path" "Cargo.toml", kill_on_drop: false }`
[INFO] [stderr]     Updating crates.io index
[INFO] [stderr]  Downloading crates ...
[INFO] [stderr]   Downloaded derive_builder_macro v0.20.0
[INFO] [stderr]   Downloaded async-convert v1.0.0
[INFO] [stderr]   Downloaded axum-core v0.4.3
[INFO] [stderr]   Downloaded derive_builder v0.20.0
[INFO] [stderr]   Downloaded async-openai v0.23.3
[INFO] [stderr]   Downloaded derive_builder_core v0.20.0
[INFO] [stderr]   Downloaded tokio-tungstenite v0.23.0
[INFO] [stderr]   Downloaded eventsource-stream v0.2.3
[INFO] [stderr]   Downloaded axum v0.7.5
[INFO] [stderr]   Downloaded reqwest-eventsource v0.6.0
[INFO] [stderr]   Downloaded rustls-native-certs v0.7.0
[INFO] [stderr]   Downloaded twilio v1.1.0
[INFO] [stderr]   Downloaded regex v1.9.4
[INFO] [stderr]   Downloaded regex-automata v0.3.7
[INFO] running `Command { std: "docker" "create" "-v" "/var/lib/crater-agent-workspace/builds/worker-2-tc1/target:/opt/rustwide/target:rw,Z" "-v" "/var/lib/crater-agent-workspace/builds/worker-2-tc1/source:/opt/rustwide/workdir:ro,Z" "-v" "/var/lib/crater-agent-workspace/cargo-home:/opt/rustwide/cargo-home:ro,Z" "-v" "/var/lib/crater-agent-workspace/rustup-home:/opt/rustwide/rustup-home:ro,Z" "-e" "SOURCE_DIR=/opt/rustwide/workdir" "-e" "CARGO_TARGET_DIR=/opt/rustwide/target" "-e" "CARGO_HOME=/opt/rustwide/cargo-home" "-e" "RUSTUP_HOME=/opt/rustwide/rustup-home" "-w" "/opt/rustwide/workdir" "-m" "1610612736" "--user" "0:0" "--network" "none" "ghcr.io/rust-lang/crates-build-env/linux@sha256:4a844ea9eb2546a2d2c7022eacef16ef2e8229c7fbb2c7d4d55a9ceca922f72d" "/opt/rustwide/cargo-home/bin/cargo" "+nightly-2024-10-28" "metadata" "--no-deps" "--format-version=1", kill_on_drop: false }`
[INFO] [stdout] e47b42087a7cef2458a7a7314d73b7f7ba3f1df8c3908846184feed2b05671ca
[INFO] running `Command { std: "docker" "start" "-a" "e47b42087a7cef2458a7a7314d73b7f7ba3f1df8c3908846184feed2b05671ca", kill_on_drop: false }`
[INFO] running `Command { std: "docker" "inspect" "e47b42087a7cef2458a7a7314d73b7f7ba3f1df8c3908846184feed2b05671ca", kill_on_drop: false }`
[INFO] running `Command { std: "docker" "rm" "-f" "e47b42087a7cef2458a7a7314d73b7f7ba3f1df8c3908846184feed2b05671ca", kill_on_drop: false }`
[INFO] [stdout] e47b42087a7cef2458a7a7314d73b7f7ba3f1df8c3908846184feed2b05671ca
[INFO] running `Command { std: "docker" "create" "-v" "/var/lib/crater-agent-workspace/builds/worker-2-tc1/target:/opt/rustwide/target:rw,Z" "-v" "/var/lib/crater-agent-workspace/builds/worker-2-tc1/source:/opt/rustwide/workdir:ro,Z" "-v" "/var/lib/crater-agent-workspace/cargo-home:/opt/rustwide/cargo-home:ro,Z" "-v" "/var/lib/crater-agent-workspace/rustup-home:/opt/rustwide/rustup-home:ro,Z" "-e" "SOURCE_DIR=/opt/rustwide/workdir" "-e" "CARGO_TARGET_DIR=/opt/rustwide/target" "-e" "CARGO_INCREMENTAL=0" "-e" "RUST_BACKTRACE=full" "-e" "RUSTFLAGS=--cap-lints=forbid" "-e" "RUSTDOCFLAGS=--cap-lints=forbid" "-e" "CARGO_HOME=/opt/rustwide/cargo-home" "-e" "RUSTUP_HOME=/opt/rustwide/rustup-home" "-w" "/opt/rustwide/workdir" "-m" "1610612736" "--user" "0:0" "--network" "none" "ghcr.io/rust-lang/crates-build-env/linux@sha256:4a844ea9eb2546a2d2c7022eacef16ef2e8229c7fbb2c7d4d55a9ceca922f72d" "/opt/rustwide/cargo-home/bin/cargo" "+nightly-2024-10-28" "build" "--frozen" "--message-format=json", kill_on_drop: false }`
[INFO] [stdout] ab8a43654c454e23effd3a71d6628ce62a1ddaf14b653548d26c828f588d39cf
[INFO] running `Command { std: "docker" "start" "-a" "ab8a43654c454e23effd3a71d6628ce62a1ddaf14b653548d26c828f588d39cf", kill_on_drop: false }`
[INFO] [stderr]    Compiling proc-macro2 v1.0.85
[INFO] [stderr]    Compiling unicode-ident v1.0.11
[INFO] [stderr]    Compiling libc v0.2.155
[INFO] [stderr]    Compiling pkg-config v0.3.27
[INFO] [stderr]    Compiling bytes v1.6.0
[INFO] [stderr]    Compiling pin-project-lite v0.2.14
[INFO] [stderr]    Compiling parking_lot_core v0.9.8
[INFO] [stderr]    Compiling smallvec v1.13.2
[INFO] [stderr]    Compiling cc v1.0.94
[INFO] [stderr]    Compiling once_cell v1.19.0
[INFO] [stderr]    Compiling itoa v1.0.9
[INFO] [stderr]    Compiling lock_api v0.4.10
[INFO] [stderr]    Compiling futures-core v0.3.30
[INFO] [stderr]    Compiling slab v0.4.8
[INFO] [stderr]    Compiling log v0.4.19
[INFO] [stderr]    Compiling futures-sink v0.3.30
[INFO] [stderr]    Compiling typenum v1.17.0
[INFO] [stderr]    Compiling generic-array v0.14.7
[INFO] [stderr]    Compiling foreign-types-shared v0.1.1
[INFO] [stderr]    Compiling futures-task v0.3.30
[INFO] [stderr]    Compiling httparse v1.8.0
[INFO] [stderr]    Compiling openssl v0.10.55
[INFO] [stderr]    Compiling foreign-types v0.3.2
[INFO] [stderr]    Compiling native-tls v0.2.11
[INFO] [stderr]    Compiling tinyvec_macros v0.1.1
[INFO] [stderr]    Compiling tracing-core v0.1.32
[INFO] [stderr]    Compiling tinyvec v1.6.0
[INFO] [stderr]    Compiling unicase v2.6.0
[INFO] [stderr]    Compiling equivalent v1.0.1
[INFO] [stderr]    Compiling openssl-probe v0.1.5
[INFO] [stderr]    Compiling hashbrown v0.14.5
[INFO] [stderr]    Compiling encoding_rs v0.8.32
[INFO] [stderr]    Compiling bytemuck v1.16.0
[INFO] [stderr]    Compiling alsa-sys v0.3.1
[INFO] [stderr]    Compiling try-lock v0.2.4
[INFO] [stderr]    Compiling serde v1.0.203
[INFO] [stderr]    Compiling arrayvec v0.7.4
[INFO] [stderr]    Compiling quote v1.0.36
[INFO] [stderr]    Compiling tracing v0.1.40
[INFO] [stderr]    Compiling want v0.3.1
[INFO] [stderr]    Compiling futures-channel v0.3.30
[INFO] [stderr]    Compiling tower-service v0.3.2
[INFO] [stderr]    Compiling tower-layer v0.3.2
[INFO] [stderr]    Compiling http v1.1.0
[INFO] [stderr]    Compiling percent-encoding v2.3.0
[INFO] [stderr]    Compiling thiserror v1.0.61
[INFO] [stderr]    Compiling ppv-lite86 v0.2.17
[INFO] [stderr]    Compiling syn v2.0.66
[INFO] [stderr]    Compiling symphonia-core v0.5.4
[INFO] [stderr]    Compiling form_urlencoded v1.2.0
[INFO] [stderr]    Compiling socket2 v0.5.7
[INFO] [stderr]    Compiling mio v0.8.11
[INFO] [stderr]    Compiling num_cpus v1.16.0
[INFO] [stderr]    Compiling signal-hook-registry v1.4.1
[INFO] [stderr]    Compiling getrandom v0.2.15
[INFO] [stderr]    Compiling rand_core v0.6.4
[INFO] [stderr]    Compiling mime_guess v2.0.4
[INFO] [stderr]    Compiling indexmap v2.2.6
[INFO] [stderr]    Compiling parking_lot v0.12.1
[INFO] [stderr]    Compiling rand_chacha v0.3.1
[INFO] [stderr]    Compiling unicode-normalization v0.1.22
[INFO] [stderr]    Compiling cpufeatures v0.2.12
[INFO] [stderr]    Compiling openssl-sys v0.9.90
[INFO] [stderr]    Compiling unicode-bidi v0.3.13
[INFO] [stderr]    Compiling cpal v0.15.3
[INFO] [stderr]    Compiling ryu v1.0.15
[INFO] [stderr]    Compiling bitflags v2.5.0
[INFO] [stderr]    Compiling block-buffer v0.10.4
[INFO] [stderr]    Compiling crypto-common v0.1.6
[INFO] [stderr]    Compiling serde_json v1.0.117
[INFO] [stderr]    Compiling digest v0.10.7
[INFO] [stderr]    Compiling rand v0.8.5
[INFO] [stderr]    Compiling alsa v0.9.0
[INFO] [stderr]    Compiling ogg v0.8.0
[INFO] [stderr]    Compiling sha1 v0.10.6
[INFO] [stderr]    Compiling dasp_sample v0.11.0
[INFO] [stderr]    Compiling base64 v0.22.1
[INFO] [stderr]    Compiling rustls-pki-types v1.7.0
[INFO] [stderr]    Compiling http-body v1.0.0
[INFO] [stderr]    Compiling idna v0.4.0
[INFO] [stderr]    Compiling utf-8 v0.7.6
[INFO] [stderr]    Compiling mime v0.3.17
[INFO] [stderr]    Compiling data-encoding v2.6.0
[INFO] [stderr]    Compiling rustls-pemfile v2.1.2
[INFO] [stderr]    Compiling lewton v0.10.2
[INFO] [stderr]    Compiling ipnet v2.9.0
[INFO] [stderr]    Compiling hound v3.5.1
[INFO] [stderr]    Compiling sync_wrapper v1.0.1
[INFO] [stderr]    Compiling claxon v0.4.3
[INFO] [stderr]    Compiling symphonia-metadata v0.5.4
[INFO] [stderr]    Compiling url v2.4.0
[INFO] [stderr]    Compiling symphonia-bundle-mp3 v0.5.4
[INFO] [stderr]    Compiling symphonia v0.5.4
[INFO] [stderr]    Compiling rodio v0.17.3
[INFO] [stderr]    Compiling tokio-macros v2.3.0
[INFO] [stderr]    Compiling futures-macro v0.3.30
[INFO] [stderr]    Compiling openssl-macros v0.1.1
[INFO] [stderr]    Compiling pin-project-internal v1.1.5
[INFO] [stderr]    Compiling serde_derive v1.0.203
[INFO] [stderr]    Compiling thiserror-impl v1.0.61
[INFO] [stderr]    Compiling async-stream-impl v0.3.5
[INFO] [stderr]    Compiling async-stream v0.3.5
[INFO] [stderr]    Compiling tokio v1.38.0
[INFO] [stderr]    Compiling futures-util v0.3.30
[INFO] [stderr]    Compiling pin-project v1.1.5
[INFO] [stderr]    Compiling http-body-util v0.1.2
[INFO] [stderr]    Compiling tungstenite v0.23.0
[INFO] [stderr]    Compiling serde_urlencoded v0.7.1
[INFO] [stderr]    Compiling tokio-util v0.7.11
[INFO] [stderr]    Compiling tokio-native-tls v0.3.1
[INFO] [stderr]    Compiling tower v0.4.13
[INFO] [stderr]    Compiling tokio-tungstenite v0.23.0
[INFO] [stderr]    Compiling h2 v0.4.5
[INFO] [stderr]    Compiling hyper v1.3.1
[INFO] [stderr]    Compiling hyper-util v0.1.5
[INFO] [stderr]    Compiling hyper-tls v0.6.0
[INFO] [stderr]    Compiling reqwest v0.12.5
[INFO] [stderr]    Compiling elevenlabs_rs v0.3.1 (/opt/rustwide/workdir)
[INFO] [stdout] warning: unused import: `save`
[INFO] [stdout]  --> src/main.rs:1:28
[INFO] [stdout]   |
[INFO] [stdout] 1 | use elevenlabs_rs::utils::{save, stream_audio};
[INFO] [stdout]   |                            ^^^^
[INFO] [stdout]   |
[INFO] [stdout]   = note: `#[warn(unused_imports)]` on by default
[INFO] [stdout] 
[INFO] [stdout] 
[INFO] [stderr]     Finished `dev` profile [unoptimized + debuginfo] target(s) in 38.85s
[INFO] running `Command { std: "docker" "inspect" "ab8a43654c454e23effd3a71d6628ce62a1ddaf14b653548d26c828f588d39cf", kill_on_drop: false }`
[INFO] running `Command { std: "docker" "rm" "-f" "ab8a43654c454e23effd3a71d6628ce62a1ddaf14b653548d26c828f588d39cf", kill_on_drop: false }`
[INFO] [stdout] ab8a43654c454e23effd3a71d6628ce62a1ddaf14b653548d26c828f588d39cf
[INFO] running `Command { std: "docker" "create" "-v" "/var/lib/crater-agent-workspace/builds/worker-2-tc1/target:/opt/rustwide/target:rw,Z" "-v" "/var/lib/crater-agent-workspace/builds/worker-2-tc1/source:/opt/rustwide/workdir:ro,Z" "-v" "/var/lib/crater-agent-workspace/cargo-home:/opt/rustwide/cargo-home:ro,Z" "-v" "/var/lib/crater-agent-workspace/rustup-home:/opt/rustwide/rustup-home:ro,Z" "-e" "SOURCE_DIR=/opt/rustwide/workdir" "-e" "CARGO_TARGET_DIR=/opt/rustwide/target" "-e" "CARGO_INCREMENTAL=0" "-e" "RUST_BACKTRACE=full" "-e" "RUSTFLAGS=--cap-lints=forbid" "-e" "RUSTDOCFLAGS=--cap-lints=forbid" "-e" "CARGO_HOME=/opt/rustwide/cargo-home" "-e" "RUSTUP_HOME=/opt/rustwide/rustup-home" "-w" "/opt/rustwide/workdir" "-m" "1610612736" "--user" "0:0" "--network" "none" "ghcr.io/rust-lang/crates-build-env/linux@sha256:4a844ea9eb2546a2d2c7022eacef16ef2e8229c7fbb2c7d4d55a9ceca922f72d" "/opt/rustwide/cargo-home/bin/cargo" "+nightly-2024-10-28" "test" "--frozen" "--no-run" "--message-format=json", kill_on_drop: false }`
[INFO] [stdout] 294016dc3336c70a6c037f3a606e57e27d06c44a0f33f42ffed57d4a7b5bf932
[INFO] running `Command { std: "docker" "start" "-a" "294016dc3336c70a6c037f3a606e57e27d06c44a0f33f42ffed57d4a7b5bf932", kill_on_drop: false }`
[INFO] [stderr]    Compiling memchr v2.5.0
[INFO] [stderr]    Compiling futures-io v0.3.30
[INFO] [stderr]    Compiling subtle v2.5.0
[INFO] [stderr]    Compiling futures-channel v0.3.30
[INFO] [stderr]    Compiling httpdate v1.0.2
[INFO] [stderr]    Compiling syn v2.0.66
[INFO] [stderr]    Compiling serde v1.0.203
[INFO] [stderr]    Compiling ring v0.17.8
[INFO] [stderr]    Compiling rustls-pki-types v1.7.0
[INFO] [stderr]    Compiling untrusted v0.9.0
[INFO] [stderr]    Compiling spin v0.9.8
[INFO] [stderr]    Compiling zeroize v1.8.1
[INFO] [stderr]    Compiling rustls v0.23.10
[INFO] [stderr]    Compiling rustversion v1.0.17
[INFO] [stderr]    Compiling serde_json v1.0.117
[INFO] [stderr]    Compiling http v0.2.9
[INFO] [stderr]    Compiling strsim v0.10.0
[INFO] [stderr]    Compiling indexmap v1.9.3
[INFO] [stderr]    Compiling base64 v0.21.7
[INFO] [stderr]    Compiling instant v0.1.13
[INFO] [stderr]    Compiling futures-timer v3.0.3
[INFO] [stderr]    Compiling sync_wrapper v0.1.2
[INFO] [stderr]    Compiling matchit v0.7.3
[INFO] [stderr]    Compiling rustls-pemfile v2.1.2
[INFO] [stderr]    Compiling base64 v0.12.3
[INFO] [stderr]    Compiling digest v0.10.7
[INFO] [stderr]    Compiling rustls-native-certs v0.7.0
[INFO] [stderr]    Compiling sha1 v0.10.6
[INFO] [stderr]    Compiling hmac v0.12.1
[INFO] [stderr]    Compiling http-body v0.4.6
[INFO] [stderr]    Compiling headers-core v0.2.0
[INFO] [stderr]    Compiling headers v0.3.9
[INFO] [stderr]    Compiling nom v7.1.3
[INFO] [stderr]    Compiling axum-core v0.4.3
[INFO] [stderr]    Compiling axum v0.7.5
[INFO] [stderr]    Compiling eventsource-stream v0.2.3
[INFO] [stderr]    Compiling darling_core v0.20.8
[INFO] [stderr]    Compiling tokio-macros v2.3.0
[INFO] [stderr]    Compiling futures-macro v0.3.30
[INFO] [stderr]    Compiling tracing-attributes v0.1.27
[INFO] [stderr]    Compiling openssl-macros v0.1.1
[INFO] [stderr]    Compiling serde_derive v1.0.203
[INFO] [stderr]    Compiling pin-project-internal v1.1.5
[INFO] [stderr]    Compiling thiserror-impl v1.0.61
[INFO] [stderr]    Compiling async-trait v0.1.80
[INFO] [stderr]    Compiling async-stream-impl v0.3.5
[INFO] [stderr]    Compiling rustls-webpki v0.102.4
[INFO] [stderr]    Compiling openssl v0.10.55
[INFO] [stderr]    Compiling tokio v1.38.0
[INFO] [stderr]    Compiling async-stream v0.3.5
[INFO] [stderr]    Compiling async-convert v1.0.0
[INFO] [stderr]    Compiling futures-util v0.3.30
[INFO] [stderr]    Compiling tracing v0.1.40
[INFO] [stderr]    Compiling pin-project v1.1.5
[INFO] [stderr]    Compiling thiserror v1.0.61
[INFO] [stderr]    Compiling tungstenite v0.21.0
[INFO] [stderr]    Compiling darling_macro v0.20.8
[INFO] [stderr]    Compiling darling v0.20.8
[INFO] [stderr]    Compiling derive_builder_core v0.20.0
[INFO] [stderr]    Compiling derive_builder_macro v0.20.0
[INFO] [stderr]    Compiling derive_builder v0.20.0
[INFO] [stderr]    Compiling native-tls v0.2.11
[INFO] [stderr]    Compiling tungstenite v0.23.0
[INFO] [stderr]    Compiling http-body-util v0.1.2
[INFO] [stderr]    Compiling futures-executor v0.3.30
[INFO] [stderr]    Compiling futures v0.3.30
[INFO] [stderr]    Compiling tokio-util v0.7.11
[INFO] [stderr]    Compiling tokio-native-tls v0.3.1
[INFO] [stderr]    Compiling tower v0.4.13
[INFO] [stderr]    Compiling tokio-rustls v0.26.0
[INFO] [stderr]    Compiling tokio-tungstenite v0.21.0
[INFO] [stderr]    Compiling tokio-stream v0.1.15
[INFO] [stderr]    Compiling backoff v0.4.0
[INFO] [stderr]    Compiling tokio-tungstenite v0.23.0
[INFO] [stderr]    Compiling h2 v0.4.5
[INFO] [stderr]    Compiling h2 v0.3.20
[INFO] [stderr]    Compiling serde_urlencoded v0.7.1
[INFO] [stderr]    Compiling secrecy v0.8.0
[INFO] [stderr]    Compiling serde_path_to_error v0.1.16
[INFO] [stderr]    Compiling hyper v1.3.1
[INFO] [stderr]    Compiling hyper v0.14.28
[INFO] [stderr]    Compiling hyper-util v0.1.5
[INFO] [stderr]    Compiling hyper-rustls v0.27.2
[INFO] [stderr]    Compiling hyper-tls v0.6.0
[INFO] [stderr]    Compiling reqwest v0.12.5
[INFO] [stderr]    Compiling hyper-tls v0.5.0
[INFO] [stderr]    Compiling twilio v1.1.0
[INFO] [stderr]    Compiling reqwest-eventsource v0.6.0
[INFO] [stderr]    Compiling elevenlabs_rs v0.3.1 (/opt/rustwide/workdir)
[INFO] [stderr]    Compiling async-openai v0.23.3
[INFO] [stdout] warning: unused import: `save`
[INFO] [stdout]  --> src/main.rs:1:28
[INFO] [stdout]   |
[INFO] [stdout] 1 | use elevenlabs_rs::utils::{save, stream_audio};
[INFO] [stdout]   |                            ^^^^
[INFO] [stdout]   |
[INFO] [stdout]   = note: `#[warn(unused_imports)]` on by default
[INFO] [stdout] 
[INFO] [stdout] 
[INFO] [stdout] warning: variable does not need to be mutable
[INFO] [stdout]   --> examples/basic_twilio.rs:60:9
[INFO] [stdout]    |
[INFO] [stdout] 60 |     let mut stream = c.hit_ws(endpoint).await.unwrap();
[INFO] [stdout]    |         ----^^^^^^
[INFO] [stdout]    |         |
[INFO] [stdout]    |         help: remove this `mut`
[INFO] [stdout]    |
[INFO] [stdout]    = note: `#[warn(unused_mut)]` on by default
[INFO] [stdout] 
[INFO] [stdout] 
[INFO] [stderr]     Finished `test` profile [unoptimized + debuginfo] target(s) in 1m 03s
[INFO] running `Command { std: "docker" "inspect" "294016dc3336c70a6c037f3a606e57e27d06c44a0f33f42ffed57d4a7b5bf932", kill_on_drop: false }`
[INFO] running `Command { std: "docker" "rm" "-f" "294016dc3336c70a6c037f3a606e57e27d06c44a0f33f42ffed57d4a7b5bf932", kill_on_drop: false }`
[INFO] [stdout] 294016dc3336c70a6c037f3a606e57e27d06c44a0f33f42ffed57d4a7b5bf932
[INFO] running `Command { std: "docker" "create" "-v" "/var/lib/crater-agent-workspace/builds/worker-2-tc1/target:/opt/rustwide/target:rw,Z" "-v" "/var/lib/crater-agent-workspace/builds/worker-2-tc1/source:/opt/rustwide/workdir:ro,Z" "-v" "/var/lib/crater-agent-workspace/cargo-home:/opt/rustwide/cargo-home:ro,Z" "-v" "/var/lib/crater-agent-workspace/rustup-home:/opt/rustwide/rustup-home:ro,Z" "-e" "SOURCE_DIR=/opt/rustwide/workdir" "-e" "CARGO_TARGET_DIR=/opt/rustwide/target" "-e" "CARGO_INCREMENTAL=0" "-e" "RUST_BACKTRACE=full" "-e" "RUSTFLAGS=--cap-lints=forbid" "-e" "RUSTDOCFLAGS=--cap-lints=forbid" "-e" "CARGO_HOME=/opt/rustwide/cargo-home" "-e" "RUSTUP_HOME=/opt/rustwide/rustup-home" "-w" "/opt/rustwide/workdir" "-m" "1610612736" "--user" "0:0" "--network" "none" "ghcr.io/rust-lang/crates-build-env/linux@sha256:4a844ea9eb2546a2d2c7022eacef16ef2e8229c7fbb2c7d4d55a9ceca922f72d" "/opt/rustwide/cargo-home/bin/cargo" "+nightly-2024-10-28" "test" "--frozen", kill_on_drop: false }`
[INFO] [stdout] 1c99572ac32c545707f0e5bcbc6a80bea0a41e13ca5eb2bfa2f645d51a60a10a
[INFO] running `Command { std: "docker" "start" "-a" "1c99572ac32c545707f0e5bcbc6a80bea0a41e13ca5eb2bfa2f645d51a60a10a", kill_on_drop: false }`
[INFO] [stderr] warning: variable does not need to be mutable
[INFO] [stderr]   --> examples/basic_twilio.rs:60:9
[INFO] [stderr]    |
[INFO] [stderr] 60 |     let mut stream = c.hit_ws(endpoint).await.unwrap();
[INFO] [stderr]    |         ----^^^^^^
[INFO] [stderr]    |         |
[INFO] [stderr]    |         help: remove this `mut`
[INFO] [stderr]    |
[INFO] [stderr]    = note: `#[warn(unused_mut)]` on by default
[INFO] [stderr] 
[INFO] [stderr] warning: unused import: `save`
[INFO] [stderr]  --> src/main.rs:1:28
[INFO] [stderr]   |
[INFO] [stderr] 1 | use elevenlabs_rs::utils::{save, stream_audio};
[INFO] [stderr]   |                            ^^^^
[INFO] [stderr]   |
[INFO] [stderr]   = note: `#[warn(unused_imports)]` on by default
[INFO] [stderr] 
[INFO] [stderr] warning: `elevenlabs_rs` (example "basic_twilio") generated 1 warning (run `cargo fix --example "basic_twilio"` to apply 1 suggestion)
[INFO] [stderr] warning: `elevenlabs_rs` (bin "elevenlabs_rs" test) generated 1 warning (run `cargo fix --bin "elevenlabs_rs" --tests` to apply 1 suggestion)
[INFO] [stderr]     Finished `test` profile [unoptimized + debuginfo] target(s) in 8.59s
[INFO] [stderr]      Running unittests src/lib.rs (/opt/rustwide/target/debug/deps/elevenlabs_rs-d9169c76055114b0)
[INFO] [stderr]      Running unittests src/main.rs (/opt/rustwide/target/debug/deps/elevenlabs_rs-60c6d5e32902200d)
[INFO] [stdout] 
[INFO] [stdout] running 0 tests
[INFO] [stdout] 
[INFO] [stdout] test result: ok. 0 passed; 0 failed; 0 ignored; 0 measured; 0 filtered out; finished in 0.00s
[INFO] [stdout] 
[INFO] [stdout] 
[INFO] [stdout] running 0 tests
[INFO] [stdout] 
[INFO] [stdout] test result: ok. 0 passed; 0 failed; 0 ignored; 0 measured; 0 filtered out; finished in 0.00s
[INFO] [stdout] 
[INFO] [stderr]    Doc-tests elevenlabs_rs
[INFO] [stdout] 
[INFO] [stdout] running 42 tests
[INFO] [stdout] test src/endpoints/pronunciation.rs - endpoints::pronunciation::AddFromFileBody (line 43) - compile ... ok
[INFO] [stdout] test src/endpoints/pronunciation.rs - endpoints::pronunciation::DownloadVersionByID (line 478) - compile ... ok
[INFO] [stdout] test src/endpoints/dubbing.rs - endpoints::dubbing::DubAVideoOrAnAudioFile::from_file (line 31) - compile ... ok
[INFO] [stdout] test src/endpoints/history.rs - endpoints::history::GetGeneratedItems (line 177) - compile ... ok
[INFO] [stdout] test src/endpoints/dubbing.rs - endpoints::dubbing::DubAVideoOrAnAudioFile::from_url (line 60) - compile ... ok
[INFO] [stdout] test src/endpoints/history.rs - endpoints::history::GetAudio (line 131) - compile ... ok
[INFO] [stdout] test src/endpoints/audio_isolation.rs - endpoints::audio_isolation::AudioIsolationStream (line 75) - compile ... ok
[INFO] [stdout] test src/endpoints/pronunciation.rs - endpoints::pronunciation::AddFromFile (line 18) - compile ... ok
[INFO] [stdout] test src/endpoints/pronunciation.rs - endpoints::pronunciation::RemoveRules (line 540) - compile ... ok
[INFO] [stdout] test src/endpoints/pronunciation.rs - endpoints::pronunciation::GetDictionary (line 426) - compile ... ok
[INFO] [stdout] test src/endpoints/pronunciation.rs - endpoints::pronunciation::GetDictionaries (line 282) - compile ... ok
[INFO] [stdout] test src/endpoints/history.rs - endpoints::history::DownloadHistoryItems (line 43) - compile ... ok
[INFO] [stdout] test src/endpoints/pronunciation.rs - endpoints::pronunciation::AddRules (line 155) - compile ... ok
[INFO] [stdout] test src/endpoints/projects.rs - endpoints::projects::GetProjects (line 11) - compile ... ok
[INFO] [stdout] test src/endpoints/audio_isolation.rs - endpoints::audio_isolation::AudioIsolation (line 24) - compile ... ok
[INFO] [stdout] test src/endpoints/sts.rs - endpoints::sts::SpeechToSpeech (line 17) - compile ... FAILED
[INFO] [stdout] test src/endpoints/sound_generation.rs - endpoints::sound_generation::SoundGeneration (line 13) - compile ... ok
[INFO] [stdout] test src/endpoints/user.rs - endpoints::user::GetUserSubscriptionInfo (line 10) - compile ... ok
[INFO] [stdout] test src/endpoints/tts.rs - endpoints::tts::TextToSpeechStream (line 228) - compile ... ok
[INFO] [stdout] test src/endpoints/tts.rs - endpoints::tts::TextToSpeechStreamWithTimestamps (line 446) - compile ... ok
[INFO] [stdout] test src/endpoints/samples.rs - endpoints::samples::GetAudioFromSample (line 77) - compile ... ok
[INFO] [stdout] test src/endpoints/user.rs - endpoints::user::GetUserInfo (line 71) - compile ... ok
[INFO] [stdout] test src/endpoints/sts.rs - endpoints::sts::SpeechToSpeechStream (line 150) - compile ... ok
[INFO] [stdout] test src/endpoints/tts.rs - endpoints::tts::TextToSpeechWithTimestamps (line 300) - compile ... ok
[INFO] [stdout] test src/endpoints/tts.rs - endpoints::tts::TextToSpeech (line 20) - compile ... ok
[INFO] [stdout] test src/endpoints/samples.rs - endpoints::samples::DeleteSample (line 9) - compile ... ok
[INFO] [stdout] test src/endpoints/voice.rs - endpoints::voice::AddVoice (line 334) - compile ... ok
[INFO] [stdout] test src/endpoints/tts.rs - endpoints::tts::ws::WebSocketTTS (line 599) - compile ... ok
[INFO] [stdout] test src/endpoints/tts.rs - endpoints::tts::ws::WebSocketTTS (line 570) - compile ... ok
[INFO] [stdout] test src/endpoints/voice.rs - endpoints::voice::EditVoiceSettings (line 251) - compile ... ok
[INFO] [stdout] test src/endpoints/voice.rs - endpoints::voice::GetDefaultSettings (line 84) - compile ... ok
[INFO] [stdout] test src/endpoints/voice.rs - endpoints::voice::GetVoice (line 158) - compile ... ok
[INFO] [stdout] test src/endpoints/voice.rs - endpoints::voice::GetVoiceSettings (line 116) - compile ... ok
[INFO] [stdout] test src/endpoints/voice.rs - endpoints::voice::GetVoices (line 20) - compile ... ok
[INFO] [stdout] test src/lib.rs - (line 11) - compile ... ok
[INFO] [stdout] test src/endpoints/voice_library.rs - endpoints::voice_library::AddSharedVoice (line 460) - compile ... ok
[INFO] [stdout] test src/endpoints/voice_generation.rs - endpoints::voice_generation::GenerateARandomVoice (line 22) - compile ... ok
[INFO] [stdout] test src/endpoints/voice_library.rs - endpoints::voice_library::GetSharedVoices (line 77) - compile ... ok
[INFO] [stdout] test src/endpoints/voice_library.rs - endpoints::voice_library::AddSharedVoice::from_shared_voice (line 491) - compile ... ok
[INFO] [stdout] test src/endpoints/voice_library.rs - endpoints::voice_library (line 25) - compile ... ok
[INFO] [stdout] test src/endpoints/dubbing.rs - endpoints::dubbing::GetDubbedFile (line 341) - compile ... FAILED
[INFO] [stdout] test src/endpoints/dubbing.rs - endpoints::dubbing::DubbingBody (line 125) ... ok
[INFO] [stdout] 
[INFO] [stdout] failures:
[INFO] [stdout] 
[INFO] [stdout] ---- src/endpoints/sts.rs - endpoints::sts::SpeechToSpeech (line 17) stdout ----
[INFO] [stdout] error[E0277]: `std::result::Result<(), Box<dyn std::error::Error + Send + Sync>>` is not a future
[INFO] [stdout]   --> src/endpoints/sts.rs:29:15
[INFO] [stdout]    |
[INFO] [stdout] 14 |    play(resp).await?;
[INFO] [stdout]    |    -----------^^^^^
[INFO] [stdout]    |    |         ||
[INFO] [stdout]    |    |         |`std::result::Result<(), Box<dyn std::error::Error + Send + Sync>>` is not a future
[INFO] [stdout]    |    |         help: remove the `.await`
[INFO] [stdout]    |    this call returns `std::result::Result<(), Box<dyn std::error::Error + Send + Sync>>`
[INFO] [stdout]    |
[INFO] [stdout]    = help: the trait `Future` is not implemented for `std::result::Result<(), Box<dyn std::error::Error + Send + Sync>>`, which is required by `std::result::Result<(), Box<dyn std::error::Error + Send + Sync>>: IntoFuture`
[INFO] [stdout]    = note: std::result::Result<(), Box<dyn std::error::Error + Send + Sync>> must be a future or must implement `IntoFuture` to be awaited
[INFO] [stdout]    = note: required for `std::result::Result<(), Box<dyn std::error::Error + Send + Sync>>` to implement `IntoFuture`
[INFO] [stdout] 
[INFO] [stdout] error: aborting due to 1 previous error
[INFO] [stdout] 
[INFO] [stdout] For more information about this error, try `rustc --explain E0277`.
[INFO] [stdout] Couldn't compile the test.
[INFO] [stdout] ---- src/endpoints/dubbing.rs - endpoints::dubbing::GetDubbedFile (line 341) stdout ----
[INFO] [stdout] error[E0423]: cannot initialize a tuple struct which contains private fields
[INFO] [stdout]    --> src/endpoints/dubbing.rs:351:22
[INFO] [stdout]     |
[INFO] [stdout] 12  |     let resp = c.hit(GetDubbedFile(dub_params)).await?;
[INFO] [stdout]     |                      ^^^^^^^^^^^^^
[INFO] [stdout]     |
[INFO] [stdout] note: constructor is not visible here due to private fields
[INFO] [stdout]    --> /opt/rustwide/workdir/src/endpoints/dubbing.rs:356:26
[INFO] [stdout]     |
[INFO] [stdout] 356 | pub struct GetDubbedFile(GetDubbedFileParams);
[INFO] [stdout]     |                          ^^^^^^^^^^^^^^^^^^^ private field
[INFO] [stdout] 
[INFO] [stdout] error: aborting due to 1 previous error
[INFO] [stdout] 
[INFO] [stdout] For more information about this error, try `rustc --explain E0423`.
[INFO] [stdout] Couldn't compile the test.
[INFO] [stdout] 
[INFO] [stdout] failures:
[INFO] [stdout]     src/endpoints/dubbing.rs - endpoints::dubbing::GetDubbedFile (line 341)
[INFO] [stdout]     src/endpoints/sts.rs - endpoints::sts::SpeechToSpeech (line 17)
[INFO] [stdout] 
[INFO] [stdout] test result: FAILED. 40 passed; 2 failed; 0 ignored; 0 measured; 0 filtered out; finished in 8.55s
[INFO] [stdout] 
[INFO] [stderr] error: doctest failed, to rerun pass `--doc`
[INFO] running `Command { std: "docker" "inspect" "1c99572ac32c545707f0e5bcbc6a80bea0a41e13ca5eb2bfa2f645d51a60a10a", kill_on_drop: false }`
[INFO] running `Command { std: "docker" "rm" "-f" "1c99572ac32c545707f0e5bcbc6a80bea0a41e13ca5eb2bfa2f645d51a60a10a", kill_on_drop: false }`
[INFO] [stdout] 1c99572ac32c545707f0e5bcbc6a80bea0a41e13ca5eb2bfa2f645d51a60a10a
