[INFO] fetching crate elevated-command 1.1.2...
[INFO] testing elevated-command-1.1.2 against nightly-2024-10-28 for randomize-layout
[INFO] extracting crate elevated-command 1.1.2 into /workspace/builds/worker-5-tc1/source
[INFO] validating manifest of crates.io crate elevated-command 1.1.2 on toolchain nightly-2024-10-28
[INFO] running `Command { std: CARGO_HOME="/workspace/cargo-home" RUSTUP_HOME="/workspace/rustup-home" "/workspace/cargo-home/bin/cargo" "+nightly-2024-10-28" "metadata" "--manifest-path" "Cargo.toml" "--no-deps", kill_on_drop: false }`
[INFO] started tweaking crates.io crate elevated-command 1.1.2
[INFO] finished tweaking crates.io crate elevated-command 1.1.2
[INFO] tweaked toml for crates.io crate elevated-command 1.1.2 written to /workspace/builds/worker-5-tc1/source/Cargo.toml
[INFO] running `Command { std: CARGO_HOME="/workspace/cargo-home" RUSTUP_HOME="/workspace/rustup-home" "/workspace/cargo-home/bin/cargo" "+nightly-2024-10-28" "generate-lockfile" "--manifest-path" "Cargo.toml", kill_on_drop: false }`
[INFO] [stderr]     Updating crates.io index
[INFO] [stderr]      Locking 18 packages to latest compatible versions
[INFO] [stderr]       Adding base64 v0.21.7 (available: v0.22.1)
[INFO] [stderr]       Adding windows v0.52.0 (available: v0.58.0)
[INFO] running `Command { std: CARGO_HOME="/workspace/cargo-home" RUSTUP_HOME="/workspace/rustup-home" "/workspace/cargo-home/bin/cargo" "+nightly-2024-10-28" "fetch" "--manifest-path" "Cargo.toml", kill_on_drop: false }`
[INFO] running `Command { std: "docker" "create" "-v" "/var/lib/crater-agent-workspace/builds/worker-5-tc1/target:/opt/rustwide/target:rw,Z" "-v" "/var/lib/crater-agent-workspace/builds/worker-5-tc1/source:/opt/rustwide/workdir:ro,Z" "-v" "/var/lib/crater-agent-workspace/cargo-home:/opt/rustwide/cargo-home:ro,Z" "-v" "/var/lib/crater-agent-workspace/rustup-home:/opt/rustwide/rustup-home:ro,Z" "-e" "SOURCE_DIR=/opt/rustwide/workdir" "-e" "CARGO_TARGET_DIR=/opt/rustwide/target" "-e" "CARGO_HOME=/opt/rustwide/cargo-home" "-e" "RUSTUP_HOME=/opt/rustwide/rustup-home" "-w" "/opt/rustwide/workdir" "-m" "1610612736" "--user" "0:0" "--network" "none" "ghcr.io/rust-lang/crates-build-env/linux@sha256:4a844ea9eb2546a2d2c7022eacef16ef2e8229c7fbb2c7d4d55a9ceca922f72d" "/opt/rustwide/cargo-home/bin/cargo" "+nightly-2024-10-28" "metadata" "--no-deps" "--format-version=1", kill_on_drop: false }`
[INFO] [stdout] 216f51a0af63a8518c40ff435b77aaf3244fa0d0764e5985e5f7523a4dbfd00f
[INFO] running `Command { std: "docker" "start" "-a" "216f51a0af63a8518c40ff435b77aaf3244fa0d0764e5985e5f7523a4dbfd00f", kill_on_drop: false }`
[INFO] running `Command { std: "docker" "inspect" "216f51a0af63a8518c40ff435b77aaf3244fa0d0764e5985e5f7523a4dbfd00f", kill_on_drop: false }`
[INFO] running `Command { std: "docker" "rm" "-f" "216f51a0af63a8518c40ff435b77aaf3244fa0d0764e5985e5f7523a4dbfd00f", kill_on_drop: false }`
[INFO] [stdout] 216f51a0af63a8518c40ff435b77aaf3244fa0d0764e5985e5f7523a4dbfd00f
[INFO] running `Command { std: "docker" "create" "-v" "/var/lib/crater-agent-workspace/builds/worker-5-tc1/target:/opt/rustwide/target:rw,Z" "-v" "/var/lib/crater-agent-workspace/builds/worker-5-tc1/source:/opt/rustwide/workdir:ro,Z" "-v" "/var/lib/crater-agent-workspace/cargo-home:/opt/rustwide/cargo-home:ro,Z" "-v" "/var/lib/crater-agent-workspace/rustup-home:/opt/rustwide/rustup-home:ro,Z" "-e" "SOURCE_DIR=/opt/rustwide/workdir" "-e" "CARGO_TARGET_DIR=/opt/rustwide/target" "-e" "CARGO_INCREMENTAL=0" "-e" "RUST_BACKTRACE=full" "-e" "RUSTFLAGS=--cap-lints=forbid" "-e" "RUSTDOCFLAGS=--cap-lints=forbid" "-e" "CARGO_HOME=/opt/rustwide/cargo-home" "-e" "RUSTUP_HOME=/opt/rustwide/rustup-home" "-w" "/opt/rustwide/workdir" "-m" "1610612736" "--user" "0:0" "--network" "none" "ghcr.io/rust-lang/crates-build-env/linux@sha256:4a844ea9eb2546a2d2c7022eacef16ef2e8229c7fbb2c7d4d55a9ceca922f72d" "/opt/rustwide/cargo-home/bin/cargo" "+nightly-2024-10-28" "build" "--frozen" "--message-format=json", kill_on_drop: false }`
[INFO] [stdout] aa128e0422ac2de4eefca0e0827158517b65b901f9303474d448c21f30ccadef
[INFO] running `Command { std: "docker" "start" "-a" "aa128e0422ac2de4eefca0e0827158517b65b901f9303474d448c21f30ccadef", kill_on_drop: false }`
[INFO] [stderr]    Compiling anyhow v1.0.92
[INFO] [stderr]    Compiling libc v0.2.161
[INFO] [stderr]    Compiling log v0.4.22
[INFO] [stderr]    Compiling elevated-command v1.1.2 (/opt/rustwide/workdir)
[INFO] [stderr]     Finished `dev` profile [unoptimized + debuginfo] target(s) in 0.88s
[INFO] running `Command { std: "docker" "inspect" "aa128e0422ac2de4eefca0e0827158517b65b901f9303474d448c21f30ccadef", kill_on_drop: false }`
[INFO] running `Command { std: "docker" "rm" "-f" "aa128e0422ac2de4eefca0e0827158517b65b901f9303474d448c21f30ccadef", kill_on_drop: false }`
[INFO] [stdout] aa128e0422ac2de4eefca0e0827158517b65b901f9303474d448c21f30ccadef
[INFO] running `Command { std: "docker" "create" "-v" "/var/lib/crater-agent-workspace/builds/worker-5-tc1/target:/opt/rustwide/target:rw,Z" "-v" "/var/lib/crater-agent-workspace/builds/worker-5-tc1/source:/opt/rustwide/workdir:ro,Z" "-v" "/var/lib/crater-agent-workspace/cargo-home:/opt/rustwide/cargo-home:ro,Z" "-v" "/var/lib/crater-agent-workspace/rustup-home:/opt/rustwide/rustup-home:ro,Z" "-e" "SOURCE_DIR=/opt/rustwide/workdir" "-e" "CARGO_TARGET_DIR=/opt/rustwide/target" "-e" "CARGO_INCREMENTAL=0" "-e" "RUST_BACKTRACE=full" "-e" "RUSTFLAGS=--cap-lints=forbid" "-e" "RUSTDOCFLAGS=--cap-lints=forbid" "-e" "CARGO_HOME=/opt/rustwide/cargo-home" "-e" "RUSTUP_HOME=/opt/rustwide/rustup-home" "-w" "/opt/rustwide/workdir" "-m" "1610612736" "--user" "0:0" "--network" "none" "ghcr.io/rust-lang/crates-build-env/linux@sha256:4a844ea9eb2546a2d2c7022eacef16ef2e8229c7fbb2c7d4d55a9ceca922f72d" "/opt/rustwide/cargo-home/bin/cargo" "+nightly-2024-10-28" "test" "--frozen" "--no-run" "--message-format=json", kill_on_drop: false }`
[INFO] [stdout] fedfbc5b01b8a405a07788e24da6195846d59ecbb7bbf277d60600c439b26c83
[INFO] running `Command { std: "docker" "start" "-a" "fedfbc5b01b8a405a07788e24da6195846d59ecbb7bbf277d60600c439b26c83", kill_on_drop: false }`
[INFO] [stderr]    Compiling elevated-command v1.1.2 (/opt/rustwide/workdir)
[INFO] [stderr]     Finished `test` profile [unoptimized + debuginfo] target(s) in 0.10s
[INFO] running `Command { std: "docker" "inspect" "fedfbc5b01b8a405a07788e24da6195846d59ecbb7bbf277d60600c439b26c83", kill_on_drop: false }`
[INFO] running `Command { std: "docker" "rm" "-f" "fedfbc5b01b8a405a07788e24da6195846d59ecbb7bbf277d60600c439b26c83", kill_on_drop: false }`
[INFO] [stdout] fedfbc5b01b8a405a07788e24da6195846d59ecbb7bbf277d60600c439b26c83
[INFO] running `Command { std: "docker" "create" "-v" "/var/lib/crater-agent-workspace/builds/worker-5-tc1/target:/opt/rustwide/target:rw,Z" "-v" "/var/lib/crater-agent-workspace/builds/worker-5-tc1/source:/opt/rustwide/workdir:ro,Z" "-v" "/var/lib/crater-agent-workspace/cargo-home:/opt/rustwide/cargo-home:ro,Z" "-v" "/var/lib/crater-agent-workspace/rustup-home:/opt/rustwide/rustup-home:ro,Z" "-e" "SOURCE_DIR=/opt/rustwide/workdir" "-e" "CARGO_TARGET_DIR=/opt/rustwide/target" "-e" "CARGO_INCREMENTAL=0" "-e" "RUST_BACKTRACE=full" "-e" "RUSTFLAGS=--cap-lints=forbid" "-e" "RUSTDOCFLAGS=--cap-lints=forbid" "-e" "CARGO_HOME=/opt/rustwide/cargo-home" "-e" "RUSTUP_HOME=/opt/rustwide/rustup-home" "-w" "/opt/rustwide/workdir" "-m" "1610612736" "--user" "0:0" "--network" "none" "ghcr.io/rust-lang/crates-build-env/linux@sha256:4a844ea9eb2546a2d2c7022eacef16ef2e8229c7fbb2c7d4d55a9ceca922f72d" "/opt/rustwide/cargo-home/bin/cargo" "+nightly-2024-10-28" "test" "--frozen", kill_on_drop: false }`
[INFO] [stdout] 0741886a8aedc08974c7cf0c213e87706c18d75f9bcbf62c015d4d8c85282c5b
[INFO] running `Command { std: "docker" "start" "-a" "0741886a8aedc08974c7cf0c213e87706c18d75f9bcbf62c015d4d8c85282c5b", kill_on_drop: false }`
[INFO] [stderr]     Finished `test` profile [unoptimized + debuginfo] target(s) in 0.01s
[INFO] [stderr]      Running unittests src/lib.rs (/opt/rustwide/target/debug/deps/elevated_command-364d6dad2fac16d3)
[INFO] [stdout] 
[INFO] [stdout] running 0 tests
[INFO] [stdout] 
[INFO] [stdout] test result: ok. 0 passed; 0 failed; 0 ignored; 0 measured; 0 filtered out; finished in 0.00s
[INFO] [stdout] 
[INFO] [stderr]    Doc-tests elevated_command
[INFO] [stdout] 
[INFO] [stdout] running 8 tests
[INFO] [stdout] test src/lib.rs - Command::icon (line 130) - compile ... FAILED
[INFO] [stdout] test src/linux.rs - linux::Command::is_elevated (line 22) - compile ... ok
[INFO] [stdout] test src/lib.rs - Command::into_inner (line 74) - compile ... ok
[INFO] [stdout] test src/lib.rs - Command::new (line 49) - compile ... ok
[INFO] [stdout] test src/linux.rs - linux::Command::output (line 46) - compile ... ok
[INFO] [stdout] test src/lib.rs - Command::get_mut (line 110) - compile ... FAILED
[INFO] [stdout] test src/lib.rs - Command::name (line 151) - compile ... FAILED
[INFO] [stdout] test src/lib.rs - Command::get_ref (line 92) - compile ... ok
[INFO] [stdout] 
[INFO] [stdout] failures:
[INFO] [stdout] 
[INFO] [stdout] ---- src/lib.rs - Command::icon (line 130) stdout ----
[INFO] [stdout] error: couldn't read `src/path to the icon`: No such file or directory (os error 2)
[INFO] [stdout]   --> src/lib.rs:138:23
[INFO] [stdout]    |
[INFO] [stdout] 10 |     elevated_cmd.icon(include_bytes!("path to the icon").to_vec());
[INFO] [stdout]    |                       ^^^^^^^^^^^^^^^^^^^^^^^^^^^^^^^^^^
[INFO] [stdout]    |
[INFO] [stdout]    = note: this error originates in the macro `include_bytes` (in Nightly builds, run with -Z macro-backtrace for more info)
[INFO] [stdout] 
[INFO] [stdout] error: aborting due to 1 previous error
[INFO] [stdout] 
[INFO] [stdout] Couldn't compile the test.
[INFO] [stdout] ---- src/lib.rs - Command::get_mut (line 110) stdout ----
[INFO] [stdout] error[E0596]: cannot borrow `elevated_cmd` as mutable, as it is not declared as mutable
[INFO] [stdout]   --> src/lib.rs:118:15
[INFO] [stdout]    |
[INFO] [stdout] 10 |     let cmd = elevated_cmd.get_mut();
[INFO] [stdout]    |               ^^^^^^^^^^^^ cannot borrow as mutable
[INFO] [stdout]    |
[INFO] [stdout] help: consider changing this to be mutable
[INFO] [stdout]    |
[INFO] [stdout] 9  |     let mut elevated_cmd = Command::new(cmd);
[INFO] [stdout]    |         +++
[INFO] [stdout] 
[INFO] [stdout] error: aborting due to 1 previous error
[INFO] [stdout] 
[INFO] [stdout] For more information about this error, try `rustc --explain E0596`.
[INFO] [stdout] Couldn't compile the test.
[INFO] [stdout] ---- src/lib.rs - Command::name (line 151) stdout ----
[INFO] [stdout] error[E0596]: cannot borrow `elevated_cmd` as mutable, as it is not declared as mutable
[INFO] [stdout]   --> src/lib.rs:159:5
[INFO] [stdout]    |
[INFO] [stdout] 10 |     elevated_cmd.name("some name".to_string());
[INFO] [stdout]    |     ^^^^^^^^^^^^ cannot borrow as mutable
[INFO] [stdout]    |
[INFO] [stdout] help: consider changing this to be mutable
[INFO] [stdout]    |
[INFO] [stdout] 9  |     let mut elevated_cmd = Command::new(cmd);
[INFO] [stdout]    |         +++
[INFO] [stdout] 
[INFO] [stdout] error: aborting due to 1 previous error
[INFO] [stdout] 
[INFO] [stdout] For more information about this error, try `rustc --explain E0596`.
[INFO] [stdout] Couldn't compile the test.
[INFO] [stdout] 
[INFO] [stdout] failures:
[INFO] [stdout]     src/lib.rs - Command::get_mut (line 110)
[INFO] [stdout]     src/lib.rs - Command::icon (line 130)
[INFO] [stdout]     src/lib.rs - Command::name (line 151)
[INFO] [stdout] 
[INFO] [stdout] test result: FAILED. 5 passed; 3 failed; 0 ignored; 0 measured; 0 filtered out; finished in 0.03s
[INFO] [stdout] 
[INFO] [stderr] error: doctest failed, to rerun pass `--doc`
[INFO] running `Command { std: "docker" "inspect" "0741886a8aedc08974c7cf0c213e87706c18d75f9bcbf62c015d4d8c85282c5b", kill_on_drop: false }`
[INFO] running `Command { std: "docker" "rm" "-f" "0741886a8aedc08974c7cf0c213e87706c18d75f9bcbf62c015d4d8c85282c5b", kill_on_drop: false }`
[INFO] [stdout] 0741886a8aedc08974c7cf0c213e87706c18d75f9bcbf62c015d4d8c85282c5b
