[INFO] fetching crate eigen-metrics-collectors-economic 0.1.0...
[INFO] testing eigen-metrics-collectors-economic-0.1.0 against nightly-2024-10-28 for randomize-layout
[INFO] extracting crate eigen-metrics-collectors-economic 0.1.0 into /workspace/builds/worker-1-tc1/source
[INFO] validating manifest of crates.io crate eigen-metrics-collectors-economic 0.1.0 on toolchain nightly-2024-10-28
[INFO] running `Command { std: CARGO_HOME="/workspace/cargo-home" RUSTUP_HOME="/workspace/rustup-home" "/workspace/cargo-home/bin/cargo" "+nightly-2024-10-28" "metadata" "--manifest-path" "Cargo.toml" "--no-deps", kill_on_drop: false }`
[INFO] started tweaking crates.io crate eigen-metrics-collectors-economic 0.1.0
[INFO] finished tweaking crates.io crate eigen-metrics-collectors-economic 0.1.0
[INFO] tweaked toml for crates.io crate eigen-metrics-collectors-economic 0.1.0 written to /workspace/builds/worker-1-tc1/source/Cargo.toml
[INFO] running `Command { std: CARGO_HOME="/workspace/cargo-home" RUSTUP_HOME="/workspace/rustup-home" "/workspace/cargo-home/bin/cargo" "+nightly-2024-10-28" "generate-lockfile" "--manifest-path" "Cargo.toml", kill_on_drop: false }`
[INFO] [stderr]     Updating crates.io index
[INFO] [stderr]      Locking 552 packages to latest compatible versions
[INFO] [stderr]       Adding alloy-primitives v0.7.7 (available: v0.8.10)
[INFO] [stderr]       Adding bollard-stubs v1.44.0-rc.2 (available: v1.44.0-rc.26.0.1)
[INFO] [stderr]       Adding metrics v0.23.0 (available: v0.24.0)
[INFO] [stderr]       Adding solang-parser v0.3.3 (available: v0.3.4)
[INFO] running `Command { std: CARGO_HOME="/workspace/cargo-home" RUSTUP_HOME="/workspace/rustup-home" "/workspace/cargo-home/bin/cargo" "+nightly-2024-10-28" "fetch" "--manifest-path" "Cargo.toml", kill_on_drop: false }`
[INFO] [stderr]  Downloading crates ...
[INFO] [stderr]   Downloaded metrics v0.23.0
[INFO] [stderr]   Downloaded eigen-crypto-bls v0.1.0
[INFO] [stderr]   Downloaded alloy-transport-http v0.1.4
[INFO] [stderr]   Downloaded futures-utils-wasm v0.1.0
[INFO] [stderr]   Downloaded alloy-signer v0.1.4
[INFO] [stderr]   Downloaded eigen-types v0.1.0
[INFO] [stderr]   Downloaded eigen-crypto-bn254 v0.1.0
[INFO] [stderr]   Downloaded alloy-rpc-types v0.1.4
[INFO] [stderr]   Downloaded eigen-logging v0.1.0
[INFO] [stderr]   Downloaded alloy-json-rpc v0.1.4
[INFO] [stderr]   Downloaded alloy-transport-ws v0.1.4
[INFO] [stderr]   Downloaded eigen-client-avsregistry v0.1.0
[INFO] [stderr]   Downloaded hyper-named-pipe v0.1.0
[INFO] [stderr]   Downloaded testcontainers v0.20.1
[INFO] [stderr]   Downloaded bollard-stubs v1.44.0-rc.2
[INFO] [stderr]   Downloaded rust-bls-bn254 v0.2.0
[INFO] [stderr]   Downloaded syn-solidity v0.7.7
[INFO] [stderr]   Downloaded bollard v0.16.1
[INFO] [stderr]   Downloaded alloy-sol-types v0.7.7
[INFO] [stderr]   Downloaded alloy-primitives v0.7.7
[INFO] [stderr]   Downloaded alloy-dyn-abi v0.7.7
[INFO] [stderr]   Downloaded alloy-consensus v0.1.4
[INFO] [stderr]   Downloaded alloy-rpc-types-eth v0.1.4
[INFO] [stderr]   Downloaded alloy-chains v0.1.44
[INFO] [stderr]   Downloaded alloy-provider v0.1.4
[INFO] [stderr]   Downloaded alloy-sol-macro-expander v0.7.7
[INFO] [stderr]   Downloaded alloy-json-abi v0.7.7
[INFO] [stderr]   Downloaded alloy-sol-macro v0.7.7
[INFO] [stderr]   Downloaded parse-display-derive v0.9.1
[INFO] [stderr]   Downloaded parse-display v0.9.1
[INFO] [stderr]   Downloaded eigen-testing-utils v0.1.0
[INFO] [stderr]   Downloaded alloy-rpc-client v0.1.4
[INFO] [stderr]   Downloaded eigen-utils v0.1.0
[INFO] [stderr]   Downloaded alloy-pubsub v0.1.4
[INFO] [stderr]   Downloaded alloy-network v0.1.4
[INFO] [stderr]   Downloaded eigen-client-elcontracts v0.1.0
[INFO] [stderr]   Downloaded hyperlocal-next v0.9.0
[INFO] [stderr]   Downloaded alloy-eips v0.1.4
[INFO] [stderr]   Downloaded docker_credential v1.3.1
[INFO] [stderr]   Downloaded structmeta-derive v0.3.0
[INFO] [stderr]   Downloaded structmeta v0.3.0
[INFO] [stderr]   Downloaded alloy-contract v0.1.4
[INFO] [stderr]   Downloaded alloy-serde v0.1.4
[INFO] [stderr]   Downloaded alloy-sol-type-parser v0.7.7
[INFO] [stderr]   Downloaded alloy-signer-local v0.1.4
[INFO] [stderr]   Downloaded alloy-sol-macro-input v0.7.7
[INFO] [stderr]   Downloaded alloy-rlp-derive v0.3.9
[INFO] [stderr]   Downloaded alloy-transport v0.1.4
[INFO] [stderr]   Downloaded c-kzg v1.0.3
[INFO] running `Command { std: "docker" "create" "-v" "/var/lib/crater-agent-workspace/builds/worker-1-tc1/target:/opt/rustwide/target:rw,Z" "-v" "/var/lib/crater-agent-workspace/builds/worker-1-tc1/source:/opt/rustwide/workdir:ro,Z" "-v" "/var/lib/crater-agent-workspace/cargo-home:/opt/rustwide/cargo-home:ro,Z" "-v" "/var/lib/crater-agent-workspace/rustup-home:/opt/rustwide/rustup-home:ro,Z" "-e" "SOURCE_DIR=/opt/rustwide/workdir" "-e" "CARGO_TARGET_DIR=/opt/rustwide/target" "-e" "CARGO_HOME=/opt/rustwide/cargo-home" "-e" "RUSTUP_HOME=/opt/rustwide/rustup-home" "-w" "/opt/rustwide/workdir" "-m" "1610612736" "--user" "0:0" "--network" "none" "ghcr.io/rust-lang/crates-build-env/linux@sha256:4a844ea9eb2546a2d2c7022eacef16ef2e8229c7fbb2c7d4d55a9ceca922f72d" "/opt/rustwide/cargo-home/bin/cargo" "+nightly-2024-10-28" "metadata" "--no-deps" "--format-version=1", kill_on_drop: false }`
[INFO] [stdout] 450fe43c9e50ccf63409a69495c4788be785fb191abc0cb18567ab0f7c432ff0
[INFO] running `Command { std: "docker" "start" "-a" "450fe43c9e50ccf63409a69495c4788be785fb191abc0cb18567ab0f7c432ff0", kill_on_drop: false }`
[INFO] running `Command { std: "docker" "inspect" "450fe43c9e50ccf63409a69495c4788be785fb191abc0cb18567ab0f7c432ff0", kill_on_drop: false }`
[INFO] running `Command { std: "docker" "rm" "-f" "450fe43c9e50ccf63409a69495c4788be785fb191abc0cb18567ab0f7c432ff0", kill_on_drop: false }`
[INFO] [stdout] 450fe43c9e50ccf63409a69495c4788be785fb191abc0cb18567ab0f7c432ff0
[INFO] running `Command { std: "docker" "create" "-v" "/var/lib/crater-agent-workspace/builds/worker-1-tc1/target:/opt/rustwide/target:rw,Z" "-v" "/var/lib/crater-agent-workspace/builds/worker-1-tc1/source:/opt/rustwide/workdir:ro,Z" "-v" "/var/lib/crater-agent-workspace/cargo-home:/opt/rustwide/cargo-home:ro,Z" "-v" "/var/lib/crater-agent-workspace/rustup-home:/opt/rustwide/rustup-home:ro,Z" "-e" "SOURCE_DIR=/opt/rustwide/workdir" "-e" "CARGO_TARGET_DIR=/opt/rustwide/target" "-e" "CARGO_INCREMENTAL=0" "-e" "RUST_BACKTRACE=full" "-e" "RUSTFLAGS=--cap-lints=forbid" "-e" "RUSTDOCFLAGS=--cap-lints=forbid" "-e" "CARGO_HOME=/opt/rustwide/cargo-home" "-e" "RUSTUP_HOME=/opt/rustwide/rustup-home" "-w" "/opt/rustwide/workdir" "-m" "1610612736" "--user" "0:0" "--network" "none" "ghcr.io/rust-lang/crates-build-env/linux@sha256:4a844ea9eb2546a2d2c7022eacef16ef2e8229c7fbb2c7d4d55a9ceca922f72d" "/opt/rustwide/cargo-home/bin/cargo" "+nightly-2024-10-28" "build" "--frozen" "--message-format=json", kill_on_drop: false }`
[INFO] [stdout] 0397f350545869c0762db8695718a946b8992f9638c11c4e0f3035ae3d52b3bb
[INFO] running `Command { std: "docker" "start" "-a" "0397f350545869c0762db8695718a946b8992f9638c11c4e0f3035ae3d52b3bb", kill_on_drop: false }`
[INFO] [stderr]    Compiling proc-macro2 v1.0.89
[INFO] [stderr]    Compiling unicode-ident v1.0.13
[INFO] [stderr]    Compiling serde v1.0.214
[INFO] [stderr]    Compiling typenum v1.17.0
[INFO] [stderr]    Compiling subtle v2.6.1
[INFO] [stderr]    Compiling generic-array v0.14.7
[INFO] [stderr]    Compiling const-oid v0.9.6
[INFO] [stderr]    Compiling cpufeatures v0.2.14
[INFO] [stderr]    Compiling syn v1.0.109
[INFO] [stderr]    Compiling crunchy v0.2.2
[INFO] [stderr]    Compiling winnow v0.6.20
[INFO] [stderr]    Compiling tiny-keccak v2.0.2
[INFO] [stderr]    Compiling hashbrown v0.15.0
[INFO] [stderr]    Compiling byteorder v1.5.0
[INFO] [stderr]    Compiling base16ct v0.2.0
[INFO] [stderr]    Compiling arrayvec v0.7.6
[INFO] [stderr]    Compiling ff v0.13.0
[INFO] [stderr]    Compiling serde_json v1.0.132
[INFO] [stderr]    Compiling group v0.13.0
[INFO] [stderr]    Compiling smallvec v1.13.2
[INFO] [stderr]    Compiling futures-sink v0.3.31
[INFO] [stderr]    Compiling tracing-core v0.1.32
[INFO] [stderr]    Compiling quote v1.0.37
[INFO] [stderr]    Compiling parking_lot_core v0.9.10
[INFO] [stderr]    Compiling futures-channel v0.3.31
[INFO] [stderr]    Compiling syn v2.0.86
[INFO] [stderr]    Compiling indexmap v2.6.0
[INFO] [stderr]    Compiling unicode-xid v0.2.6
[INFO] [stderr]    Compiling parking_lot v0.12.3
[INFO] [stderr]    Compiling futures-task v0.3.31
[INFO] [stderr]    Compiling fnv v1.0.7
[INFO] [stderr]    Compiling ruint-macro v1.2.1
[INFO] [stderr]    Compiling futures-io v0.3.31
[INFO] [stderr]    Compiling hex-literal v0.4.1
[INFO] [stderr]    Compiling byte-slice-cast v1.2.2
[INFO] [stderr]    Compiling foldhash v0.1.3
[INFO] [stderr]    Compiling rustc-hex v2.1.0
[INFO] [stderr]    Compiling httparse v1.9.5
[INFO] [stderr]    Compiling memchr v2.7.4
[INFO] [stderr]    Compiling num-traits v0.2.19
[INFO] [stderr]    Compiling libc v0.2.161
[INFO] [stderr]    Compiling bitflags v2.6.0
[INFO] [stderr]    Compiling zeroize v1.8.1
[INFO] [stderr]    Compiling unicode-normalization v0.1.24
[INFO] [stderr]    Compiling tower-service v0.3.3
[INFO] [stderr]    Compiling rustversion v1.0.18
[INFO] [stderr]    Compiling percent-encoding v2.3.1
[INFO] [stderr]    Compiling keccak v0.1.5
[INFO] [stderr]    Compiling form_urlencoded v1.2.1
[INFO] [stderr]    Compiling try-lock v0.2.5
[INFO] [stderr]    Compiling unicode-bidi v0.3.17
[INFO] [stderr]    Compiling regex-syntax v0.8.5
[INFO] [stderr]    Compiling getrandom v0.2.15
[INFO] [stderr]    Compiling idna v0.5.0
[INFO] [stderr]    Compiling rand_core v0.6.4
[INFO] [stderr]    Compiling want v0.3.1
[INFO] [stderr]    Compiling dunce v1.0.5
[INFO] [stderr]    Compiling block-buffer v0.10.4
[INFO] [stderr]    Compiling url v2.5.2
[INFO] [stderr]    Compiling crypto-common v0.1.6
[INFO] [stderr]    Compiling camino v1.1.9
[INFO] [stderr]    Compiling semver v1.0.23
[INFO] [stderr]    Compiling rustls-pki-types v1.10.0
[INFO] [stderr]    Compiling vcpkg v0.2.15
[INFO] [stderr]    Compiling either v1.13.0
[INFO] [stderr]    Compiling digest v0.10.7
[INFO] [stderr]    Compiling num-integer v0.1.46
[INFO] [stderr]    Compiling proc-macro-error-attr v1.0.4
[INFO] [stderr]    Compiling rustix v0.38.38
[INFO] [stderr]    Compiling proc-macro-error v1.0.4
[INFO] [stderr]    Compiling data-encoding v2.6.0
[INFO] [stderr]    Compiling linux-raw-sys v0.4.14
[INFO] [stderr]    Compiling utf-8 v0.7.6
[INFO] [stderr]    Compiling rustls v0.23.16
[INFO] [stderr]    Compiling openssl-sys v0.9.104
[INFO] [stderr]    Compiling syn-solidity v0.7.7
[INFO] [stderr]    Compiling rustls-webpki v0.102.8
[INFO] [stderr]    Compiling encoding_rs v0.8.35
[INFO] [stderr]    Compiling mime v0.3.17
[INFO] [stderr]    Compiling ipnet v2.10.1
[INFO] [stderr]    Compiling fastrand v2.1.1
[INFO] [stderr]    Compiling wasm-bindgen-shared v0.2.95
[INFO] [stderr]    Compiling tempfile v3.13.0
[INFO] [stderr]    Compiling serde_derive v1.0.214
[INFO] [stderr]    Compiling zeroize_derive v1.4.2
[INFO] [stderr]    Compiling zerocopy-derive v0.7.35
[INFO] [stderr]    Compiling thiserror-impl v1.0.66
[INFO] [stderr]    Compiling tokio-macros v2.4.0
[INFO] [stderr]    Compiling tracing-attributes v0.1.27
[INFO] [stderr]    Compiling der v0.7.9
[INFO] [stderr]    Compiling zerocopy v0.7.35
[INFO] [stderr]    Compiling derive_more-impl v1.0.0
[INFO] [stderr]    Compiling thiserror v1.0.66
[INFO] [stderr]    Compiling crypto-bigint v0.5.5
[INFO] [stderr]    Compiling ppv-lite86 v0.2.20
[INFO] [stderr]    Compiling hmac v0.12.1
[INFO] [stderr]    Compiling sha2 v0.10.8
[INFO] [stderr]    Compiling rfc6979 v0.4.0
[INFO] [stderr]    Compiling rand_chacha v0.3.1
[INFO] [stderr]    Compiling spki v0.7.3
[INFO] [stderr]    Compiling rand v0.8.5
[INFO] [stderr]    Compiling pkcs8 v0.10.2
[INFO] [stderr]    Compiling sec1 v0.7.3
[INFO] [stderr]    Compiling signature v2.2.0
[INFO] [stderr]    Compiling tracing v0.1.40
[INFO] [stderr]    Compiling futures-macro v0.3.31
[INFO] [stderr]    Compiling impl-trait-for-tuples v0.2.2
[INFO] [stderr]    Compiling derive_more v0.99.18
[INFO] [stderr]    Compiling alloy-rlp-derive v0.3.9
[INFO] [stderr]    Compiling rlp-derive v0.1.0
[INFO] [stderr]    Compiling auto_impl v1.2.0
[INFO] [stderr]    Compiling elliptic-curve v0.13.8
[INFO] [stderr]    Compiling ecdsa v0.16.9
[INFO] [stderr]    Compiling futures-util v0.3.31
[INFO] [stderr]    Compiling strum_macros v0.26.4
[INFO] [stderr]    Compiling k256 v0.13.4
[INFO] [stderr]    Compiling pin-project-internal v1.1.7
[INFO] [stderr]    Compiling derive_more v1.0.0
[INFO] [stderr]    Compiling sha3 v0.10.8
[INFO] [stderr]    Compiling fixed-hash v0.8.0
[INFO] [stderr]    Compiling pin-project v1.1.7
[INFO] [stderr]    Compiling sha1 v0.10.6
[INFO] [stderr]    Compiling inout v0.1.3
[INFO] [stderr]    Compiling cipher v0.4.4
[INFO] [stderr]    Compiling async-trait v0.1.83
[INFO] [stderr]    Compiling regex-automata v0.4.8
[INFO] [stderr]    Compiling rustls v0.21.12
[INFO] [stderr]    Compiling strum v0.26.3
[INFO] [stderr]    Compiling atomic-waker v1.1.2
[INFO] [stderr]    Compiling openssl v0.10.68
[INFO] [stderr]    Compiling foreign-types-shared v0.1.1
[INFO] [stderr]    Compiling foreign-types v0.3.2
[INFO] [stderr]    Compiling bytes v1.8.0
[INFO] [stderr]    Compiling hex v0.4.3
[INFO] [stderr]    Compiling serde_spanned v0.6.8
[INFO] [stderr]    Compiling toml_datetime v0.6.8
[INFO] [stderr]    Compiling toml_edit v0.22.22
[INFO] [stderr]    Compiling const-hex v1.13.1
[INFO] [stderr]    Compiling tokio v1.41.0
[INFO] [stderr]    Compiling alloy-rlp v0.3.9
[INFO] [stderr]    Compiling rlp v0.5.2
[INFO] [stderr]    Compiling impl-serde v0.4.0
[INFO] [stderr]    Compiling ruint v1.12.3
[INFO] [stderr]    Compiling impl-rlp v0.3.0
[INFO] [stderr]    Compiling http v1.1.0
[INFO] [stderr]    Compiling alloy-primitives v0.7.7
[INFO] [stderr]    Compiling open-fastrlp-derive v0.1.1
[INFO] [stderr]    Compiling proc-macro-crate v3.2.0
[INFO] [stderr]    Compiling alloy-sol-type-parser v0.7.7
[INFO] [stderr]    Compiling num-bigint v0.4.6
[INFO] [stderr]    Compiling cargo-platform v0.1.8
[INFO] [stderr]    Compiling uint v0.9.5
[INFO] [stderr]    Compiling serde_urlencoded v0.7.1
[INFO] [stderr]    Compiling http-body v1.0.1
[INFO] [stderr]    Compiling alloy-json-abi v0.7.7
[INFO] [stderr]    Compiling http v0.2.12
[INFO] [stderr]    Compiling parity-scale-codec-derive v3.6.12
[INFO] [stderr]    Compiling scale-info-derive v2.11.5
[INFO] [stderr]    Compiling num_enum_derive v0.7.3
[INFO] [stderr]    Compiling alloy-sol-macro-input v0.7.7
[INFO] [stderr]    Compiling alloy-json-rpc v0.1.4
[INFO] [stderr]    Compiling regex v1.11.1
[INFO] [stderr]    Compiling num_enum v0.7.3
[INFO] [stderr]    Compiling alloy-sol-macro-expander v0.7.7
[INFO] [stderr]    Compiling parity-scale-codec v3.6.12
[INFO] [stderr]    Compiling tokio-util v0.7.12
[INFO] [stderr]    Compiling openssl-macros v0.1.1
[INFO] [stderr]    Compiling scale-info v2.11.5
[INFO] [stderr]    Compiling impl-codec v0.6.0
[INFO] [stderr]    Compiling h2 v0.4.6
[INFO] [stderr]    Compiling primitive-types v0.12.2
[INFO] [stderr]    Compiling ethbloom v0.13.0
[INFO] [stderr]    Compiling native-tls v0.2.12
[INFO] [stderr]    Compiling bumpalo v3.16.0
[INFO] [stderr]    Compiling futures-utils-wasm v0.1.0
[INFO] [stderr]    Compiling lazy_static v1.5.0
[INFO] [stderr]    Compiling log v0.4.22
[INFO] [stderr]    Compiling wasm-bindgen-backend v0.2.95
[INFO] [stderr]    Compiling alloy-sol-macro v0.7.7
[INFO] [stderr]    Compiling ethereum-types v0.14.1
[INFO] [stderr]    Compiling tokio-rustls v0.26.0
[INFO] [stderr]    Compiling alloy-serde v0.1.4
[INFO] [stderr]    Compiling webpki-roots v0.26.6
[INFO] [stderr]    Compiling aho-corasick v1.1.3
[INFO] [stderr]    Compiling tower-layer v0.3.3
[INFO] [stderr]    Compiling base64 v0.22.1
[INFO] [stderr]    Compiling tower v0.4.13
[INFO] [stderr]    Compiling alloy-eips v0.1.4
[INFO] [stderr]    Compiling open-fastrlp v0.1.4
[INFO] [stderr]    Compiling hyper v1.5.0
[INFO] [stderr]    Compiling hyper-util v0.1.10
[INFO] [stderr]    Compiling ethabi v18.0.0
[INFO] [stderr]    Compiling alloy-sol-types v0.7.7
[INFO] [stderr]    Compiling wasm-bindgen-macro-support v0.2.95
[INFO] [stderr]    Compiling cargo_metadata v0.18.1
[INFO] [stderr]    Compiling salsa20 v0.10.2
[INFO] [stderr]    Compiling chrono v0.4.38
[INFO] [stderr]    Compiling prettyplease v0.2.25
[INFO] [stderr]    Compiling wasm-bindgen v0.2.95
[INFO] [stderr]    Compiling wasm-bindgen-macro v0.2.95
[INFO] [stderr]    Compiling ethers-core v2.0.14
[INFO] [stderr]    Compiling tokio-native-tls v0.3.1
[INFO] [stderr]    Compiling alloy-consensus v0.1.4
[INFO] [stderr]    Compiling alloy-transport v0.1.4
[INFO] [stderr]    Compiling ahash v0.8.11
[INFO] [stderr]    Compiling tokio-rustls v0.24.1
[INFO] [stderr]    Compiling h2 v0.3.26
[INFO] [stderr]    Compiling http-body v0.4.6
[INFO] [stderr]    Compiling http-body-util v0.1.2
[INFO] [stderr]    Compiling futures-executor v0.3.31
[INFO] [stderr]    Compiling ark-std v0.4.0
[INFO] [stderr]    Compiling pbkdf2 v0.12.2
[INFO] [stderr]    Compiling ark-serialize-derive v0.4.2
[INFO] [stderr]    Compiling itertools v0.13.0
[INFO] [stderr]    Compiling eyre v0.6.12
[INFO] [stderr]    Compiling httpdate v1.0.3
[INFO] [stderr]    Compiling ark-serialize v0.4.2
[INFO] [stderr]    Compiling time-macros v0.2.18
[INFO] [stderr]    Compiling ark-ff-macros v0.4.2
[INFO] [stderr]    Compiling futures v0.3.31
[INFO] [stderr]    Compiling hyper-tls v0.6.0
[INFO] [stderr]    Compiling hyper-rustls v0.27.3
[INFO] [stderr]    Compiling tokio-stream v0.1.16
[INFO] [stderr]    Compiling tungstenite v0.23.0
[INFO] [stderr]    Compiling uuid v0.8.2
[INFO] [stderr]    Compiling alloy-rpc-types-eth v0.1.4
[INFO] [stderr]    Compiling ctr v0.9.2
[INFO] [stderr]    Compiling aes v0.8.4
[INFO] [stderr]    Compiling ark-ff-asm v0.4.2
[INFO] [stderr]    Compiling derivative v2.2.0
[INFO] [stderr]    Compiling itertools v0.10.5
[INFO] [stderr]    Compiling rustls-pemfile v2.2.0
[INFO] [stderr]    Compiling sync_wrapper v1.0.1
[INFO] [stderr]    Compiling ring v0.16.20
[INFO] [stderr]    Compiling webpki-roots v0.25.4
[INFO] [stderr]    Compiling radium v0.7.0
[INFO] [stderr]    Compiling indenter v0.3.3
[INFO] [stderr]    Compiling alloy-pubsub v0.1.4
[INFO] [stderr]    Compiling hyper v0.14.31
[INFO] [stderr]    Compiling ark-ff v0.4.2
[INFO] [stderr]    Compiling reqwest v0.12.9
[INFO] [stderr]    Compiling time v0.3.36
[INFO] [stderr]    Compiling tokio-tungstenite v0.23.1
[INFO] [stderr]    Compiling js-sys v0.3.72
[INFO] [stderr]    Compiling hashbrown v0.13.2
[INFO] [stderr]    Compiling hyper-rustls v0.24.2
[INFO] [stderr]    Compiling alloy-signer v0.1.4
[INFO] [stderr]    Compiling bs58 v0.5.1
[INFO] [stderr]    Compiling ripemd v0.1.3
[INFO] [stderr]    Compiling bech32 v0.9.1
[INFO] [stderr]    Compiling tap v1.0.1
[INFO] [stderr]    Compiling base64 v0.13.1
[INFO] [stderr]    Compiling sync_wrapper v0.1.2
[INFO] [stderr]    Compiling pem v1.1.1
[INFO] [stderr]    Compiling reqwest v0.11.27
[INFO] [stderr]    Compiling coins-core v0.8.7
[INFO] [stderr]    Compiling wyz v0.5.1
[INFO] [stderr]    Compiling alloy-network v0.1.4
[INFO] [stderr]    Compiling gloo-timers v0.2.6
[INFO] [stderr]    Compiling simple_asn1 v0.6.2
[INFO] [stderr]    Compiling alloy-transport-ws v0.1.4
[INFO] [stderr]    Compiling alloy-transport-http v0.1.4
[INFO] [stderr]    Compiling Inflector v0.11.4
[INFO] [stderr]    Compiling tungstenite v0.20.1
[INFO] [stderr]    Compiling toml v0.8.19
[INFO] [stderr]    Compiling alloy-primitives v0.8.10
[INFO] [stderr]    Compiling pbkdf2 v0.11.0
[INFO] [stderr]    Compiling async-stream-impl v0.3.6
[INFO] [stderr]    Compiling fxhash v0.2.1
[INFO] [stderr]    Compiling base64ct v1.6.0
[INFO] [stderr]    Compiling send_wrapper v0.4.0
[INFO] [stderr]    Compiling hashbrown v0.14.5
[INFO] [stderr]    Compiling funty v2.0.0
[INFO] [stderr]    Compiling password-hash v0.5.0
[INFO] [stderr]    Compiling futures-timer v3.0.3
[INFO] [stderr]    Compiling ark-poly v0.4.2
[INFO] [stderr]    Compiling dashmap v5.5.3
[INFO] [stderr]    Compiling bitvec v1.0.1
[INFO] [stderr]    Compiling async-stream v0.3.6
[INFO] [stderr]    Compiling hashers v1.0.1
[INFO] [stderr]    Compiling scrypt v0.10.0
[INFO] [stderr]    Compiling alloy-chains v0.1.44
[INFO] [stderr]    Compiling tokio-tungstenite v0.20.1
[INFO] [stderr]    Compiling alloy-rpc-client v0.1.4
[INFO] [stderr]    Compiling ark-ec v0.4.2
[INFO] [stderr]    Compiling jsonwebtoken v8.3.0
[INFO] [stderr]    Compiling coins-bip32 v0.8.7
[INFO] [stderr]    Compiling ethers-contract-abigen v2.0.14
[INFO] [stderr]    Compiling enr v0.10.0
[INFO] [stderr]    Compiling tracing-futures v0.2.5
[INFO] [stderr]    Compiling lru v0.12.5
[INFO] [stderr]    Compiling instant v0.1.13
[INFO] [stderr]    Compiling alloy-provider v0.1.4
[INFO] [stderr]    Compiling ethers-providers v2.0.14
[INFO] [stderr]    Compiling ark-bn254 v0.4.0
[INFO] [stderr]    Compiling coins-bip39 v0.8.7
[INFO] [stderr]    Compiling eth-keystore v0.5.0
[INFO] [stderr]    Compiling scrypt v0.11.0
[INFO] [stderr]    Compiling alloy-dyn-abi v0.7.7
[INFO] [stderr]    Compiling hkdf v0.12.4
[INFO] [stderr]    Compiling ethers-signers v2.0.14
[INFO] [stderr]    Compiling rust-bls-bn254 v0.2.0
[INFO] [stderr]    Compiling ethers-etherscan v2.0.14
[INFO] [stderr]    Compiling alloy-signer-local v0.1.4
[INFO] [stderr]    Compiling futures-locks v0.7.1
[INFO] [stderr]    Compiling alloy-contract v0.1.4
[INFO] [stderr]    Compiling ethers-contract-derive v2.0.14
[INFO] [stderr]    Compiling overload v0.1.1
[INFO] [stderr]    Compiling nu-ansi-term v0.46.0
[INFO] [stderr]    Compiling eigen-crypto-bn254 v0.1.0
[INFO] [stderr]    Compiling eigen-utils v0.1.0
[INFO] [stderr]    Compiling ethers-addressbook v2.0.14
[INFO] [stderr]    Compiling sharded-slab v0.1.7
[INFO] [stderr]    Compiling tracing-serde v0.1.3
[INFO] [stderr]    Compiling tracing-log v0.2.0
[INFO] [stderr]    Compiling thread_local v1.1.8
[INFO] [stderr]    Compiling ctor v0.2.8
[INFO] [stderr]    Compiling tracing-subscriber v0.3.18
[INFO] [stderr]    Compiling alloy-rpc-types v0.1.4
[INFO] [stderr]    Compiling metrics v0.23.0
[INFO] [stderr]    Compiling ethers-contract v2.0.14
[INFO] [stderr]    Compiling eigen-logging v0.1.0
[INFO] [stderr]    Compiling eigen-crypto-bls v0.1.0
[INFO] [stderr]    Compiling ethers-middleware v2.0.14
[INFO] [stderr]    Compiling ethers v2.0.14
[INFO] [stderr]    Compiling eigen-types v0.1.0
[INFO] [stderr]    Compiling eigen-client-elcontracts v0.1.0
[INFO] [stderr]    Compiling eigen-client-avsregistry v0.1.0
[INFO] [stderr]    Compiling eigen-metrics-collectors-economic v0.1.0 (/opt/rustwide/workdir)
[INFO] [stderr]     Finished `dev` profile [unoptimized + debuginfo] target(s) in 3m 08s
[INFO] running `Command { std: "docker" "inspect" "0397f350545869c0762db8695718a946b8992f9638c11c4e0f3035ae3d52b3bb", kill_on_drop: false }`
[INFO] running `Command { std: "docker" "rm" "-f" "0397f350545869c0762db8695718a946b8992f9638c11c4e0f3035ae3d52b3bb", kill_on_drop: false }`
[INFO] [stdout] 0397f350545869c0762db8695718a946b8992f9638c11c4e0f3035ae3d52b3bb
[INFO] running `Command { std: "docker" "create" "-v" "/var/lib/crater-agent-workspace/builds/worker-1-tc1/target:/opt/rustwide/target:rw,Z" "-v" "/var/lib/crater-agent-workspace/builds/worker-1-tc1/source:/opt/rustwide/workdir:ro,Z" "-v" "/var/lib/crater-agent-workspace/cargo-home:/opt/rustwide/cargo-home:ro,Z" "-v" "/var/lib/crater-agent-workspace/rustup-home:/opt/rustwide/rustup-home:ro,Z" "-e" "SOURCE_DIR=/opt/rustwide/workdir" "-e" "CARGO_TARGET_DIR=/opt/rustwide/target" "-e" "CARGO_INCREMENTAL=0" "-e" "RUST_BACKTRACE=full" "-e" "RUSTFLAGS=--cap-lints=forbid" "-e" "RUSTDOCFLAGS=--cap-lints=forbid" "-e" "CARGO_HOME=/opt/rustwide/cargo-home" "-e" "RUSTUP_HOME=/opt/rustwide/rustup-home" "-w" "/opt/rustwide/workdir" "-m" "1610612736" "--user" "0:0" "--network" "none" "ghcr.io/rust-lang/crates-build-env/linux@sha256:4a844ea9eb2546a2d2c7022eacef16ef2e8229c7fbb2c7d4d55a9ceca922f72d" "/opt/rustwide/cargo-home/bin/cargo" "+nightly-2024-10-28" "test" "--frozen" "--no-run" "--message-format=json", kill_on_drop: false }`
[INFO] [stdout] e209befd49a05a8050f989763afcf534e8cd915842482fe2de40ec6b9ef406e1
[INFO] running `Command { std: "docker" "start" "-a" "e209befd49a05a8050f989763afcf534e8cd915842482fe2de40ec6b9ef406e1", kill_on_drop: false }`
[INFO] [stderr]    Compiling url v2.5.2
[INFO] [stderr]    Compiling either v1.13.0
[INFO] [stderr]    Compiling match_cfg v0.1.0
[INFO] [stderr]    Compiling idna v0.4.0
[INFO] [stderr]    Compiling enum-as-inner v0.6.1
[INFO] [stderr]    Compiling linked-hash-map v0.5.6
[INFO] [stderr]    Compiling quick-error v1.2.3
[INFO] [stderr]    Compiling rustls-native-certs v0.8.0
[INFO] [stderr]    Compiling hostname v0.3.1
[INFO] [stderr]    Compiling resolv-conf v0.7.0
[INFO] [stderr]    Compiling ident_case v1.0.1
[INFO] [stderr]    Compiling hyper-rustls v0.27.3
[INFO] [stderr]    Compiling lru-cache v0.1.2
[INFO] [stderr]    Compiling itertools v0.13.0
[INFO] [stderr]    Compiling itertools v0.10.5
[INFO] [stderr]    Compiling strsim v0.11.1
[INFO] [stderr]    Compiling rustls v0.22.4
[INFO] [stderr]    Compiling structmeta-derive v0.3.0
[INFO] [stderr]    Compiling rustls-native-certs v0.7.3
[INFO] [stderr]    Compiling hickory-proto v0.24.1
[INFO] [stderr]    Compiling alloy-transport v0.1.4
[INFO] [stderr]    Compiling reqwest v0.11.27
[INFO] [stderr]    Compiling alloy-pubsub v0.1.4
[INFO] [stderr]    Compiling tungstenite v0.20.1
[INFO] [stderr]    Compiling ark-ff v0.4.2
[INFO] [stderr]    Compiling alloy-rpc-types-eth v0.1.4
[INFO] [stderr]    Compiling alloy-transport-ws v0.1.4
[INFO] [stderr]    Compiling tokio-tungstenite v0.20.1
[INFO] [stderr]    Compiling darling_core v0.20.10
[INFO] [stderr]    Compiling ethers-providers v2.0.14
[INFO] [stderr]    Compiling ethers-etherscan v2.0.14
[INFO] [stderr]    Compiling hickory-resolver v0.24.1
[INFO] [stderr]    Compiling reqwest v0.12.9
[INFO] [stderr]    Compiling alloy-network v0.1.4
[INFO] [stderr]    Compiling alloy-signer-local v0.1.4
[INFO] [stderr]    Compiling darling_macro v0.20.10
[INFO] [stderr]    Compiling tokio-rustls v0.25.0
[INFO] [stderr]    Compiling darling v0.20.10
[INFO] [stderr]    Compiling structmeta v0.3.0
[INFO] [stderr]    Compiling serde_with_macros v3.11.0
[INFO] [stderr]    Compiling serde_repr v0.1.19
[INFO] [stderr]    Compiling option-ext v0.2.0
[INFO] [stderr]    Compiling dirs-sys v0.4.1
[INFO] [stderr]    Compiling parse-display-derive v0.9.1
[INFO] [stderr]    Compiling alloy-transport-http v0.1.4
[INFO] [stderr]    Compiling alloy-rpc-client v0.1.4
[INFO] [stderr]    Compiling ethers-contract v2.0.14
[INFO] [stderr]    Compiling serde_with v3.11.0
[INFO] [stderr]    Compiling hyper-rustls v0.26.0
[INFO] [stderr]    Compiling hyperlocal-next v0.9.0
[INFO] [stderr]    Compiling home v0.5.9
[INFO] [stderr]    Compiling dirs v5.0.1
[INFO] [stderr]    Compiling alloy-rpc-types v0.1.4
[INFO] [stderr]    Compiling docker_credential v1.3.1
[INFO] [stderr]    Compiling alloy-provider v0.1.4
[INFO] [stderr]    Compiling parse-display v0.9.1
[INFO] [stderr]    Compiling bollard-stubs v1.44.0-rc.2
[INFO] [stderr]    Compiling ark-poly v0.4.2
[INFO] [stderr]    Compiling alloy-contract v0.1.4
[INFO] [stderr]    Compiling ark-ec v0.4.2
[INFO] [stderr]    Compiling eigen-utils v0.1.0
[INFO] [stderr]    Compiling ark-bn254 v0.4.0
[INFO] [stderr]    Compiling rust-bls-bn254 v0.2.0
[INFO] [stderr]    Compiling eigen-crypto-bn254 v0.1.0
[INFO] [stderr]    Compiling eigen-crypto-bls v0.1.0
[INFO] [stderr]    Compiling bollard v0.16.1
[INFO] [stderr]    Compiling testcontainers v0.20.1
[INFO] [stderr]    Compiling ethers-middleware v2.0.14
[INFO] [stderr]    Compiling eigen-testing-utils v0.1.0
[INFO] [stderr]    Compiling ethers v2.0.14
[INFO] [stderr]    Compiling eigen-types v0.1.0
[INFO] [stderr]    Compiling eigen-client-elcontracts v0.1.0
[INFO] [stderr]    Compiling eigen-client-avsregistry v0.1.0
[INFO] [stderr]    Compiling eigen-metrics-collectors-economic v0.1.0 (/opt/rustwide/workdir)
[INFO] [stderr]     Finished `test` profile [unoptimized + debuginfo] target(s) in 52.69s
[INFO] running `Command { std: "docker" "inspect" "e209befd49a05a8050f989763afcf534e8cd915842482fe2de40ec6b9ef406e1", kill_on_drop: false }`
[INFO] running `Command { std: "docker" "rm" "-f" "e209befd49a05a8050f989763afcf534e8cd915842482fe2de40ec6b9ef406e1", kill_on_drop: false }`
[INFO] [stdout] e209befd49a05a8050f989763afcf534e8cd915842482fe2de40ec6b9ef406e1
[INFO] running `Command { std: "docker" "create" "-v" "/var/lib/crater-agent-workspace/builds/worker-1-tc1/target:/opt/rustwide/target:rw,Z" "-v" "/var/lib/crater-agent-workspace/builds/worker-1-tc1/source:/opt/rustwide/workdir:ro,Z" "-v" "/var/lib/crater-agent-workspace/cargo-home:/opt/rustwide/cargo-home:ro,Z" "-v" "/var/lib/crater-agent-workspace/rustup-home:/opt/rustwide/rustup-home:ro,Z" "-e" "SOURCE_DIR=/opt/rustwide/workdir" "-e" "CARGO_TARGET_DIR=/opt/rustwide/target" "-e" "CARGO_INCREMENTAL=0" "-e" "RUST_BACKTRACE=full" "-e" "RUSTFLAGS=--cap-lints=forbid" "-e" "RUSTDOCFLAGS=--cap-lints=forbid" "-e" "CARGO_HOME=/opt/rustwide/cargo-home" "-e" "RUSTUP_HOME=/opt/rustwide/rustup-home" "-w" "/opt/rustwide/workdir" "-m" "1610612736" "--user" "0:0" "--network" "none" "ghcr.io/rust-lang/crates-build-env/linux@sha256:4a844ea9eb2546a2d2c7022eacef16ef2e8229c7fbb2c7d4d55a9ceca922f72d" "/opt/rustwide/cargo-home/bin/cargo" "+nightly-2024-10-28" "test" "--frozen", kill_on_drop: false }`
[INFO] [stdout] 8805f7ebe47fc5bcd4a6556050203f29a50ee0f8c155a96b8fc7907891bf8bf6
[INFO] running `Command { std: "docker" "start" "-a" "8805f7ebe47fc5bcd4a6556050203f29a50ee0f8c155a96b8fc7907891bf8bf6", kill_on_drop: false }`
[INFO] [stderr]     Finished `test` profile [unoptimized + debuginfo] target(s) in 1.14s
[INFO] [stderr]      Running unittests src/lib.rs (/opt/rustwide/target/debug/deps/eigen_metrics_collectors_economic-b05693e96a8dbccc)
[INFO] [stdout] 
[INFO] [stdout] running 1 test
[INFO] [stdout] test tests::test_init_operator_id ... FAILED
[INFO] [stdout] 
[INFO] [stdout] failures:
[INFO] [stdout] 
[INFO] [stdout] ---- tests::test_init_operator_id stdout ----
[INFO] [stdout] thread 'tests::test_init_operator_id' panicked at /opt/rustwide/cargo-home/registry/src/index.crates.io-6f17d22bba15001f/eigen-testing-utils-0.1.0/src/anvil.rs:50:10:
[INFO] [stdout] Error starting anvil container: Client(CreateContainer(HyperLegacyError { err: hyper_util::client::legacy::Error(Connect, Os { code: 2, kind: NotFound, message: "No such file or directory" }) }))
[INFO] [stdout] stack backtrace:
[INFO] [stdout]    0:     0x5b694a51c55a - std::backtrace_rs::backtrace::libunwind::trace::h207520d6e9873551
[INFO] [stdout]                                at /rustc/df4ca44d3fbc9301ee17f30f4d474e6ae4b05252/library/std/src/../../backtrace/src/backtrace/libunwind.rs:116:5
[INFO] [stdout]    1:     0x5b694a51c55a - std::backtrace_rs::backtrace::trace_unsynchronized::h2ed7433f370e3eca
[INFO] [stdout]                                at /rustc/df4ca44d3fbc9301ee17f30f4d474e6ae4b05252/library/std/src/../../backtrace/src/backtrace/mod.rs:66:5
[INFO] [stdout]    2:     0x5b694a51c55a - std::sys::backtrace::_print_fmt::h916fac51166b18d7
[INFO] [stdout]                                at /rustc/df4ca44d3fbc9301ee17f30f4d474e6ae4b05252/library/std/src/sys/backtrace.rs:66:9
[INFO] [stdout]    3:     0x5b694a51c55a - <std::sys::backtrace::BacktraceLock::print::DisplayBacktrace as core::fmt::Display>::fmt::ha0a4c9b8ce3802e6
[INFO] [stdout]                                at /rustc/df4ca44d3fbc9301ee17f30f4d474e6ae4b05252/library/std/src/sys/backtrace.rs:39:26
[INFO] [stdout]    4:     0x5b694a5485a3 - core::fmt::rt::Argument::fmt::h4cfc8587d52b3eb5
[INFO] [stdout]                                at /rustc/df4ca44d3fbc9301ee17f30f4d474e6ae4b05252/library/core/src/fmt/rt.rs:177:76
[INFO] [stdout]    5:     0x5b694a5485a3 - core::fmt::write::h522cc39e5b36ae9f
[INFO] [stdout]                                at /rustc/df4ca44d3fbc9301ee17f30f4d474e6ae4b05252/library/core/src/fmt/mod.rs:1190:21
[INFO] [stdout]    6:     0x5b694a517d33 - std::io::Write::write_fmt::h7d3c26752da97734
[INFO] [stdout]                                at /rustc/df4ca44d3fbc9301ee17f30f4d474e6ae4b05252/library/std/src/io/mod.rs:1839:15
[INFO] [stdout]    7:     0x5b694a51c3a2 - std::sys::backtrace::BacktraceLock::print::h4b9e00b29e9c0942
[INFO] [stdout]                                at /rustc/df4ca44d3fbc9301ee17f30f4d474e6ae4b05252/library/std/src/sys/backtrace.rs:42:9
[INFO] [stdout]    8:     0x5b694a51d9ea - std::panicking::default_hook::{{closure}}::hb59b88280d0324d9
[INFO] [stdout]                                at /rustc/df4ca44d3fbc9301ee17f30f4d474e6ae4b05252/library/std/src/panicking.rs:268:22
[INFO] [stdout]    9:     0x5b694a51d7f4 - std::panicking::default_hook::he1dd496665be4a29
[INFO] [stdout]                                at /rustc/df4ca44d3fbc9301ee17f30f4d474e6ae4b05252/library/std/src/panicking.rs:292:9
[INFO] [stdout]   10:     0x5b694962fff9 - <alloc::boxed::Box<F,A> as core::ops::function::Fn<Args>>::call::h4ff71de18744e1dc
[INFO] [stdout]                                at /rustc/df4ca44d3fbc9301ee17f30f4d474e6ae4b05252/library/alloc/src/boxed.rs:2468:9
[INFO] [stdout]   11:     0x5b694962fff9 - test::test_main::{{closure}}::hcf7c055ce117aa81
[INFO] [stdout]                                at /rustc/df4ca44d3fbc9301ee17f30f4d474e6ae4b05252/library/test/src/lib.rs:133:21
[INFO] [stdout]   12:     0x5b694a51e0e8 - <alloc::boxed::Box<F,A> as core::ops::function::Fn<Args>>::call::h1d66c6bbd60c9692
[INFO] [stdout]                                at /rustc/df4ca44d3fbc9301ee17f30f4d474e6ae4b05252/library/alloc/src/boxed.rs:2468:9
[INFO] [stdout]   13:     0x5b694a51e0e8 - std::panicking::rust_panic_with_hook::h2ff17fe8f26dfcf8
[INFO] [stdout]                                at /rustc/df4ca44d3fbc9301ee17f30f4d474e6ae4b05252/library/std/src/panicking.rs:809:13
[INFO] [stdout]   14:     0x5b694a51deaa - std::panicking::begin_panic_handler::{{closure}}::h4fad77951c07e101
[INFO] [stdout]                                at /rustc/df4ca44d3fbc9301ee17f30f4d474e6ae4b05252/library/std/src/panicking.rs:674:13
[INFO] [stdout]   15:     0x5b694a51ca39 - std::sys::backtrace::__rust_end_short_backtrace::hb1a25b3da5d0ea08
[INFO] [stdout]                                at /rustc/df4ca44d3fbc9301ee17f30f4d474e6ae4b05252/library/std/src/sys/backtrace.rs:170:18
[INFO] [stdout]   16:     0x5b694a51db3c - rust_begin_unwind
[INFO] [stdout]                                at /rustc/df4ca44d3fbc9301ee17f30f4d474e6ae4b05252/library/std/src/panicking.rs:665:5
[INFO] [stdout]   17:     0x5b694a545ee0 - core::panicking::panic_fmt::ha9db07b529f9b256
[INFO] [stdout]                                at /rustc/df4ca44d3fbc9301ee17f30f4d474e6ae4b05252/library/core/src/panicking.rs:75:14
[INFO] [stdout]   18:     0x5b694a5463c6 - core::result::unwrap_failed::h5e8218e4d4338b8a
[INFO] [stdout]                                at /rustc/df4ca44d3fbc9301ee17f30f4d474e6ae4b05252/library/core/src/result.rs:1698:5
[INFO] [stdout]   19:     0x5b6949574c6f - core::result::Result<T,E>::expect::h979ee36328178101
[INFO] [stdout]                                at /rustc/df4ca44d3fbc9301ee17f30f4d474e6ae4b05252/library/core/src/result.rs:1060:23
[INFO] [stdout]   20:     0x5b6949524905 - eigen_testing_utils::anvil::start_anvil_container::{{closure}}::h759f8967f162c7a5
[INFO] [stdout]                                at /opt/rustwide/cargo-home/registry/src/index.crates.io-6f17d22bba15001f/eigen-testing-utils-0.1.0/src/anvil.rs:30:21
[INFO] [stdout]   21:     0x5b69495e93e0 - eigen_metrics_collectors_economic::tests::test_init_operator_id::{{closure}}::hc568318f58faeaa9
[INFO] [stdout]                                at /opt/rustwide/workdir/src/lib.rs:167:81
[INFO] [stdout]   22:     0x5b6949590ec2 - <core::pin::Pin<P> as core::future::future::Future>::poll::h64b3d29a252d1e8d
[INFO] [stdout]                                at /rustc/df4ca44d3fbc9301ee17f30f4d474e6ae4b05252/library/core/src/future/future.rs:123:9
[INFO] [stdout]   23:     0x5b694959103d - <core::pin::Pin<P> as core::future::future::Future>::poll::hf911a99174ffa63b
[INFO] [stdout]                                at /rustc/df4ca44d3fbc9301ee17f30f4d474e6ae4b05252/library/core/src/future/future.rs:123:9
[INFO] [stdout]   24:     0x5b6949518d7f - tokio::runtime::scheduler::current_thread::CoreGuard::block_on::{{closure}}::{{closure}}::{{closure}}::ha8043e83060285e3
[INFO] [stdout]                                at /opt/rustwide/cargo-home/registry/src/index.crates.io-6f17d22bba15001f/tokio-1.41.0/src/runtime/scheduler/current_thread/mod.rs:729:57
[INFO] [stdout]   25:     0x5b6949518b05 - tokio::runtime::coop::with_budget::h8ab367361ac04f40
[INFO] [stdout]                                at /opt/rustwide/cargo-home/registry/src/index.crates.io-6f17d22bba15001f/tokio-1.41.0/src/runtime/coop.rs:107:5
[INFO] [stdout]   26:     0x5b6949518b05 - tokio::runtime::coop::budget::hc9873f3e119dad5a
[INFO] [stdout]                                at /opt/rustwide/cargo-home/registry/src/index.crates.io-6f17d22bba15001f/tokio-1.41.0/src/runtime/coop.rs:73:5
[INFO] [stdout]   27:     0x5b6949518b05 - tokio::runtime::scheduler::current_thread::CoreGuard::block_on::{{closure}}::{{closure}}::h6267bb0b19c220d9
[INFO] [stdout]                                at /opt/rustwide/cargo-home/registry/src/index.crates.io-6f17d22bba15001f/tokio-1.41.0/src/runtime/scheduler/current_thread/mod.rs:729:25
[INFO] [stdout]   28:     0x5b6949516900 - tokio::runtime::scheduler::current_thread::Context::enter::h85c7374ab077998d
[INFO] [stdout]                                at /opt/rustwide/cargo-home/registry/src/index.crates.io-6f17d22bba15001f/tokio-1.41.0/src/runtime/scheduler/current_thread/mod.rs:428:19
[INFO] [stdout]   29:     0x5b694951836e - tokio::runtime::scheduler::current_thread::CoreGuard::block_on::{{closure}}::he93b98d0944006b8
[INFO] [stdout]                                at /opt/rustwide/cargo-home/registry/src/index.crates.io-6f17d22bba15001f/tokio-1.41.0/src/runtime/scheduler/current_thread/mod.rs:728:36
[INFO] [stdout]   30:     0x5b69495177e4 - tokio::runtime::scheduler::current_thread::CoreGuard::enter::{{closure}}::hefd22f23544c3508
[INFO] [stdout]                                at /opt/rustwide/cargo-home/registry/src/index.crates.io-6f17d22bba15001f/tokio-1.41.0/src/runtime/scheduler/current_thread/mod.rs:807:68
[INFO] [stdout]   31:     0x5b69495e614b - tokio::runtime::context::scoped::Scoped<T>::set::h79f84c47d53d1584
[INFO] [stdout]                                at /opt/rustwide/cargo-home/registry/src/index.crates.io-6f17d22bba15001f/tokio-1.41.0/src/runtime/context/scoped.rs:40:9
[INFO] [stdout]   32:     0x5b6949514229 - tokio::runtime::context::set_scheduler::{{closure}}::he96fab5c72de6c0b
[INFO] [stdout]                                at /opt/rustwide/cargo-home/registry/src/index.crates.io-6f17d22bba15001f/tokio-1.41.0/src/runtime/context.rs:180:26
[INFO] [stdout]   33:     0x5b694953c9ad - std::thread::local::LocalKey<T>::try_with::hbf84f7c2a17b3d16
[INFO] [stdout]                                at /rustc/df4ca44d3fbc9301ee17f30f4d474e6ae4b05252/library/std/src/thread/local.rs:283:12
[INFO] [stdout]   34:     0x5b694953b39a - std::thread::local::LocalKey<T>::with::hc95515ec8a68e18f
[INFO] [stdout]                                at /rustc/df4ca44d3fbc9301ee17f30f4d474e6ae4b05252/library/std/src/thread/local.rs:260:9
[INFO] [stdout]   35:     0x5b694951415d - tokio::runtime::context::set_scheduler::ha3ad2bb881f1d496
[INFO] [stdout]                                at /opt/rustwide/cargo-home/registry/src/index.crates.io-6f17d22bba15001f/tokio-1.41.0/src/runtime/context.rs:180:9
[INFO] [stdout]   36:     0x5b6949517570 - tokio::runtime::scheduler::current_thread::CoreGuard::enter::h7cd25d4c759bb989
[INFO] [stdout]                                at /opt/rustwide/cargo-home/registry/src/index.crates.io-6f17d22bba15001f/tokio-1.41.0/src/runtime/scheduler/current_thread/mod.rs:807:27
[INFO] [stdout]   37:     0x5b6949517803 - tokio::runtime::scheduler::current_thread::CoreGuard::block_on::hb17f030447fc2a95
[INFO] [stdout]                                at /opt/rustwide/cargo-home/registry/src/index.crates.io-6f17d22bba15001f/tokio-1.41.0/src/runtime/scheduler/current_thread/mod.rs:716:19
[INFO] [stdout]   38:     0x5b6949514eaf - tokio::runtime::scheduler::current_thread::CurrentThread::block_on::{{closure}}::hcbc55d94760c1328
[INFO] [stdout]                                at /opt/rustwide/cargo-home/registry/src/index.crates.io-6f17d22bba15001f/tokio-1.41.0/src/runtime/scheduler/current_thread/mod.rs:196:28
[INFO] [stdout]   39:     0x5b69495d6e66 - tokio::runtime::context::runtime::enter_runtime::hfd0289274d1bb604
[INFO] [stdout]                                at /opt/rustwide/cargo-home/registry/src/index.crates.io-6f17d22bba15001f/tokio-1.41.0/src/runtime/context/runtime.rs:65:16
[INFO] [stdout]   40:     0x5b69495147a1 - tokio::runtime::scheduler::current_thread::CurrentThread::block_on::hf4d2110eb72f8ae6
[INFO] [stdout]                                at /opt/rustwide/cargo-home/registry/src/index.crates.io-6f17d22bba15001f/tokio-1.41.0/src/runtime/scheduler/current_thread/mod.rs:184:9
[INFO] [stdout]   41:     0x5b6949540d73 - tokio::runtime::runtime::Runtime::block_on_inner::haac305bea2b6f5e8
[INFO] [stdout]                                at /opt/rustwide/cargo-home/registry/src/index.crates.io-6f17d22bba15001f/tokio-1.41.0/src/runtime/runtime.rs:368:47
[INFO] [stdout]   42:     0x5b6949540f67 - tokio::runtime::runtime::Runtime::block_on::he1c4b08e4e851971
[INFO] [stdout]                                at /opt/rustwide/cargo-home/registry/src/index.crates.io-6f17d22bba15001f/tokio-1.41.0/src/runtime/runtime.rs:342:13
[INFO] [stdout]   43:     0x5b69495e90dd - eigen_metrics_collectors_economic::tests::test_init_operator_id::hb021120774e3938b
[INFO] [stdout]                                at /opt/rustwide/workdir/src/lib.rs:191:9
[INFO] [stdout]   44:     0x5b69495e8f57 - eigen_metrics_collectors_economic::tests::test_init_operator_id::{{closure}}::h6603a0f9bbca22be
[INFO] [stdout]                                at /opt/rustwide/workdir/src/lib.rs:166:37
[INFO] [stdout]   45:     0x5b69494e9bc6 - core::ops::function::FnOnce::call_once::h073429508ac79edd
[INFO] [stdout]                                at /rustc/df4ca44d3fbc9301ee17f30f4d474e6ae4b05252/library/core/src/ops/function.rs:250:5
[INFO] [stdout]   46:     0x5b69496348cb - core::ops::function::FnOnce::call_once::h22c3ba5715e93f05
[INFO] [stdout]                                at /rustc/df4ca44d3fbc9301ee17f30f4d474e6ae4b05252/library/core/src/ops/function.rs:250:5
[INFO] [stdout]   47:     0x5b69496348cb - test::__rust_begin_short_backtrace::h8e82d8113d0da17f
[INFO] [stdout]                                at /rustc/df4ca44d3fbc9301ee17f30f4d474e6ae4b05252/library/test/src/lib.rs:621:18
[INFO] [stdout]   48:     0x5b6949634247 - test::run_test_in_process::{{closure}}::h33235f4f20b7b7c7
[INFO] [stdout]                                at /rustc/df4ca44d3fbc9301ee17f30f4d474e6ae4b05252/library/test/src/lib.rs:644:60
[INFO] [stdout]   49:     0x5b6949634247 - <core::panic::unwind_safe::AssertUnwindSafe<F> as core::ops::function::FnOnce<()>>::call_once::hb5043206310c586f
[INFO] [stdout]                                at /rustc/df4ca44d3fbc9301ee17f30f4d474e6ae4b05252/library/core/src/panic/unwind_safe.rs:272:9
[INFO] [stdout]   50:     0x5b6949634247 - std::panicking::try::do_call::h9ad4731a60ab23e2
[INFO] [stdout]                                at /rustc/df4ca44d3fbc9301ee17f30f4d474e6ae4b05252/library/std/src/panicking.rs:557:40
[INFO] [stdout]   51:     0x5b6949634247 - std::panicking::try::h3824d23db772a716
[INFO] [stdout]                                at /rustc/df4ca44d3fbc9301ee17f30f4d474e6ae4b05252/library/std/src/panicking.rs:520:19
[INFO] [stdout]   52:     0x5b6949634247 - std::panic::catch_unwind::h5afd514605fde46b
[INFO] [stdout]                                at /rustc/df4ca44d3fbc9301ee17f30f4d474e6ae4b05252/library/std/src/panic.rs:358:14
[INFO] [stdout]   53:     0x5b6949634247 - test::run_test_in_process::h0d5cbfa7067d1720
[INFO] [stdout]                                at /rustc/df4ca44d3fbc9301ee17f30f4d474e6ae4b05252/library/test/src/lib.rs:644:27
[INFO] [stdout]   54:     0x5b6949634247 - test::run_test::{{closure}}::h708eb8872708115d
[INFO] [stdout]                                at /rustc/df4ca44d3fbc9301ee17f30f4d474e6ae4b05252/library/test/src/lib.rs:565:43
[INFO] [stdout]   55:     0x5b69495f7964 - test::run_test::{{closure}}::h392c51cee94713ab
[INFO] [stdout]                                at /rustc/df4ca44d3fbc9301ee17f30f4d474e6ae4b05252/library/test/src/lib.rs:595:41
[INFO] [stdout]   56:     0x5b69495f7964 - std::sys::backtrace::__rust_begin_short_backtrace::h2f40290710935a8b
[INFO] [stdout]                                at /rustc/df4ca44d3fbc9301ee17f30f4d474e6ae4b05252/library/std/src/sys/backtrace.rs:154:18
[INFO] [stdout]   57:     0x5b69495fb10e - std::thread::Builder::spawn_unchecked_::{{closure}}::{{closure}}::h3fd968d89053a903
[INFO] [stdout]                                at /rustc/df4ca44d3fbc9301ee17f30f4d474e6ae4b05252/library/std/src/thread/mod.rs:541:17
[INFO] [stdout]   58:     0x5b69495fb10e - <core::panic::unwind_safe::AssertUnwindSafe<F> as core::ops::function::FnOnce<()>>::call_once::h743f637ba4229880
[INFO] [stdout]                                at /rustc/df4ca44d3fbc9301ee17f30f4d474e6ae4b05252/library/core/src/panic/unwind_safe.rs:272:9
[INFO] [stdout]   59:     0x5b69495fb10e - std::panicking::try::do_call::h07440897322525a6
[INFO] [stdout]                                at /rustc/df4ca44d3fbc9301ee17f30f4d474e6ae4b05252/library/std/src/panicking.rs:557:40
[INFO] [stdout]   60:     0x5b69495fb10e - std::panicking::try::he5a2e00188156637
[INFO] [stdout]                                at /rustc/df4ca44d3fbc9301ee17f30f4d474e6ae4b05252/library/std/src/panicking.rs:520:19
[INFO] [stdout]   61:     0x5b69495fb10e - std::panic::catch_unwind::hbaf3cae49b3c6433
[INFO] [stdout]                                at /rustc/df4ca44d3fbc9301ee17f30f4d474e6ae4b05252/library/std/src/panic.rs:358:14
[INFO] [stdout]   62:     0x5b69495fb10e - std::thread::Builder::spawn_unchecked_::{{closure}}::h8e141ea224820bce
[INFO] [stdout]                                at /rustc/df4ca44d3fbc9301ee17f30f4d474e6ae4b05252/library/std/src/thread/mod.rs:540:30
[INFO] [stdout]   63:     0x5b69495fb10e - core::ops::function::FnOnce::call_once{{vtable.shim}}::h90d312fedd7b8ea8
[INFO] [stdout]                                at /rustc/df4ca44d3fbc9301ee17f30f4d474e6ae4b05252/library/core/src/ops/function.rs:250:5
[INFO] [stdout]   64:     0x5b694a522bcb - <alloc::boxed::Box<F,A> as core::ops::function::FnOnce<Args>>::call_once::h69aa08ddb6adb8b6
[INFO] [stdout]                                at /rustc/df4ca44d3fbc9301ee17f30f4d474e6ae4b05252/library/alloc/src/boxed.rs:2454:9
[INFO] [stdout]   65:     0x5b694a522bcb - <alloc::boxed::Box<F,A> as core::ops::function::FnOnce<Args>>::call_once::h5aa36efdb79c806f
[INFO] [stdout]                                at /rustc/df4ca44d3fbc9301ee17f30f4d474e6ae4b05252/library/alloc/src/boxed.rs:2454:9
[INFO] [stdout]   66:     0x5b694a522bcb - std::sys::pal::unix::thread::Thread::new::thread_start::h6cd80a1b4be5158d
[INFO] [stdout]                                at /rustc/df4ca44d3fbc9301ee17f30f4d474e6ae4b05252/library/std/src/sys/pal/unix/thread.rs:105:17
[INFO] [stdout]   67:     0x72fe96644ac3 - <unknown>
[INFO] [stdout]   68:     0x72fe966d5a04 - clone
[INFO] [stdout]   69:                0x0 - <unknown>
[INFO] [stdout] 
[INFO] [stdout] 
[INFO] [stdout] failures:
[INFO] [stdout]     tests::test_init_operator_id
[INFO] [stdout] 
[INFO] [stdout] test result: FAILED. 0 passed; 1 failed; 0 ignored; 0 measured; 0 filtered out; finished in 0.21s
[INFO] [stdout] 
[INFO] [stderr] error: test failed, to rerun pass `--lib`
[INFO] running `Command { std: "docker" "inspect" "8805f7ebe47fc5bcd4a6556050203f29a50ee0f8c155a96b8fc7907891bf8bf6", kill_on_drop: false }`
[INFO] running `Command { std: "docker" "rm" "-f" "8805f7ebe47fc5bcd4a6556050203f29a50ee0f8c155a96b8fc7907891bf8bf6", kill_on_drop: false }`
[INFO] [stdout] 8805f7ebe47fc5bcd4a6556050203f29a50ee0f8c155a96b8fc7907891bf8bf6
