[INFO] fetching crate egui_struct_macros 0.4.2...
[INFO] testing egui_struct_macros-0.4.2 against nightly-2024-10-28+rustflags=-Zrandomize-layout for randomize-layout
[INFO] extracting crate egui_struct_macros 0.4.2 into /workspace/builds/worker-1-tc2/source
[INFO] validating manifest of crates.io crate egui_struct_macros 0.4.2 on toolchain nightly-2024-10-28
[INFO] running `Command { std: CARGO_HOME="/workspace/cargo-home" RUSTUP_HOME="/workspace/rustup-home" "/workspace/cargo-home/bin/cargo" "+nightly-2024-10-28" "metadata" "--manifest-path" "Cargo.toml" "--no-deps", kill_on_drop: false }`
[INFO] started tweaking crates.io crate egui_struct_macros 0.4.2
[INFO] finished tweaking crates.io crate egui_struct_macros 0.4.2
[INFO] tweaked toml for crates.io crate egui_struct_macros 0.4.2 written to /workspace/builds/worker-1-tc2/source/Cargo.toml
[INFO] running `Command { std: CARGO_HOME="/workspace/cargo-home" RUSTUP_HOME="/workspace/rustup-home" "/workspace/cargo-home/bin/cargo" "+nightly-2024-10-28" "generate-lockfile" "--manifest-path" "Cargo.toml", kill_on_drop: false }`
[INFO] [stderr]     Updating crates.io index
[INFO] [stderr]      Locking 12 packages to latest compatible versions
[INFO] running `Command { std: CARGO_HOME="/workspace/cargo-home" RUSTUP_HOME="/workspace/rustup-home" "/workspace/cargo-home/bin/cargo" "+nightly-2024-10-28" "fetch" "--manifest-path" "Cargo.toml", kill_on_drop: false }`
[INFO] running `Command { std: "docker" "create" "-v" "/var/lib/crater-agent-workspace/builds/worker-1-tc2/target:/opt/rustwide/target:rw,Z" "-v" "/var/lib/crater-agent-workspace/builds/worker-1-tc2/source:/opt/rustwide/workdir:ro,Z" "-v" "/var/lib/crater-agent-workspace/cargo-home:/opt/rustwide/cargo-home:ro,Z" "-v" "/var/lib/crater-agent-workspace/rustup-home:/opt/rustwide/rustup-home:ro,Z" "-e" "SOURCE_DIR=/opt/rustwide/workdir" "-e" "CARGO_TARGET_DIR=/opt/rustwide/target" "-e" "CARGO_HOME=/opt/rustwide/cargo-home" "-e" "RUSTUP_HOME=/opt/rustwide/rustup-home" "-w" "/opt/rustwide/workdir" "-m" "1610612736" "--user" "0:0" "--network" "none" "ghcr.io/rust-lang/crates-build-env/linux@sha256:4a844ea9eb2546a2d2c7022eacef16ef2e8229c7fbb2c7d4d55a9ceca922f72d" "/opt/rustwide/cargo-home/bin/cargo" "+nightly-2024-10-28" "metadata" "--no-deps" "--format-version=1", kill_on_drop: false }`
[INFO] [stdout] 7d0395646f8ffbc17f9432d1ae7987760affd38a63606c3a0ee114931a653f7f
[INFO] running `Command { std: "docker" "start" "-a" "7d0395646f8ffbc17f9432d1ae7987760affd38a63606c3a0ee114931a653f7f", kill_on_drop: false }`
[INFO] running `Command { std: "docker" "inspect" "7d0395646f8ffbc17f9432d1ae7987760affd38a63606c3a0ee114931a653f7f", kill_on_drop: false }`
[INFO] running `Command { std: "docker" "rm" "-f" "7d0395646f8ffbc17f9432d1ae7987760affd38a63606c3a0ee114931a653f7f", kill_on_drop: false }`
[INFO] [stdout] 7d0395646f8ffbc17f9432d1ae7987760affd38a63606c3a0ee114931a653f7f
[INFO] running `Command { std: "docker" "create" "-v" "/var/lib/crater-agent-workspace/builds/worker-1-tc2/target:/opt/rustwide/target:rw,Z" "-v" "/var/lib/crater-agent-workspace/builds/worker-1-tc2/source:/opt/rustwide/workdir:ro,Z" "-v" "/var/lib/crater-agent-workspace/cargo-home:/opt/rustwide/cargo-home:ro,Z" "-v" "/var/lib/crater-agent-workspace/rustup-home:/opt/rustwide/rustup-home:ro,Z" "-e" "SOURCE_DIR=/opt/rustwide/workdir" "-e" "CARGO_TARGET_DIR=/opt/rustwide/target" "-e" "CARGO_INCREMENTAL=0" "-e" "RUST_BACKTRACE=full" "-e" "RUSTFLAGS=--cap-lints=forbid -Zrandomize-layout" "-e" "RUSTDOCFLAGS=--cap-lints=forbid" "-e" "CARGO_HOME=/opt/rustwide/cargo-home" "-e" "RUSTUP_HOME=/opt/rustwide/rustup-home" "-w" "/opt/rustwide/workdir" "-m" "1610612736" "--user" "0:0" "--network" "none" "ghcr.io/rust-lang/crates-build-env/linux@sha256:4a844ea9eb2546a2d2c7022eacef16ef2e8229c7fbb2c7d4d55a9ceca922f72d" "/opt/rustwide/cargo-home/bin/cargo" "+nightly-2024-10-28" "build" "--frozen" "--message-format=json", kill_on_drop: false }`
[INFO] [stdout] c84da9776715e5dd0a9c539ac70bcf689ed62fcb1e3e1e7463b1583112658e44
[INFO] running `Command { std: "docker" "start" "-a" "c84da9776715e5dd0a9c539ac70bcf689ed62fcb1e3e1e7463b1583112658e44", kill_on_drop: false }`
[INFO] [stderr]    Compiling proc-macro2 v1.0.89
[INFO] [stderr]    Compiling unicode-ident v1.0.13
[INFO] [stderr]    Compiling strsim v0.11.1
[INFO] [stderr]    Compiling ident_case v1.0.1
[INFO] [stderr]    Compiling fnv v1.0.7
[INFO] [stderr]    Compiling unicode-segmentation v1.12.0
[INFO] [stderr]    Compiling convert_case v0.6.0
[INFO] [stderr]    Compiling quote v1.0.37
[INFO] [stderr]    Compiling syn v2.0.86
[INFO] [stderr]    Compiling darling_core v0.20.10
[INFO] [stderr]    Compiling darling_macro v0.20.10
[INFO] [stderr]    Compiling darling v0.20.10
[INFO] [stderr]    Compiling egui_struct_macros v0.4.2 (/opt/rustwide/workdir)
[INFO] [stderr]     Finished `dev` profile [unoptimized + debuginfo] target(s) in 8.77s
[INFO] running `Command { std: "docker" "inspect" "c84da9776715e5dd0a9c539ac70bcf689ed62fcb1e3e1e7463b1583112658e44", kill_on_drop: false }`
[INFO] running `Command { std: "docker" "rm" "-f" "c84da9776715e5dd0a9c539ac70bcf689ed62fcb1e3e1e7463b1583112658e44", kill_on_drop: false }`
[INFO] [stdout] c84da9776715e5dd0a9c539ac70bcf689ed62fcb1e3e1e7463b1583112658e44
[INFO] running `Command { std: "docker" "create" "-v" "/var/lib/crater-agent-workspace/builds/worker-1-tc2/target:/opt/rustwide/target:rw,Z" "-v" "/var/lib/crater-agent-workspace/builds/worker-1-tc2/source:/opt/rustwide/workdir:ro,Z" "-v" "/var/lib/crater-agent-workspace/cargo-home:/opt/rustwide/cargo-home:ro,Z" "-v" "/var/lib/crater-agent-workspace/rustup-home:/opt/rustwide/rustup-home:ro,Z" "-e" "SOURCE_DIR=/opt/rustwide/workdir" "-e" "CARGO_TARGET_DIR=/opt/rustwide/target" "-e" "CARGO_INCREMENTAL=0" "-e" "RUST_BACKTRACE=full" "-e" "RUSTFLAGS=--cap-lints=forbid -Zrandomize-layout" "-e" "RUSTDOCFLAGS=--cap-lints=forbid" "-e" "CARGO_HOME=/opt/rustwide/cargo-home" "-e" "RUSTUP_HOME=/opt/rustwide/rustup-home" "-w" "/opt/rustwide/workdir" "-m" "1610612736" "--user" "0:0" "--network" "none" "ghcr.io/rust-lang/crates-build-env/linux@sha256:4a844ea9eb2546a2d2c7022eacef16ef2e8229c7fbb2c7d4d55a9ceca922f72d" "/opt/rustwide/cargo-home/bin/cargo" "+nightly-2024-10-28" "test" "--frozen" "--no-run" "--message-format=json", kill_on_drop: false }`
[INFO] [stdout] 4e280caa5679a91f20fdf54a1af2c4cae5c3b21420bb8508ce82d5f5dea527c5
[INFO] running `Command { std: "docker" "start" "-a" "4e280caa5679a91f20fdf54a1af2c4cae5c3b21420bb8508ce82d5f5dea527c5", kill_on_drop: false }`
[INFO] [stderr]    Compiling egui_struct_macros v0.4.2 (/opt/rustwide/workdir)
[INFO] [stderr]     Finished `test` profile [unoptimized + debuginfo] target(s) in 1.49s
[INFO] running `Command { std: "docker" "inspect" "4e280caa5679a91f20fdf54a1af2c4cae5c3b21420bb8508ce82d5f5dea527c5", kill_on_drop: false }`
[INFO] running `Command { std: "docker" "rm" "-f" "4e280caa5679a91f20fdf54a1af2c4cae5c3b21420bb8508ce82d5f5dea527c5", kill_on_drop: false }`
[INFO] [stdout] 4e280caa5679a91f20fdf54a1af2c4cae5c3b21420bb8508ce82d5f5dea527c5
[INFO] running `Command { std: "docker" "create" "-v" "/var/lib/crater-agent-workspace/builds/worker-1-tc2/target:/opt/rustwide/target:rw,Z" "-v" "/var/lib/crater-agent-workspace/builds/worker-1-tc2/source:/opt/rustwide/workdir:ro,Z" "-v" "/var/lib/crater-agent-workspace/cargo-home:/opt/rustwide/cargo-home:ro,Z" "-v" "/var/lib/crater-agent-workspace/rustup-home:/opt/rustwide/rustup-home:ro,Z" "-e" "SOURCE_DIR=/opt/rustwide/workdir" "-e" "CARGO_TARGET_DIR=/opt/rustwide/target" "-e" "CARGO_INCREMENTAL=0" "-e" "RUST_BACKTRACE=full" "-e" "RUSTFLAGS=--cap-lints=forbid -Zrandomize-layout" "-e" "RUSTDOCFLAGS=--cap-lints=forbid" "-e" "CARGO_HOME=/opt/rustwide/cargo-home" "-e" "RUSTUP_HOME=/opt/rustwide/rustup-home" "-w" "/opt/rustwide/workdir" "-m" "1610612736" "--user" "0:0" "--network" "none" "ghcr.io/rust-lang/crates-build-env/linux@sha256:4a844ea9eb2546a2d2c7022eacef16ef2e8229c7fbb2c7d4d55a9ceca922f72d" "/opt/rustwide/cargo-home/bin/cargo" "+nightly-2024-10-28" "test" "--frozen", kill_on_drop: false }`
[INFO] [stdout] 4500185bb257f0c20a50b4e5c5324039d097bc3f84e470d82be3745da3ce2b4d
[INFO] running `Command { std: "docker" "start" "-a" "4500185bb257f0c20a50b4e5c5324039d097bc3f84e470d82be3745da3ce2b4d", kill_on_drop: false }`
[INFO] [stderr]     Finished `test` profile [unoptimized + debuginfo] target(s) in 0.03s
[INFO] [stderr]      Running unittests src/lib.rs (/opt/rustwide/target/debug/deps/egui_struct_macros-bb6c82c618d7b5c5)
[INFO] [stdout] 
[INFO] [stdout] running 0 tests
[INFO] [stdout] 
[INFO] [stdout] test result: ok. 0 passed; 0 failed; 0 ignored; 0 measured; 0 filtered out; finished in 0.00s
[INFO] [stdout] 
[INFO] [stderr]    Doc-tests egui_struct_macros
[INFO] [stdout] 
[INFO] [stdout] running 2 tests
[INFO] [stdout] test src/lib.rs - egui_struct_imut (line 1055) ... FAILED
[INFO] [stdout] test src/lib.rs - egui_struct (line 994) ... FAILED
[INFO] [stdout] 
[INFO] [stdout] failures:
[INFO] [stdout] 
[INFO] [stdout] ---- src/lib.rs - egui_struct_imut (line 1055) stdout ----
[INFO] [stdout] error: cannot find derive macro `EguiStructImut` in this scope
[INFO] [stdout]  --> src/lib.rs:1056:10
[INFO] [stdout]   |
[INFO] [stdout] 3 | #[derive(EguiStructImut)]
[INFO] [stdout]   |          ^^^^^^^^^^^^^^
[INFO] [stdout]   |
[INFO] [stdout] help: consider importing this derive macro
[INFO] [stdout]   |
[INFO] [stdout] 2 + use egui_struct_macros::EguiStructImut;
[INFO] [stdout]   |
[INFO] [stdout] 
[INFO] [stdout] error: cannot find attribute `eguis` in this scope
[INFO] [stdout]  --> src/lib.rs:1057:3
[INFO] [stdout]   |
[INFO] [stdout] 4 | #[eguis(rename_all = "Upper")]
[INFO] [stdout]   |   ^^^^^
[INFO] [stdout] 
[INFO] [stdout] error: cannot find attribute `eguis` in this scope
[INFO] [stdout]  --> src/lib.rs:1059:7
[INFO] [stdout]   |
[INFO] [stdout] 6 |     #[eguis(hint = "This is field")]
[INFO] [stdout]   |       ^^^^^
[INFO] [stdout] 
[INFO] [stdout] error: aborting due to 3 previous errors
[INFO] [stdout] 
[INFO] [stdout] Couldn't compile the test.
[INFO] [stdout] ---- src/lib.rs - egui_struct (line 994) stdout ----
[INFO] [stdout] error: cannot find derive macro `EguiStruct` in this scope
[INFO] [stdout]  --> src/lib.rs:995:10
[INFO] [stdout]   |
[INFO] [stdout] 3 | #[derive(EguiStruct)]
[INFO] [stdout]   |          ^^^^^^^^^^
[INFO] [stdout]   |
[INFO] [stdout] help: consider importing this derive macro
[INFO] [stdout]   |
[INFO] [stdout] 2 + use egui_struct_macros::EguiStruct;
[INFO] [stdout]   |
[INFO] [stdout] 
[INFO] [stdout] error: cannot find attribute `eguis` in this scope
[INFO] [stdout]  --> src/lib.rs:996:3
[INFO] [stdout]   |
[INFO] [stdout] 4 | #[eguis(rename_all = "Upper")]
[INFO] [stdout]   |   ^^^^^
[INFO] [stdout] 
[INFO] [stdout] error: cannot find attribute `eguis` in this scope
[INFO] [stdout]  --> src/lib.rs:998:7
[INFO] [stdout]   |
[INFO] [stdout] 6 |     #[eguis(hint = "This is field")]
[INFO] [stdout]   |       ^^^^^
[INFO] [stdout] 
[INFO] [stdout] error: aborting due to 3 previous errors
[INFO] [stdout] 
[INFO] [stdout] Couldn't compile the test.
[INFO] [stdout] 
[INFO] [stdout] failures:
[INFO] [stdout]     src/lib.rs - egui_struct (line 994)
[INFO] [stdout]     src/lib.rs - egui_struct_imut (line 1055)
[INFO] [stdout] 
[INFO] [stdout] test result: FAILED. 0 passed; 2 failed; 0 ignored; 0 measured; 0 filtered out; finished in 0.10s
[INFO] [stdout] 
[INFO] [stderr] error: doctest failed, to rerun pass `--doc`
[INFO] running `Command { std: "docker" "inspect" "4500185bb257f0c20a50b4e5c5324039d097bc3f84e470d82be3745da3ce2b4d", kill_on_drop: false }`
[INFO] running `Command { std: "docker" "rm" "-f" "4500185bb257f0c20a50b4e5c5324039d097bc3f84e470d82be3745da3ce2b4d", kill_on_drop: false }`
[INFO] [stdout] 4500185bb257f0c20a50b4e5c5324039d097bc3f84e470d82be3745da3ce2b4d
