[INFO] fetching crate edger_bevy_egui 0.5.0...
[INFO] testing edger_bevy_egui-0.5.0 against nightly-2024-10-28+rustflags=-Zrandomize-layout for randomize-layout
[INFO] extracting crate edger_bevy_egui 0.5.0 into /workspace/builds/worker-2-tc2/source
[INFO] validating manifest of crates.io crate edger_bevy_egui 0.5.0 on toolchain nightly-2024-10-28
[INFO] running `Command { std: CARGO_HOME="/workspace/cargo-home" RUSTUP_HOME="/workspace/rustup-home" "/workspace/cargo-home/bin/cargo" "+nightly-2024-10-28" "metadata" "--manifest-path" "Cargo.toml" "--no-deps", kill_on_drop: false }`
[INFO] started tweaking crates.io crate edger_bevy_egui 0.5.0
[INFO] finished tweaking crates.io crate edger_bevy_egui 0.5.0
[INFO] tweaked toml for crates.io crate edger_bevy_egui 0.5.0 written to /workspace/builds/worker-2-tc2/source/Cargo.toml
[INFO] running `Command { std: CARGO_HOME="/workspace/cargo-home" RUSTUP_HOME="/workspace/rustup-home" "/workspace/cargo-home/bin/cargo" "+nightly-2024-10-28" "generate-lockfile" "--manifest-path" "Cargo.toml", kill_on_drop: false }`
[INFO] [stderr]     Updating crates.io index
[INFO] [stderr]      Locking 394 packages to latest compatible versions
[INFO] [stderr]       Adding bevy_egui v0.28.0 (available: v0.30.0)
[INFO] running `Command { std: CARGO_HOME="/workspace/cargo-home" RUSTUP_HOME="/workspace/rustup-home" "/workspace/cargo-home/bin/cargo" "+nightly-2024-10-28" "fetch" "--manifest-path" "Cargo.toml", kill_on_drop: false }`
[INFO] running `Command { std: "docker" "create" "-v" "/var/lib/crater-agent-workspace/builds/worker-2-tc2/target:/opt/rustwide/target:rw,Z" "-v" "/var/lib/crater-agent-workspace/builds/worker-2-tc2/source:/opt/rustwide/workdir:ro,Z" "-v" "/var/lib/crater-agent-workspace/cargo-home:/opt/rustwide/cargo-home:ro,Z" "-v" "/var/lib/crater-agent-workspace/rustup-home:/opt/rustwide/rustup-home:ro,Z" "-e" "SOURCE_DIR=/opt/rustwide/workdir" "-e" "CARGO_TARGET_DIR=/opt/rustwide/target" "-e" "CARGO_HOME=/opt/rustwide/cargo-home" "-e" "RUSTUP_HOME=/opt/rustwide/rustup-home" "-w" "/opt/rustwide/workdir" "-m" "1610612736" "--user" "0:0" "--network" "none" "ghcr.io/rust-lang/crates-build-env/linux@sha256:4a844ea9eb2546a2d2c7022eacef16ef2e8229c7fbb2c7d4d55a9ceca922f72d" "/opt/rustwide/cargo-home/bin/cargo" "+nightly-2024-10-28" "metadata" "--no-deps" "--format-version=1", kill_on_drop: false }`
[INFO] [stdout] 95453fa22e086a1acad19370be9b67d0c6521a6799fb7406c0382ac8ff0f3dc9
[INFO] running `Command { std: "docker" "start" "-a" "95453fa22e086a1acad19370be9b67d0c6521a6799fb7406c0382ac8ff0f3dc9", kill_on_drop: false }`
[INFO] running `Command { std: "docker" "inspect" "95453fa22e086a1acad19370be9b67d0c6521a6799fb7406c0382ac8ff0f3dc9", kill_on_drop: false }`
[INFO] running `Command { std: "docker" "rm" "-f" "95453fa22e086a1acad19370be9b67d0c6521a6799fb7406c0382ac8ff0f3dc9", kill_on_drop: false }`
[INFO] [stdout] 95453fa22e086a1acad19370be9b67d0c6521a6799fb7406c0382ac8ff0f3dc9
[INFO] running `Command { std: "docker" "create" "-v" "/var/lib/crater-agent-workspace/builds/worker-2-tc2/target:/opt/rustwide/target:rw,Z" "-v" "/var/lib/crater-agent-workspace/builds/worker-2-tc2/source:/opt/rustwide/workdir:ro,Z" "-v" "/var/lib/crater-agent-workspace/cargo-home:/opt/rustwide/cargo-home:ro,Z" "-v" "/var/lib/crater-agent-workspace/rustup-home:/opt/rustwide/rustup-home:ro,Z" "-e" "SOURCE_DIR=/opt/rustwide/workdir" "-e" "CARGO_TARGET_DIR=/opt/rustwide/target" "-e" "CARGO_INCREMENTAL=0" "-e" "RUST_BACKTRACE=full" "-e" "RUSTFLAGS=--cap-lints=forbid -Zrandomize-layout" "-e" "RUSTDOCFLAGS=--cap-lints=forbid" "-e" "CARGO_HOME=/opt/rustwide/cargo-home" "-e" "RUSTUP_HOME=/opt/rustwide/rustup-home" "-w" "/opt/rustwide/workdir" "-m" "1610612736" "--user" "0:0" "--network" "none" "ghcr.io/rust-lang/crates-build-env/linux@sha256:4a844ea9eb2546a2d2c7022eacef16ef2e8229c7fbb2c7d4d55a9ceca922f72d" "/opt/rustwide/cargo-home/bin/cargo" "+nightly-2024-10-28" "build" "--frozen" "--message-format=json", kill_on_drop: false }`
[INFO] [stdout] e67862a6a5a381760424009302e6c5c284f3539f1b3cea5fb4570cc62c65fbbe
[INFO] running `Command { std: "docker" "start" "-a" "e67862a6a5a381760424009302e6c5c284f3539f1b3cea5fb4570cc62c65fbbe", kill_on_drop: false }`
[INFO] [stderr]    Compiling unicode-ident v1.0.13
[INFO] [stderr]    Compiling serde v1.0.214
[INFO] [stderr]    Compiling smallvec v1.13.2
[INFO] [stderr]    Compiling crossbeam-utils v0.8.20
[INFO] [stderr]    Compiling zerocopy v0.7.35
[INFO] [stderr]    Compiling toml_datetime v0.6.8
[INFO] [stderr]    Compiling ahash v0.8.11
[INFO] [stderr]    Compiling winnow v0.6.20
[INFO] [stderr]    Compiling parking v2.2.1
[INFO] [stderr]    Compiling libc v0.2.161
[INFO] [stderr]    Compiling rand_core v0.6.4
[INFO] [stderr]    Compiling futures-io v0.3.31
[INFO] [stderr]    Compiling typeid v1.0.2
[INFO] [stderr]    Compiling fastrand v2.1.1
[INFO] [stderr]    Compiling getrandom v0.2.15
[INFO] [stderr]    Compiling thread_local v1.1.8
[INFO] [stderr]    Compiling proc-macro2 v1.0.89
[INFO] [stderr]    Compiling rand v0.8.5
[INFO] [stderr]    Compiling async-task v4.7.1
[INFO] [stderr]    Compiling web-time v1.1.0
[INFO] [stderr]    Compiling downcast-rs v1.2.1
[INFO] [stderr]    Compiling smol_str v0.2.2
[INFO] [stderr]    Compiling bevy_ptr v0.14.2
[INFO] [stderr]    Compiling futures-lite v2.4.0
[INFO] [stderr]    Compiling num-traits v0.2.19
[INFO] [stderr]    Compiling fixedbitset v0.4.2
[INFO] [stderr]    Compiling fixedbitset v0.5.7
[INFO] [stderr]    Compiling nonmax v0.5.5
[INFO] [stderr]    Compiling lock_api v0.4.12
[INFO] [stderr]    Compiling cfg_aliases v0.1.1
[INFO] [stderr]    Compiling parking_lot_core v0.9.10
[INFO] [stderr]    Compiling termcolor v1.4.1
[INFO] [stderr]    Compiling bit-vec v0.6.3
[INFO] [stderr]    Compiling petgraph v0.6.5
[INFO] [stderr]    Compiling hexf-parse v0.2.1
[INFO] [stderr]    Compiling quote v1.0.37
[INFO] [stderr]    Compiling codespan-reporting v0.11.1
[INFO] [stderr]    Compiling bit-set v0.5.3
[INFO] [stderr]    Compiling ash v0.37.3+1.3.251
[INFO] [stderr]    Compiling unicode-xid v0.2.6
[INFO] [stderr]    Compiling khronos-egl v6.0.0
[INFO] [stderr]    Compiling concurrent-queue v2.5.0
[INFO] [stderr]    Compiling rustc-hash v1.1.0
[INFO] [stderr]    Compiling wgpu-hal v0.21.1
[INFO] [stderr]    Compiling syn v2.0.86
[INFO] [stderr]    Compiling parking_lot v0.12.3
[INFO] [stderr]    Compiling libloading v0.8.5
[INFO] [stderr]    Compiling libloading v0.7.4
[INFO] [stderr]    Compiling atomic-waker v1.1.2
[INFO] [stderr]    Compiling raw-window-handle v0.6.2
[INFO] [stderr]    Compiling event-listener v5.3.1
[INFO] [stderr]    Compiling piper v0.2.4
[INFO] [stderr]    Compiling blake3 v1.5.4
[INFO] [stderr]    Compiling async-executor v1.13.1
[INFO] [stderr]    Compiling crossbeam-channel v0.5.13
[INFO] [stderr]    Compiling wgpu-core v0.21.1
[INFO] [stderr]    Compiling event-listener-strategy v0.5.2
[INFO] [stderr]    Compiling uuid v1.11.0
[INFO] [stderr]    Compiling litrs v0.4.1
[INFO] [stderr]    Compiling glow v0.13.1
[INFO] [stderr]    Compiling async-channel v2.3.1
[INFO] [stderr]    Compiling bevy_tasks v0.14.2
[INFO] [stderr]    Compiling profiling v1.0.16
[INFO] [stderr]    Compiling renderdoc-sys v1.1.0
[INFO] [stderr]    Compiling async-lock v3.4.0
[INFO] [stderr]    Compiling blocking v1.6.1
[INFO] [stderr]    Compiling png v0.17.14
[INFO] [stderr]    Compiling wgpu v0.20.1
[INFO] [stderr]    Compiling constant_time_eq v0.3.1
[INFO] [stderr]    Compiling event-listener v2.5.3
[INFO] [stderr]    Compiling ttf-parser v0.25.0
[INFO] [stderr]    Compiling const_soft_float v0.1.4
[INFO] [stderr]    Compiling accesskit v0.14.0
[INFO] [stderr]    Compiling arrayref v0.3.9
[INFO] [stderr]    Compiling const_panic v0.2.10
[INFO] [stderr]    Compiling async-broadcast v0.5.1
[INFO] [stderr]    Compiling ab_glyph_rasterizer v0.1.8
[INFO] [stderr]    Compiling const-fnv1a-hash v1.1.0
[INFO] [stderr]    Compiling document-features v0.2.10
[INFO] [stderr]    Compiling data-encoding v2.6.0
[INFO] [stderr]    Compiling constgebra v0.1.4
[INFO] [stderr]    Compiling async-fs v2.1.2
[INFO] [stderr]    Compiling regex-syntax v0.6.29
[INFO] [stderr]    Compiling euclid v0.22.11
[INFO] [stderr]    Compiling toml_edit v0.22.22
[INFO] [stderr]    Compiling overload v0.1.1
[INFO] [stderr]    Compiling svg_fmt v0.4.3
[INFO] [stderr]    Compiling radsort v0.1.1
[INFO] [stderr]    Compiling tinyvec_macros v0.1.1
[INFO] [stderr]    Compiling tinyvec v1.8.0
[INFO] [stderr]    Compiling nu-ansi-term v0.46.0
[INFO] [stderr]    Compiling sharded-slab v0.1.7
[INFO] [stderr]    Compiling approx v0.5.1
[INFO] [stderr]    Compiling tracing-log v0.2.0
[INFO] [stderr]    Compiling rustix v0.38.38
[INFO] [stderr]    Compiling rectangle-pack v0.4.2
[INFO] [stderr]    Compiling xi-unicode v0.3.0
[INFO] [stderr]    Compiling unicode-bidi v0.3.17
[INFO] [stderr]    Compiling linux-raw-sys v0.4.14
[INFO] [stderr]    Compiling guillotiere v0.6.2
[INFO] [stderr]    Compiling x11rb-protocol v0.13.1
[INFO] [stderr]    Compiling nohash-hasher v0.2.0
[INFO] [stderr]    Compiling bevy_egui v0.28.0
[INFO] [stderr]    Compiling unicode-normalization v0.1.24
[INFO] [stderr]    Compiling idna v0.5.0
[INFO] [stderr]    Compiling url v2.5.2
[INFO] [stderr]    Compiling owned_ttf_parser v0.25.0
[INFO] [stderr]    Compiling regex-automata v0.1.10
[INFO] [stderr]    Compiling ab_glyph v0.2.29
[INFO] [stderr]    Compiling glyph_brush_layout v0.2.4
[INFO] [stderr]    Compiling webbrowser v1.0.2
[INFO] [stderr]    Compiling bevy_macro_utils v0.14.2
[INFO] [stderr]    Compiling encase_derive_impl v0.8.0
[INFO] [stderr]    Compiling matchers v0.1.0
[INFO] [stderr]    Compiling serde_derive v1.0.214
[INFO] [stderr]    Compiling bytemuck_derive v1.8.0
[INFO] [stderr]    Compiling thiserror-impl v1.0.66
[INFO] [stderr]    Compiling tracing-attributes v0.1.27
[INFO] [stderr]    Compiling bevy_utils_proc_macros v0.14.2
[INFO] [stderr]    Compiling bevy_reflect_derive v0.14.2
[INFO] [stderr]    Compiling bevy_ecs_macros v0.14.2
[INFO] [stderr]    Compiling bevy_derive v0.14.2
[INFO] [stderr]    Compiling encase_derive v0.8.0
[INFO] [stderr]    Compiling bevy_asset_macros v0.14.2
[INFO] [stderr]    Compiling bevy_render_macros v0.14.2
[INFO] [stderr]    Compiling bevy_encase_derive v0.14.2
[INFO] [stderr]    Compiling thiserror v1.0.66
[INFO] [stderr]    Compiling tracing v0.1.40
[INFO] [stderr]    Compiling bytemuck v1.19.0
[INFO] [stderr]    Compiling tracing-subscriber v0.3.18
[INFO] [stderr]    Compiling image v0.25.4
[INFO] [stderr]    Compiling emath v0.28.1
[INFO] [stderr]    Compiling ecolor v0.28.1
[INFO] [stderr]    Compiling epaint v0.28.1
[INFO] [stderr]    Compiling egui v0.28.1
[INFO] [stderr]    Compiling bitflags v2.6.0
[INFO] [stderr]    Compiling hashbrown v0.14.5
[INFO] [stderr]    Compiling glam v0.27.0
[INFO] [stderr]    Compiling erased-serde v0.4.5
[INFO] [stderr]    Compiling spirv v0.3.0+sdk-1.3.268.0
[INFO] [stderr]    Compiling gpu-alloc-types v0.3.0
[INFO] [stderr]    Compiling wgpu-types v0.20.0
[INFO] [stderr]    Compiling gpu-descriptor-types v0.2.0
[INFO] [stderr]    Compiling ron v0.8.1
[INFO] [stderr]    Compiling gpu-alloc v0.6.0
[INFO] [stderr]    Compiling bevy_utils v0.14.2
[INFO] [stderr]    Compiling gpu-descriptor v0.3.0
[INFO] [stderr]    Compiling naga v0.20.0
[INFO] [stderr]    Compiling x11rb v0.13.1
[INFO] [stderr]    Compiling bevy_reflect v0.14.2
[INFO] [stderr]    Compiling encase v0.8.0
[INFO] [stderr]    Compiling hexasphere v12.0.0
[INFO] [stderr]    Compiling bevy_mikktspace v0.14.2
[INFO] [stderr]    Compiling arboard v3.4.1
[INFO] [stderr]    Compiling bevy_ecs v0.14.2
[INFO] [stderr]    Compiling bevy_math v0.14.2
[INFO] [stderr]    Compiling naga_oil v0.14.0
[INFO] [stderr]    Compiling bevy_color v0.14.3
[INFO] [stderr]    Compiling bevy_app v0.14.2
[INFO] [stderr]    Compiling bevy_core v0.14.2
[INFO] [stderr]    Compiling bevy_a11y v0.14.2
[INFO] [stderr]    Compiling bevy_time v0.14.2
[INFO] [stderr]    Compiling bevy_asset v0.14.2
[INFO] [stderr]    Compiling bevy_input v0.14.2
[INFO] [stderr]    Compiling bevy_log v0.14.2
[INFO] [stderr]    Compiling bevy_window v0.14.2
[INFO] [stderr]    Compiling bevy_hierarchy v0.14.2
[INFO] [stderr]    Compiling bevy_diagnostic v0.14.2
[INFO] [stderr]    Compiling bevy_transform v0.14.2
[INFO] [stderr]    Compiling bevy_render v0.14.2
[INFO] [stderr]    Compiling bevy_core_pipeline v0.14.2
[INFO] [stderr]    Compiling bevy_sprite v0.14.2
[INFO] [stderr]    Compiling bevy_text v0.14.2
[INFO] [stderr]    Compiling bevy_internal v0.14.2
[INFO] [stderr]    Compiling bevy v0.14.2
[INFO] [stderr]    Compiling edger_bevy_egui v0.5.0 (/opt/rustwide/workdir)
[INFO] [stdout] warning: impl trait in impl method signature does not match trait method signature
[INFO] [stdout]   --> src/font_loader.rs:24:10
[INFO] [stdout]    |
[INFO] [stdout] 24 |     ) -> BoxedFuture<'a, LoadResult> {
[INFO] [stdout]    |          ^^^^^^^^^^^^^^^^^^^^^^^^^^^
[INFO] [stdout]    |
[INFO] [stdout]    = note: add `#[allow(refining_impl_trait)]` if it is intended for this to be part of the public API of this crate
[INFO] [stdout]    = note: we are soliciting feedback, see issue #121718 <https://github.com/rust-lang/rust/issues/121718> for more information
[INFO] [stdout]    = note: `#[warn(refining_impl_trait_reachable)]` on by default
[INFO] [stdout] help: replace the return type so that it matches the trait
[INFO] [stdout]    |
[INFO] [stdout] 24 |     ) -> impl ConditionalSendFuture + Future<Output = Result<<Self as AssetLoader>::Asset, <Self as AssetLoader>::Error>> {
[INFO] [stdout]    |          ~~~~~~~~~~~~~~~~~~~~~~~~~~~~~~~~~~~~~~~~~~~~~~~~~~~~~~~~~~~~~~~~~~~~~~~~~~~~~~~~~~~~~~~~~~~~~~~~~~~~~~~~~~~~~~~~
[INFO] [stdout] 
[INFO] [stdout] 
[INFO] [stdout] warning: unused import: `bevy::prelude`
[INFO] [stdout]  --> src/font.rs:4:5
[INFO] [stdout]   |
[INFO] [stdout] 4 | use bevy::prelude::*;
[INFO] [stdout]   |     ^^^^^^^^^^^^^
[INFO] [stdout]   |
[INFO] [stdout]   = note: `#[warn(unused_imports)]` on by default
[INFO] [stdout] 
[INFO] [stdout] 
[INFO] [stderr]     Finished `dev` profile [unoptimized + debuginfo] target(s) in 45.57s
[INFO] running `Command { std: "docker" "inspect" "e67862a6a5a381760424009302e6c5c284f3539f1b3cea5fb4570cc62c65fbbe", kill_on_drop: false }`
[INFO] running `Command { std: "docker" "rm" "-f" "e67862a6a5a381760424009302e6c5c284f3539f1b3cea5fb4570cc62c65fbbe", kill_on_drop: false }`
[INFO] [stdout] e67862a6a5a381760424009302e6c5c284f3539f1b3cea5fb4570cc62c65fbbe
[INFO] running `Command { std: "docker" "create" "-v" "/var/lib/crater-agent-workspace/builds/worker-2-tc2/target:/opt/rustwide/target:rw,Z" "-v" "/var/lib/crater-agent-workspace/builds/worker-2-tc2/source:/opt/rustwide/workdir:ro,Z" "-v" "/var/lib/crater-agent-workspace/cargo-home:/opt/rustwide/cargo-home:ro,Z" "-v" "/var/lib/crater-agent-workspace/rustup-home:/opt/rustwide/rustup-home:ro,Z" "-e" "SOURCE_DIR=/opt/rustwide/workdir" "-e" "CARGO_TARGET_DIR=/opt/rustwide/target" "-e" "CARGO_INCREMENTAL=0" "-e" "RUST_BACKTRACE=full" "-e" "RUSTFLAGS=--cap-lints=forbid -Zrandomize-layout" "-e" "RUSTDOCFLAGS=--cap-lints=forbid" "-e" "CARGO_HOME=/opt/rustwide/cargo-home" "-e" "RUSTUP_HOME=/opt/rustwide/rustup-home" "-w" "/opt/rustwide/workdir" "-m" "1610612736" "--user" "0:0" "--network" "none" "ghcr.io/rust-lang/crates-build-env/linux@sha256:4a844ea9eb2546a2d2c7022eacef16ef2e8229c7fbb2c7d4d55a9ceca922f72d" "/opt/rustwide/cargo-home/bin/cargo" "+nightly-2024-10-28" "test" "--frozen" "--no-run" "--message-format=json", kill_on_drop: false }`
[INFO] [stdout] db3ca075bac28975e6ff9c8fd35421bda84eef1f597ab8b73a1facb3f12aa1ea
[INFO] running `Command { std: "docker" "start" "-a" "db3ca075bac28975e6ff9c8fd35421bda84eef1f597ab8b73a1facb3f12aa1ea", kill_on_drop: false }`
[INFO] [stdout] warning: impl trait in impl method signature does not match trait method signature
[INFO] [stdout]   --> src/font_loader.rs:24:10
[INFO] [stdout]    |
[INFO] [stdout] 24 |     ) -> BoxedFuture<'a, LoadResult> {
[INFO] [stdout]    |          ^^^^^^^^^^^^^^^^^^^^^^^^^^^
[INFO] [stdout]    |
[INFO] [stdout]    = note: add `#[allow(refining_impl_trait)]` if it is intended for this to be part of the public API of this crate
[INFO] [stdout]    = note: we are soliciting feedback, see issue #121718 <https://github.com/rust-lang/rust/issues/121718> for more information
[INFO] [stdout]    = note: `#[warn(refining_impl_trait_reachable)]` on by default
[INFO] [stdout] help: replace the return type so that it matches the trait
[INFO] [stdout]    |
[INFO] [stdout] 24 |     ) -> impl ConditionalSendFuture + Future<Output = Result<<Self as AssetLoader>::Asset, <Self as AssetLoader>::Error>> {
[INFO] [stdout]    |          ~~~~~~~~~~~~~~~~~~~~~~~~~~~~~~~~~~~~~~~~~~~~~~~~~~~~~~~~~~~~~~~~~~~~~~~~~~~~~~~~~~~~~~~~~~~~~~~~~~~~~~~~~~~~~~~~
[INFO] [stdout] 
[INFO] [stdout] 
[INFO] [stdout] warning: unused import: `bevy::prelude`
[INFO] [stdout]  --> src/font.rs:4:5
[INFO] [stdout]   |
[INFO] [stdout] 4 | use bevy::prelude::*;
[INFO] [stdout]   |     ^^^^^^^^^^^^^
[INFO] [stdout]   |
[INFO] [stdout]   = note: `#[warn(unused_imports)]` on by default
[INFO] [stdout] 
[INFO] [stdout] 
[INFO] [stderr]    Compiling edger_bevy_egui v0.5.0 (/opt/rustwide/workdir)
[INFO] [stdout] warning: impl trait in impl method signature does not match trait method signature
[INFO] [stdout]   --> src/font_loader.rs:24:10
[INFO] [stdout]    |
[INFO] [stdout] 24 |     ) -> BoxedFuture<'a, LoadResult> {
[INFO] [stdout]    |          ^^^^^^^^^^^^^^^^^^^^^^^^^^^
[INFO] [stdout]    |
[INFO] [stdout]    = note: add `#[allow(refining_impl_trait)]` if it is intended for this to be part of the public API of this crate
[INFO] [stdout]    = note: we are soliciting feedback, see issue #121718 <https://github.com/rust-lang/rust/issues/121718> for more information
[INFO] [stdout]    = note: `#[warn(refining_impl_trait_reachable)]` on by default
[INFO] [stdout] help: replace the return type so that it matches the trait
[INFO] [stdout]    |
[INFO] [stdout] 24 |     ) -> impl ConditionalSendFuture + Future<Output = Result<<Self as AssetLoader>::Asset, <Self as AssetLoader>::Error>> {
[INFO] [stdout]    |          ~~~~~~~~~~~~~~~~~~~~~~~~~~~~~~~~~~~~~~~~~~~~~~~~~~~~~~~~~~~~~~~~~~~~~~~~~~~~~~~~~~~~~~~~~~~~~~~~~~~~~~~~~~~~~~~~
[INFO] [stdout] 
[INFO] [stdout] 
[INFO] [stdout] warning: unused import: `bevy::prelude`
[INFO] [stdout]  --> src/font.rs:4:5
[INFO] [stdout]   |
[INFO] [stdout] 4 | use bevy::prelude::*;
[INFO] [stdout]   |     ^^^^^^^^^^^^^
[INFO] [stdout]   |
[INFO] [stdout]   = note: `#[warn(unused_imports)]` on by default
[INFO] [stdout] 
[INFO] [stdout] 
[INFO] [stderr]     Finished `test` profile [unoptimized + debuginfo] target(s) in 5.01s
[INFO] running `Command { std: "docker" "inspect" "db3ca075bac28975e6ff9c8fd35421bda84eef1f597ab8b73a1facb3f12aa1ea", kill_on_drop: false }`
[INFO] running `Command { std: "docker" "rm" "-f" "db3ca075bac28975e6ff9c8fd35421bda84eef1f597ab8b73a1facb3f12aa1ea", kill_on_drop: false }`
[INFO] [stdout] db3ca075bac28975e6ff9c8fd35421bda84eef1f597ab8b73a1facb3f12aa1ea
[INFO] running `Command { std: "docker" "create" "-v" "/var/lib/crater-agent-workspace/builds/worker-2-tc2/target:/opt/rustwide/target:rw,Z" "-v" "/var/lib/crater-agent-workspace/builds/worker-2-tc2/source:/opt/rustwide/workdir:ro,Z" "-v" "/var/lib/crater-agent-workspace/cargo-home:/opt/rustwide/cargo-home:ro,Z" "-v" "/var/lib/crater-agent-workspace/rustup-home:/opt/rustwide/rustup-home:ro,Z" "-e" "SOURCE_DIR=/opt/rustwide/workdir" "-e" "CARGO_TARGET_DIR=/opt/rustwide/target" "-e" "CARGO_INCREMENTAL=0" "-e" "RUST_BACKTRACE=full" "-e" "RUSTFLAGS=--cap-lints=forbid -Zrandomize-layout" "-e" "RUSTDOCFLAGS=--cap-lints=forbid" "-e" "CARGO_HOME=/opt/rustwide/cargo-home" "-e" "RUSTUP_HOME=/opt/rustwide/rustup-home" "-w" "/opt/rustwide/workdir" "-m" "1610612736" "--user" "0:0" "--network" "none" "ghcr.io/rust-lang/crates-build-env/linux@sha256:4a844ea9eb2546a2d2c7022eacef16ef2e8229c7fbb2c7d4d55a9ceca922f72d" "/opt/rustwide/cargo-home/bin/cargo" "+nightly-2024-10-28" "test" "--frozen", kill_on_drop: false }`
[INFO] [stdout] c37400a882cbae88e41ed7c717d8ee8e9da4dfc33fd538b562cdf45fae4e47e9
[INFO] running `Command { std: "docker" "start" "-a" "c37400a882cbae88e41ed7c717d8ee8e9da4dfc33fd538b562cdf45fae4e47e9", kill_on_drop: false }`
[INFO] [stderr] warning: impl trait in impl method signature does not match trait method signature
[INFO] [stderr]   --> src/font_loader.rs:24:10
[INFO] [stderr]    |
[INFO] [stderr] 24 |     ) -> BoxedFuture<'a, LoadResult> {
[INFO] [stderr]    |          ^^^^^^^^^^^^^^^^^^^^^^^^^^^
[INFO] [stderr]    |
[INFO] [stderr]    = note: add `#[allow(refining_impl_trait)]` if it is intended for this to be part of the public API of this crate
[INFO] [stderr]    = note: we are soliciting feedback, see issue #121718 <https://github.com/rust-lang/rust/issues/121718> for more information
[INFO] [stderr]    = note: `#[warn(refining_impl_trait_reachable)]` on by default
[INFO] [stderr] help: replace the return type so that it matches the trait
[INFO] [stderr]    |
[INFO] [stderr] 24 |     ) -> impl ConditionalSendFuture + Future<Output = Result<<Self as AssetLoader>::Asset, <Self as AssetLoader>::Error>> {
[INFO] [stderr]    |          ~~~~~~~~~~~~~~~~~~~~~~~~~~~~~~~~~~~~~~~~~~~~~~~~~~~~~~~~~~~~~~~~~~~~~~~~~~~~~~~~~~~~~~~~~~~~~~~~~~~~~~~~~~~~~~~~
[INFO] [stderr] 
[INFO] [stderr] warning: unused import: `bevy::prelude`
[INFO] [stderr]  --> src/font.rs:4:5
[INFO] [stderr]   |
[INFO] [stderr] 4 | use bevy::prelude::*;
[INFO] [stderr]   |     ^^^^^^^^^^^^^
[INFO] [stderr]   |
[INFO] [stderr]   = note: `#[warn(unused_imports)]` on by default
[INFO] [stderr] 
[INFO] [stderr] warning: `edger_bevy_egui` (lib) generated 2 warnings
[INFO] [stderr] warning: `edger_bevy_egui` (lib test) generated 2 warnings (2 duplicates)
[INFO] [stderr]     Finished `test` profile [unoptimized + debuginfo] target(s) in 0.18s
[INFO] [stderr]      Running unittests src/lib.rs (/opt/rustwide/target/debug/deps/edger_bevy_egui-c2484a672cc5c96a)
[INFO] [stdout] 
[INFO] [stdout] running 1 test
[INFO] [stdout] test easy_mark::easy_mark_parser::test_easy_mark_parser ... ok
[INFO] [stdout] 
[INFO] [stdout] test result: ok. 1 passed; 0 failed; 0 ignored; 0 measured; 0 filtered out; finished in 0.00s
[INFO] [stdout] 
[INFO] [stderr]    Doc-tests edger_bevy_egui
[INFO] [stdout] 
[INFO] [stdout] running 2 tests
[INFO] [stdout] test src/easy_mark/easy_mark_parser.rs - easy_mark::easy_mark_parser::Parser (line 76) ... FAILED
[INFO] [stdout] test src/easy_link.rs - easy_link::EasyLink (line 12) ... ok
[INFO] [stdout] 
[INFO] [stdout] failures:
[INFO] [stdout] 
[INFO] [stdout] ---- src/easy_mark/easy_mark_parser.rs - easy_mark::easy_mark_parser::Parser (line 76) stdout ----
[INFO] [stdout] error[E0433]: failed to resolve: use of undeclared crate or module `egui_demo_lib`
[INFO] [stdout]  --> src/easy_mark/easy_mark_parser.rs:77:5
[INFO] [stdout]   |
[INFO] [stdout] 3 | use egui_demo_lib::easy_mark::parser::Parser;
[INFO] [stdout]   |     ^^^^^^^^^^^^^ use of undeclared crate or module `egui_demo_lib`
[INFO] [stdout] 
[INFO] [stdout] error: aborting due to 1 previous error
[INFO] [stdout] 
[INFO] [stdout] For more information about this error, try `rustc --explain E0433`.
[INFO] [stdout] Couldn't compile the test.
[INFO] [stdout] 
[INFO] [stdout] failures:
[INFO] [stdout]     src/easy_mark/easy_mark_parser.rs - easy_mark::easy_mark_parser::Parser (line 76)
[INFO] [stdout] 
[INFO] [stdout] test result: FAILED. 1 passed; 1 failed; 0 ignored; 0 measured; 0 filtered out; finished in 0.07s
[INFO] [stdout] 
[INFO] [stderr] error: doctest failed, to rerun pass `--doc`
[INFO] running `Command { std: "docker" "inspect" "c37400a882cbae88e41ed7c717d8ee8e9da4dfc33fd538b562cdf45fae4e47e9", kill_on_drop: false }`
[INFO] running `Command { std: "docker" "rm" "-f" "c37400a882cbae88e41ed7c717d8ee8e9da4dfc33fd538b562cdf45fae4e47e9", kill_on_drop: false }`
[INFO] [stdout] c37400a882cbae88e41ed7c717d8ee8e9da4dfc33fd538b562cdf45fae4e47e9
