[INFO] fetching crate easyfft 0.4.1...
[INFO] testing easyfft-0.4.1 against nightly-2024-10-28 for randomize-layout
[INFO] extracting crate easyfft 0.4.1 into /workspace/builds/worker-2-tc1/source
[INFO] validating manifest of crates.io crate easyfft 0.4.1 on toolchain nightly-2024-10-28
[INFO] running `Command { std: CARGO_HOME="/workspace/cargo-home" RUSTUP_HOME="/workspace/rustup-home" "/workspace/cargo-home/bin/cargo" "+nightly-2024-10-28" "metadata" "--manifest-path" "Cargo.toml" "--no-deps", kill_on_drop: false }`
[INFO] started tweaking crates.io crate easyfft 0.4.1
[INFO] finished tweaking crates.io crate easyfft 0.4.1
[INFO] tweaked toml for crates.io crate easyfft 0.4.1 written to /workspace/builds/worker-2-tc1/source/Cargo.toml
[INFO] running `Command { std: CARGO_HOME="/workspace/cargo-home" RUSTUP_HOME="/workspace/rustup-home" "/workspace/cargo-home/bin/cargo" "+nightly-2024-10-28" "generate-lockfile" "--manifest-path" "Cargo.toml", kill_on_drop: false }`
[INFO] [stderr]     Updating crates.io index
[INFO] [stderr]      Locking 39 packages to latest compatible versions
[INFO] [stderr]       Adding generic_singleton v0.4.1 (available: v0.5.0)
[INFO] running `Command { std: CARGO_HOME="/workspace/cargo-home" RUSTUP_HOME="/workspace/rustup-home" "/workspace/cargo-home/bin/cargo" "+nightly-2024-10-28" "fetch" "--manifest-path" "Cargo.toml", kill_on_drop: false }`
[INFO] [stderr]  Downloading crates ...
[INFO] [stderr]   Downloaded generic_singleton v0.4.1
[INFO] [stderr]   Downloaded anymap v1.0.0-beta.2
[INFO] running `Command { std: "docker" "create" "-v" "/var/lib/crater-agent-workspace/builds/worker-2-tc1/target:/opt/rustwide/target:rw,Z" "-v" "/var/lib/crater-agent-workspace/builds/worker-2-tc1/source:/opt/rustwide/workdir:ro,Z" "-v" "/var/lib/crater-agent-workspace/cargo-home:/opt/rustwide/cargo-home:ro,Z" "-v" "/var/lib/crater-agent-workspace/rustup-home:/opt/rustwide/rustup-home:ro,Z" "-e" "SOURCE_DIR=/opt/rustwide/workdir" "-e" "CARGO_TARGET_DIR=/opt/rustwide/target" "-e" "CARGO_HOME=/opt/rustwide/cargo-home" "-e" "RUSTUP_HOME=/opt/rustwide/rustup-home" "-w" "/opt/rustwide/workdir" "-m" "1610612736" "--user" "0:0" "--network" "none" "ghcr.io/rust-lang/crates-build-env/linux@sha256:4a844ea9eb2546a2d2c7022eacef16ef2e8229c7fbb2c7d4d55a9ceca922f72d" "/opt/rustwide/cargo-home/bin/cargo" "+nightly-2024-10-28" "metadata" "--no-deps" "--format-version=1", kill_on_drop: false }`
[INFO] [stdout] 7f504041690c4b628ce7b42b3ae9fede4a0ff38c2b7dc9d57f65755ea47e088f
[INFO] running `Command { std: "docker" "start" "-a" "7f504041690c4b628ce7b42b3ae9fede4a0ff38c2b7dc9d57f65755ea47e088f", kill_on_drop: false }`
[INFO] running `Command { std: "docker" "inspect" "7f504041690c4b628ce7b42b3ae9fede4a0ff38c2b7dc9d57f65755ea47e088f", kill_on_drop: false }`
[INFO] running `Command { std: "docker" "rm" "-f" "7f504041690c4b628ce7b42b3ae9fede4a0ff38c2b7dc9d57f65755ea47e088f", kill_on_drop: false }`
[INFO] [stdout] 7f504041690c4b628ce7b42b3ae9fede4a0ff38c2b7dc9d57f65755ea47e088f
[INFO] running `Command { std: "docker" "create" "-v" "/var/lib/crater-agent-workspace/builds/worker-2-tc1/target:/opt/rustwide/target:rw,Z" "-v" "/var/lib/crater-agent-workspace/builds/worker-2-tc1/source:/opt/rustwide/workdir:ro,Z" "-v" "/var/lib/crater-agent-workspace/cargo-home:/opt/rustwide/cargo-home:ro,Z" "-v" "/var/lib/crater-agent-workspace/rustup-home:/opt/rustwide/rustup-home:ro,Z" "-e" "SOURCE_DIR=/opt/rustwide/workdir" "-e" "CARGO_TARGET_DIR=/opt/rustwide/target" "-e" "CARGO_INCREMENTAL=0" "-e" "RUST_BACKTRACE=full" "-e" "RUSTFLAGS=--cap-lints=forbid" "-e" "RUSTDOCFLAGS=--cap-lints=forbid" "-e" "CARGO_HOME=/opt/rustwide/cargo-home" "-e" "RUSTUP_HOME=/opt/rustwide/rustup-home" "-w" "/opt/rustwide/workdir" "-m" "1610612736" "--user" "0:0" "--network" "none" "ghcr.io/rust-lang/crates-build-env/linux@sha256:4a844ea9eb2546a2d2c7022eacef16ef2e8229c7fbb2c7d4d55a9ceca922f72d" "/opt/rustwide/cargo-home/bin/cargo" "+nightly-2024-10-28" "build" "--frozen" "--message-format=json", kill_on_drop: false }`
[INFO] [stdout] 1dd76f4a38d5f935c897e46926f32dfd1e487307179196c0db521d380c78da17
[INFO] running `Command { std: "docker" "start" "-a" "1dd76f4a38d5f935c897e46926f32dfd1e487307179196c0db521d380c78da17", kill_on_drop: false }`
[INFO] [stderr]    Compiling num-traits v0.2.19
[INFO] [stderr]    Compiling serde v1.0.214
[INFO] [stderr]    Compiling rustfft v6.2.0
[INFO] [stderr]    Compiling strength_reduce v0.2.4
[INFO] [stderr]    Compiling anymap v1.0.0-beta.2
[INFO] [stderr]    Compiling array-init v2.1.0
[INFO] [stderr]    Compiling parking_lot v0.12.3
[INFO] [stderr]    Compiling generic_singleton v0.4.1
[INFO] [stderr]    Compiling num-integer v0.1.46
[INFO] [stderr]    Compiling primal-check v0.3.4
[INFO] [stderr]    Compiling transpose v0.2.3
[INFO] [stderr]    Compiling num-complex v0.4.6
[INFO] [stderr]    Compiling realfft v3.4.0
[INFO] [stderr]    Compiling easyfft v0.4.1 (/opt/rustwide/workdir)
[INFO] [stdout] warning: trait `PrivateRealFftUsing` is never used
[INFO] [stdout]   --> src/dyn_size/realfft.rs:86:7
[INFO] [stdout]    |
[INFO] [stdout] 86 | trait PrivateRealFftUsing<T> {
[INFO] [stdout]    |       ^^^^^^^^^^^^^^^^^^^
[INFO] [stdout]    |
[INFO] [stdout]    = note: `#[warn(dead_code)]` on by default
[INFO] [stdout] 
[INFO] [stdout] 
[INFO] [stderr]     Finished `dev` profile [unoptimized + debuginfo] target(s) in 4.62s
[INFO] [stderr] warning: the following packages contain code that will be rejected by a future version of Rust: anymap v1.0.0-beta.2
[INFO] [stderr] note: to see what the problems were, use the option `--future-incompat-report`, or run `cargo report future-incompatibilities --id 1`
[INFO] running `Command { std: "docker" "inspect" "1dd76f4a38d5f935c897e46926f32dfd1e487307179196c0db521d380c78da17", kill_on_drop: false }`
[INFO] running `Command { std: "docker" "rm" "-f" "1dd76f4a38d5f935c897e46926f32dfd1e487307179196c0db521d380c78da17", kill_on_drop: false }`
[INFO] [stdout] 1dd76f4a38d5f935c897e46926f32dfd1e487307179196c0db521d380c78da17
[INFO] running `Command { std: "docker" "create" "-v" "/var/lib/crater-agent-workspace/builds/worker-2-tc1/target:/opt/rustwide/target:rw,Z" "-v" "/var/lib/crater-agent-workspace/builds/worker-2-tc1/source:/opt/rustwide/workdir:ro,Z" "-v" "/var/lib/crater-agent-workspace/cargo-home:/opt/rustwide/cargo-home:ro,Z" "-v" "/var/lib/crater-agent-workspace/rustup-home:/opt/rustwide/rustup-home:ro,Z" "-e" "SOURCE_DIR=/opt/rustwide/workdir" "-e" "CARGO_TARGET_DIR=/opt/rustwide/target" "-e" "CARGO_INCREMENTAL=0" "-e" "RUST_BACKTRACE=full" "-e" "RUSTFLAGS=--cap-lints=forbid" "-e" "RUSTDOCFLAGS=--cap-lints=forbid" "-e" "CARGO_HOME=/opt/rustwide/cargo-home" "-e" "RUSTUP_HOME=/opt/rustwide/rustup-home" "-w" "/opt/rustwide/workdir" "-m" "1610612736" "--user" "0:0" "--network" "none" "ghcr.io/rust-lang/crates-build-env/linux@sha256:4a844ea9eb2546a2d2c7022eacef16ef2e8229c7fbb2c7d4d55a9ceca922f72d" "/opt/rustwide/cargo-home/bin/cargo" "+nightly-2024-10-28" "test" "--frozen" "--no-run" "--message-format=json", kill_on_drop: false }`
[INFO] [stdout] 6fc7b8a126a9c6761dadf456c00d3c555bbd656b881aa5cd99f589f4b7f913c6
[INFO] running `Command { std: "docker" "start" "-a" "6fc7b8a126a9c6761dadf456c00d3c555bbd656b881aa5cd99f589f4b7f913c6", kill_on_drop: false }`
[INFO] [stderr]    Compiling approx v0.5.1
[INFO] [stdout] warning: trait `PrivateRealFftUsing` is never used
[INFO] [stdout]   --> src/dyn_size/realfft.rs:86:7
[INFO] [stdout]    |
[INFO] [stdout] 86 | trait PrivateRealFftUsing<T> {
[INFO] [stdout]    |       ^^^^^^^^^^^^^^^^^^^
[INFO] [stdout]    |
[INFO] [stdout]    = note: `#[warn(dead_code)]` on by default
[INFO] [stdout] 
[INFO] [stdout] 
[INFO] [stderr]    Compiling easyfft v0.4.1 (/opt/rustwide/workdir)
[INFO] [stdout] warning: trait `PrivateRealFftUsing` is never used
[INFO] [stdout]   --> src/dyn_size/realfft.rs:86:7
[INFO] [stdout]    |
[INFO] [stdout] 86 | trait PrivateRealFftUsing<T> {
[INFO] [stdout]    |       ^^^^^^^^^^^^^^^^^^^
[INFO] [stdout]    |
[INFO] [stdout]    = note: `#[warn(dead_code)]` on by default
[INFO] [stdout] 
[INFO] [stdout] 
[INFO] [stderr]     Finished `test` profile [unoptimized + debuginfo] target(s) in 3.63s
[INFO] [stderr] warning: the following packages contain code that will be rejected by a future version of Rust: anymap v1.0.0-beta.2
[INFO] [stderr] note: to see what the problems were, use the option `--future-incompat-report`, or run `cargo report future-incompatibilities --id 1`
[INFO] running `Command { std: "docker" "inspect" "6fc7b8a126a9c6761dadf456c00d3c555bbd656b881aa5cd99f589f4b7f913c6", kill_on_drop: false }`
[INFO] running `Command { std: "docker" "rm" "-f" "6fc7b8a126a9c6761dadf456c00d3c555bbd656b881aa5cd99f589f4b7f913c6", kill_on_drop: false }`
[INFO] [stdout] 6fc7b8a126a9c6761dadf456c00d3c555bbd656b881aa5cd99f589f4b7f913c6
[INFO] running `Command { std: "docker" "create" "-v" "/var/lib/crater-agent-workspace/builds/worker-2-tc1/target:/opt/rustwide/target:rw,Z" "-v" "/var/lib/crater-agent-workspace/builds/worker-2-tc1/source:/opt/rustwide/workdir:ro,Z" "-v" "/var/lib/crater-agent-workspace/cargo-home:/opt/rustwide/cargo-home:ro,Z" "-v" "/var/lib/crater-agent-workspace/rustup-home:/opt/rustwide/rustup-home:ro,Z" "-e" "SOURCE_DIR=/opt/rustwide/workdir" "-e" "CARGO_TARGET_DIR=/opt/rustwide/target" "-e" "CARGO_INCREMENTAL=0" "-e" "RUST_BACKTRACE=full" "-e" "RUSTFLAGS=--cap-lints=forbid" "-e" "RUSTDOCFLAGS=--cap-lints=forbid" "-e" "CARGO_HOME=/opt/rustwide/cargo-home" "-e" "RUSTUP_HOME=/opt/rustwide/rustup-home" "-w" "/opt/rustwide/workdir" "-m" "1610612736" "--user" "0:0" "--network" "none" "ghcr.io/rust-lang/crates-build-env/linux@sha256:4a844ea9eb2546a2d2c7022eacef16ef2e8229c7fbb2c7d4d55a9ceca922f72d" "/opt/rustwide/cargo-home/bin/cargo" "+nightly-2024-10-28" "test" "--frozen", kill_on_drop: false }`
[INFO] [stdout] fff4cdd8dbb63b406716eb5bfc42d7eb5d1211fa9ffb764cb99fcd081b775d22
[INFO] running `Command { std: "docker" "start" "-a" "fff4cdd8dbb63b406716eb5bfc42d7eb5d1211fa9ffb764cb99fcd081b775d22", kill_on_drop: false }`
[INFO] [stderr] warning: trait `PrivateRealFftUsing` is never used
[INFO] [stderr]   --> src/dyn_size/realfft.rs:86:7
[INFO] [stderr]    |
[INFO] [stderr] 86 | trait PrivateRealFftUsing<T> {
[INFO] [stderr]    |       ^^^^^^^^^^^^^^^^^^^
[INFO] [stderr]    |
[INFO] [stderr]    = note: `#[warn(dead_code)]` on by default
[INFO] [stderr] 
[INFO] [stderr] warning: `easyfft` (lib) generated 1 warning
[INFO] [stderr] warning: `easyfft` (lib test) generated 1 warning (1 duplicate)
[INFO] [stderr]     Finished `test` profile [unoptimized + debuginfo] target(s) in 0.02s
[INFO] [stderr] warning: the following packages contain code that will be rejected by a future version of Rust: anymap v1.0.0-beta.2
[INFO] [stderr] note: to see what the problems were, use the option `--future-incompat-report`, or run `cargo report future-incompatibilities --id 1`
[INFO] [stderr]      Running unittests src/lib.rs (/opt/rustwide/target/debug/deps/easyfft-cdaa17ce825fbb13)
[INFO] [stdout] 
[INFO] [stdout] running 4 tests
[INFO] [stdout] test const_size::tests::fft_and_ifft_are_inverse_operations_even ... ok
[INFO] [stdout] test const_size::tests::fft_and_ifft_are_inverse_operations_odd ... ok
[INFO] [stdout] test dyn_size::realfft::tests::real_fft_and_real_ifft_are_inverse_operations_odd ... ok
[INFO] [stdout] test dyn_size::realfft::tests::real_fft_and_real_ifft_are_inverse_operations_even ... ok
[INFO] [stdout] 
[INFO] [stdout] test result: ok. 4 passed; 0 failed; 0 ignored; 0 measured; 0 filtered out; finished in 0.00s
[INFO] [stdout] 
[INFO] [stderr]    Doc-tests easyfft
[INFO] [stdout] 
[INFO] [stdout] running 6 tests
[INFO] [stdout] test src/../README.md - (line 98) ... ok
[INFO] [stdout] test src/../README.md - (line 18) ... FAILED
[INFO] [stdout] test src/dyn_size/realfft.rs - dyn_size::realfft (line 4) ... FAILED
[INFO] [stdout] test src/dyn_size/realfft.rs - dyn_size::realfft::DynRealDft<T>::new (line 203) ... ok
[INFO] [stdout] test src/dyn_size.rs - dyn_size (line 4) ... ok
[INFO] [stdout] test src/const_size.rs - const_size (line 4) ... ok
[INFO] [stdout] 
[INFO] [stdout] failures:
[INFO] [stdout] 
[INFO] [stdout] ---- src/../README.md - (line 18) stdout ----
[INFO] [stdout] Couldn't compile the test.
[INFO] [stdout] ---- src/dyn_size/realfft.rs - dyn_size::realfft (line 4) stdout ----
[INFO] [stdout] Couldn't compile the test.
[INFO] [stdout] 
[INFO] [stdout] failures:
[INFO] [stdout]     src/../README.md - (line 18)
[INFO] [stdout]     src/dyn_size/realfft.rs - dyn_size::realfft (line 4)
[INFO] [stdout] 
[INFO] [stdout] test result: FAILED. 4 passed; 2 failed; 0 ignored; 0 measured; 0 filtered out; finished in 6.45s
[INFO] [stdout] 
[INFO] [stderr] error: doctest failed, to rerun pass `--doc`
[INFO] running `Command { std: "docker" "inspect" "fff4cdd8dbb63b406716eb5bfc42d7eb5d1211fa9ffb764cb99fcd081b775d22", kill_on_drop: false }`
[INFO] running `Command { std: "docker" "rm" "-f" "fff4cdd8dbb63b406716eb5bfc42d7eb5d1211fa9ffb764cb99fcd081b775d22", kill_on_drop: false }`
[INFO] [stdout] fff4cdd8dbb63b406716eb5bfc42d7eb5d1211fa9ffb764cb99fcd081b775d22
