[INFO] fetching crate easy_esp 0.5.0...
[INFO] testing easy_esp-0.5.0 against nightly-2024-10-28 for randomize-layout
[INFO] extracting crate easy_esp 0.5.0 into /workspace/builds/worker-1-tc1/source
[INFO] validating manifest of crates.io crate easy_esp 0.5.0 on toolchain nightly-2024-10-28
[INFO] running `Command { std: CARGO_HOME="/workspace/cargo-home" RUSTUP_HOME="/workspace/rustup-home" "/workspace/cargo-home/bin/cargo" "+nightly-2024-10-28" "metadata" "--manifest-path" "Cargo.toml" "--no-deps", kill_on_drop: false }`
[INFO] started tweaking crates.io crate easy_esp 0.5.0
[INFO] finished tweaking crates.io crate easy_esp 0.5.0
[INFO] tweaked toml for crates.io crate easy_esp 0.5.0 written to /workspace/builds/worker-1-tc1/source/Cargo.toml
[INFO] crate crates.io crate easy_esp 0.5.0 already has a lockfile, it will not be regenerated
[INFO] running `Command { std: CARGO_HOME="/workspace/cargo-home" RUSTUP_HOME="/workspace/rustup-home" "/workspace/cargo-home/bin/cargo" "+nightly-2024-10-28" "fetch" "--manifest-path" "Cargo.toml", kill_on_drop: false }`
[INFO] [stderr]  Downloading crates ...
[INFO] [stderr]   Downloaded cc v1.0.95
[INFO] running `Command { std: "docker" "create" "-v" "/var/lib/crater-agent-workspace/builds/worker-1-tc1/target:/opt/rustwide/target:rw,Z" "-v" "/var/lib/crater-agent-workspace/builds/worker-1-tc1/source:/opt/rustwide/workdir:ro,Z" "-v" "/var/lib/crater-agent-workspace/cargo-home:/opt/rustwide/cargo-home:ro,Z" "-v" "/var/lib/crater-agent-workspace/rustup-home:/opt/rustwide/rustup-home:ro,Z" "-e" "SOURCE_DIR=/opt/rustwide/workdir" "-e" "CARGO_TARGET_DIR=/opt/rustwide/target" "-e" "CARGO_HOME=/opt/rustwide/cargo-home" "-e" "RUSTUP_HOME=/opt/rustwide/rustup-home" "-w" "/opt/rustwide/workdir" "-m" "1610612736" "--user" "0:0" "--network" "none" "ghcr.io/rust-lang/crates-build-env/linux@sha256:4a844ea9eb2546a2d2c7022eacef16ef2e8229c7fbb2c7d4d55a9ceca922f72d" "/opt/rustwide/cargo-home/bin/cargo" "+nightly-2024-10-28" "metadata" "--no-deps" "--format-version=1", kill_on_drop: false }`
[INFO] [stdout] 24332c95d09ea920c3e69627afb624f0fa7ade93c1c8ebf6c58ff0ebdb1fd1db
[INFO] running `Command { std: "docker" "start" "-a" "24332c95d09ea920c3e69627afb624f0fa7ade93c1c8ebf6c58ff0ebdb1fd1db", kill_on_drop: false }`
[INFO] running `Command { std: "docker" "inspect" "24332c95d09ea920c3e69627afb624f0fa7ade93c1c8ebf6c58ff0ebdb1fd1db", kill_on_drop: false }`
[INFO] running `Command { std: "docker" "rm" "-f" "24332c95d09ea920c3e69627afb624f0fa7ade93c1c8ebf6c58ff0ebdb1fd1db", kill_on_drop: false }`
[INFO] [stdout] 24332c95d09ea920c3e69627afb624f0fa7ade93c1c8ebf6c58ff0ebdb1fd1db
[INFO] running `Command { std: "docker" "create" "-v" "/var/lib/crater-agent-workspace/builds/worker-1-tc1/target:/opt/rustwide/target:rw,Z" "-v" "/var/lib/crater-agent-workspace/builds/worker-1-tc1/source:/opt/rustwide/workdir:ro,Z" "-v" "/var/lib/crater-agent-workspace/cargo-home:/opt/rustwide/cargo-home:ro,Z" "-v" "/var/lib/crater-agent-workspace/rustup-home:/opt/rustwide/rustup-home:ro,Z" "-e" "SOURCE_DIR=/opt/rustwide/workdir" "-e" "CARGO_TARGET_DIR=/opt/rustwide/target" "-e" "CARGO_INCREMENTAL=0" "-e" "RUST_BACKTRACE=full" "-e" "RUSTFLAGS=--cap-lints=forbid" "-e" "RUSTDOCFLAGS=--cap-lints=forbid" "-e" "CARGO_HOME=/opt/rustwide/cargo-home" "-e" "RUSTUP_HOME=/opt/rustwide/rustup-home" "-w" "/opt/rustwide/workdir" "-m" "1610612736" "--user" "0:0" "--network" "none" "ghcr.io/rust-lang/crates-build-env/linux@sha256:4a844ea9eb2546a2d2c7022eacef16ef2e8229c7fbb2c7d4d55a9ceca922f72d" "/opt/rustwide/cargo-home/bin/cargo" "+nightly-2024-10-28" "build" "--frozen" "--message-format=json", kill_on_drop: false }`
[INFO] [stdout] 849f39f858322de08f833ad0a4685ac8cd7ee95d59c607c5e3395d58eabba83a
[INFO] running `Command { std: "docker" "start" "-a" "849f39f858322de08f833ad0a4685ac8cd7ee95d59c607c5e3395d58eabba83a", kill_on_drop: false }`
[INFO] [stderr]    Compiling proc-macro2 v1.0.81
[INFO] [stderr]    Compiling autocfg v1.2.0
[INFO] [stderr]    Compiling thiserror v1.0.59
[INFO] [stderr]    Compiling bytes v1.6.0
[INFO] [stderr]    Compiling iana-time-zone v0.1.60
[INFO] [stderr]    Compiling socket2 v0.5.6
[INFO] [stderr]    Compiling mio v0.8.11
[INFO] [stderr]    Compiling num-traits v0.2.18
[INFO] [stderr]    Compiling quote v1.0.36
[INFO] [stderr]    Compiling syn v2.0.60
[INFO] [stderr]    Compiling chrono v0.4.38
[INFO] [stderr]    Compiling thiserror-impl v1.0.59
[INFO] [stderr]    Compiling tokio-macros v2.2.0
[INFO] [stderr]    Compiling tokio v1.37.0
[INFO] [stderr]    Compiling easy_esp v0.5.0 (/opt/rustwide/workdir)
[INFO] [stderr]     Finished `dev` profile [unoptimized + debuginfo] target(s) in 6.22s
[INFO] running `Command { std: "docker" "inspect" "849f39f858322de08f833ad0a4685ac8cd7ee95d59c607c5e3395d58eabba83a", kill_on_drop: false }`
[INFO] running `Command { std: "docker" "rm" "-f" "849f39f858322de08f833ad0a4685ac8cd7ee95d59c607c5e3395d58eabba83a", kill_on_drop: false }`
[INFO] [stdout] 849f39f858322de08f833ad0a4685ac8cd7ee95d59c607c5e3395d58eabba83a
[INFO] running `Command { std: "docker" "create" "-v" "/var/lib/crater-agent-workspace/builds/worker-1-tc1/target:/opt/rustwide/target:rw,Z" "-v" "/var/lib/crater-agent-workspace/builds/worker-1-tc1/source:/opt/rustwide/workdir:ro,Z" "-v" "/var/lib/crater-agent-workspace/cargo-home:/opt/rustwide/cargo-home:ro,Z" "-v" "/var/lib/crater-agent-workspace/rustup-home:/opt/rustwide/rustup-home:ro,Z" "-e" "SOURCE_DIR=/opt/rustwide/workdir" "-e" "CARGO_TARGET_DIR=/opt/rustwide/target" "-e" "CARGO_INCREMENTAL=0" "-e" "RUST_BACKTRACE=full" "-e" "RUSTFLAGS=--cap-lints=forbid" "-e" "RUSTDOCFLAGS=--cap-lints=forbid" "-e" "CARGO_HOME=/opt/rustwide/cargo-home" "-e" "RUSTUP_HOME=/opt/rustwide/rustup-home" "-w" "/opt/rustwide/workdir" "-m" "1610612736" "--user" "0:0" "--network" "none" "ghcr.io/rust-lang/crates-build-env/linux@sha256:4a844ea9eb2546a2d2c7022eacef16ef2e8229c7fbb2c7d4d55a9ceca922f72d" "/opt/rustwide/cargo-home/bin/cargo" "+nightly-2024-10-28" "test" "--frozen" "--no-run" "--message-format=json", kill_on_drop: false }`
[INFO] [stdout] 6023863ea3cc82885914e2aac2478f3c0a8c646a249723a1c7185809f281b3fe
[INFO] running `Command { std: "docker" "start" "-a" "6023863ea3cc82885914e2aac2478f3c0a8c646a249723a1c7185809f281b3fe", kill_on_drop: false }`
[INFO] [stderr]    Compiling easy_esp v0.5.0 (/opt/rustwide/workdir)
[INFO] [stderr]     Finished `test` profile [unoptimized + debuginfo] target(s) in 0.40s
[INFO] running `Command { std: "docker" "inspect" "6023863ea3cc82885914e2aac2478f3c0a8c646a249723a1c7185809f281b3fe", kill_on_drop: false }`
[INFO] running `Command { std: "docker" "rm" "-f" "6023863ea3cc82885914e2aac2478f3c0a8c646a249723a1c7185809f281b3fe", kill_on_drop: false }`
[INFO] [stdout] 6023863ea3cc82885914e2aac2478f3c0a8c646a249723a1c7185809f281b3fe
[INFO] running `Command { std: "docker" "create" "-v" "/var/lib/crater-agent-workspace/builds/worker-1-tc1/target:/opt/rustwide/target:rw,Z" "-v" "/var/lib/crater-agent-workspace/builds/worker-1-tc1/source:/opt/rustwide/workdir:ro,Z" "-v" "/var/lib/crater-agent-workspace/cargo-home:/opt/rustwide/cargo-home:ro,Z" "-v" "/var/lib/crater-agent-workspace/rustup-home:/opt/rustwide/rustup-home:ro,Z" "-e" "SOURCE_DIR=/opt/rustwide/workdir" "-e" "CARGO_TARGET_DIR=/opt/rustwide/target" "-e" "CARGO_INCREMENTAL=0" "-e" "RUST_BACKTRACE=full" "-e" "RUSTFLAGS=--cap-lints=forbid" "-e" "RUSTDOCFLAGS=--cap-lints=forbid" "-e" "CARGO_HOME=/opt/rustwide/cargo-home" "-e" "RUSTUP_HOME=/opt/rustwide/rustup-home" "-w" "/opt/rustwide/workdir" "-m" "1610612736" "--user" "0:0" "--network" "none" "ghcr.io/rust-lang/crates-build-env/linux@sha256:4a844ea9eb2546a2d2c7022eacef16ef2e8229c7fbb2c7d4d55a9ceca922f72d" "/opt/rustwide/cargo-home/bin/cargo" "+nightly-2024-10-28" "test" "--frozen", kill_on_drop: false }`
[INFO] [stdout] 5c87ca5178e91b4d75deb84a359b0538f42eaf2f04008dc323127a3ccd712aab
[INFO] running `Command { std: "docker" "start" "-a" "5c87ca5178e91b4d75deb84a359b0538f42eaf2f04008dc323127a3ccd712aab", kill_on_drop: false }`
[INFO] [stderr]     Finished `test` profile [unoptimized + debuginfo] target(s) in 0.03s
[INFO] [stderr]      Running unittests src/lib.rs (/opt/rustwide/target/debug/deps/easy_esp-85fd00e1a2176e01)
[INFO] [stdout] 
[INFO] [stdout] running 0 tests
[INFO] [stdout] 
[INFO] [stdout] test result: ok. 0 passed; 0 failed; 0 ignored; 0 measured; 0 filtered out; finished in 0.00s
[INFO] [stdout] 
[INFO] [stderr]    Doc-tests easy_esp
[INFO] [stdout] 
[INFO] [stdout] running 1 test
[INFO] [stdout] test src/server/mod.rs - server (line 8) ... FAILED
[INFO] [stdout] 
[INFO] [stdout] failures:
[INFO] [stdout] 
[INFO] [stdout] ---- src/server/mod.rs - server (line 8) stdout ----
[INFO] [stdout] error[E0432]: unresolved import `easy_esp::SendBackHandler`
[INFO] [stdout]  --> src/server/mod.rs:11:24
[INFO] [stdout]   |
[INFO] [stdout] 5 | use easy_esp::{Server, SendBackHandler};
[INFO] [stdout]   |                        ^^^^^^^^^^^^^^^ no `SendBackHandler` in the root
[INFO] [stdout] 
[INFO] [stdout] error: aborting due to 1 previous error
[INFO] [stdout] 
[INFO] [stdout] For more information about this error, try `rustc --explain E0432`.
[INFO] [stdout] Couldn't compile the test.
[INFO] [stdout] 
[INFO] [stdout] failures:
[INFO] [stdout]     src/server/mod.rs - server (line 8)
[INFO] [stdout] 
[INFO] [stdout] test result: FAILED. 0 passed; 1 failed; 0 ignored; 0 measured; 0 filtered out; finished in 0.05s
[INFO] [stdout] 
[INFO] [stderr] error: doctest failed, to rerun pass `--doc`
[INFO] running `Command { std: "docker" "inspect" "5c87ca5178e91b4d75deb84a359b0538f42eaf2f04008dc323127a3ccd712aab", kill_on_drop: false }`
[INFO] running `Command { std: "docker" "rm" "-f" "5c87ca5178e91b4d75deb84a359b0538f42eaf2f04008dc323127a3ccd712aab", kill_on_drop: false }`
[INFO] [stdout] 5c87ca5178e91b4d75deb84a359b0538f42eaf2f04008dc323127a3ccd712aab
