[INFO] fetching crate easy-smt 0.2.3...
[INFO] testing easy-smt-0.2.3 against nightly-2024-10-28+rustflags=-Zrandomize-layout for randomize-layout
[INFO] extracting crate easy-smt 0.2.3 into /workspace/builds/worker-3-tc2/source
[INFO] validating manifest of crates.io crate easy-smt 0.2.3 on toolchain nightly-2024-10-28
[INFO] running `Command { std: CARGO_HOME="/workspace/cargo-home" RUSTUP_HOME="/workspace/rustup-home" "/workspace/cargo-home/bin/cargo" "+nightly-2024-10-28" "metadata" "--manifest-path" "Cargo.toml" "--no-deps", kill_on_drop: false }`
[INFO] started tweaking crates.io crate easy-smt 0.2.3
[INFO] removed 0 missing examples
[INFO] finished tweaking crates.io crate easy-smt 0.2.3
[INFO] tweaked toml for crates.io crate easy-smt 0.2.3 written to /workspace/builds/worker-3-tc2/source/Cargo.toml
[INFO] crate crates.io crate easy-smt 0.2.3 already has a lockfile, it will not be regenerated
[INFO] running `Command { std: CARGO_HOME="/workspace/cargo-home" RUSTUP_HOME="/workspace/rustup-home" "/workspace/cargo-home/bin/cargo" "+nightly-2024-10-28" "fetch" "--manifest-path" "Cargo.toml", kill_on_drop: false }`
[INFO] running `Command { std: "docker" "create" "-v" "/var/lib/crater-agent-workspace/builds/worker-3-tc2/target:/opt/rustwide/target:rw,Z" "-v" "/var/lib/crater-agent-workspace/builds/worker-3-tc2/source:/opt/rustwide/workdir:ro,Z" "-v" "/var/lib/crater-agent-workspace/cargo-home:/opt/rustwide/cargo-home:ro,Z" "-v" "/var/lib/crater-agent-workspace/rustup-home:/opt/rustwide/rustup-home:ro,Z" "-e" "SOURCE_DIR=/opt/rustwide/workdir" "-e" "CARGO_TARGET_DIR=/opt/rustwide/target" "-e" "CARGO_HOME=/opt/rustwide/cargo-home" "-e" "RUSTUP_HOME=/opt/rustwide/rustup-home" "-w" "/opt/rustwide/workdir" "-m" "1610612736" "--user" "0:0" "--network" "none" "ghcr.io/rust-lang/crates-build-env/linux@sha256:4a844ea9eb2546a2d2c7022eacef16ef2e8229c7fbb2c7d4d55a9ceca922f72d" "/opt/rustwide/cargo-home/bin/cargo" "+nightly-2024-10-28" "metadata" "--no-deps" "--format-version=1", kill_on_drop: false }`
[INFO] [stdout] eb8b6da47bfaacad984fa6fc695674ac1cdff5c72e5d2d9366c4c98551c2ae23
[INFO] running `Command { std: "docker" "start" "-a" "eb8b6da47bfaacad984fa6fc695674ac1cdff5c72e5d2d9366c4c98551c2ae23", kill_on_drop: false }`
[INFO] running `Command { std: "docker" "inspect" "eb8b6da47bfaacad984fa6fc695674ac1cdff5c72e5d2d9366c4c98551c2ae23", kill_on_drop: false }`
[INFO] running `Command { std: "docker" "rm" "-f" "eb8b6da47bfaacad984fa6fc695674ac1cdff5c72e5d2d9366c4c98551c2ae23", kill_on_drop: false }`
[INFO] [stdout] eb8b6da47bfaacad984fa6fc695674ac1cdff5c72e5d2d9366c4c98551c2ae23
[INFO] running `Command { std: "docker" "create" "-v" "/var/lib/crater-agent-workspace/builds/worker-3-tc2/target:/opt/rustwide/target:rw,Z" "-v" "/var/lib/crater-agent-workspace/builds/worker-3-tc2/source:/opt/rustwide/workdir:ro,Z" "-v" "/var/lib/crater-agent-workspace/cargo-home:/opt/rustwide/cargo-home:ro,Z" "-v" "/var/lib/crater-agent-workspace/rustup-home:/opt/rustwide/rustup-home:ro,Z" "-e" "SOURCE_DIR=/opt/rustwide/workdir" "-e" "CARGO_TARGET_DIR=/opt/rustwide/target" "-e" "CARGO_INCREMENTAL=0" "-e" "RUST_BACKTRACE=full" "-e" "RUSTFLAGS=--cap-lints=forbid -Zrandomize-layout" "-e" "RUSTDOCFLAGS=--cap-lints=forbid" "-e" "CARGO_HOME=/opt/rustwide/cargo-home" "-e" "RUSTUP_HOME=/opt/rustwide/rustup-home" "-w" "/opt/rustwide/workdir" "-m" "1610612736" "--user" "0:0" "--network" "none" "ghcr.io/rust-lang/crates-build-env/linux@sha256:4a844ea9eb2546a2d2c7022eacef16ef2e8229c7fbb2c7d4d55a9ceca922f72d" "/opt/rustwide/cargo-home/bin/cargo" "+nightly-2024-10-28" "build" "--frozen" "--message-format=json", kill_on_drop: false }`
[INFO] [stdout] 8c94efb8910da65b439cb7b7916bbf36f524f1c7add2fce6bc5c6fee2790a6f5
[INFO] running `Command { std: "docker" "start" "-a" "8c94efb8910da65b439cb7b7916bbf36f524f1c7add2fce6bc5c6fee2790a6f5", kill_on_drop: false }`
[INFO] [stderr]    Compiling log v0.4.17
[INFO] [stderr]    Compiling unicode-segmentation v1.10.0
[INFO] [stderr]    Compiling easy-smt v0.2.3 (/opt/rustwide/workdir)
[INFO] [stderr]     Finished `dev` profile [unoptimized + debuginfo] target(s) in 0.47s
[INFO] running `Command { std: "docker" "inspect" "8c94efb8910da65b439cb7b7916bbf36f524f1c7add2fce6bc5c6fee2790a6f5", kill_on_drop: false }`
[INFO] running `Command { std: "docker" "rm" "-f" "8c94efb8910da65b439cb7b7916bbf36f524f1c7add2fce6bc5c6fee2790a6f5", kill_on_drop: false }`
[INFO] [stdout] 8c94efb8910da65b439cb7b7916bbf36f524f1c7add2fce6bc5c6fee2790a6f5
[INFO] running `Command { std: "docker" "create" "-v" "/var/lib/crater-agent-workspace/builds/worker-3-tc2/target:/opt/rustwide/target:rw,Z" "-v" "/var/lib/crater-agent-workspace/builds/worker-3-tc2/source:/opt/rustwide/workdir:ro,Z" "-v" "/var/lib/crater-agent-workspace/cargo-home:/opt/rustwide/cargo-home:ro,Z" "-v" "/var/lib/crater-agent-workspace/rustup-home:/opt/rustwide/rustup-home:ro,Z" "-e" "SOURCE_DIR=/opt/rustwide/workdir" "-e" "CARGO_TARGET_DIR=/opt/rustwide/target" "-e" "CARGO_INCREMENTAL=0" "-e" "RUST_BACKTRACE=full" "-e" "RUSTFLAGS=--cap-lints=forbid -Zrandomize-layout" "-e" "RUSTDOCFLAGS=--cap-lints=forbid" "-e" "CARGO_HOME=/opt/rustwide/cargo-home" "-e" "RUSTUP_HOME=/opt/rustwide/rustup-home" "-w" "/opt/rustwide/workdir" "-m" "1610612736" "--user" "0:0" "--network" "none" "ghcr.io/rust-lang/crates-build-env/linux@sha256:4a844ea9eb2546a2d2c7022eacef16ef2e8229c7fbb2c7d4d55a9ceca922f72d" "/opt/rustwide/cargo-home/bin/cargo" "+nightly-2024-10-28" "test" "--frozen" "--no-run" "--message-format=json", kill_on_drop: false }`
[INFO] [stdout] 14cedaee1dd5cd0d2bde6f1c0ba7e673f58e47577a6770e70498e373dee92dd5
[INFO] running `Command { std: "docker" "start" "-a" "14cedaee1dd5cd0d2bde6f1c0ba7e673f58e47577a6770e70498e373dee92dd5", kill_on_drop: false }`
[INFO] [stderr]    Compiling libc v0.2.139
[INFO] [stderr]    Compiling memchr v2.5.0
[INFO] [stderr]    Compiling io-lifetimes v1.0.3
[INFO] [stderr]    Compiling rustix v0.36.6
[INFO] [stderr]    Compiling log v0.4.17
[INFO] [stderr]    Compiling linux-raw-sys v0.1.4
[INFO] [stderr]    Compiling bitflags v1.3.2
[INFO] [stderr]    Compiling regex-syntax v0.6.28
[INFO] [stderr]    Compiling termcolor v1.1.3
[INFO] [stderr]    Compiling humantime v2.1.0
[INFO] [stderr]    Compiling easy-smt v0.2.3 (/opt/rustwide/workdir)
[INFO] [stderr]    Compiling aho-corasick v0.7.20
[INFO] [stderr]    Compiling regex v1.7.1
[INFO] [stderr]    Compiling is-terminal v0.4.2
[INFO] [stderr]    Compiling env_logger v0.10.0
[INFO] [stderr]     Finished `test` profile [unoptimized + debuginfo] target(s) in 2.58s
[INFO] running `Command { std: "docker" "inspect" "14cedaee1dd5cd0d2bde6f1c0ba7e673f58e47577a6770e70498e373dee92dd5", kill_on_drop: false }`
[INFO] running `Command { std: "docker" "rm" "-f" "14cedaee1dd5cd0d2bde6f1c0ba7e673f58e47577a6770e70498e373dee92dd5", kill_on_drop: false }`
[INFO] [stdout] 14cedaee1dd5cd0d2bde6f1c0ba7e673f58e47577a6770e70498e373dee92dd5
[INFO] running `Command { std: "docker" "create" "-v" "/var/lib/crater-agent-workspace/builds/worker-3-tc2/target:/opt/rustwide/target:rw,Z" "-v" "/var/lib/crater-agent-workspace/builds/worker-3-tc2/source:/opt/rustwide/workdir:ro,Z" "-v" "/var/lib/crater-agent-workspace/cargo-home:/opt/rustwide/cargo-home:ro,Z" "-v" "/var/lib/crater-agent-workspace/rustup-home:/opt/rustwide/rustup-home:ro,Z" "-e" "SOURCE_DIR=/opt/rustwide/workdir" "-e" "CARGO_TARGET_DIR=/opt/rustwide/target" "-e" "CARGO_INCREMENTAL=0" "-e" "RUST_BACKTRACE=full" "-e" "RUSTFLAGS=--cap-lints=forbid -Zrandomize-layout" "-e" "RUSTDOCFLAGS=--cap-lints=forbid" "-e" "CARGO_HOME=/opt/rustwide/cargo-home" "-e" "RUSTUP_HOME=/opt/rustwide/rustup-home" "-w" "/opt/rustwide/workdir" "-m" "1610612736" "--user" "0:0" "--network" "none" "ghcr.io/rust-lang/crates-build-env/linux@sha256:4a844ea9eb2546a2d2c7022eacef16ef2e8229c7fbb2c7d4d55a9ceca922f72d" "/opt/rustwide/cargo-home/bin/cargo" "+nightly-2024-10-28" "test" "--frozen", kill_on_drop: false }`
[INFO] [stdout] 19220e1507f312c8e0ac63d66a11b45c98c3eb16aafb6f8374ed78d73b83ca74
[INFO] running `Command { std: "docker" "start" "-a" "19220e1507f312c8e0ac63d66a11b45c98c3eb16aafb6f8374ed78d73b83ca74", kill_on_drop: false }`
[INFO] [stderr]     Finished `test` profile [unoptimized + debuginfo] target(s) in 0.02s
[INFO] [stderr]      Running unittests src/lib.rs (/opt/rustwide/target/debug/deps/easy_smt-1bdcd278abb5a7de)
[INFO] [stdout] 
[INFO] [stdout] running 4 tests
[INFO] [stdout] test context::tests::test_variadic_ops ... ok
[INFO] [stdout] test sexpr::tests::is_atom ... ok
[INFO] [stdout] test sexpr::tests::is_list ... ok
[INFO] [stdout] test context::tests::sexpr_with_wrong_context - should panic ... ok
[INFO] [stdout] 
[INFO] [stdout] test result: ok. 4 passed; 0 failed; 0 ignored; 0 measured; 0 filtered out; finished in 0.01s
[INFO] [stdout] 
[INFO] [stderr]    Doc-tests easy_smt
[INFO] [stdout] 
[INFO] [stdout] running 5 tests
[INFO] [stdout] test src/sexpr.rs - sexpr::SExprData (line 181) ... ok
[INFO] [stdout] test src/../README.md - (line 82) ... ok
[INFO] [stdout] test src/../README.md - (line 142) ... FAILED
[INFO] [stdout] test src/../README.md - (line 30) ... FAILED
[INFO] [stdout] test src/../README.md - (line 106) ... ok
[INFO] [stdout] 
[INFO] [stdout] failures:
[INFO] [stdout] 
[INFO] [stdout] ---- src/../README.md - (line 142) stdout ----
[INFO] [stdout] Test executable failed (exit status: 1).
[INFO] [stdout] 
[INFO] [stdout] stderr:
[INFO] [stdout] Error: Os { code: 30, kind: ReadOnlyFilesystem, message: "Read-only file system" }
[INFO] [stdout] 
[INFO] [stdout] 
[INFO] [stdout] ---- src/../README.md - (line 30) stdout ----
[INFO] [stdout] Test executable failed (exit status: 1).
[INFO] [stdout] 
[INFO] [stdout] stderr:
[INFO] [stdout] Error: Os { code: 2, kind: NotFound, message: "No such file or directory" }
[INFO] [stdout] 
[INFO] [stdout] 
[INFO] [stdout] 
[INFO] [stdout] failures:
[INFO] [stdout]     src/../README.md - (line 142)
[INFO] [stdout]     src/../README.md - (line 30)
[INFO] [stdout] 
[INFO] [stdout] test result: FAILED. 3 passed; 2 failed; 0 ignored; 0 measured; 0 filtered out; finished in 0.12s
[INFO] [stdout] 
[INFO] [stderr] error: doctest failed, to rerun pass `--doc`
[INFO] running `Command { std: "docker" "inspect" "19220e1507f312c8e0ac63d66a11b45c98c3eb16aafb6f8374ed78d73b83ca74", kill_on_drop: false }`
[INFO] running `Command { std: "docker" "rm" "-f" "19220e1507f312c8e0ac63d66a11b45c98c3eb16aafb6f8374ed78d73b83ca74", kill_on_drop: false }`
[INFO] [stdout] 19220e1507f312c8e0ac63d66a11b45c98c3eb16aafb6f8374ed78d73b83ca74
