[INFO] fetching crate dynamic-cast 0.1.4...
[INFO] testing dynamic-cast-0.1.4 against nightly-2024-10-28 for randomize-layout
[INFO] extracting crate dynamic-cast 0.1.4 into /workspace/builds/worker-1-tc1/source
[INFO] validating manifest of crates.io crate dynamic-cast 0.1.4 on toolchain nightly-2024-10-28
[INFO] running `Command { std: CARGO_HOME="/workspace/cargo-home" RUSTUP_HOME="/workspace/rustup-home" "/workspace/cargo-home/bin/cargo" "+nightly-2024-10-28" "metadata" "--manifest-path" "Cargo.toml" "--no-deps", kill_on_drop: false }`
[INFO] started tweaking crates.io crate dynamic-cast 0.1.4
[INFO] finished tweaking crates.io crate dynamic-cast 0.1.4
[INFO] tweaked toml for crates.io crate dynamic-cast 0.1.4 written to /workspace/builds/worker-1-tc1/source/Cargo.toml
[INFO] running `Command { std: CARGO_HOME="/workspace/cargo-home" RUSTUP_HOME="/workspace/rustup-home" "/workspace/cargo-home/bin/cargo" "+nightly-2024-10-28" "generate-lockfile" "--manifest-path" "Cargo.toml", kill_on_drop: false }`
[INFO] [stderr]     Updating crates.io index
[INFO] [stderr]      Locking 2 packages to latest compatible versions
[INFO] running `Command { std: CARGO_HOME="/workspace/cargo-home" RUSTUP_HOME="/workspace/rustup-home" "/workspace/cargo-home/bin/cargo" "+nightly-2024-10-28" "fetch" "--manifest-path" "Cargo.toml", kill_on_drop: false }`
[INFO] [stderr]  Downloading crates ...
[INFO] [stderr]   Downloaded arraybox v0.1.4
[INFO] running `Command { std: "docker" "create" "-v" "/var/lib/crater-agent-workspace/builds/worker-1-tc1/target:/opt/rustwide/target:rw,Z" "-v" "/var/lib/crater-agent-workspace/builds/worker-1-tc1/source:/opt/rustwide/workdir:ro,Z" "-v" "/var/lib/crater-agent-workspace/cargo-home:/opt/rustwide/cargo-home:ro,Z" "-v" "/var/lib/crater-agent-workspace/rustup-home:/opt/rustwide/rustup-home:ro,Z" "-e" "SOURCE_DIR=/opt/rustwide/workdir" "-e" "CARGO_TARGET_DIR=/opt/rustwide/target" "-e" "CARGO_HOME=/opt/rustwide/cargo-home" "-e" "RUSTUP_HOME=/opt/rustwide/rustup-home" "-w" "/opt/rustwide/workdir" "-m" "1610612736" "--user" "0:0" "--network" "none" "ghcr.io/rust-lang/crates-build-env/linux@sha256:4a844ea9eb2546a2d2c7022eacef16ef2e8229c7fbb2c7d4d55a9ceca922f72d" "/opt/rustwide/cargo-home/bin/cargo" "+nightly-2024-10-28" "metadata" "--no-deps" "--format-version=1", kill_on_drop: false }`
[INFO] [stdout] 33bbfdd2d00bd8ce222ce803064bd6d75291c694c6f03958329e893bb8a60605
[INFO] running `Command { std: "docker" "start" "-a" "33bbfdd2d00bd8ce222ce803064bd6d75291c694c6f03958329e893bb8a60605", kill_on_drop: false }`
[INFO] running `Command { std: "docker" "inspect" "33bbfdd2d00bd8ce222ce803064bd6d75291c694c6f03958329e893bb8a60605", kill_on_drop: false }`
[INFO] running `Command { std: "docker" "rm" "-f" "33bbfdd2d00bd8ce222ce803064bd6d75291c694c6f03958329e893bb8a60605", kill_on_drop: false }`
[INFO] [stdout] 33bbfdd2d00bd8ce222ce803064bd6d75291c694c6f03958329e893bb8a60605
[INFO] running `Command { std: "docker" "create" "-v" "/var/lib/crater-agent-workspace/builds/worker-1-tc1/target:/opt/rustwide/target:rw,Z" "-v" "/var/lib/crater-agent-workspace/builds/worker-1-tc1/source:/opt/rustwide/workdir:ro,Z" "-v" "/var/lib/crater-agent-workspace/cargo-home:/opt/rustwide/cargo-home:ro,Z" "-v" "/var/lib/crater-agent-workspace/rustup-home:/opt/rustwide/rustup-home:ro,Z" "-e" "SOURCE_DIR=/opt/rustwide/workdir" "-e" "CARGO_TARGET_DIR=/opt/rustwide/target" "-e" "CARGO_INCREMENTAL=0" "-e" "RUST_BACKTRACE=full" "-e" "RUSTFLAGS=--cap-lints=forbid" "-e" "RUSTDOCFLAGS=--cap-lints=forbid" "-e" "CARGO_HOME=/opt/rustwide/cargo-home" "-e" "RUSTUP_HOME=/opt/rustwide/rustup-home" "-w" "/opt/rustwide/workdir" "-m" "1610612736" "--user" "0:0" "--network" "none" "ghcr.io/rust-lang/crates-build-env/linux@sha256:4a844ea9eb2546a2d2c7022eacef16ef2e8229c7fbb2c7d4d55a9ceca922f72d" "/opt/rustwide/cargo-home/bin/cargo" "+nightly-2024-10-28" "build" "--frozen" "--message-format=json", kill_on_drop: false }`
[INFO] [stdout] 1045fd58e41297867fbc37e0e8d999d71aa9b2ab51527b238a2abbd31d9d0c2f
[INFO] running `Command { std: "docker" "start" "-a" "1045fd58e41297867fbc37e0e8d999d71aa9b2ab51527b238a2abbd31d9d0c2f", kill_on_drop: false }`
[INFO] [stderr]    Compiling arraybox v0.1.4
[INFO] [stderr]    Compiling downcast-rs v1.2.1
[INFO] [stderr]    Compiling dynamic-cast v0.1.4 (/opt/rustwide/workdir)
[INFO] [stderr]     Finished `dev` profile [unoptimized + debuginfo] target(s) in 0.08s
[INFO] running `Command { std: "docker" "inspect" "1045fd58e41297867fbc37e0e8d999d71aa9b2ab51527b238a2abbd31d9d0c2f", kill_on_drop: false }`
[INFO] running `Command { std: "docker" "rm" "-f" "1045fd58e41297867fbc37e0e8d999d71aa9b2ab51527b238a2abbd31d9d0c2f", kill_on_drop: false }`
[INFO] [stdout] 1045fd58e41297867fbc37e0e8d999d71aa9b2ab51527b238a2abbd31d9d0c2f
[INFO] running `Command { std: "docker" "create" "-v" "/var/lib/crater-agent-workspace/builds/worker-1-tc1/target:/opt/rustwide/target:rw,Z" "-v" "/var/lib/crater-agent-workspace/builds/worker-1-tc1/source:/opt/rustwide/workdir:ro,Z" "-v" "/var/lib/crater-agent-workspace/cargo-home:/opt/rustwide/cargo-home:ro,Z" "-v" "/var/lib/crater-agent-workspace/rustup-home:/opt/rustwide/rustup-home:ro,Z" "-e" "SOURCE_DIR=/opt/rustwide/workdir" "-e" "CARGO_TARGET_DIR=/opt/rustwide/target" "-e" "CARGO_INCREMENTAL=0" "-e" "RUST_BACKTRACE=full" "-e" "RUSTFLAGS=--cap-lints=forbid" "-e" "RUSTDOCFLAGS=--cap-lints=forbid" "-e" "CARGO_HOME=/opt/rustwide/cargo-home" "-e" "RUSTUP_HOME=/opt/rustwide/rustup-home" "-w" "/opt/rustwide/workdir" "-m" "1610612736" "--user" "0:0" "--network" "none" "ghcr.io/rust-lang/crates-build-env/linux@sha256:4a844ea9eb2546a2d2c7022eacef16ef2e8229c7fbb2c7d4d55a9ceca922f72d" "/opt/rustwide/cargo-home/bin/cargo" "+nightly-2024-10-28" "test" "--frozen" "--no-run" "--message-format=json", kill_on_drop: false }`
[INFO] [stdout] 39752c6cc5bee3b7f7565ddbabad676b31caaac6c426673c8dbee0b63d5fd233
[INFO] running `Command { std: "docker" "start" "-a" "39752c6cc5bee3b7f7565ddbabad676b31caaac6c426673c8dbee0b63d5fd233", kill_on_drop: false }`
[INFO] [stderr]    Compiling dynamic-cast v0.1.4 (/opt/rustwide/workdir)
[INFO] [stderr]     Finished `test` profile [unoptimized + debuginfo] target(s) in 0.10s
[INFO] running `Command { std: "docker" "inspect" "39752c6cc5bee3b7f7565ddbabad676b31caaac6c426673c8dbee0b63d5fd233", kill_on_drop: false }`
[INFO] running `Command { std: "docker" "rm" "-f" "39752c6cc5bee3b7f7565ddbabad676b31caaac6c426673c8dbee0b63d5fd233", kill_on_drop: false }`
[INFO] [stdout] 39752c6cc5bee3b7f7565ddbabad676b31caaac6c426673c8dbee0b63d5fd233
[INFO] running `Command { std: "docker" "create" "-v" "/var/lib/crater-agent-workspace/builds/worker-1-tc1/target:/opt/rustwide/target:rw,Z" "-v" "/var/lib/crater-agent-workspace/builds/worker-1-tc1/source:/opt/rustwide/workdir:ro,Z" "-v" "/var/lib/crater-agent-workspace/cargo-home:/opt/rustwide/cargo-home:ro,Z" "-v" "/var/lib/crater-agent-workspace/rustup-home:/opt/rustwide/rustup-home:ro,Z" "-e" "SOURCE_DIR=/opt/rustwide/workdir" "-e" "CARGO_TARGET_DIR=/opt/rustwide/target" "-e" "CARGO_INCREMENTAL=0" "-e" "RUST_BACKTRACE=full" "-e" "RUSTFLAGS=--cap-lints=forbid" "-e" "RUSTDOCFLAGS=--cap-lints=forbid" "-e" "CARGO_HOME=/opt/rustwide/cargo-home" "-e" "RUSTUP_HOME=/opt/rustwide/rustup-home" "-w" "/opt/rustwide/workdir" "-m" "1610612736" "--user" "0:0" "--network" "none" "ghcr.io/rust-lang/crates-build-env/linux@sha256:4a844ea9eb2546a2d2c7022eacef16ef2e8229c7fbb2c7d4d55a9ceca922f72d" "/opt/rustwide/cargo-home/bin/cargo" "+nightly-2024-10-28" "test" "--frozen", kill_on_drop: false }`
[INFO] [stdout] bbf112c8d74451bcbbcfdd5bc2b188bf24277ab7a9db2bfabdf356409a198276
[INFO] running `Command { std: "docker" "start" "-a" "bbf112c8d74451bcbbcfdd5bc2b188bf24277ab7a9db2bfabdf356409a198276", kill_on_drop: false }`
[INFO] [stderr]     Finished `test` profile [unoptimized + debuginfo] target(s) in 0.01s
[INFO] [stdout] 
[INFO] [stderr]      Running unittests src/lib.rs (/opt/rustwide/target/debug/deps/dynamic_cast-2e5196efc27baef4)
[INFO] [stdout] running 0 tests
[INFO] [stderr]    Doc-tests dynamic_cast
[INFO] [stdout] 
[INFO] [stdout] test result: ok. 0 passed; 0 failed; 0 ignored; 0 measured; 0 filtered out; finished in 0.00s
[INFO] [stdout] 
[INFO] [stdout] 
[INFO] [stdout] running 1 test
[INFO] [stdout] test src/../README.md - _DocTestReadme (line 7) ... FAILED
[INFO] [stdout] 
[INFO] [stdout] failures:
[INFO] [stdout] 
[INFO] [stdout] ---- src/../README.md - _DocTestReadme (line 7) stdout ----
[INFO] [stdout] error[E0433]: failed to resolve: use of undeclared crate or module `portrait`
[INFO] [stdout]  --> src/../README.md:14:3
[INFO] [stdout]   |
[INFO] [stdout] 9 | #[portrait::make]
[INFO] [stdout]   |   ^^^^^^^^ use of undeclared crate or module `portrait`
[INFO] [stdout] 
[INFO] [stdout] error[E0433]: failed to resolve: use of undeclared crate or module `portrait`
[INFO] [stdout]   --> src/../README.md:31:3
[INFO] [stdout]    |
[INFO] [stdout] 26 | #[portrait::make]
[INFO] [stdout]    |   ^^^^^^^^ use of undeclared crate or module `portrait`
[INFO] [stdout] 
[INFO] [stdout] error[E0433]: failed to resolve: use of undeclared crate or module `portrait`
[INFO] [stdout]   --> src/../README.md:43:3
[INFO] [stdout]    |
[INFO] [stdout] 38 | #[portrait::fill(portrait::delegate(Base; self.base))]
[INFO] [stdout]    |   ^^^^^^^^ use of undeclared crate or module `portrait`
[INFO] [stdout] 
[INFO] [stdout] error[E0046]: not all trait items implemented, missing: `base_method`
[INFO] [stdout]   --> src/../README.md:44:1
[INFO] [stdout]    |
[INFO] [stdout] 11 |     fn base_method(&self) -> u8;
[INFO] [stdout]    |     ---------------------------- `base_method` from trait
[INFO] [stdout] ...
[INFO] [stdout] 39 | impl TBase for Descendant { }
[INFO] [stdout]    | ^^^^^^^^^^^^^^^^^^^^^^^^^ missing `base_method` in implementation
[INFO] [stdout] 
[INFO] [stdout] error: aborting due to 4 previous errors
[INFO] [stdout] 
[INFO] [stdout] Some errors have detailed explanations: E0046, E0433.
[INFO] [stdout] For more information about an error, try `rustc --explain E0046`.
[INFO] [stdout] Couldn't compile the test.
[INFO] [stdout] 
[INFO] [stdout] failures:
[INFO] [stdout]     src/../README.md - _DocTestReadme (line 7)
[INFO] [stdout] 
[INFO] [stdout] test result: FAILED. 0 passed; 1 failed; 0 ignored; 0 measured; 0 filtered out; finished in 0.04s
[INFO] [stdout] 
[INFO] [stderr] error: doctest failed, to rerun pass `--doc`
[INFO] running `Command { std: "docker" "inspect" "bbf112c8d74451bcbbcfdd5bc2b188bf24277ab7a9db2bfabdf356409a198276", kill_on_drop: false }`
[INFO] running `Command { std: "docker" "rm" "-f" "bbf112c8d74451bcbbcfdd5bc2b188bf24277ab7a9db2bfabdf356409a198276", kill_on_drop: false }`
[INFO] [stdout] bbf112c8d74451bcbbcfdd5bc2b188bf24277ab7a9db2bfabdf356409a198276
