[INFO] fetching crate dyn_inject 0.1.0...
[INFO] testing dyn_inject-0.1.0 against nightly-2024-10-28 for randomize-layout
[INFO] extracting crate dyn_inject 0.1.0 into /workspace/builds/worker-5-tc1/source
[INFO] validating manifest of crates.io crate dyn_inject 0.1.0 on toolchain nightly-2024-10-28
[INFO] running `Command { std: CARGO_HOME="/workspace/cargo-home" RUSTUP_HOME="/workspace/rustup-home" "/workspace/cargo-home/bin/cargo" "+nightly-2024-10-28" "metadata" "--manifest-path" "Cargo.toml" "--no-deps", kill_on_drop: false }`
[INFO] started tweaking crates.io crate dyn_inject 0.1.0
[INFO] finished tweaking crates.io crate dyn_inject 0.1.0
[INFO] tweaked toml for crates.io crate dyn_inject 0.1.0 written to /workspace/builds/worker-5-tc1/source/Cargo.toml
[INFO] running `Command { std: CARGO_HOME="/workspace/cargo-home" RUSTUP_HOME="/workspace/rustup-home" "/workspace/cargo-home/bin/cargo" "+nightly-2024-10-28" "generate-lockfile" "--manifest-path" "Cargo.toml", kill_on_drop: false }`
[INFO] running `Command { std: CARGO_HOME="/workspace/cargo-home" RUSTUP_HOME="/workspace/rustup-home" "/workspace/cargo-home/bin/cargo" "+nightly-2024-10-28" "fetch" "--manifest-path" "Cargo.toml", kill_on_drop: false }`
[INFO] running `Command { std: "docker" "create" "-v" "/var/lib/crater-agent-workspace/builds/worker-5-tc1/target:/opt/rustwide/target:rw,Z" "-v" "/var/lib/crater-agent-workspace/builds/worker-5-tc1/source:/opt/rustwide/workdir:ro,Z" "-v" "/var/lib/crater-agent-workspace/cargo-home:/opt/rustwide/cargo-home:ro,Z" "-v" "/var/lib/crater-agent-workspace/rustup-home:/opt/rustwide/rustup-home:ro,Z" "-e" "SOURCE_DIR=/opt/rustwide/workdir" "-e" "CARGO_TARGET_DIR=/opt/rustwide/target" "-e" "CARGO_HOME=/opt/rustwide/cargo-home" "-e" "RUSTUP_HOME=/opt/rustwide/rustup-home" "-w" "/opt/rustwide/workdir" "-m" "1610612736" "--user" "0:0" "--network" "none" "ghcr.io/rust-lang/crates-build-env/linux@sha256:4a844ea9eb2546a2d2c7022eacef16ef2e8229c7fbb2c7d4d55a9ceca922f72d" "/opt/rustwide/cargo-home/bin/cargo" "+nightly-2024-10-28" "metadata" "--no-deps" "--format-version=1", kill_on_drop: false }`
[INFO] [stdout] f63fcd7a017bf03748cf7c2284d00ddb10a407ef80fb3805329cfe4dd2caeece
[INFO] running `Command { std: "docker" "start" "-a" "f63fcd7a017bf03748cf7c2284d00ddb10a407ef80fb3805329cfe4dd2caeece", kill_on_drop: false }`
[INFO] running `Command { std: "docker" "inspect" "f63fcd7a017bf03748cf7c2284d00ddb10a407ef80fb3805329cfe4dd2caeece", kill_on_drop: false }`
[INFO] running `Command { std: "docker" "rm" "-f" "f63fcd7a017bf03748cf7c2284d00ddb10a407ef80fb3805329cfe4dd2caeece", kill_on_drop: false }`
[INFO] [stdout] f63fcd7a017bf03748cf7c2284d00ddb10a407ef80fb3805329cfe4dd2caeece
[INFO] running `Command { std: "docker" "create" "-v" "/var/lib/crater-agent-workspace/builds/worker-5-tc1/target:/opt/rustwide/target:rw,Z" "-v" "/var/lib/crater-agent-workspace/builds/worker-5-tc1/source:/opt/rustwide/workdir:ro,Z" "-v" "/var/lib/crater-agent-workspace/cargo-home:/opt/rustwide/cargo-home:ro,Z" "-v" "/var/lib/crater-agent-workspace/rustup-home:/opt/rustwide/rustup-home:ro,Z" "-e" "SOURCE_DIR=/opt/rustwide/workdir" "-e" "CARGO_TARGET_DIR=/opt/rustwide/target" "-e" "CARGO_INCREMENTAL=0" "-e" "RUST_BACKTRACE=full" "-e" "RUSTFLAGS=--cap-lints=forbid" "-e" "RUSTDOCFLAGS=--cap-lints=forbid" "-e" "CARGO_HOME=/opt/rustwide/cargo-home" "-e" "RUSTUP_HOME=/opt/rustwide/rustup-home" "-w" "/opt/rustwide/workdir" "-m" "1610612736" "--user" "0:0" "--network" "none" "ghcr.io/rust-lang/crates-build-env/linux@sha256:4a844ea9eb2546a2d2c7022eacef16ef2e8229c7fbb2c7d4d55a9ceca922f72d" "/opt/rustwide/cargo-home/bin/cargo" "+nightly-2024-10-28" "build" "--frozen" "--message-format=json", kill_on_drop: false }`
[INFO] [stdout] 6f805c8eff8be01cb6d6c8662ca4110780e1f2448ca6af65e004f2f89e50c2ea
[INFO] running `Command { std: "docker" "start" "-a" "6f805c8eff8be01cb6d6c8662ca4110780e1f2448ca6af65e004f2f89e50c2ea", kill_on_drop: false }`
[INFO] [stderr]    Compiling dyn_inject v0.1.0 (/opt/rustwide/workdir)
[INFO] [stderr]     Finished `dev` profile [unoptimized + debuginfo] target(s) in 0.07s
[INFO] running `Command { std: "docker" "inspect" "6f805c8eff8be01cb6d6c8662ca4110780e1f2448ca6af65e004f2f89e50c2ea", kill_on_drop: false }`
[INFO] running `Command { std: "docker" "rm" "-f" "6f805c8eff8be01cb6d6c8662ca4110780e1f2448ca6af65e004f2f89e50c2ea", kill_on_drop: false }`
[INFO] [stdout] 6f805c8eff8be01cb6d6c8662ca4110780e1f2448ca6af65e004f2f89e50c2ea
[INFO] running `Command { std: "docker" "create" "-v" "/var/lib/crater-agent-workspace/builds/worker-5-tc1/target:/opt/rustwide/target:rw,Z" "-v" "/var/lib/crater-agent-workspace/builds/worker-5-tc1/source:/opt/rustwide/workdir:ro,Z" "-v" "/var/lib/crater-agent-workspace/cargo-home:/opt/rustwide/cargo-home:ro,Z" "-v" "/var/lib/crater-agent-workspace/rustup-home:/opt/rustwide/rustup-home:ro,Z" "-e" "SOURCE_DIR=/opt/rustwide/workdir" "-e" "CARGO_TARGET_DIR=/opt/rustwide/target" "-e" "CARGO_INCREMENTAL=0" "-e" "RUST_BACKTRACE=full" "-e" "RUSTFLAGS=--cap-lints=forbid" "-e" "RUSTDOCFLAGS=--cap-lints=forbid" "-e" "CARGO_HOME=/opt/rustwide/cargo-home" "-e" "RUSTUP_HOME=/opt/rustwide/rustup-home" "-w" "/opt/rustwide/workdir" "-m" "1610612736" "--user" "0:0" "--network" "none" "ghcr.io/rust-lang/crates-build-env/linux@sha256:4a844ea9eb2546a2d2c7022eacef16ef2e8229c7fbb2c7d4d55a9ceca922f72d" "/opt/rustwide/cargo-home/bin/cargo" "+nightly-2024-10-28" "test" "--frozen" "--no-run" "--message-format=json", kill_on_drop: false }`
[INFO] [stdout] d7b6583c92bfa41ffc0c55e9c26710bbdc60650c99af71cb8b121eeb5d032ee3
[INFO] running `Command { std: "docker" "start" "-a" "d7b6583c92bfa41ffc0c55e9c26710bbdc60650c99af71cb8b121eeb5d032ee3", kill_on_drop: false }`
[INFO] [stderr]    Compiling dyn_inject v0.1.0 (/opt/rustwide/workdir)
[INFO] [stdout] warning: method `call` is never used
[INFO] [stdout]   --> src/registry.rs:66:12
[INFO] [stdout]    |
[INFO] [stdout] 65 |     trait MyTrait {
[INFO] [stdout]    |           ------- method in this trait
[INFO] [stdout] 66 |         fn call(&self);
[INFO] [stdout]    |            ^^^^
[INFO] [stdout]    |
[INFO] [stdout]    = note: `#[warn(dead_code)]` on by default
[INFO] [stdout] 
[INFO] [stdout] 
[INFO] [stderr]     Finished `test` profile [unoptimized + debuginfo] target(s) in 0.17s
[INFO] running `Command { std: "docker" "inspect" "d7b6583c92bfa41ffc0c55e9c26710bbdc60650c99af71cb8b121eeb5d032ee3", kill_on_drop: false }`
[INFO] running `Command { std: "docker" "rm" "-f" "d7b6583c92bfa41ffc0c55e9c26710bbdc60650c99af71cb8b121eeb5d032ee3", kill_on_drop: false }`
[INFO] [stdout] d7b6583c92bfa41ffc0c55e9c26710bbdc60650c99af71cb8b121eeb5d032ee3
[INFO] running `Command { std: "docker" "create" "-v" "/var/lib/crater-agent-workspace/builds/worker-5-tc1/target:/opt/rustwide/target:rw,Z" "-v" "/var/lib/crater-agent-workspace/builds/worker-5-tc1/source:/opt/rustwide/workdir:ro,Z" "-v" "/var/lib/crater-agent-workspace/cargo-home:/opt/rustwide/cargo-home:ro,Z" "-v" "/var/lib/crater-agent-workspace/rustup-home:/opt/rustwide/rustup-home:ro,Z" "-e" "SOURCE_DIR=/opt/rustwide/workdir" "-e" "CARGO_TARGET_DIR=/opt/rustwide/target" "-e" "CARGO_INCREMENTAL=0" "-e" "RUST_BACKTRACE=full" "-e" "RUSTFLAGS=--cap-lints=forbid" "-e" "RUSTDOCFLAGS=--cap-lints=forbid" "-e" "CARGO_HOME=/opt/rustwide/cargo-home" "-e" "RUSTUP_HOME=/opt/rustwide/rustup-home" "-w" "/opt/rustwide/workdir" "-m" "1610612736" "--user" "0:0" "--network" "none" "ghcr.io/rust-lang/crates-build-env/linux@sha256:4a844ea9eb2546a2d2c7022eacef16ef2e8229c7fbb2c7d4d55a9ceca922f72d" "/opt/rustwide/cargo-home/bin/cargo" "+nightly-2024-10-28" "test" "--frozen", kill_on_drop: false }`
[INFO] [stdout] 69ef1668ddccc09a71c661114ea4440e244ab26cb5c746d70b9c09c11915bbe3
[INFO] running `Command { std: "docker" "start" "-a" "69ef1668ddccc09a71c661114ea4440e244ab26cb5c746d70b9c09c11915bbe3", kill_on_drop: false }`
[INFO] [stderr] warning: method `call` is never used
[INFO] [stderr]   --> src/registry.rs:66:12
[INFO] [stderr]    |
[INFO] [stderr] 65 |     trait MyTrait {
[INFO] [stderr]    |           ------- method in this trait
[INFO] [stderr] 66 |         fn call(&self);
[INFO] [stderr]    |            ^^^^
[INFO] [stderr]    |
[INFO] [stderr]    = note: `#[warn(dead_code)]` on by default
[INFO] [stderr] 
[INFO] [stderr] warning: `dyn_inject` (lib test) generated 1 warning
[INFO] [stderr]     Finished `test` profile [unoptimized + debuginfo] target(s) in 0.00s
[INFO] [stderr]      Running unittests src/lib.rs (/opt/rustwide/target/debug/deps/dyn_inject-5afdb9fce0bc119a)
[INFO] [stdout] 
[INFO] [stdout] running 2 tests
[INFO] [stdout] test registry::tests::put_dyn ... ok
[INFO] [stdout] test registry::tests::put_static ... ok
[INFO] [stdout] 
[INFO] [stdout] test result: ok. 2 passed; 0 failed; 0 ignored; 0 measured; 0 filtered out; finished in 0.00s
[INFO] [stdout] 
[INFO] [stderr]    Doc-tests dyn_inject
[INFO] [stdout] 
[INFO] [stdout] running 1 test
[INFO] [stdout] test src/lib.rs - (line 5) ... FAILED
[INFO] [stdout] 
[INFO] [stdout] failures:
[INFO] [stdout] 
[INFO] [stdout] ---- src/lib.rs - (line 5) stdout ----
[INFO] [stdout] error[E0038]: the trait `Foo` cannot be made into an object
[INFO] [stdout]   --> src/lib.rs:23:24
[INFO] [stdout]    |
[INFO] [stdout] 20 |     registry.put_dyn::<dyn Foo>(Bar);
[INFO] [stdout]    |                        ^^^^^^^ `Foo` cannot be made into an object
[INFO] [stdout]    |
[INFO] [stdout] note: for a trait to be "dyn-compatible" it needs to allow building a vtable to allow the call to be resolvable dynamically; for more information visit <https://doc.rust-lang.org/reference/items/traits.html#object-safety>
[INFO] [stdout]   --> src/lib.rs:10:8
[INFO] [stdout]    |
[INFO] [stdout] 6  | trait Foo {
[INFO] [stdout]    |       --- this trait cannot be made into an object...
[INFO] [stdout] 7  |     fn foo();
[INFO] [stdout]    |        ^^^ ...because associated function `foo` has no `self` parameter
[INFO] [stdout]    = help: only type `Bar` implements the trait, consider using it directly instead
[INFO] [stdout] help: consider turning `foo` into a method by giving it a `&self` argument
[INFO] [stdout]    |
[INFO] [stdout] 7  |     fn foo(&self);
[INFO] [stdout]    |            +++++
[INFO] [stdout] help: alternatively, consider constraining `foo` so it does not apply to trait objects
[INFO] [stdout]    |
[INFO] [stdout] 7  |     fn foo() where Self: Sized;
[INFO] [stdout]    |              +++++++++++++++++
[INFO] [stdout] 
[INFO] [stdout] error[E0038]: the trait `Foo` cannot be made into an object
[INFO] [stdout]   --> src/lib.rs:23:33
[INFO] [stdout]    |
[INFO] [stdout] 20 |     registry.put_dyn::<dyn Foo>(Bar);
[INFO] [stdout]    |              -------            ^^^ `Foo` cannot be made into an object
[INFO] [stdout]    |              |
[INFO] [stdout]    |              required by a bound introduced by this call
[INFO] [stdout]    |
[INFO] [stdout] note: for a trait to be "dyn-compatible" it needs to allow building a vtable to allow the call to be resolvable dynamically; for more information visit <https://doc.rust-lang.org/reference/items/traits.html#object-safety>
[INFO] [stdout]   --> src/lib.rs:10:8
[INFO] [stdout]    |
[INFO] [stdout] 6  | trait Foo {
[INFO] [stdout]    |       --- this trait cannot be made into an object...
[INFO] [stdout] 7  |     fn foo();
[INFO] [stdout]    |        ^^^ ...because associated function `foo` has no `self` parameter
[INFO] [stdout]    = help: only type `Bar` implements the trait, consider using it directly instead
[INFO] [stdout] note: required by a bound in `Registry::put_dyn`
[INFO] [stdout]   --> /opt/rustwide/workdir/src/registry.rs:42:63
[INFO] [stdout]    |
[INFO] [stdout] 42 |     pub fn put_dyn<T: ?Sized + 'static>(&mut self, item: impl Unsize<T>) {
[INFO] [stdout]    |                                                               ^^^^^^^^^ required by this bound in `Registry::put_dyn`
[INFO] [stdout] help: consider turning `foo` into a method by giving it a `&self` argument
[INFO] [stdout]    |
[INFO] [stdout] 7  |     fn foo(&self);
[INFO] [stdout]    |            +++++
[INFO] [stdout] help: alternatively, consider constraining `foo` so it does not apply to trait objects
[INFO] [stdout]    |
[INFO] [stdout] 7  |     fn foo() where Self: Sized;
[INFO] [stdout]    |              +++++++++++++++++
[INFO] [stdout] 
[INFO] [stdout] error[E0038]: the trait `Foo` cannot be made into an object
[INFO] [stdout]   --> src/lib.rs:25:24
[INFO] [stdout]    |
[INFO] [stdout] 22 |     registry.get_dyn::<dyn Foo>().unwrap().foo();
[INFO] [stdout]    |                        ^^^^^^^ `Foo` cannot be made into an object
[INFO] [stdout]    |
[INFO] [stdout] note: for a trait to be "dyn-compatible" it needs to allow building a vtable to allow the call to be resolvable dynamically; for more information visit <https://doc.rust-lang.org/reference/items/traits.html#object-safety>
[INFO] [stdout]   --> src/lib.rs:10:8
[INFO] [stdout]    |
[INFO] [stdout] 6  | trait Foo {
[INFO] [stdout]    |       --- this trait cannot be made into an object...
[INFO] [stdout] 7  |     fn foo();
[INFO] [stdout]    |        ^^^ ...because associated function `foo` has no `self` parameter
[INFO] [stdout]    = help: only type `Bar` implements the trait, consider using it directly instead
[INFO] [stdout] help: consider turning `foo` into a method by giving it a `&self` argument
[INFO] [stdout]    |
[INFO] [stdout] 7  |     fn foo(&self);
[INFO] [stdout]    |            +++++
[INFO] [stdout] help: alternatively, consider constraining `foo` so it does not apply to trait objects
[INFO] [stdout]    |
[INFO] [stdout] 7  |     fn foo() where Self: Sized;
[INFO] [stdout]    |              +++++++++++++++++
[INFO] [stdout] 
[INFO] [stdout] error[E0038]: the trait `Foo` cannot be made into an object
[INFO] [stdout]   --> src/lib.rs:25:5
[INFO] [stdout]    |
[INFO] [stdout] 22 |     registry.get_dyn::<dyn Foo>().unwrap().foo();
[INFO] [stdout]    |     ^^^^^^^^^^^^^^^^^^^^^^^^^^^^^^^^^^^^^^ `Foo` cannot be made into an object
[INFO] [stdout]    |
[INFO] [stdout] note: for a trait to be "dyn-compatible" it needs to allow building a vtable to allow the call to be resolvable dynamically; for more information visit <https://doc.rust-lang.org/reference/items/traits.html#object-safety>
[INFO] [stdout]   --> src/lib.rs:10:8
[INFO] [stdout]    |
[INFO] [stdout] 6  | trait Foo {
[INFO] [stdout]    |       --- this trait cannot be made into an object...
[INFO] [stdout] 7  |     fn foo();
[INFO] [stdout]    |        ^^^ ...because associated function `foo` has no `self` parameter
[INFO] [stdout]    = help: only type `Bar` implements the trait, consider using it directly instead
[INFO] [stdout] help: consider turning `foo` into a method by giving it a `&self` argument
[INFO] [stdout]    |
[INFO] [stdout] 7  |     fn foo(&self);
[INFO] [stdout]    |            +++++
[INFO] [stdout] help: alternatively, consider constraining `foo` so it does not apply to trait objects
[INFO] [stdout]    |
[INFO] [stdout] 7  |     fn foo() where Self: Sized;
[INFO] [stdout]    |              +++++++++++++++++
[INFO] [stdout] 
[INFO] [stdout] error[E0599]: no method named `foo` found for reference `&dyn Foo` in the current scope
[INFO] [stdout]   --> src/lib.rs:25:44
[INFO] [stdout]    |
[INFO] [stdout] 22 |     registry.get_dyn::<dyn Foo>().unwrap().foo();
[INFO] [stdout]    |     ---------------------------------------^^^--
[INFO] [stdout]    |     |                                      |
[INFO] [stdout]    |     |                                      this is an associated function, not a method
[INFO] [stdout]    |     help: use associated function syntax instead: `dyn Foo::foo()`
[INFO] [stdout]    |
[INFO] [stdout]    = note: found the following associated functions; to be used as methods, functions must have a `self` parameter
[INFO] [stdout] note: the candidate is defined in the trait `Foo`
[INFO] [stdout]   --> src/lib.rs:10:5
[INFO] [stdout]    |
[INFO] [stdout] 7  |     fn foo();
[INFO] [stdout]    |     ^^^^^^^^^
[INFO] [stdout] 
[INFO] [stdout] error: aborting due to 5 previous errors
[INFO] [stdout] 
[INFO] [stdout] Some errors have detailed explanations: E0038, E0599.
[INFO] [stdout] For more information about an error, try `rustc --explain E0038`.
[INFO] [stdout] Couldn't compile the test.
[INFO] [stdout] 
[INFO] [stdout] failures:
[INFO] [stdout]     src/lib.rs - (line 5)
[INFO] [stdout] 
[INFO] [stdout] test result: FAILED. 0 passed; 1 failed; 0 ignored; 0 measured; 0 filtered out; finished in 0.04s
[INFO] [stdout] 
[INFO] [stderr] error: doctest failed, to rerun pass `--doc`
[INFO] running `Command { std: "docker" "inspect" "69ef1668ddccc09a71c661114ea4440e244ab26cb5c746d70b9c09c11915bbe3", kill_on_drop: false }`
[INFO] running `Command { std: "docker" "rm" "-f" "69ef1668ddccc09a71c661114ea4440e244ab26cb5c746d70b9c09c11915bbe3", kill_on_drop: false }`
[INFO] [stdout] 69ef1668ddccc09a71c661114ea4440e244ab26cb5c746d70b9c09c11915bbe3
