[INFO] fetching crate dyn-slice 3.2.2...
[INFO] testing dyn-slice-3.2.2 against nightly-2024-10-28+rustflags=-Zrandomize-layout for randomize-layout
[INFO] extracting crate dyn-slice 3.2.2 into /workspace/builds/worker-1-tc2/source
[INFO] validating manifest of crates.io crate dyn-slice 3.2.2 on toolchain nightly-2024-10-28
[INFO] running `Command { std: CARGO_HOME="/workspace/cargo-home" RUSTUP_HOME="/workspace/rustup-home" "/workspace/cargo-home/bin/cargo" "+nightly-2024-10-28" "metadata" "--manifest-path" "Cargo.toml" "--no-deps", kill_on_drop: false }`
[INFO] removed /workspace/builds/worker-1-tc2/source/rust-toolchain.toml
[INFO] started tweaking crates.io crate dyn-slice 3.2.2
[INFO] finished tweaking crates.io crate dyn-slice 3.2.2
[INFO] tweaked toml for crates.io crate dyn-slice 3.2.2 written to /workspace/builds/worker-1-tc2/source/Cargo.toml
[INFO] crate crates.io crate dyn-slice 3.2.2 already has a lockfile, it will not be regenerated
[INFO] running `Command { std: CARGO_HOME="/workspace/cargo-home" RUSTUP_HOME="/workspace/rustup-home" "/workspace/cargo-home/bin/cargo" "+nightly-2024-10-28" "fetch" "--manifest-path" "Cargo.toml", kill_on_drop: false }`
[INFO] running `Command { std: "docker" "create" "-v" "/var/lib/crater-agent-workspace/builds/worker-1-tc2/target:/opt/rustwide/target:rw,Z" "-v" "/var/lib/crater-agent-workspace/builds/worker-1-tc2/source:/opt/rustwide/workdir:ro,Z" "-v" "/var/lib/crater-agent-workspace/cargo-home:/opt/rustwide/cargo-home:ro,Z" "-v" "/var/lib/crater-agent-workspace/rustup-home:/opt/rustwide/rustup-home:ro,Z" "-e" "SOURCE_DIR=/opt/rustwide/workdir" "-e" "CARGO_TARGET_DIR=/opt/rustwide/target" "-e" "CARGO_HOME=/opt/rustwide/cargo-home" "-e" "RUSTUP_HOME=/opt/rustwide/rustup-home" "-w" "/opt/rustwide/workdir" "-m" "1610612736" "--user" "0:0" "--network" "none" "ghcr.io/rust-lang/crates-build-env/linux@sha256:4a844ea9eb2546a2d2c7022eacef16ef2e8229c7fbb2c7d4d55a9ceca922f72d" "/opt/rustwide/cargo-home/bin/cargo" "+nightly-2024-10-28" "metadata" "--no-deps" "--format-version=1", kill_on_drop: false }`
[INFO] [stdout] 7ee1bf71d09c3b29180c84611466388cf7805583d2ae026b9f5c0c84127e807a
[INFO] running `Command { std: "docker" "start" "-a" "7ee1bf71d09c3b29180c84611466388cf7805583d2ae026b9f5c0c84127e807a", kill_on_drop: false }`
[INFO] running `Command { std: "docker" "inspect" "7ee1bf71d09c3b29180c84611466388cf7805583d2ae026b9f5c0c84127e807a", kill_on_drop: false }`
[INFO] running `Command { std: "docker" "rm" "-f" "7ee1bf71d09c3b29180c84611466388cf7805583d2ae026b9f5c0c84127e807a", kill_on_drop: false }`
[INFO] [stdout] 7ee1bf71d09c3b29180c84611466388cf7805583d2ae026b9f5c0c84127e807a
[INFO] running `Command { std: "docker" "create" "-v" "/var/lib/crater-agent-workspace/builds/worker-1-tc2/target:/opt/rustwide/target:rw,Z" "-v" "/var/lib/crater-agent-workspace/builds/worker-1-tc2/source:/opt/rustwide/workdir:ro,Z" "-v" "/var/lib/crater-agent-workspace/cargo-home:/opt/rustwide/cargo-home:ro,Z" "-v" "/var/lib/crater-agent-workspace/rustup-home:/opt/rustwide/rustup-home:ro,Z" "-e" "SOURCE_DIR=/opt/rustwide/workdir" "-e" "CARGO_TARGET_DIR=/opt/rustwide/target" "-e" "CARGO_INCREMENTAL=0" "-e" "RUST_BACKTRACE=full" "-e" "RUSTFLAGS=--cap-lints=forbid -Zrandomize-layout" "-e" "RUSTDOCFLAGS=--cap-lints=forbid" "-e" "CARGO_HOME=/opt/rustwide/cargo-home" "-e" "RUSTUP_HOME=/opt/rustwide/rustup-home" "-w" "/opt/rustwide/workdir" "-m" "1610612736" "--user" "0:0" "--network" "none" "ghcr.io/rust-lang/crates-build-env/linux@sha256:4a844ea9eb2546a2d2c7022eacef16ef2e8229c7fbb2c7d4d55a9ceca922f72d" "/opt/rustwide/cargo-home/bin/cargo" "+nightly-2024-10-28" "build" "--frozen" "--message-format=json", kill_on_drop: false }`
[INFO] [stdout] 7ec56b96707ac2025a7404f79cda28f577d0d252756d5c769293de4e507d4a75
[INFO] running `Command { std: "docker" "start" "-a" "7ec56b96707ac2025a7404f79cda28f577d0d252756d5c769293de4e507d4a75", kill_on_drop: false }`
[INFO] [stderr]    Compiling proc-macro2 v1.0.71
[INFO] [stderr]    Compiling unicode-ident v1.0.12
[INFO] [stderr]    Compiling quote v1.0.33
[INFO] [stderr]    Compiling syn v2.0.42
[INFO] [stderr]    Compiling dyn-slice-macros v3.2.0
[INFO] [stderr]    Compiling dyn-slice v3.2.2 (/opt/rustwide/workdir)
[INFO] [stdout] warning: the feature `pointer_byte_offsets` has been stable since 1.75.0 and no longer requires an attribute to enable
[INFO] [stdout]   --> lib/lib.rs:17:26
[INFO] [stdout]    |
[INFO] [stdout] 17 | #![feature(ptr_metadata, pointer_byte_offsets)]
[INFO] [stdout]    |                          ^^^^^^^^^^^^^^^^^^^^
[INFO] [stdout]    |
[INFO] [stdout]    = note: `#[warn(stable_features)]` on by default
[INFO] [stdout] 
[INFO] [stdout] 
[INFO] [stderr]     Finished `dev` profile [unoptimized + debuginfo] target(s) in 3.96s
[INFO] running `Command { std: "docker" "inspect" "7ec56b96707ac2025a7404f79cda28f577d0d252756d5c769293de4e507d4a75", kill_on_drop: false }`
[INFO] running `Command { std: "docker" "rm" "-f" "7ec56b96707ac2025a7404f79cda28f577d0d252756d5c769293de4e507d4a75", kill_on_drop: false }`
[INFO] [stdout] 7ec56b96707ac2025a7404f79cda28f577d0d252756d5c769293de4e507d4a75
[INFO] running `Command { std: "docker" "create" "-v" "/var/lib/crater-agent-workspace/builds/worker-1-tc2/target:/opt/rustwide/target:rw,Z" "-v" "/var/lib/crater-agent-workspace/builds/worker-1-tc2/source:/opt/rustwide/workdir:ro,Z" "-v" "/var/lib/crater-agent-workspace/cargo-home:/opt/rustwide/cargo-home:ro,Z" "-v" "/var/lib/crater-agent-workspace/rustup-home:/opt/rustwide/rustup-home:ro,Z" "-e" "SOURCE_DIR=/opt/rustwide/workdir" "-e" "CARGO_TARGET_DIR=/opt/rustwide/target" "-e" "CARGO_INCREMENTAL=0" "-e" "RUST_BACKTRACE=full" "-e" "RUSTFLAGS=--cap-lints=forbid -Zrandomize-layout" "-e" "RUSTDOCFLAGS=--cap-lints=forbid" "-e" "CARGO_HOME=/opt/rustwide/cargo-home" "-e" "RUSTUP_HOME=/opt/rustwide/rustup-home" "-w" "/opt/rustwide/workdir" "-m" "1610612736" "--user" "0:0" "--network" "none" "ghcr.io/rust-lang/crates-build-env/linux@sha256:4a844ea9eb2546a2d2c7022eacef16ef2e8229c7fbb2c7d4d55a9ceca922f72d" "/opt/rustwide/cargo-home/bin/cargo" "+nightly-2024-10-28" "test" "--frozen" "--no-run" "--message-format=json", kill_on_drop: false }`
[INFO] [stdout] 8949c5bf69854f80699bf6d2b320593c716eed0f4af21dd46114d3a26d2c5aae
[INFO] running `Command { std: "docker" "start" "-a" "8949c5bf69854f80699bf6d2b320593c716eed0f4af21dd46114d3a26d2c5aae", kill_on_drop: false }`
[INFO] [stderr]    Compiling serde v1.0.189
[INFO] [stderr]    Compiling serde_json v1.0.107
[INFO] [stderr]    Compiling trybuild v1.0.85
[INFO] [stderr]    Compiling once_cell v1.18.0
[INFO] [stderr]    Compiling dissimilar v1.0.7
[INFO] [stderr]    Compiling glob v0.3.1
[INFO] [stderr]    Compiling termcolor v1.3.0
[INFO] [stderr]    Compiling serde_derive v1.0.189
[INFO] [stdout] warning: the feature `pointer_byte_offsets` has been stable since 1.75.0 and no longer requires an attribute to enable
[INFO] [stdout]   --> lib/lib.rs:17:26
[INFO] [stdout]    |
[INFO] [stdout] 17 | #![feature(ptr_metadata, pointer_byte_offsets)]
[INFO] [stdout]    |                          ^^^^^^^^^^^^^^^^^^^^
[INFO] [stdout]    |
[INFO] [stdout]    = note: `#[warn(stable_features)]` on by default
[INFO] [stdout] 
[INFO] [stdout] 
[INFO] [stderr]    Compiling basic-toml v0.1.4
[INFO] [stderr]    Compiling dyn-slice v3.2.2 (/opt/rustwide/workdir)
[INFO] [stdout] warning: the feature `pointer_byte_offsets` has been stable since 1.75.0 and no longer requires an attribute to enable
[INFO] [stdout]   --> lib/lib.rs:17:26
[INFO] [stdout]    |
[INFO] [stdout] 17 | #![feature(ptr_metadata, pointer_byte_offsets)]
[INFO] [stdout]    |                          ^^^^^^^^^^^^^^^^^^^^
[INFO] [stdout]    |
[INFO] [stdout]    = note: `#[warn(stable_features)]` on by default
[INFO] [stdout] 
[INFO] [stdout] 
[INFO] [stderr]     Finished `test` profile [unoptimized + debuginfo] target(s) in 9.24s
[INFO] running `Command { std: "docker" "inspect" "8949c5bf69854f80699bf6d2b320593c716eed0f4af21dd46114d3a26d2c5aae", kill_on_drop: false }`
[INFO] running `Command { std: "docker" "rm" "-f" "8949c5bf69854f80699bf6d2b320593c716eed0f4af21dd46114d3a26d2c5aae", kill_on_drop: false }`
[INFO] [stdout] 8949c5bf69854f80699bf6d2b320593c716eed0f4af21dd46114d3a26d2c5aae
[INFO] running `Command { std: "docker" "create" "-v" "/var/lib/crater-agent-workspace/builds/worker-1-tc2/target:/opt/rustwide/target:rw,Z" "-v" "/var/lib/crater-agent-workspace/builds/worker-1-tc2/source:/opt/rustwide/workdir:ro,Z" "-v" "/var/lib/crater-agent-workspace/cargo-home:/opt/rustwide/cargo-home:ro,Z" "-v" "/var/lib/crater-agent-workspace/rustup-home:/opt/rustwide/rustup-home:ro,Z" "-e" "SOURCE_DIR=/opt/rustwide/workdir" "-e" "CARGO_TARGET_DIR=/opt/rustwide/target" "-e" "CARGO_INCREMENTAL=0" "-e" "RUST_BACKTRACE=full" "-e" "RUSTFLAGS=--cap-lints=forbid -Zrandomize-layout" "-e" "RUSTDOCFLAGS=--cap-lints=forbid" "-e" "CARGO_HOME=/opt/rustwide/cargo-home" "-e" "RUSTUP_HOME=/opt/rustwide/rustup-home" "-w" "/opt/rustwide/workdir" "-m" "1610612736" "--user" "0:0" "--network" "none" "ghcr.io/rust-lang/crates-build-env/linux@sha256:4a844ea9eb2546a2d2c7022eacef16ef2e8229c7fbb2c7d4d55a9ceca922f72d" "/opt/rustwide/cargo-home/bin/cargo" "+nightly-2024-10-28" "test" "--frozen", kill_on_drop: false }`
[INFO] [stdout] b91f881594b7a78bb5ec9dfe483b8293106879886e8f468bc53f07e049a1b0a8
[INFO] running `Command { std: "docker" "start" "-a" "b91f881594b7a78bb5ec9dfe483b8293106879886e8f468bc53f07e049a1b0a8", kill_on_drop: false }`
[INFO] [stderr] warning: the feature `pointer_byte_offsets` has been stable since 1.75.0 and no longer requires an attribute to enable
[INFO] [stderr]   --> lib/lib.rs:17:26
[INFO] [stderr]    |
[INFO] [stderr] 17 | #![feature(ptr_metadata, pointer_byte_offsets)]
[INFO] [stderr]    |                          ^^^^^^^^^^^^^^^^^^^^
[INFO] [stderr]    |
[INFO] [stderr]    = note: `#[warn(stable_features)]` on by default
[INFO] [stderr] 
[INFO] [stderr] warning: `dyn-slice` (lib) generated 1 warning
[INFO] [stderr] warning: `dyn-slice` (lib test) generated 1 warning (1 duplicate)
[INFO] [stderr]     Finished `test` profile [unoptimized + debuginfo] target(s) in 0.02s
[INFO] [stderr]      Running unittests lib/lib.rs (/opt/rustwide/target/debug/deps/dyn_slice-11b3a8e5d1c070d7)
[INFO] [stdout] 
[INFO] [stdout] running 45 tests
[INFO] [stdout] test dyn_slice::test::empty ... ok
[INFO] [stdout] test dyn_slice::test::create_dyn_slice ... ok
[INFO] [stdout] test dyn_slice::test::test_slice ... ok
[INFO] [stdout] test dyn_slice::test::index ... ok
[INFO] [stdout] test dyn_slice_mut::test::create_dyn_slice ... ok
[INFO] [stdout] test dyn_slice_mut::test::empty ... ok
[INFO] [stdout] test dyn_slice_mut::test::index ... ok
[INFO] [stdout] test dyn_slice_mut::test::test_slice ... ok
[INFO] [stdout] test iter::test::test_bidirectional ... ok
[INFO] [stdout] test iter::test::test_count ... ok
[INFO] [stdout] test iter::test::test_last ... ok
[INFO] [stdout] test iter::test::test_next ... ok
[INFO] [stdout] test iter::test::test_next_back ... ok
[INFO] [stdout] test iter::test::test_nth ... ok
[INFO] [stdout] test iter::test::test_nth_back ... ok
[INFO] [stdout] test iter::test::test_size_hint ... ok
[INFO] [stdout] test iter_mut::test::test_bidirectional ... ok
[INFO] [stdout] test iter_mut::test::test_count ... ok
[INFO] [stdout] test iter_mut::test::test_last ... ok
[INFO] [stdout] test iter_mut::test::test_next ... ok
[INFO] [stdout] test iter_mut::test::test_next_back ... ok
[INFO] [stdout] test iter_mut::test::test_nth ... ok
[INFO] [stdout] test iter_mut::test::test_nth_back ... ok
[INFO] [stdout] test iter_mut::test::test_size_hint ... ok
[INFO] [stdout] test standard::test::test_any ... ok
[INFO] [stdout] test standard::test::test_as_ref ... ok
[INFO] [stdout] test standard::test::test_borrow ... ok
[INFO] [stdout] test standard::test::test_debug ... ok
[INFO] [stdout] test standard::test::test_display ... ok
[INFO] [stdout] test standard::test::test_error ... ok
[INFO] [stdout] test standard::test::test_hasher ... ok
[INFO] [stdout] test standard::test::test_iterator ... ok
[INFO] [stdout] test standard::test::test_partial_eq ... ok
[INFO] [stdout] test standard::test::test_partial_eq_impl ... ok
[INFO] [stdout] test standard::test::test_partial_ord ... ok
[INFO] [stdout] test standard::test::test_partial_ord_impl ... ok
[INFO] [stdout] test standard::test::test_to ... ok
[INFO] [stdout] test standard::test::test_to_string ... ok
[INFO] [stdout] test dyn_slice::test::index_empty - should panic ... ok
[INFO] [stdout] test dyn_slice::test::index_on_bound - should panic ... ok
[INFO] [stdout] test dyn_slice::test::index_out_of_bounds - should panic ... ok
[INFO] [stdout] test dyn_slice_mut::test::index_on_bound - should panic ... ok
[INFO] [stdout] test dyn_slice_mut::test::index_out_of_bounds - should panic ... ok
[INFO] [stdout] test dyn_slice_mut::test::index_empty - should panic ... ok
[INFO] [stderr]    Compiling proc-macro2 v1.0.71
[INFO] [stderr]    Compiling unicode-ident v1.0.12
[INFO] [stderr]    Compiling quote v1.0.33
[INFO] [stderr]    Compiling syn v2.0.42
[INFO] [stderr]    Compiling dyn-slice-macros v3.2.0
[INFO] [stderr]     Checking dyn-slice v3.2.2 (/opt/rustwide/workdir)
[INFO] [stderr] warning: the feature `pointer_byte_offsets` has been stable since 1.75.0 and no longer requires an attribute to enable
[INFO] [stderr]   --> /opt/rustwide/workdir/lib/lib.rs:17:26
[INFO] [stderr]    |
[INFO] [stderr] 17 | #![feature(ptr_metadata, pointer_byte_offsets)]
[INFO] [stderr]    |                          ^^^^^^^^^^^^^^^^^^^^
[INFO] [stderr]    |
[INFO] [stderr]    = note: `#[warn(stable_features)]` on by default
[INFO] [stderr] 
[INFO] [stderr] warning: `dyn-slice` (lib) generated 1 warning
[INFO] [stderr]     Checking dyn-slice-tests v0.0.0 (/opt/rustwide/target/tests/trybuild/dyn-slice)
[INFO] [stderr]     Finished `dev` profile [unoptimized + debuginfo] target(s) in 4.06s
[INFO] [stderr] 
[INFO] [stderr] 
[INFO] [stderr] test /opt/rustwide/workdir/compile_fail_tests/mut_lock_8.rs ... mismatch
[INFO] [stderr] 
[INFO] [stderr] EXPECTED:
[INFO] [stderr] ┈┈┈┈┈┈┈┈┈┈┈┈┈┈┈┈┈┈┈┈┈┈┈┈┈┈┈┈┈┈┈┈┈┈┈┈┈┈┈┈┈┈┈┈┈┈┈┈┈┈┈┈┈┈┈┈┈┈┈┈
[INFO] [stderr] error[E0502]: cannot borrow `slice_1` as mutable because it is also borrowed as immutable
[INFO] [stderr]  --> compile_fail_tests/mut_lock_8.rs
[INFO] [stderr]   |
[INFO] [stderr]   |     let iter_1 = slice_1.iter();
[INFO] [stderr]   |                  -------------- immutable borrow occurs here
[INFO] [stderr] ...
[INFO] [stderr]   |     let _ = slice_1.get_mut(0).unwrap().borrow();
[INFO] [stderr]   |             ^^^^^^^^^^^^^^^^^^ mutable borrow occurs here
[INFO] [stderr]   |
[INFO] [stderr]   |     let _ = last.borrow();
[INFO] [stderr]   |             ------------- immutable borrow later used here
[INFO] [stderr] ┈┈┈┈┈┈┈┈┈┈┈┈┈┈┈┈┈┈┈┈┈┈┈┈┈┈┈┈┈┈┈┈┈┈┈┈┈┈┈┈┈┈┈┈┈┈┈┈┈┈┈┈┈┈┈┈┈┈┈┈
[INFO] [stderr] 
[INFO] [stderr] ACTUAL OUTPUT:
[INFO] [stderr] ┈┈┈┈┈┈┈┈┈┈┈┈┈┈┈┈┈┈┈┈┈┈┈┈┈┈┈┈┈┈┈┈┈┈┈┈┈┈┈┈┈┈┈┈┈┈┈┈┈┈┈┈┈┈┈┈┈┈┈┈
[INFO] [stderr] error[E0502]: cannot borrow `slice_1` as mutable because it is also borrowed as immutable
[INFO] [stderr]  --> compile_fail_tests/mut_lock_8.rs
[INFO] [stderr]   |
[INFO] [stderr]   |     let iter_1 = slice_1.iter();
[INFO] [stderr]   |                  ------- immutable borrow occurs here
[INFO] [stderr] ...
[INFO] [stderr]   |     let _ = slice_1.get_mut(0).unwrap().borrow();
[INFO] [stderr]   |             ^^^^^^^^^^^^^^^^^^ mutable borrow occurs here
[INFO] [stderr]   |
[INFO] [stderr]   |     let _ = last.borrow();
[INFO] [stderr]   |             ---- immutable borrow later used here
[INFO] [stderr] ┈┈┈┈┈┈┈┈┈┈┈┈┈┈┈┈┈┈┈┈┈┈┈┈┈┈┈┈┈┈┈┈┈┈┈┈┈┈┈┈┈┈┈┈┈┈┈┈┈┈┈┈┈┈┈┈┈┈┈┈
[INFO] [stderr] note: If the actual output is the correct output you can bless it by rerunning
[INFO] [stderr]       your test with the environment variable TRYBUILD=overwrite
[INFO] [stderr] 
[INFO] [stdout] test compile_tests::compile_fail_tests ... FAILED
[INFO] [stderr] test /opt/rustwide/workdir/compile_fail_tests/lifetime_any.rs ... mismatch
[INFO] [stdout] 
[INFO] [stderr] 
[INFO] [stdout] failures:
[INFO] [stderr] EXPECTED:
[INFO] [stdout] 
[INFO] [stderr] ┈┈┈┈┈┈┈┈┈┈┈┈┈┈┈┈┈┈┈┈┈┈┈┈┈┈┈┈┈┈┈┈┈┈┈┈┈┈┈┈┈┈┈┈┈┈┈┈┈┈┈┈┈┈┈┈┈┈┈┈
[INFO] [stdout] ---- compile_tests::compile_fail_tests stdout ----
[INFO] [stderr] error[E0597]: `array_1` does not live long enough
[INFO] [stdout] thread 'compile_tests::compile_fail_tests' panicked at /opt/rustwide/cargo-home/registry/src/index.crates.io-6f17d22bba15001f/trybuild-1.0.85/src/run.rs:101:13:
[INFO] [stderr]  --> compile_fail_tests/lifetime_any.rs
[INFO] [stdout] 12 of 13 tests failed
[INFO] [stderr]   |
[INFO] [stdout] stack backtrace:
[INFO] [stderr]   |         let array_1 = [1, 2, 3, 4, 5];
[INFO] [stdout]    0:     0x56ad76ff776a - std::backtrace_rs::backtrace::libunwind::trace::h207520d6e9873551
[INFO] [stderr]   |             ------- binding `array_1` declared here
[INFO] [stdout]                                at /rustc/df4ca44d3fbc9301ee17f30f4d474e6ae4b05252/library/std/src/../../backtrace/src/backtrace/libunwind.rs:116:5
[INFO] [stderr]   |         let slice_1 = any::new(&array_1);
[INFO] [stdout]    1:     0x56ad76ff776a - std::backtrace_rs::backtrace::trace_unsynchronized::h2ed7433f370e3eca
[INFO] [stderr]   |                                ^^^^^^^^ borrowed value does not live long enough
[INFO] [stdout]                                at /rustc/df4ca44d3fbc9301ee17f30f4d474e6ae4b05252/library/std/src/../../backtrace/src/backtrace/mod.rs:66:5
[INFO] [stderr]   |         slice_1.downcast::<i32>().unwrap()
[INFO] [stdout]    2:     0x56ad76ff776a - std::sys::backtrace::_print_fmt::h916fac51166b18d7
[INFO] [stderr]   |     };
[INFO] [stdout]                                at /rustc/df4ca44d3fbc9301ee17f30f4d474e6ae4b05252/library/std/src/sys/backtrace.rs:66:9
[INFO] [stderr]   |     - `array_1` dropped here while still borrowed
[INFO] [stdout]    3:     0x56ad76ff776a - <std::sys::backtrace::BacktraceLock::print::DisplayBacktrace as core::fmt::Display>::fmt::ha0a4c9b8ce3802e6
[INFO] [stderr] 
[INFO] [stdout]                                at /rustc/df4ca44d3fbc9301ee17f30f4d474e6ae4b05252/library/std/src/sys/backtrace.rs:39:26
[INFO] [stderr] error[E0597]: `slice_1` does not live long enough
[INFO] [stdout]    4:     0x56ad770208e3 - core::fmt::rt::Argument::fmt::h4cfc8587d52b3eb5
[INFO] [stderr]  --> compile_fail_tests/lifetime_any.rs
[INFO] [stdout]                                at /rustc/df4ca44d3fbc9301ee17f30f4d474e6ae4b05252/library/core/src/fmt/rt.rs:177:76
[INFO] [stderr]   |
[INFO] [stdout]    5:     0x56ad770208e3 - core::fmt::write::h522cc39e5b36ae9f
[INFO] [stderr]   |         let slice_1 = any::new(&array_1);
[INFO] [stdout]                                at /rustc/df4ca44d3fbc9301ee17f30f4d474e6ae4b05252/library/core/src/fmt/mod.rs:1190:21
[INFO] [stderr]   |             ------- binding `slice_1` declared here
[INFO] [stdout]    6:     0x56ad76ff37a3 - std::io::Write::write_fmt::h7d3c26752da97734
[INFO] [stderr]   |         slice_1.downcast::<i32>().unwrap()
[INFO] [stdout]                                at /rustc/df4ca44d3fbc9301ee17f30f4d474e6ae4b05252/library/std/src/io/mod.rs:1839:15
[INFO] [stderr]   |         ^^^^^^^^^^^^^^^^^^^^^^^^^ borrowed value does not live long enough
[INFO] [stdout]    7:     0x56ad76ff75b2 - std::sys::backtrace::BacktraceLock::print::h4b9e00b29e9c0942
[INFO] [stderr]   |     };
[INFO] [stdout]                                at /rustc/df4ca44d3fbc9301ee17f30f4d474e6ae4b05252/library/std/src/sys/backtrace.rs:42:9
[INFO] [stderr]   |     - `slice_1` dropped here while still borrowed
[INFO] [stdout]    8:     0x56ad76ff8bfa - std::panicking::default_hook::{{closure}}::hb59b88280d0324d9
[INFO] [stderr] ┈┈┈┈┈┈┈┈┈┈┈┈┈┈┈┈┈┈┈┈┈┈┈┈┈┈┈┈┈┈┈┈┈┈┈┈┈┈┈┈┈┈┈┈┈┈┈┈┈┈┈┈┈┈┈┈┈┈┈┈
[INFO] [stdout]                                at /rustc/df4ca44d3fbc9301ee17f30f4d474e6ae4b05252/library/std/src/panicking.rs:268:22
[INFO] [stderr] 
[INFO] [stdout]    9:     0x56ad76ff8a04 - std::panicking::default_hook::he1dd496665be4a29
[INFO] [stderr] ACTUAL OUTPUT:
[INFO] [stdout]                                at /rustc/df4ca44d3fbc9301ee17f30f4d474e6ae4b05252/library/std/src/panicking.rs:292:9
[INFO] [stderr] ┈┈┈┈┈┈┈┈┈┈┈┈┈┈┈┈┈┈┈┈┈┈┈┈┈┈┈┈┈┈┈┈┈┈┈┈┈┈┈┈┈┈┈┈┈┈┈┈┈┈┈┈┈┈┈┈┈┈┈┈
[INFO] [stdout]   10:     0x56ad76fc0659 - <alloc::boxed::Box<F,A> as core::ops::function::Fn<Args>>::call::h4ff71de18744e1dc
[INFO] [stderr] error[E0597]: `array_1` does not live long enough
[INFO] [stdout]                                at /rustc/df4ca44d3fbc9301ee17f30f4d474e6ae4b05252/library/alloc/src/boxed.rs:2468:9
[INFO] [stderr]  --> compile_fail_tests/lifetime_any.rs
[INFO] [stdout]   11:     0x56ad76fc0659 - test::test_main::{{closure}}::hcf7c055ce117aa81
[INFO] [stderr]   |
[INFO] [stdout]                                at /rustc/df4ca44d3fbc9301ee17f30f4d474e6ae4b05252/library/test/src/lib.rs:133:21
[INFO] [stderr]   |         let array_1 = [1, 2, 3, 4, 5];
[INFO] [stdout]   12:     0x56ad76ff92f8 - <alloc::boxed::Box<F,A> as core::ops::function::Fn<Args>>::call::h1d66c6bbd60c9692
[INFO] [stderr]   |             ------- binding `array_1` declared here
[INFO] [stdout]                                at /rustc/df4ca44d3fbc9301ee17f30f4d474e6ae4b05252/library/alloc/src/boxed.rs:2468:9
[INFO] [stderr]   |         let slice_1 = any::new(&array_1);
[INFO] [stdout]   13:     0x56ad76ff92f8 - std::panicking::rust_panic_with_hook::h2ff17fe8f26dfcf8
[INFO] [stderr]   |                                ^^^^^^^^ borrowed value does not live long enough
[INFO] [stdout]                                at /rustc/df4ca44d3fbc9301ee17f30f4d474e6ae4b05252/library/std/src/panicking.rs:809:13
[INFO] [stderr]   |         slice_1.downcast::<i32>().unwrap()
[INFO] [stdout]   14:     0x56ad76ff90ba - std::panicking::begin_panic_handler::{{closure}}::h4fad77951c07e101
[INFO] [stderr]   |     };
[INFO] [stdout]                                at /rustc/df4ca44d3fbc9301ee17f30f4d474e6ae4b05252/library/std/src/panicking.rs:674:13
[INFO] [stderr]   |     - `array_1` dropped here while still borrowed
[INFO] [stdout]   15:     0x56ad76ff7c49 - std::sys::backtrace::__rust_end_short_backtrace::hb1a25b3da5d0ea08
[INFO] [stderr] 
[INFO] [stdout]                                at /rustc/df4ca44d3fbc9301ee17f30f4d474e6ae4b05252/library/std/src/sys/backtrace.rs:170:18
[INFO] [stderr] error[E0597]: `slice_1` does not live long enough
[INFO] [stdout]   16:     0x56ad76ff8d4c - rust_begin_unwind
[INFO] [stderr]  --> compile_fail_tests/lifetime_any.rs
[INFO] [stdout]                                at /rustc/df4ca44d3fbc9301ee17f30f4d474e6ae4b05252/library/std/src/panicking.rs:665:5
[INFO] [stderr]   |
[INFO] [stdout]   17:     0x56ad7701f2e0 - core::panicking::panic_fmt::ha9db07b529f9b256
[INFO] [stderr]   |         let slice_1 = any::new(&array_1);
[INFO] [stdout]                                at /rustc/df4ca44d3fbc9301ee17f30f4d474e6ae4b05252/library/core/src/panicking.rs:75:14
[INFO] [stderr]   |             ------- binding `slice_1` declared here
[INFO] [stdout]   18:     0x56ad76e01bc7 - trybuild::run::<impl trybuild::Runner>::run::h581aa5ee96949f7a
[INFO] [stderr]   |         slice_1.downcast::<i32>().unwrap()
[INFO] [stdout]                                at /opt/rustwide/cargo-home/registry/src/index.crates.io-6f17d22bba15001f/trybuild-1.0.85/src/run.rs:101:13
[INFO] [stderr]   |         ^^^^^^^ borrowed value does not live long enough
[INFO] [stdout]   19:     0x56ad76e07218 - <trybuild::TestCases as core::ops::drop::Drop>::drop::h58ff591895709a7d
[INFO] [stderr]   |     };
[INFO] [stdout]                                at /opt/rustwide/cargo-home/registry/src/index.crates.io-6f17d22bba15001f/trybuild-1.0.85/src/lib.rs:315:13
[INFO] [stderr]   |     - `slice_1` dropped here while still borrowed
[INFO] [stdout]   20:     0x56ad76d85557 - core::ptr::drop_in_place<trybuild::TestCases>::hbf653d223b2d56cb
[INFO] [stderr] ┈┈┈┈┈┈┈┈┈┈┈┈┈┈┈┈┈┈┈┈┈┈┈┈┈┈┈┈┈┈┈┈┈┈┈┈┈┈┈┈┈┈┈┈┈┈┈┈┈┈┈┈┈┈┈┈┈┈┈┈
[INFO] [stdout]                                at /rustc/df4ca44d3fbc9301ee17f30f4d474e6ae4b05252/library/core/src/ptr/mod.rs:521:1
[INFO] [stderr] note: If the actual output is the correct output you can bless it by rerunning
[INFO] [stdout]   21:     0x56ad76d87d87 - dyn_slice::compile_tests::compile_fail_tests::hacb9d180f7e886fc
[INFO] [stderr]       your test with the environment variable TRYBUILD=overwrite
[INFO] [stdout]                                at /opt/rustwide/workdir/lib/compile_tests.rs:21:1
[INFO] [stderr] 
[INFO] [stdout]   22:     0x56ad76d87a07 - dyn_slice::compile_tests::compile_fail_tests::{{closure}}::ha16c4d7060cf027d
[INFO] [stderr] test /opt/rustwide/workdir/compile_fail_tests/mut_lock_1.rs ... mismatch
[INFO] [stdout]                                at /opt/rustwide/workdir/lib/compile_tests.rs:5:24
[INFO] [stderr] 
[INFO] [stdout]   23:     0x56ad76d84c86 - core::ops::function::FnOnce::call_once::h7de6bbfc891ee0b4
[INFO] [stderr] EXPECTED:
[INFO] [stdout]                                at /rustc/df4ca44d3fbc9301ee17f30f4d474e6ae4b05252/library/core/src/ops/function.rs:250:5
[INFO] [stderr] ┈┈┈┈┈┈┈┈┈┈┈┈┈┈┈┈┈┈┈┈┈┈┈┈┈┈┈┈┈┈┈┈┈┈┈┈┈┈┈┈┈┈┈┈┈┈┈┈┈┈┈┈┈┈┈┈┈┈┈┈
[INFO] [stdout]   24:     0x56ad76fc4f2b - core::ops::function::FnOnce::call_once::h22c3ba5715e93f05
[INFO] [stderr] error[E0502]: cannot borrow `slice_1` as mutable because it is also borrowed as immutable
[INFO] [stdout]                                at /rustc/df4ca44d3fbc9301ee17f30f4d474e6ae4b05252/library/core/src/ops/function.rs:250:5
[INFO] [stderr]  --> compile_fail_tests/mut_lock_1.rs
[INFO] [stdout]   25:     0x56ad76fc4f2b - test::__rust_begin_short_backtrace::h8e82d8113d0da17f
[INFO] [stderr]   |
[INFO] [stdout]                                at /rustc/df4ca44d3fbc9301ee17f30f4d474e6ae4b05252/library/test/src/lib.rs:621:18
[INFO] [stderr]   |     let slice_2 = slice_1.slice(0..2).unwrap();
[INFO] [stdout]   26:     0x56ad76fc48a7 - test::run_test_in_process::{{closure}}::h33235f4f20b7b7c7
[INFO] [stderr]   |                   ------------------- immutable borrow occurs here
[INFO] [stdout]                                at /rustc/df4ca44d3fbc9301ee17f30f4d474e6ae4b05252/library/test/src/lib.rs:644:60
[INFO] [stderr]   |
[INFO] [stdout]   27:     0x56ad76fc48a7 - <core::panic::unwind_safe::AssertUnwindSafe<F> as core::ops::function::FnOnce<()>>::call_once::hb5043206310c586f
[INFO] [stderr]   |     let a = slice_1.get_mut(3).unwrap().borrow_mut();
[INFO] [stdout]                                at /rustc/df4ca44d3fbc9301ee17f30f4d474e6ae4b05252/library/core/src/panic/unwind_safe.rs:272:9
[INFO] [stderr]   |             ^^^^^^^^^^^^^^^^^^ mutable borrow occurs here
[INFO] [stdout]   28:     0x56ad76fc48a7 - std::panicking::try::do_call::h9ad4731a60ab23e2
[INFO] [stderr] ...
[INFO] [stdout]                                at /rustc/df4ca44d3fbc9301ee17f30f4d474e6ae4b05252/library/std/src/panicking.rs:557:40
[INFO] [stderr]   |     let _ = (&slice_1, &slice_2);
[INFO] [stdout]   29:     0x56ad76fc48a7 - std::panicking::try::h3824d23db772a716
[INFO] [stderr]   |                        -------- immutable borrow later used here
[INFO] [stdout]                                at /rustc/df4ca44d3fbc9301ee17f30f4d474e6ae4b05252/library/std/src/panicking.rs:520:19
[INFO] [stderr] ┈┈┈┈┈┈┈┈┈┈┈┈┈┈┈┈┈┈┈┈┈┈┈┈┈┈┈┈┈┈┈┈┈┈┈┈┈┈┈┈┈┈┈┈┈┈┈┈┈┈┈┈┈┈┈┈┈┈┈┈
[INFO] [stdout]   30:     0x56ad76fc48a7 - std::panic::catch_unwind::h5afd514605fde46b
[INFO] [stderr] 
[INFO] [stdout]                                at /rustc/df4ca44d3fbc9301ee17f30f4d474e6ae4b05252/library/std/src/panic.rs:358:14
[INFO] [stderr] ACTUAL OUTPUT:
[INFO] [stdout]   31:     0x56ad76fc48a7 - test::run_test_in_process::h0d5cbfa7067d1720
[INFO] [stderr] ┈┈┈┈┈┈┈┈┈┈┈┈┈┈┈┈┈┈┈┈┈┈┈┈┈┈┈┈┈┈┈┈┈┈┈┈┈┈┈┈┈┈┈┈┈┈┈┈┈┈┈┈┈┈┈┈┈┈┈┈
[INFO] [stdout]                                at /rustc/df4ca44d3fbc9301ee17f30f4d474e6ae4b05252/library/test/src/lib.rs:644:27
[INFO] [stderr] error[E0502]: cannot borrow `slice_1` as mutable because it is also borrowed as immutable
[INFO] [stdout]   32:     0x56ad76fc48a7 - test::run_test::{{closure}}::h708eb8872708115d
[INFO] [stderr]  --> compile_fail_tests/mut_lock_1.rs
[INFO] [stdout]                                at /rustc/df4ca44d3fbc9301ee17f30f4d474e6ae4b05252/library/test/src/lib.rs:565:43
[INFO] [stderr]   |
[INFO] [stdout]   33:     0x56ad76f87fc4 - test::run_test::{{closure}}::h392c51cee94713ab
[INFO] [stderr]   |     let slice_2 = slice_1.slice(0..2).unwrap();
[INFO] [stdout]                                at /rustc/df4ca44d3fbc9301ee17f30f4d474e6ae4b05252/library/test/src/lib.rs:595:41
[INFO] [stderr]   |                   ------- immutable borrow occurs here
[INFO] [stdout]   34:     0x56ad76f87fc4 - std::sys::backtrace::__rust_begin_short_backtrace::h2f40290710935a8b
[INFO] [stderr]   |
[INFO] [stdout]                                at /rustc/df4ca44d3fbc9301ee17f30f4d474e6ae4b05252/library/std/src/sys/backtrace.rs:154:18
[INFO] [stderr]   |     let a = slice_1.get_mut(3).unwrap().borrow_mut();
[INFO] [stdout]   35:     0x56ad76f8b76e - std::thread::Builder::spawn_unchecked_::{{closure}}::{{closure}}::h3fd968d89053a903
[INFO] [stderr]   |             ^^^^^^^^^^^^^^^^^^ mutable borrow occurs here
[INFO] [stdout]                                at /rustc/df4ca44d3fbc9301ee17f30f4d474e6ae4b05252/library/std/src/thread/mod.rs:541:17
[INFO] [stderr] ...
[INFO] [stdout]   36:     0x56ad76f8b76e - <core::panic::unwind_safe::AssertUnwindSafe<F> as core::ops::function::FnOnce<()>>::call_once::h743f637ba4229880
[INFO] [stderr]   |     let _ = (&slice_1, &slice_2);
[INFO] [stdout]                                at /rustc/df4ca44d3fbc9301ee17f30f4d474e6ae4b05252/library/core/src/panic/unwind_safe.rs:272:9
[INFO] [stderr]   |                        -------- immutable borrow later used here
[INFO] [stdout]   37:     0x56ad76f8b76e - std::panicking::try::do_call::h07440897322525a6
[INFO] [stderr] ┈┈┈┈┈┈┈┈┈┈┈┈┈┈┈┈┈┈┈┈┈┈┈┈┈┈┈┈┈┈┈┈┈┈┈┈┈┈┈┈┈┈┈┈┈┈┈┈┈┈┈┈┈┈┈┈┈┈┈┈
[INFO] [stdout]                                at /rustc/df4ca44d3fbc9301ee17f30f4d474e6ae4b05252/library/std/src/panicking.rs:557:40
[INFO] [stderr] note: If the actual output is the correct output you can bless it by rerunning
[INFO] [stdout]   38:     0x56ad76f8b76e - std::panicking::try::he5a2e00188156637
[INFO] [stderr]       your test with the environment variable TRYBUILD=overwrite
[INFO] [stdout]                                at /rustc/df4ca44d3fbc9301ee17f30f4d474e6ae4b05252/library/std/src/panicking.rs:520:19
[INFO] [stderr] 
[INFO] [stdout]   39:     0x56ad76f8b76e - std::panic::catch_unwind::hbaf3cae49b3c6433
[INFO] [stderr] test /opt/rustwide/workdir/compile_fail_tests/lifetime_2.rs ... mismatch
[INFO] [stdout]                                at /rustc/df4ca44d3fbc9301ee17f30f4d474e6ae4b05252/library/std/src/panic.rs:358:14
[INFO] [stderr] 
[INFO] [stdout]   40:     0x56ad76f8b76e - std::thread::Builder::spawn_unchecked_::{{closure}}::h8e141ea224820bce
[INFO] [stderr] EXPECTED:
[INFO] [stdout]                                at /rustc/df4ca44d3fbc9301ee17f30f4d474e6ae4b05252/library/std/src/thread/mod.rs:540:30
[INFO] [stderr] ┈┈┈┈┈┈┈┈┈┈┈┈┈┈┈┈┈┈┈┈┈┈┈┈┈┈┈┈┈┈┈┈┈┈┈┈┈┈┈┈┈┈┈┈┈┈┈┈┈┈┈┈┈┈┈┈┈┈┈┈
[INFO] [stdout]   41:     0x56ad76f8b76e - core::ops::function::FnOnce::call_once{{vtable.shim}}::h90d312fedd7b8ea8
[INFO] [stderr] error[E0597]: `array_1` does not live long enough
[INFO] [stdout]                                at /rustc/df4ca44d3fbc9301ee17f30f4d474e6ae4b05252/library/core/src/ops/function.rs:250:5
[INFO] [stderr]  --> compile_fail_tests/lifetime_2.rs
[INFO] [stdout]   42:     0x56ad76ffe0bb - <alloc::boxed::Box<F,A> as core::ops::function::FnOnce<Args>>::call_once::h69aa08ddb6adb8b6
[INFO] [stderr]   |
[INFO] [stdout]                                at /rustc/df4ca44d3fbc9301ee17f30f4d474e6ae4b05252/library/alloc/src/boxed.rs:2454:9
[INFO] [stderr]   |         let array_1 = [1, 2, 3, 4, 5];
[INFO] [stdout]   43:     0x56ad76ffe0bb - <alloc::boxed::Box<F,A> as core::ops::function::FnOnce<Args>>::call_once::h5aa36efdb79c806f
[INFO] [stderr]   |             ------- binding `array_1` declared here
[INFO] [stdout]                                at /rustc/df4ca44d3fbc9301ee17f30f4d474e6ae4b05252/library/alloc/src/boxed.rs:2454:9
[INFO] [stderr]   |         let slice_1 = borrow::new(&array_1);
[INFO] [stdout]   44:     0x56ad76ffe0bb - std::sys::pal::unix::thread::Thread::new::thread_start::h6cd80a1b4be5158d
[INFO] [stderr]   |                                   ^^^^^^^^ borrowed value does not live long enough
[INFO] [stdout]                                at /rustc/df4ca44d3fbc9301ee17f30f4d474e6ae4b05252/library/std/src/sys/pal/unix/thread.rs:105:17
[INFO] [stderr]   |         slice_1.get(1).unwrap()
[INFO] [stdout]   45:     0x71a62a221ac3 - <unknown>
[INFO] [stderr]   |         ----------------------- borrow later used here
[INFO] [stdout]   46:     0x71a62a2b2a04 - clone
[INFO] [stderr]   |     };
[INFO] [stdout]   47:                0x0 - <unknown>
[INFO] [stderr]   |     - `array_1` dropped here while still borrowed
[INFO] [stdout] 
[INFO] [stderr] 
[INFO] [stdout] 
[INFO] [stderr] error[E0597]: `slice_1` does not live long enough
[INFO] [stdout] failures:
[INFO] [stderr]  --> compile_fail_tests/lifetime_2.rs
[INFO] [stdout]     compile_tests::compile_fail_tests
[INFO] [stderr]   |
[INFO] [stdout] 
[INFO] [stderr]   |         let slice_1 = borrow::new(&array_1);
[INFO] [stdout] test result: FAILED. 44 passed; 1 failed; 0 ignored; 0 measured; 0 filtered out; finished in 4.37s
[INFO] [stderr]   |             ------- binding `slice_1` declared here
[INFO] [stdout] 
[INFO] [stderr]   |         slice_1.get(1).unwrap()
[INFO] [stderr]   |         ^^^^^^^^^^^^^^ borrowed value does not live long enough
[INFO] [stderr]   |     };
[INFO] [stderr]   |     - `slice_1` dropped here while still borrowed
[INFO] [stderr] ┈┈┈┈┈┈┈┈┈┈┈┈┈┈┈┈┈┈┈┈┈┈┈┈┈┈┈┈┈┈┈┈┈┈┈┈┈┈┈┈┈┈┈┈┈┈┈┈┈┈┈┈┈┈┈┈┈┈┈┈
[INFO] [stderr] 
[INFO] [stderr] ACTUAL OUTPUT:
[INFO] [stderr] ┈┈┈┈┈┈┈┈┈┈┈┈┈┈┈┈┈┈┈┈┈┈┈┈┈┈┈┈┈┈┈┈┈┈┈┈┈┈┈┈┈┈┈┈┈┈┈┈┈┈┈┈┈┈┈┈┈┈┈┈
[INFO] [stderr] error[E0597]: `array_1` does not live long enough
[INFO] [stderr]  --> compile_fail_tests/lifetime_2.rs
[INFO] [stderr]   |
[INFO] [stderr]   |         let array_1 = [1, 2, 3, 4, 5];
[INFO] [stderr]   |             ------- binding `array_1` declared here
[INFO] [stderr]   |         let slice_1 = borrow::new(&array_1);
[INFO] [stderr]   |                                   ^^^^^^^^ borrowed value does not live long enough
[INFO] [stderr]   |         slice_1.get(1).unwrap()
[INFO] [stderr]   |         ----------------------- borrow later used here
[INFO] [stderr]   |     };
[INFO] [stderr]   |     - `array_1` dropped here while still borrowed
[INFO] [stderr] 
[INFO] [stderr] error[E0597]: `slice_1` does not live long enough
[INFO] [stderr]  --> compile_fail_tests/lifetime_2.rs
[INFO] [stderr]   |
[INFO] [stderr]   |         let slice_1 = borrow::new(&array_1);
[INFO] [stderr]   |             ------- binding `slice_1` declared here
[INFO] [stderr]   |         slice_1.get(1).unwrap()
[INFO] [stderr]   |         ^^^^^^^ borrowed value does not live long enough
[INFO] [stderr]   |     };
[INFO] [stderr]   |     - `slice_1` dropped here while still borrowed
[INFO] [stderr] ┈┈┈┈┈┈┈┈┈┈┈┈┈┈┈┈┈┈┈┈┈┈┈┈┈┈┈┈┈┈┈┈┈┈┈┈┈┈┈┈┈┈┈┈┈┈┈┈┈┈┈┈┈┈┈┈┈┈┈┈
[INFO] [stderr] note: If the actual output is the correct output you can bless it by rerunning
[INFO] [stderr]       your test with the environment variable TRYBUILD=overwrite
[INFO] [stderr] 
[INFO] [stderr] test /opt/rustwide/workdir/compile_fail_tests/lifetime_1.rs ... ok
[INFO] [stderr] test /opt/rustwide/workdir/compile_fail_tests/mut_lock_2.rs ... mismatch
[INFO] [stderr] 
[INFO] [stderr] EXPECTED:
[INFO] [stderr] ┈┈┈┈┈┈┈┈┈┈┈┈┈┈┈┈┈┈┈┈┈┈┈┈┈┈┈┈┈┈┈┈┈┈┈┈┈┈┈┈┈┈┈┈┈┈┈┈┈┈┈┈┈┈┈┈┈┈┈┈
[INFO] [stderr] error[E0502]: cannot borrow `slice_1` as mutable because it is also borrowed as immutable
[INFO] [stderr]  --> compile_fail_tests/mut_lock_2.rs
[INFO] [stderr]   |
[INFO] [stderr]   |     let slice_2 = slice_1.slice(0..2).unwrap();
[INFO] [stderr]   |                   ------------------- immutable borrow occurs here
[INFO] [stderr]   |
[INFO] [stderr]   |     let _ = slice_1.slice_mut(2..4).unwrap();
[INFO] [stderr]   |             ^^^^^^^^^^^^^^^^^^^^^^^ mutable borrow occurs here
[INFO] [stderr]   |
[INFO] [stderr]   |     let _ = (&slice_1, &slice_2);
[INFO] [stderr]   |                        -------- immutable borrow later used here
[INFO] [stderr] ┈┈┈┈┈┈┈┈┈┈┈┈┈┈┈┈┈┈┈┈┈┈┈┈┈┈┈┈┈┈┈┈┈┈┈┈┈┈┈┈┈┈┈┈┈┈┈┈┈┈┈┈┈┈┈┈┈┈┈┈
[INFO] [stderr] 
[INFO] [stderr] ACTUAL OUTPUT:
[INFO] [stderr] ┈┈┈┈┈┈┈┈┈┈┈┈┈┈┈┈┈┈┈┈┈┈┈┈┈┈┈┈┈┈┈┈┈┈┈┈┈┈┈┈┈┈┈┈┈┈┈┈┈┈┈┈┈┈┈┈┈┈┈┈
[INFO] [stderr] error[E0502]: cannot borrow `slice_1` as mutable because it is also borrowed as immutable
[INFO] [stderr]  --> compile_fail_tests/mut_lock_2.rs
[INFO] [stderr]   |
[INFO] [stderr]   |     let slice_2 = slice_1.slice(0..2).unwrap();
[INFO] [stderr]   |                   ------- immutable borrow occurs here
[INFO] [stderr]   |
[INFO] [stderr]   |     let _ = slice_1.slice_mut(2..4).unwrap();
[INFO] [stderr]   |             ^^^^^^^^^^^^^^^^^^^^^^^ mutable borrow occurs here
[INFO] [stderr]   |
[INFO] [stderr]   |     let _ = (&slice_1, &slice_2);
[INFO] [stderr]   |                        -------- immutable borrow later used here
[INFO] [stderr] ┈┈┈┈┈┈┈┈┈┈┈┈┈┈┈┈┈┈┈┈┈┈┈┈┈┈┈┈┈┈┈┈┈┈┈┈┈┈┈┈┈┈┈┈┈┈┈┈┈┈┈┈┈┈┈┈┈┈┈┈
[INFO] [stderr] note: If the actual output is the correct output you can bless it by rerunning
[INFO] [stderr]       your test with the environment variable TRYBUILD=overwrite
[INFO] [stderr] 
[INFO] [stderr] test /opt/rustwide/workdir/compile_fail_tests/mut_lock_3.rs ... mismatch
[INFO] [stderr] 
[INFO] [stderr] EXPECTED:
[INFO] [stderr] ┈┈┈┈┈┈┈┈┈┈┈┈┈┈┈┈┈┈┈┈┈┈┈┈┈┈┈┈┈┈┈┈┈┈┈┈┈┈┈┈┈┈┈┈┈┈┈┈┈┈┈┈┈┈┈┈┈┈┈┈
[INFO] [stderr] error[E0502]: cannot borrow `slice_1` as mutable because it is also borrowed as immutable
[INFO] [stderr]  --> compile_fail_tests/mut_lock_3.rs
[INFO] [stderr]   |
[INFO] [stderr]   |     let element = slice_1.get(1).unwrap();
[INFO] [stderr]   |                   -------------- immutable borrow occurs here
[INFO] [stderr]   |
[INFO] [stderr]   |     let _ = slice_1.slice_mut(2..4).unwrap();
[INFO] [stderr]   |             ^^^^^^^^^^^^^^^^^^^^^^^ mutable borrow occurs here
[INFO] [stderr]   |
[INFO] [stderr]   |     let _ = element.borrow();
[INFO] [stderr]   |             ---------------- immutable borrow later used here
[INFO] [stderr] ┈┈┈┈┈┈┈┈┈┈┈┈┈┈┈┈┈┈┈┈┈┈┈┈┈┈┈┈┈┈┈┈┈┈┈┈┈┈┈┈┈┈┈┈┈┈┈┈┈┈┈┈┈┈┈┈┈┈┈┈
[INFO] [stderr] 
[INFO] [stderr] ACTUAL OUTPUT:
[INFO] [stderr] ┈┈┈┈┈┈┈┈┈┈┈┈┈┈┈┈┈┈┈┈┈┈┈┈┈┈┈┈┈┈┈┈┈┈┈┈┈┈┈┈┈┈┈┈┈┈┈┈┈┈┈┈┈┈┈┈┈┈┈┈
[INFO] [stderr] error[E0502]: cannot borrow `slice_1` as mutable because it is also borrowed as immutable
[INFO] [stderr]  --> compile_fail_tests/mut_lock_3.rs
[INFO] [stderr]   |
[INFO] [stderr]   |     let element = slice_1.get(1).unwrap();
[INFO] [stderr]   |                   ------- immutable borrow occurs here
[INFO] [stderr]   |
[INFO] [stderr]   |     let _ = slice_1.slice_mut(2..4).unwrap();
[INFO] [stderr]   |             ^^^^^^^^^^^^^^^^^^^^^^^ mutable borrow occurs here
[INFO] [stderr]   |
[INFO] [stderr]   |     let _ = element.borrow();
[INFO] [stderr]   |             ------- immutable borrow later used here
[INFO] [stderr] ┈┈┈┈┈┈┈┈┈┈┈┈┈┈┈┈┈┈┈┈┈┈┈┈┈┈┈┈┈┈┈┈┈┈┈┈┈┈┈┈┈┈┈┈┈┈┈┈┈┈┈┈┈┈┈┈┈┈┈┈
[INFO] [stderr] note: If the actual output is the correct output you can bless it by rerunning
[INFO] [stderr]       your test with the environment variable TRYBUILD=overwrite
[INFO] [stderr] 
[INFO] [stderr] test /opt/rustwide/workdir/compile_fail_tests/lifetime_4.rs ... mismatch
[INFO] [stderr] 
[INFO] [stderr] EXPECTED:
[INFO] [stderr] ┈┈┈┈┈┈┈┈┈┈┈┈┈┈┈┈┈┈┈┈┈┈┈┈┈┈┈┈┈┈┈┈┈┈┈┈┈┈┈┈┈┈┈┈┈┈┈┈┈┈┈┈┈┈┈┈┈┈┈┈
[INFO] [stderr] error[E0597]: `array_1` does not live long enough
[INFO] [stderr]  --> compile_fail_tests/lifetime_4.rs
[INFO] [stderr]   |
[INFO] [stderr]   |         let array_1 = [1, 2, 3, 4, 5];
[INFO] [stderr]   |             ------- binding `array_1` declared here
[INFO] [stderr]   |         let slice_1 = borrow::new(&array_1);
[INFO] [stderr]   |                                   ^^^^^^^^ borrowed value does not live long enough
[INFO] [stderr]   |         slice_1.iter().next().unwrap()
[INFO] [stderr]   |         ------------------------------ borrow later used here
[INFO] [stderr]   |     };
[INFO] [stderr]   |     - `array_1` dropped here while still borrowed
[INFO] [stderr] 
[INFO] [stderr] error[E0597]: `slice_1` does not live long enough
[INFO] [stderr]  --> compile_fail_tests/lifetime_4.rs
[INFO] [stderr]   |
[INFO] [stderr]   |         let slice_1 = borrow::new(&array_1);
[INFO] [stderr]   |             ------- binding `slice_1` declared here
[INFO] [stderr]   |         slice_1.iter().next().unwrap()
[INFO] [stderr]   |         ^^^^^^^^^^^^^^ borrowed value does not live long enough
[INFO] [stderr]   |     };
[INFO] [stderr]   |     - `slice_1` dropped here while still borrowed
[INFO] [stderr] ┈┈┈┈┈┈┈┈┈┈┈┈┈┈┈┈┈┈┈┈┈┈┈┈┈┈┈┈┈┈┈┈┈┈┈┈┈┈┈┈┈┈┈┈┈┈┈┈┈┈┈┈┈┈┈┈┈┈┈┈
[INFO] [stderr] 
[INFO] [stderr] ACTUAL OUTPUT:
[INFO] [stderr] ┈┈┈┈┈┈┈┈┈┈┈┈┈┈┈┈┈┈┈┈┈┈┈┈┈┈┈┈┈┈┈┈┈┈┈┈┈┈┈┈┈┈┈┈┈┈┈┈┈┈┈┈┈┈┈┈┈┈┈┈
[INFO] [stderr] error[E0597]: `array_1` does not live long enough
[INFO] [stderr]  --> compile_fail_tests/lifetime_4.rs
[INFO] [stderr]   |
[INFO] [stderr]   |         let array_1 = [1, 2, 3, 4, 5];
[INFO] [stderr]   |             ------- binding `array_1` declared here
[INFO] [stderr]   |         let slice_1 = borrow::new(&array_1);
[INFO] [stderr]   |                                   ^^^^^^^^ borrowed value does not live long enough
[INFO] [stderr]   |         slice_1.iter().next().unwrap()
[INFO] [stderr]   |         ------------------------------ borrow later used here
[INFO] [stderr]   |     };
[INFO] [stderr]   |     - `array_1` dropped here while still borrowed
[INFO] [stderr] 
[INFO] [stderr] error[E0597]: `slice_1` does not live long enough
[INFO] [stderr]  --> compile_fail_tests/lifetime_4.rs
[INFO] [stderr]   |
[INFO] [stderr]   |         let slice_1 = borrow::new(&array_1);
[INFO] [stderr]   |             ------- binding `slice_1` declared here
[INFO] [stderr]   |         slice_1.iter().next().unwrap()
[INFO] [stderr]   |         ^^^^^^^ borrowed value does not live long enough
[INFO] [stderr]   |     };
[INFO] [stderr]   |     - `slice_1` dropped here while still borrowed
[INFO] [stderr] ┈┈┈┈┈┈┈┈┈┈┈┈┈┈┈┈┈┈┈┈┈┈┈┈┈┈┈┈┈┈┈┈┈┈┈┈┈┈┈┈┈┈┈┈┈┈┈┈┈┈┈┈┈┈┈┈┈┈┈┈
[INFO] [stderr] note: If the actual output is the correct output you can bless it by rerunning
[INFO] [stderr]       your test with the environment variable TRYBUILD=overwrite
[INFO] [stderr] 
[INFO] [stderr] test /opt/rustwide/workdir/compile_fail_tests/mut_lock_4.rs ... mismatch
[INFO] [stderr] 
[INFO] [stderr] EXPECTED:
[INFO] [stderr] ┈┈┈┈┈┈┈┈┈┈┈┈┈┈┈┈┈┈┈┈┈┈┈┈┈┈┈┈┈┈┈┈┈┈┈┈┈┈┈┈┈┈┈┈┈┈┈┈┈┈┈┈┈┈┈┈┈┈┈┈
[INFO] [stderr] error[E0502]: cannot borrow `slice_1` as mutable because it is also borrowed as immutable
[INFO] [stderr]  --> compile_fail_tests/mut_lock_4.rs
[INFO] [stderr]   |
[INFO] [stderr]   |     let element = slice_1.get(1).unwrap();
[INFO] [stderr]   |                   -------------- immutable borrow occurs here
[INFO] [stderr]   |
[INFO] [stderr]   |     let _ = slice_1.iter_mut();
[INFO] [stderr]   |             ^^^^^^^^^^^^^^^^^^ mutable borrow occurs here
[INFO] [stderr]   |
[INFO] [stderr]   |     let _ = element.borrow();
[INFO] [stderr]   |             ---------------- immutable borrow later used here
[INFO] [stderr] ┈┈┈┈┈┈┈┈┈┈┈┈┈┈┈┈┈┈┈┈┈┈┈┈┈┈┈┈┈┈┈┈┈┈┈┈┈┈┈┈┈┈┈┈┈┈┈┈┈┈┈┈┈┈┈┈┈┈┈┈
[INFO] [stderr] 
[INFO] [stderr] ACTUAL OUTPUT:
[INFO] [stderr] ┈┈┈┈┈┈┈┈┈┈┈┈┈┈┈┈┈┈┈┈┈┈┈┈┈┈┈┈┈┈┈┈┈┈┈┈┈┈┈┈┈┈┈┈┈┈┈┈┈┈┈┈┈┈┈┈┈┈┈┈
[INFO] [stderr] error[E0502]: cannot borrow `slice_1` as mutable because it is also borrowed as immutable
[INFO] [stderr]  --> compile_fail_tests/mut_lock_4.rs
[INFO] [stderr]   |
[INFO] [stderr]   |     let element = slice_1.get(1).unwrap();
[INFO] [stderr]   |                   ------- immutable borrow occurs here
[INFO] [stderr]   |
[INFO] [stderr]   |     let _ = slice_1.iter_mut();
[INFO] [stderr]   |             ^^^^^^^^^^^^^^^^^^ mutable borrow occurs here
[INFO] [stderr]   |
[INFO] [stderr]   |     let _ = element.borrow();
[INFO] [stderr]   |             ------- immutable borrow later used here
[INFO] [stderr] ┈┈┈┈┈┈┈┈┈┈┈┈┈┈┈┈┈┈┈┈┈┈┈┈┈┈┈┈┈┈┈┈┈┈┈┈┈┈┈┈┈┈┈┈┈┈┈┈┈┈┈┈┈┈┈┈┈┈┈┈
[INFO] [stderr] note: If the actual output is the correct output you can bless it by rerunning
[INFO] [stderr]       your test with the environment variable TRYBUILD=overwrite
[INFO] [stderr] 
[INFO] [stderr] test /opt/rustwide/workdir/compile_fail_tests/lifetime_3.rs ... mismatch
[INFO] [stderr] 
[INFO] [stderr] EXPECTED:
[INFO] [stderr] ┈┈┈┈┈┈┈┈┈┈┈┈┈┈┈┈┈┈┈┈┈┈┈┈┈┈┈┈┈┈┈┈┈┈┈┈┈┈┈┈┈┈┈┈┈┈┈┈┈┈┈┈┈┈┈┈┈┈┈┈
[INFO] [stderr] error[E0597]: `array_1` does not live long enough
[INFO] [stderr]  --> compile_fail_tests/lifetime_3.rs
[INFO] [stderr]   |
[INFO] [stderr]   |         let array_1 = [1, 2, 3, 4, 5];
[INFO] [stderr]   |             ------- binding `array_1` declared here
[INFO] [stderr]   |         let slice_1 = borrow::new(&array_1);
[INFO] [stderr]   |                                   ^^^^^^^^ borrowed value does not live long enough
[INFO] [stderr]   |         slice_1.iter()
[INFO] [stderr]   |     };
[INFO] [stderr]   |     - `array_1` dropped here while still borrowed
[INFO] [stderr] 
[INFO] [stderr] error[E0597]: `slice_1` does not live long enough
[INFO] [stderr]  --> compile_fail_tests/lifetime_3.rs
[INFO] [stderr]   |
[INFO] [stderr]   |         let slice_1 = borrow::new(&array_1);
[INFO] [stderr]   |             ------- binding `slice_1` declared here
[INFO] [stderr]   |         slice_1.iter()
[INFO] [stderr]   |         ^^^^^^^^^^^^^^ borrowed value does not live long enough
[INFO] [stderr]   |     };
[INFO] [stderr]   |     - `slice_1` dropped here while still borrowed
[INFO] [stderr] ┈┈┈┈┈┈┈┈┈┈┈┈┈┈┈┈┈┈┈┈┈┈┈┈┈┈┈┈┈┈┈┈┈┈┈┈┈┈┈┈┈┈┈┈┈┈┈┈┈┈┈┈┈┈┈┈┈┈┈┈
[INFO] [stderr] 
[INFO] [stderr] ACTUAL OUTPUT:
[INFO] [stderr] ┈┈┈┈┈┈┈┈┈┈┈┈┈┈┈┈┈┈┈┈┈┈┈┈┈┈┈┈┈┈┈┈┈┈┈┈┈┈┈┈┈┈┈┈┈┈┈┈┈┈┈┈┈┈┈┈┈┈┈┈
[INFO] [stderr] error[E0597]: `array_1` does not live long enough
[INFO] [stderr]  --> compile_fail_tests/lifetime_3.rs
[INFO] [stderr]   |
[INFO] [stderr]   |         let array_1 = [1, 2, 3, 4, 5];
[INFO] [stderr]   |             ------- binding `array_1` declared here
[INFO] [stderr]   |         let slice_1 = borrow::new(&array_1);
[INFO] [stderr]   |                                   ^^^^^^^^ borrowed value does not live long enough
[INFO] [stderr]   |         slice_1.iter()
[INFO] [stderr]   |     };
[INFO] [stderr]   |     - `array_1` dropped here while still borrowed
[INFO] [stderr] 
[INFO] [stderr] error[E0597]: `slice_1` does not live long enough
[INFO] [stderr]  --> compile_fail_tests/lifetime_3.rs
[INFO] [stderr]   |
[INFO] [stderr]   |         let slice_1 = borrow::new(&array_1);
[INFO] [stderr]   |             ------- binding `slice_1` declared here
[INFO] [stderr]   |         slice_1.iter()
[INFO] [stderr]   |         ^^^^^^^ borrowed value does not live long enough
[INFO] [stderr]   |     };
[INFO] [stderr]   |     - `slice_1` dropped here while still borrowed
[INFO] [stderr] ┈┈┈┈┈┈┈┈┈┈┈┈┈┈┈┈┈┈┈┈┈┈┈┈┈┈┈┈┈┈┈┈┈┈┈┈┈┈┈┈┈┈┈┈┈┈┈┈┈┈┈┈┈┈┈┈┈┈┈┈
[INFO] [stderr] note: If the actual output is the correct output you can bless it by rerunning
[INFO] [stderr]       your test with the environment variable TRYBUILD=overwrite
[INFO] [stderr] 
[INFO] [stderr] test /opt/rustwide/workdir/compile_fail_tests/mut_lock_7.rs ... mismatch
[INFO] [stderr] 
[INFO] [stderr] EXPECTED:
[INFO] [stderr] ┈┈┈┈┈┈┈┈┈┈┈┈┈┈┈┈┈┈┈┈┈┈┈┈┈┈┈┈┈┈┈┈┈┈┈┈┈┈┈┈┈┈┈┈┈┈┈┈┈┈┈┈┈┈┈┈┈┈┈┈
[INFO] [stderr] error[E0502]: cannot borrow `slice_1` as mutable because it is also borrowed as immutable
[INFO] [stderr]  --> compile_fail_tests/mut_lock_7.rs
[INFO] [stderr]   |
[INFO] [stderr]   |         let slice_2 = slice_1.slice(..).unwrap();
[INFO] [stderr]   |                       ----------------- immutable borrow occurs here
[INFO] [stderr] ...
[INFO] [stderr]   |     let _ = slice_1.get_mut(0).unwrap();
[INFO] [stderr]   |             ^^^^^^^^^^^^^^^^^^ mutable borrow occurs here
[INFO] [stderr]   |
[INFO] [stderr]   |     let _ = slice_3.get(1).unwrap();
[INFO] [stderr]   |             -------------- immutable borrow later used here
[INFO] [stderr] ┈┈┈┈┈┈┈┈┈┈┈┈┈┈┈┈┈┈┈┈┈┈┈┈┈┈┈┈┈┈┈┈┈┈┈┈┈┈┈┈┈┈┈┈┈┈┈┈┈┈┈┈┈┈┈┈┈┈┈┈
[INFO] [stderr] 
[INFO] [stderr] ACTUAL OUTPUT:
[INFO] [stderr] ┈┈┈┈┈┈┈┈┈┈┈┈┈┈┈┈┈┈┈┈┈┈┈┈┈┈┈┈┈┈┈┈┈┈┈┈┈┈┈┈┈┈┈┈┈┈┈┈┈┈┈┈┈┈┈┈┈┈┈┈
[INFO] [stderr] error[E0502]: cannot borrow `slice_1` as mutable because it is also borrowed as immutable
[INFO] [stderr]  --> compile_fail_tests/mut_lock_7.rs
[INFO] [stderr]   |
[INFO] [stderr]   |         let slice_2 = slice_1.slice(..).unwrap();
[INFO] [stderr]   |                       ------- immutable borrow occurs here
[INFO] [stderr] ...
[INFO] [stderr]   |     let _ = slice_1.get_mut(0).unwrap();
[INFO] [stderr]   |             ^^^^^^^^^^^^^^^^^^ mutable borrow occurs here
[INFO] [stderr]   |
[INFO] [stderr]   |     let _ = slice_3.get(1).unwrap();
[INFO] [stderr]   |             ------- immutable borrow later used here
[INFO] [stderr] ┈┈┈┈┈┈┈┈┈┈┈┈┈┈┈┈┈┈┈┈┈┈┈┈┈┈┈┈┈┈┈┈┈┈┈┈┈┈┈┈┈┈┈┈┈┈┈┈┈┈┈┈┈┈┈┈┈┈┈┈
[INFO] [stderr] note: If the actual output is the correct output you can bless it by rerunning
[INFO] [stderr]       your test with the environment variable TRYBUILD=overwrite
[INFO] [stderr] 
[INFO] [stderr] test /opt/rustwide/workdir/compile_fail_tests/mut_lock_5.rs ... mismatch
[INFO] [stderr] 
[INFO] [stderr] EXPECTED:
[INFO] [stderr] ┈┈┈┈┈┈┈┈┈┈┈┈┈┈┈┈┈┈┈┈┈┈┈┈┈┈┈┈┈┈┈┈┈┈┈┈┈┈┈┈┈┈┈┈┈┈┈┈┈┈┈┈┈┈┈┈┈┈┈┈
[INFO] [stderr] error[E0502]: cannot borrow `slice_1` as immutable because it is also borrowed as mutable
[INFO] [stderr]  --> compile_fail_tests/mut_lock_5.rs
[INFO] [stderr]   |
[INFO] [stderr]   |     let a = slice_1.iter_mut().next().unwrap();
[INFO] [stderr]   |             ------------------ mutable borrow occurs here
[INFO] [stderr]   |
[INFO] [stderr]   |     let element = slice_1.get(1).unwrap();
[INFO] [stderr]   |                   ^^^^^^^^^^^^^^ immutable borrow occurs here
[INFO] [stderr]   |
[INFO] [stderr]   |     a.borrow();
[INFO] [stderr]   |     ---------- mutable borrow later used here
[INFO] [stderr] ┈┈┈┈┈┈┈┈┈┈┈┈┈┈┈┈┈┈┈┈┈┈┈┈┈┈┈┈┈┈┈┈┈┈┈┈┈┈┈┈┈┈┈┈┈┈┈┈┈┈┈┈┈┈┈┈┈┈┈┈
[INFO] [stderr] 
[INFO] [stderr] ACTUAL OUTPUT:
[INFO] [stderr] ┈┈┈┈┈┈┈┈┈┈┈┈┈┈┈┈┈┈┈┈┈┈┈┈┈┈┈┈┈┈┈┈┈┈┈┈┈┈┈┈┈┈┈┈┈┈┈┈┈┈┈┈┈┈┈┈┈┈┈┈
[INFO] [stderr] error[E0502]: cannot borrow `slice_1` as immutable because it is also borrowed as mutable
[INFO] [stderr]  --> compile_fail_tests/mut_lock_5.rs
[INFO] [stderr]   |
[INFO] [stderr]   |     let a = slice_1.iter_mut().next().unwrap();
[INFO] [stderr]   |             ------- mutable borrow occurs here
[INFO] [stderr]   |
[INFO] [stderr]   |     let element = slice_1.get(1).unwrap();
[INFO] [stderr]   |                   ^^^^^^^ immutable borrow occurs here
[INFO] [stderr]   |
[INFO] [stderr]   |     a.borrow();
[INFO] [stderr]   |     - mutable borrow later used here
[INFO] [stderr] ┈┈┈┈┈┈┈┈┈┈┈┈┈┈┈┈┈┈┈┈┈┈┈┈┈┈┈┈┈┈┈┈┈┈┈┈┈┈┈┈┈┈┈┈┈┈┈┈┈┈┈┈┈┈┈┈┈┈┈┈
[INFO] [stderr] note: If the actual output is the correct output you can bless it by rerunning
[INFO] [stderr]       your test with the environment variable TRYBUILD=overwrite
[INFO] [stderr] 
[INFO] [stderr] test /opt/rustwide/workdir/compile_fail_tests/mut_lock_6.rs ... mismatch
[INFO] [stderr] 
[INFO] [stderr] EXPECTED:
[INFO] [stderr] ┈┈┈┈┈┈┈┈┈┈┈┈┈┈┈┈┈┈┈┈┈┈┈┈┈┈┈┈┈┈┈┈┈┈┈┈┈┈┈┈┈┈┈┈┈┈┈┈┈┈┈┈┈┈┈┈┈┈┈┈
[INFO] [stderr] error[E0502]: cannot borrow `slice_1` as immutable because it is also borrowed as mutable
[INFO] [stderr]  --> compile_fail_tests/mut_lock_6.rs
[INFO] [stderr]   |
[INFO] [stderr]   |     let mut a = slice_1.iter_mut();
[INFO] [stderr]   |                 ------------------ mutable borrow occurs here
[INFO] [stderr]   |
[INFO] [stderr]   |     let _ = slice_1.get(1).unwrap().borrow();
[INFO] [stderr]   |             ^^^^^^^^^^^^^^ immutable borrow occurs here
[INFO] [stderr]   |
[INFO] [stderr]   |     a.next().unwrap().borrow();
[INFO] [stderr]   |     -------- mutable borrow later used here
[INFO] [stderr] ┈┈┈┈┈┈┈┈┈┈┈┈┈┈┈┈┈┈┈┈┈┈┈┈┈┈┈┈┈┈┈┈┈┈┈┈┈┈┈┈┈┈┈┈┈┈┈┈┈┈┈┈┈┈┈┈┈┈┈┈
[INFO] [stderr] 
[INFO] [stderr] ACTUAL OUTPUT:
[INFO] [stderr] ┈┈┈┈┈┈┈┈┈┈┈┈┈┈┈┈┈┈┈┈┈┈┈┈┈┈┈┈┈┈┈┈┈┈┈┈┈┈┈┈┈┈┈┈┈┈┈┈┈┈┈┈┈┈┈┈┈┈┈┈
[INFO] [stderr] error[E0502]: cannot borrow `slice_1` as immutable because it is also borrowed as mutable
[INFO] [stderr]  --> compile_fail_tests/mut_lock_6.rs
[INFO] [stderr]   |
[INFO] [stderr]   |     let mut a = slice_1.iter_mut();
[INFO] [stderr]   |                 ------- mutable borrow occurs here
[INFO] [stderr]   |
[INFO] [stderr]   |     let _ = slice_1.get(1).unwrap().borrow();
[INFO] [stderr]   |             ^^^^^^^ immutable borrow occurs here
[INFO] [stderr]   |
[INFO] [stderr]   |     a.next().unwrap().borrow();
[INFO] [stderr]   |     - mutable borrow later used here
[INFO] [stderr] ┈┈┈┈┈┈┈┈┈┈┈┈┈┈┈┈┈┈┈┈┈┈┈┈┈┈┈┈┈┈┈┈┈┈┈┈┈┈┈┈┈┈┈┈┈┈┈┈┈┈┈┈┈┈┈┈┈┈┈┈
[INFO] [stderr] note: If the actual output is the correct output you can bless it by rerunning
[INFO] [stderr]       your test with the environment variable TRYBUILD=overwrite
[INFO] [stderr] 
[INFO] [stderr] 
[INFO] [stderr] 
[INFO] [stderr] error: test failed, to rerun pass `--lib`
[INFO] running `Command { std: "docker" "inspect" "b91f881594b7a78bb5ec9dfe483b8293106879886e8f468bc53f07e049a1b0a8", kill_on_drop: false }`
[INFO] running `Command { std: "docker" "rm" "-f" "b91f881594b7a78bb5ec9dfe483b8293106879886e8f468bc53f07e049a1b0a8", kill_on_drop: false }`
[INFO] [stdout] b91f881594b7a78bb5ec9dfe483b8293106879886e8f468bc53f07e049a1b0a8
