[INFO] fetching crate dyn-clone 1.0.17...
[INFO] testing dyn-clone-1.0.17 against nightly-2024-10-28 for randomize-layout
[INFO] extracting crate dyn-clone 1.0.17 into /workspace/builds/worker-5-tc1/source
[INFO] validating manifest of crates.io crate dyn-clone 1.0.17 on toolchain nightly-2024-10-28
[INFO] running `Command { std: CARGO_HOME="/workspace/cargo-home" RUSTUP_HOME="/workspace/rustup-home" "/workspace/cargo-home/bin/cargo" "+nightly-2024-10-28" "metadata" "--manifest-path" "Cargo.toml" "--no-deps", kill_on_drop: false }`
[INFO] started tweaking crates.io crate dyn-clone 1.0.17
[INFO] finished tweaking crates.io crate dyn-clone 1.0.17
[INFO] tweaked toml for crates.io crate dyn-clone 1.0.17 written to /workspace/builds/worker-5-tc1/source/Cargo.toml
[INFO] crate crates.io crate dyn-clone 1.0.17 already has a lockfile, it will not be regenerated
[INFO] running `Command { std: CARGO_HOME="/workspace/cargo-home" RUSTUP_HOME="/workspace/rustup-home" "/workspace/cargo-home/bin/cargo" "+nightly-2024-10-28" "fetch" "--manifest-path" "Cargo.toml", kill_on_drop: false }`
[INFO] running `Command { std: "docker" "create" "-v" "/var/lib/crater-agent-workspace/builds/worker-5-tc1/target:/opt/rustwide/target:rw,Z" "-v" "/var/lib/crater-agent-workspace/builds/worker-5-tc1/source:/opt/rustwide/workdir:ro,Z" "-v" "/var/lib/crater-agent-workspace/cargo-home:/opt/rustwide/cargo-home:ro,Z" "-v" "/var/lib/crater-agent-workspace/rustup-home:/opt/rustwide/rustup-home:ro,Z" "-e" "SOURCE_DIR=/opt/rustwide/workdir" "-e" "CARGO_TARGET_DIR=/opt/rustwide/target" "-e" "CARGO_HOME=/opt/rustwide/cargo-home" "-e" "RUSTUP_HOME=/opt/rustwide/rustup-home" "-w" "/opt/rustwide/workdir" "-m" "1610612736" "--user" "0:0" "--network" "none" "ghcr.io/rust-lang/crates-build-env/linux@sha256:4a844ea9eb2546a2d2c7022eacef16ef2e8229c7fbb2c7d4d55a9ceca922f72d" "/opt/rustwide/cargo-home/bin/cargo" "+nightly-2024-10-28" "metadata" "--no-deps" "--format-version=1", kill_on_drop: false }`
[INFO] [stdout] 178f4b201d956cef72960b94ba3bd9c604cd4a380a190ef06b0d138b35da7a73
[INFO] running `Command { std: "docker" "start" "-a" "178f4b201d956cef72960b94ba3bd9c604cd4a380a190ef06b0d138b35da7a73", kill_on_drop: false }`
[INFO] running `Command { std: "docker" "inspect" "178f4b201d956cef72960b94ba3bd9c604cd4a380a190ef06b0d138b35da7a73", kill_on_drop: false }`
[INFO] running `Command { std: "docker" "rm" "-f" "178f4b201d956cef72960b94ba3bd9c604cd4a380a190ef06b0d138b35da7a73", kill_on_drop: false }`
[INFO] [stdout] 178f4b201d956cef72960b94ba3bd9c604cd4a380a190ef06b0d138b35da7a73
[INFO] running `Command { std: "docker" "create" "-v" "/var/lib/crater-agent-workspace/builds/worker-5-tc1/target:/opt/rustwide/target:rw,Z" "-v" "/var/lib/crater-agent-workspace/builds/worker-5-tc1/source:/opt/rustwide/workdir:ro,Z" "-v" "/var/lib/crater-agent-workspace/cargo-home:/opt/rustwide/cargo-home:ro,Z" "-v" "/var/lib/crater-agent-workspace/rustup-home:/opt/rustwide/rustup-home:ro,Z" "-e" "SOURCE_DIR=/opt/rustwide/workdir" "-e" "CARGO_TARGET_DIR=/opt/rustwide/target" "-e" "CARGO_INCREMENTAL=0" "-e" "RUST_BACKTRACE=full" "-e" "RUSTFLAGS=--cap-lints=forbid" "-e" "RUSTDOCFLAGS=--cap-lints=forbid" "-e" "CARGO_HOME=/opt/rustwide/cargo-home" "-e" "RUSTUP_HOME=/opt/rustwide/rustup-home" "-w" "/opt/rustwide/workdir" "-m" "1610612736" "--user" "0:0" "--network" "none" "ghcr.io/rust-lang/crates-build-env/linux@sha256:4a844ea9eb2546a2d2c7022eacef16ef2e8229c7fbb2c7d4d55a9ceca922f72d" "/opt/rustwide/cargo-home/bin/cargo" "+nightly-2024-10-28" "build" "--frozen" "--message-format=json", kill_on_drop: false }`
[INFO] [stdout] 54362990f97176770e7fc7c3d603b162db0132d103be9879a10ee43812a1beb3
[INFO] running `Command { std: "docker" "start" "-a" "54362990f97176770e7fc7c3d603b162db0132d103be9879a10ee43812a1beb3", kill_on_drop: false }`
[INFO] [stderr]    Compiling dyn-clone v1.0.17 (/opt/rustwide/workdir)
[INFO] [stderr]     Finished `dev` profile [unoptimized + debuginfo] target(s) in 0.06s
[INFO] running `Command { std: "docker" "inspect" "54362990f97176770e7fc7c3d603b162db0132d103be9879a10ee43812a1beb3", kill_on_drop: false }`
[INFO] running `Command { std: "docker" "rm" "-f" "54362990f97176770e7fc7c3d603b162db0132d103be9879a10ee43812a1beb3", kill_on_drop: false }`
[INFO] [stdout] 54362990f97176770e7fc7c3d603b162db0132d103be9879a10ee43812a1beb3
[INFO] running `Command { std: "docker" "create" "-v" "/var/lib/crater-agent-workspace/builds/worker-5-tc1/target:/opt/rustwide/target:rw,Z" "-v" "/var/lib/crater-agent-workspace/builds/worker-5-tc1/source:/opt/rustwide/workdir:ro,Z" "-v" "/var/lib/crater-agent-workspace/cargo-home:/opt/rustwide/cargo-home:ro,Z" "-v" "/var/lib/crater-agent-workspace/rustup-home:/opt/rustwide/rustup-home:ro,Z" "-e" "SOURCE_DIR=/opt/rustwide/workdir" "-e" "CARGO_TARGET_DIR=/opt/rustwide/target" "-e" "CARGO_INCREMENTAL=0" "-e" "RUST_BACKTRACE=full" "-e" "RUSTFLAGS=--cap-lints=forbid" "-e" "RUSTDOCFLAGS=--cap-lints=forbid" "-e" "CARGO_HOME=/opt/rustwide/cargo-home" "-e" "RUSTUP_HOME=/opt/rustwide/rustup-home" "-w" "/opt/rustwide/workdir" "-m" "1610612736" "--user" "0:0" "--network" "none" "ghcr.io/rust-lang/crates-build-env/linux@sha256:4a844ea9eb2546a2d2c7022eacef16ef2e8229c7fbb2c7d4d55a9ceca922f72d" "/opt/rustwide/cargo-home/bin/cargo" "+nightly-2024-10-28" "test" "--frozen" "--no-run" "--message-format=json", kill_on_drop: false }`
[INFO] [stdout] 95cb38adde0868dc51e6cc141246e3804c0b0ff1128fb5d904fe6fea9b920880
[INFO] running `Command { std: "docker" "start" "-a" "95cb38adde0868dc51e6cc141246e3804c0b0ff1128fb5d904fe6fea9b920880", kill_on_drop: false }`
[INFO] [stderr]    Compiling proc-macro2 v1.0.78
[INFO] [stderr]    Compiling serde v1.0.197
[INFO] [stderr]    Compiling serde_json v1.0.114
[INFO] [stderr]    Compiling itoa v1.0.10
[INFO] [stderr]    Compiling trybuild v1.0.89
[INFO] [stderr]    Compiling rustversion v1.0.14
[INFO] [stderr]    Compiling ryu v1.0.17
[INFO] [stderr]    Compiling once_cell v1.19.0
[INFO] [stderr]    Compiling dissimilar v1.0.7
[INFO] [stderr]    Compiling quote v1.0.35
[INFO] [stderr]    Compiling syn v2.0.50
[INFO] [stderr]    Compiling serde_derive v1.0.197
[INFO] [stderr]    Compiling basic-toml v0.1.8
[INFO] [stderr]    Compiling dyn-clone v1.0.17 (/opt/rustwide/workdir)
[INFO] [stderr]     Finished `test` profile [unoptimized + debuginfo] target(s) in 5.53s
[INFO] running `Command { std: "docker" "inspect" "95cb38adde0868dc51e6cc141246e3804c0b0ff1128fb5d904fe6fea9b920880", kill_on_drop: false }`
[INFO] running `Command { std: "docker" "rm" "-f" "95cb38adde0868dc51e6cc141246e3804c0b0ff1128fb5d904fe6fea9b920880", kill_on_drop: false }`
[INFO] [stdout] 95cb38adde0868dc51e6cc141246e3804c0b0ff1128fb5d904fe6fea9b920880
[INFO] running `Command { std: "docker" "create" "-v" "/var/lib/crater-agent-workspace/builds/worker-5-tc1/target:/opt/rustwide/target:rw,Z" "-v" "/var/lib/crater-agent-workspace/builds/worker-5-tc1/source:/opt/rustwide/workdir:ro,Z" "-v" "/var/lib/crater-agent-workspace/cargo-home:/opt/rustwide/cargo-home:ro,Z" "-v" "/var/lib/crater-agent-workspace/rustup-home:/opt/rustwide/rustup-home:ro,Z" "-e" "SOURCE_DIR=/opt/rustwide/workdir" "-e" "CARGO_TARGET_DIR=/opt/rustwide/target" "-e" "CARGO_INCREMENTAL=0" "-e" "RUST_BACKTRACE=full" "-e" "RUSTFLAGS=--cap-lints=forbid" "-e" "RUSTDOCFLAGS=--cap-lints=forbid" "-e" "CARGO_HOME=/opt/rustwide/cargo-home" "-e" "RUSTUP_HOME=/opt/rustwide/rustup-home" "-w" "/opt/rustwide/workdir" "-m" "1610612736" "--user" "0:0" "--network" "none" "ghcr.io/rust-lang/crates-build-env/linux@sha256:4a844ea9eb2546a2d2c7022eacef16ef2e8229c7fbb2c7d4d55a9ceca922f72d" "/opt/rustwide/cargo-home/bin/cargo" "+nightly-2024-10-28" "test" "--frozen", kill_on_drop: false }`
[INFO] [stdout] 82c1b00dea011c0eba10a71a514fb4d703f2c82aa3edbee877297d5807109e57
[INFO] running `Command { std: "docker" "start" "-a" "82c1b00dea011c0eba10a71a514fb4d703f2c82aa3edbee877297d5807109e57", kill_on_drop: false }`
[INFO] [stderr]     Finished `test` profile [unoptimized + debuginfo] target(s) in 0.02s
[INFO] [stderr]      Running unittests src/lib.rs (/opt/rustwide/target/debug/deps/dyn_clone-d44ba8422d01a69b)
[INFO] [stdout] 
[INFO] [stdout] running 0 tests
[INFO] [stdout] 
[INFO] [stdout] test result: ok. 0 passed; 0 failed; 0 ignored; 0 measured; 0 filtered out; finished in 0.00s
[INFO] [stdout] 
[INFO] [stderr]      Running tests/compiletest.rs (/opt/rustwide/target/debug/deps/compiletest-f302d5a7d7b09dba)
[INFO] [stdout] 
[INFO] [stdout] running 1 test
[INFO] [stderr]    Compiling rustversion v1.0.14
[INFO] [stderr]     Checking dyn-clone v1.0.17 (/opt/rustwide/workdir)
[INFO] [stderr]     Checking dyn-clone-tests v0.0.0 (/opt/rustwide/target/tests/trybuild/dyn-clone)
[INFO] [stderr]     Finished `dev` profile [unoptimized + debuginfo] target(s) in 0.58s
[INFO] [stderr] 
[INFO] [stderr] 
[INFO] [stderr] test tests/ui/missing-supertrait.rs ... mismatch
[INFO] [stderr] 
[INFO] [stderr] EXPECTED:
[INFO] [stderr] ┈┈┈┈┈┈┈┈┈┈┈┈┈┈┈┈┈┈┈┈┈┈┈┈┈┈┈┈┈┈┈┈┈┈┈┈┈┈┈┈┈┈┈┈┈┈┈┈┈┈┈┈┈┈┈┈┈┈┈┈
[INFO] [stderr] error[E0277]: the trait bound `dyn MyTrait: Clone` is not satisfied
[INFO] [stderr]  --> tests/ui/missing-supertrait.rs:3:1
[INFO] [stderr]   |
[INFO] [stderr] 3 | dyn_clone::clone_trait_object!(MyTrait);
[INFO] [stderr]   | ^^^^^^^^^^^^^^^^^^^^^^^^^^^^^^^^^^^^^^^
[INFO] [stderr]   | |
[INFO] [stderr]   | the trait `Clone` is not implemented for `dyn MyTrait`, which is required by `dyn MyTrait: DynClone`
[INFO] [stderr]   | required by a bound introduced by this call
[INFO] [stderr]   |
[INFO] [stderr]   = help: the following other types implement trait `DynClone`:
[INFO] [stderr]             str
[INFO] [stderr]             [T]
[INFO] [stderr]   = note: required for `dyn MyTrait` to implement `DynClone`
[INFO] [stderr] note: required by a bound in `clone_box`
[INFO] [stderr]  --> src/lib.rs
[INFO] [stderr]   |
[INFO] [stderr]   | pub fn clone_box<T>(t: &T) -> Box<T>
[INFO] [stderr]   |        --------- required by a bound in this function
[INFO] [stderr]   | where
[INFO] [stderr]   |     T: ?Sized + DynClone,
[INFO] [stderr]   |                 ^^^^^^^^ required by this bound in `clone_box`
[INFO] [stderr]   = note: this error originates in the macro `$crate::__internal_clone_trait_object` which comes from the expansion of the macro `dyn_clone::clone_trait_object` (in Nightly builds, run with -Z macro-backtrace for more info)
[INFO] [stderr] 
[INFO] [stderr] error[E0277]: the trait bound `dyn MyTrait + Send: Clone` is not satisfied
[INFO] [stderr]  --> tests/ui/missing-supertrait.rs:3:1
[INFO] [stderr]   |
[INFO] [stderr] 3 | dyn_clone::clone_trait_object!(MyTrait);
[INFO] [stderr]   | ^^^^^^^^^^^^^^^^^^^^^^^^^^^^^^^^^^^^^^^
[INFO] [stderr]   | |
[INFO] [stderr]   | the trait `Clone` is not implemented for `dyn MyTrait + Send`, which is required by `dyn MyTrait + Send: DynClone`
[INFO] [stderr]   | required by a bound introduced by this call
[INFO] [stderr]   |
[INFO] [stderr]   = help: the following other types implement trait `DynClone`:
[INFO] [stderr]             str
[INFO] [stderr]             [T]
[INFO] [stderr]   = note: required for `dyn MyTrait + Send` to implement `DynClone`
[INFO] [stderr] note: required by a bound in `clone_box`
[INFO] [stderr]  --> src/lib.rs
[INFO] [stderr]   |
[INFO] [stderr]   | pub fn clone_box<T>(t: &T) -> Box<T>
[INFO] [stderr]   |        --------- required by a bound in this function
[INFO] [stderr]   | where
[INFO] [stderr]   |     T: ?Sized + DynClone,
[INFO] [stderr]   |                 ^^^^^^^^ required by this bound in `clone_box`
[INFO] [stderr]   = note: this error originates in the macro `$crate::__internal_clone_trait_object` which comes from the expansion of the macro `dyn_clone::clone_trait_object` (in Nightly builds, run with -Z macro-backtrace for more info)
[INFO] [stderr] 
[INFO] [stderr] error[E0277]: the trait bound `dyn MyTrait + Sync: Clone` is not satisfied
[INFO] [stderr]  --> tests/ui/missing-supertrait.rs:3:1
[INFO] [stderr]   |
[INFO] [stderr] 3 | dyn_clone::clone_trait_object!(MyTrait);
[INFO] [stderr]   | ^^^^^^^^^^^^^^^^^^^^^^^^^^^^^^^^^^^^^^^
[INFO] [stderr]   | |
[INFO] [stderr]   | the trait `Clone` is not implemented for `dyn MyTrait + Sync`, which is required by `dyn MyTrait + Sync: DynClone`
[INFO] [stderr]   | required by a bound introduced by this call
[INFO] [stderr]   |
[INFO] [stderr]   = help: the following other types implement trait `DynClone`:
[INFO] [stderr]             str
[INFO] [stderr]             [T]
[INFO] [stderr]   = note: required for `dyn MyTrait + Sync` to implement `DynClone`
[INFO] [stderr] note: required by a bound in `clone_box`
[INFO] [stderr]  --> src/lib.rs
[INFO] [stderr]   |
[INFO] [stderr]   | pub fn clone_box<T>(t: &T) -> Box<T>
[INFO] [stderr]   |        --------- required by a bound in this function
[INFO] [stderr]   | where
[INFO] [stderr]   |     T: ?Sized + DynClone,
[INFO] [stderr]   |                 ^^^^^^^^ required by this bound in `clone_box`
[INFO] [stderr]   = note: this error originates in the macro `$crate::__internal_clone_trait_object` which comes from the expansion of the macro `dyn_clone::clone_trait_object` (in Nightly builds, run with -Z macro-backtrace for more info)
[INFO] [stderr] 
[INFO] [stderr] error[E0277]: the trait bound `dyn MyTrait + Send + Sync: Clone` is not satisfied
[INFO] [stderr]  --> tests/ui/missing-supertrait.rs:3:1
[INFO] [stderr]   |
[INFO] [stderr] 3 | dyn_clone::clone_trait_object!(MyTrait);
[INFO] [stderr]   | ^^^^^^^^^^^^^^^^^^^^^^^^^^^^^^^^^^^^^^^
[INFO] [stderr]   | |
[INFO] [stderr]   | the trait `Clone` is not implemented for `dyn MyTrait + Send + Sync`, which is required by `dyn MyTrait + Send + Sync: DynClone`
[INFO] [stderr]   | required by a bound introduced by this call
[INFO] [stderr]   |
[INFO] [stderr]   = help: the following other types implement trait `DynClone`:
[INFO] [stderr]             str
[INFO] [stderr]             [T]
[INFO] [stderr]   = note: required for `dyn MyTrait + Send + Sync` to implement `DynClone`
[INFO] [stderr] note: required by a bound in `clone_box`
[INFO] [stderr]  --> src/lib.rs
[INFO] [stderr]   |
[INFO] [stderr]   | pub fn clone_box<T>(t: &T) -> Box<T>
[INFO] [stderr]   |        --------- required by a bound in this function
[INFO] [stderr]   | where
[INFO] [stderr]   |     T: ?Sized + DynClone,
[INFO] [stderr]   |                 ^^^^^^^^ required by this bound in `clone_box`
[INFO] [stderr]   = note: this error originates in the macro `$crate::__internal_clone_trait_object` which comes from the expansion of the macro `dyn_clone::clone_trait_object` (in Nightly builds, run with -Z macro-backtrace for more info)
[INFO] [stderr] ┈┈┈┈┈┈┈┈┈┈┈┈┈┈┈┈┈┈┈┈┈┈┈┈┈┈┈┈┈┈┈┈┈┈┈┈┈┈┈┈┈┈┈┈┈┈┈┈┈┈┈┈┈┈┈┈┈┈┈┈
[INFO] [stderr] 
[INFO] [stderr] ACTUAL OUTPUT:
[INFO] [stderr] ┈┈┈┈┈┈┈┈┈┈┈┈┈┈┈┈┈┈┈┈┈┈┈┈┈┈┈┈┈┈┈┈┈┈┈┈┈┈┈┈┈┈┈┈┈┈┈┈┈┈┈┈┈┈┈┈┈┈┈┈
[INFO] [stderr] error[E0277]: the trait bound `dyn MyTrait: DynClone` is not satisfied
[INFO] [stderr]  --> tests/ui/missing-supertrait.rs:3:1
[INFO] [stderr]   |
[INFO] [stderr] 3 | dyn_clone::clone_trait_object!(MyTrait);
[INFO] [stderr]   | ^^^^^^^^^^^^^^^^^^^^^^^^^^^^^^^^^^^^^^^
[INFO] [stderr]   | |
[INFO] [stderr]   | the trait `Clone` is not implemented for `dyn MyTrait`, which is required by `dyn MyTrait: DynClone`
[INFO] [stderr]   | required by a bound introduced by this call
[INFO] [stderr]   |
[INFO] [stderr]   = help: the following other types implement trait `DynClone`:
[INFO] [stderr]             [T]
[INFO] [stderr]             str
[INFO] [stderr]   = note: required for `dyn MyTrait` to implement `DynClone`
[INFO] [stderr] note: required by a bound in `clone_box`
[INFO] [stderr]  --> src/lib.rs
[INFO] [stderr]   |
[INFO] [stderr]   | pub fn clone_box<T>(t: &T) -> Box<T>
[INFO] [stderr]   |        --------- required by a bound in this function
[INFO] [stderr]   | where
[INFO] [stderr]   |     T: ?Sized + DynClone,
[INFO] [stderr]   |                 ^^^^^^^^ required by this bound in `clone_box`
[INFO] [stderr]   = note: this error originates in the macro `$crate::__internal_clone_trait_object` which comes from the expansion of the macro `dyn_clone::clone_trait_object` (in Nightly builds, run with -Z macro-backtrace for more info)
[INFO] [stderr] 
[INFO] [stderr] error[E0277]: the trait bound `dyn MyTrait + Send: DynClone` is not satisfied
[INFO] [stderr]  --> tests/ui/missing-supertrait.rs:3:1
[INFO] [stderr]   |
[INFO] [stderr] 3 | dyn_clone::clone_trait_object!(MyTrait);
[INFO] [stderr]   | ^^^^^^^^^^^^^^^^^^^^^^^^^^^^^^^^^^^^^^^
[INFO] [stderr]   | |
[INFO] [stderr]   | the trait `Clone` is not implemented for `dyn MyTrait + Send`, which is required by `dyn MyTrait + Send: DynClone`
[INFO] [stderr]   | required by a bound introduced by this call
[INFO] [stderr]   |
[INFO] [stderr]   = help: the following other types implement trait `DynClone`:
[INFO] [stderr]             [T]
[INFO] [stderr]             str
[INFO] [stderr]   = note: required for `dyn MyTrait + Send` to implement `DynClone`
[INFO] [stderr] note: required by a bound in `clone_box`
[INFO] [stderr]  --> src/lib.rs
[INFO] [stderr]   |
[INFO] [stderr]   | pub fn clone_box<T>(t: &T) -> Box<T>
[INFO] [stderr]   |        --------- required by a bound in this function
[INFO] [stderr]   | where
[INFO] [stderr]   |     T: ?Sized + DynClone,
[INFO] [stderr]   |                 ^^^^^^^^ required by this bound in `clone_box`
[INFO] [stderr]   = note: this error originates in the macro `$crate::__internal_clone_trait_object` which comes from the expansion of the macro `dyn_clone::clone_trait_object` (in Nightly builds, run with -Z macro-backtrace for more info)
[INFO] [stderr] 
[INFO] [stderr] error[E0277]: the trait bound `dyn MyTrait + Sync: DynClone` is not satisfied
[INFO] [stderr]  --> tests/ui/missing-supertrait.rs:3:1
[INFO] [stderr]   |
[INFO] [stderr] 3 | dyn_clone::clone_trait_object!(MyTrait);
[INFO] [stderr]   | ^^^^^^^^^^^^^^^^^^^^^^^^^^^^^^^^^^^^^^^
[INFO] [stderr]   | |
[INFO] [stderr]   | the trait `Clone` is not implemented for `dyn MyTrait + Sync`, which is required by `dyn MyTrait + Sync: DynClone`
[INFO] [stderr]   | required by a bound introduced by this call
[INFO] [stderr]   |
[INFO] [stderr]   = help: the following other types implement trait `DynClone`:
[INFO] [stderr]             [T]
[INFO] [stderr]             str
[INFO] [stderr]   = note: required for `dyn MyTrait + Sync` to implement `DynClone`
[INFO] [stderr] note: required by a bound in `clone_box`
[INFO] [stderr]  --> src/lib.rs
[INFO] [stderr]   |
[INFO] [stderr]   | pub fn clone_box<T>(t: &T) -> Box<T>
[INFO] [stderr]   |        --------- required by a bound in this function
[INFO] [stderr]   | where
[INFO] [stderr]   |     T: ?Sized + DynClone,
[INFO] [stderr]   |                 ^^^^^^^^ required by this bound in `clone_box`
[INFO] [stderr]   = note: this error originates in the macro `$crate::__internal_clone_trait_object` which comes from the expansion of the macro `dyn_clone::clone_trait_object` (in Nightly builds, run with -Z macro-backtrace for more info)
[INFO] [stderr] 
[INFO] [stderr] error[E0277]: the trait bound `dyn MyTrait + Send + Sync: DynClone` is not satisfied
[INFO] [stderr]  --> tests/ui/missing-supertrait.rs:3:1
[INFO] [stderr]   |
[INFO] [stderr] 3 | dyn_clone::clone_trait_object!(MyTrait);
[INFO] [stderr]   | ^^^^^^^^^^^^^^^^^^^^^^^^^^^^^^^^^^^^^^^
[INFO] [stderr]   | |
[INFO] [stderr]   | the trait `Clone` is not implemented for `dyn MyTrait + Send + Sync`, which is required by `dyn MyTrait + Send + Sync: DynClone`
[INFO] [stderr]   | required by a bound introduced by this call
[INFO] [stderr]   |
[INFO] [stderr]   = help: the following other types implement trait `DynClone`:
[INFO] [stderr]             [T]
[INFO] [stderr]             str
[INFO] [stderr]   = note: required for `dyn MyTrait + Send + Sync` to implement `DynClone`
[INFO] [stderr] note: required by a bound in `clone_box`
[INFO] [stderr]  --> src/lib.rs
[INFO] [stderr]   |
[INFO] [stderr]   | pub fn clone_box<T>(t: &T) -> Box<T>
[INFO] [stderr]   |        --------- required by a bound in this function
[INFO] [stderr]   | where
[INFO] [stderr]   |     T: ?Sized + DynClone,
[INFO] [stderr]   |                 ^^^^^^^^ required by this bound in `clone_box`
[INFO] [stderr]   = note: this error originates in the macro `$crate::__internal_clone_trait_object` which comes from the expansion of the macro `dyn_clone::clone_trait_object` (in Nightly builds, run with -Z macro-backtrace for more info)
[INFO] [stderr] ┈┈┈┈┈┈┈┈┈┈┈┈┈┈┈┈┈┈┈┈┈┈┈┈┈┈┈┈┈┈┈┈┈┈┈┈┈┈┈┈┈┈┈┈┈┈┈┈┈┈┈┈┈┈┈┈┈┈┈┈
[INFO] [stderr] note: If the actual output is the correct output you can bless it by rerunning
[INFO] [stderr]       your test with the environment variable TRYBUILD=overwrite
[INFO] [stderr] 
[INFO] [stderr] 
[INFO] [stderr] 
[INFO] [stdout] test ui ... FAILED
[INFO] [stdout] 
[INFO] [stdout] failures:
[INFO] [stdout] 
[INFO] [stdout] ---- ui stdout ----
[INFO] [stdout] thread 'ui' panicked at /opt/rustwide/cargo-home/registry/src/index.crates.io-6f17d22bba15001f/trybuild-1.0.89/src/run.rs:101:13:
[INFO] [stdout] 1 of 1 tests failed
[INFO] [stdout] stack backtrace:
[INFO] [stdout]    0:     0x5fc7800e01ba - std::backtrace_rs::backtrace::libunwind::trace::h207520d6e9873551
[INFO] [stdout]                                at /rustc/df4ca44d3fbc9301ee17f30f4d474e6ae4b05252/library/std/src/../../backtrace/src/backtrace/libunwind.rs:116:5
[INFO] [stdout]    1:     0x5fc7800e01ba - std::backtrace_rs::backtrace::trace_unsynchronized::h2ed7433f370e3eca
[INFO] [stdout]                                at /rustc/df4ca44d3fbc9301ee17f30f4d474e6ae4b05252/library/std/src/../../backtrace/src/backtrace/mod.rs:66:5
[INFO] [stdout]    2:     0x5fc7800e01ba - std::sys::backtrace::_print_fmt::h916fac51166b18d7
[INFO] [stdout]                                at /rustc/df4ca44d3fbc9301ee17f30f4d474e6ae4b05252/library/std/src/sys/backtrace.rs:66:9
[INFO] [stdout]    3:     0x5fc7800e01ba - <std::sys::backtrace::BacktraceLock::print::DisplayBacktrace as core::fmt::Display>::fmt::ha0a4c9b8ce3802e6
[INFO] [stdout]                                at /rustc/df4ca44d3fbc9301ee17f30f4d474e6ae4b05252/library/std/src/sys/backtrace.rs:39:26
[INFO] [stdout]    4:     0x5fc780109313 - core::fmt::rt::Argument::fmt::h4cfc8587d52b3eb5
[INFO] [stdout]                                at /rustc/df4ca44d3fbc9301ee17f30f4d474e6ae4b05252/library/core/src/fmt/rt.rs:177:76
[INFO] [stdout]    5:     0x5fc780109313 - core::fmt::write::h522cc39e5b36ae9f
[INFO] [stdout]                                at /rustc/df4ca44d3fbc9301ee17f30f4d474e6ae4b05252/library/core/src/fmt/mod.rs:1190:21
[INFO] [stdout]    6:     0x5fc7800dc1f3 - std::io::Write::write_fmt::h7d3c26752da97734
[INFO] [stdout]                                at /rustc/df4ca44d3fbc9301ee17f30f4d474e6ae4b05252/library/std/src/io/mod.rs:1839:15
[INFO] [stdout]    7:     0x5fc7800e0002 - std::sys::backtrace::BacktraceLock::print::h4b9e00b29e9c0942
[INFO] [stdout]                                at /rustc/df4ca44d3fbc9301ee17f30f4d474e6ae4b05252/library/std/src/sys/backtrace.rs:42:9
[INFO] [stdout]    8:     0x5fc7800e164a - std::panicking::default_hook::{{closure}}::hb59b88280d0324d9
[INFO] [stdout]                                at /rustc/df4ca44d3fbc9301ee17f30f4d474e6ae4b05252/library/std/src/panicking.rs:268:22
[INFO] [stdout]    9:     0x5fc7800e1454 - std::panicking::default_hook::he1dd496665be4a29
[INFO] [stdout]                                at /rustc/df4ca44d3fbc9301ee17f30f4d474e6ae4b05252/library/std/src/panicking.rs:292:9
[INFO] [stdout]   10:     0x5fc7800a90a9 - <alloc::boxed::Box<F,A> as core::ops::function::Fn<Args>>::call::h4ff71de18744e1dc
[INFO] [stdout]                                at /rustc/df4ca44d3fbc9301ee17f30f4d474e6ae4b05252/library/alloc/src/boxed.rs:2468:9
[INFO] [stdout]   11:     0x5fc7800a90a9 - test::test_main::{{closure}}::hcf7c055ce117aa81
[INFO] [stdout]                                at /rustc/df4ca44d3fbc9301ee17f30f4d474e6ae4b05252/library/test/src/lib.rs:133:21
[INFO] [stdout]   12:     0x5fc7800e1d48 - <alloc::boxed::Box<F,A> as core::ops::function::Fn<Args>>::call::h1d66c6bbd60c9692
[INFO] [stdout]                                at /rustc/df4ca44d3fbc9301ee17f30f4d474e6ae4b05252/library/alloc/src/boxed.rs:2468:9
[INFO] [stdout]   13:     0x5fc7800e1d48 - std::panicking::rust_panic_with_hook::h2ff17fe8f26dfcf8
[INFO] [stdout]                                at /rustc/df4ca44d3fbc9301ee17f30f4d474e6ae4b05252/library/std/src/panicking.rs:809:13
[INFO] [stdout]   14:     0x5fc7800e1b0a - std::panicking::begin_panic_handler::{{closure}}::h4fad77951c07e101
[INFO] [stdout]                                at /rustc/df4ca44d3fbc9301ee17f30f4d474e6ae4b05252/library/std/src/panicking.rs:674:13
[INFO] [stdout]   15:     0x5fc7800e0699 - std::sys::backtrace::__rust_end_short_backtrace::hb1a25b3da5d0ea08
[INFO] [stdout]                                at /rustc/df4ca44d3fbc9301ee17f30f4d474e6ae4b05252/library/std/src/sys/backtrace.rs:170:18
[INFO] [stdout]   16:     0x5fc7800e179c - rust_begin_unwind
[INFO] [stdout]                                at /rustc/df4ca44d3fbc9301ee17f30f4d474e6ae4b05252/library/std/src/panicking.rs:665:5
[INFO] [stdout]   17:     0x5fc780107d10 - core::panicking::panic_fmt::ha9db07b529f9b256
[INFO] [stdout]                                at /rustc/df4ca44d3fbc9301ee17f30f4d474e6ae4b05252/library/core/src/panicking.rs:75:14
[INFO] [stdout]   18:     0x5fc77ffd925c - trybuild::run::<impl trybuild::Runner>::run::h9d215116bd3f2477
[INFO] [stdout]                                at /opt/rustwide/cargo-home/registry/src/index.crates.io-6f17d22bba15001f/trybuild-1.0.89/src/run.rs:101:13
[INFO] [stdout]   19:     0x5fc77ffde9a8 - <trybuild::TestCases as core::ops::drop::Drop>::drop::hb97d51b0715b610c
[INFO] [stdout]                                at /opt/rustwide/cargo-home/registry/src/index.crates.io-6f17d22bba15001f/trybuild-1.0.89/src/lib.rs:317:13
[INFO] [stdout]   20:     0x5fc77fe78ac7 - core::ptr::drop_in_place<trybuild::TestCases>::ha9cd95d24dbcab3a
[INFO] [stdout]                                at /rustc/df4ca44d3fbc9301ee17f30f4d474e6ae4b05252/library/core/src/ptr/mod.rs:521:1
[INFO] [stdout]   21:     0x5fc77fe79213 - compiletest::ui::h11bbf41dcad5230c
[INFO] [stdout]                                at /opt/rustwide/workdir/tests/compiletest.rs:7:1
[INFO] [stdout]   22:     0x5fc77fe791a7 - compiletest::ui::{{closure}}::hb3eb370b8c27c4ff
[INFO] [stdout]                                at /opt/rustwide/workdir/tests/compiletest.rs:4:8
[INFO] [stdout]   23:     0x5fc77fe78a76 - core::ops::function::FnOnce::call_once::h876e4180db743bd0
[INFO] [stdout]                                at /rustc/df4ca44d3fbc9301ee17f30f4d474e6ae4b05252/library/core/src/ops/function.rs:250:5
[INFO] [stdout]   24:     0x5fc7800ad97b - core::ops::function::FnOnce::call_once::h22c3ba5715e93f05
[INFO] [stdout]                                at /rustc/df4ca44d3fbc9301ee17f30f4d474e6ae4b05252/library/core/src/ops/function.rs:250:5
[INFO] [stdout]   25:     0x5fc7800ad97b - test::__rust_begin_short_backtrace::h8e82d8113d0da17f
[INFO] [stdout]                                at /rustc/df4ca44d3fbc9301ee17f30f4d474e6ae4b05252/library/test/src/lib.rs:621:18
[INFO] [stdout]   26:     0x5fc7800ad2f7 - test::run_test_in_process::{{closure}}::h33235f4f20b7b7c7
[INFO] [stdout]                                at /rustc/df4ca44d3fbc9301ee17f30f4d474e6ae4b05252/library/test/src/lib.rs:644:60
[INFO] [stdout]   27:     0x5fc7800ad2f7 - <core::panic::unwind_safe::AssertUnwindSafe<F> as core::ops::function::FnOnce<()>>::call_once::hb5043206310c586f
[INFO] [stdout]                                at /rustc/df4ca44d3fbc9301ee17f30f4d474e6ae4b05252/library/core/src/panic/unwind_safe.rs:272:9
[INFO] [stdout]   28:     0x5fc7800ad2f7 - std::panicking::try::do_call::h9ad4731a60ab23e2
[INFO] [stdout]                                at /rustc/df4ca44d3fbc9301ee17f30f4d474e6ae4b05252/library/std/src/panicking.rs:557:40
[INFO] [stdout]   29:     0x5fc7800ad2f7 - std::panicking::try::h3824d23db772a716
[INFO] [stdout]                                at /rustc/df4ca44d3fbc9301ee17f30f4d474e6ae4b05252/library/std/src/panicking.rs:520:19
[INFO] [stdout]   30:     0x5fc7800ad2f7 - std::panic::catch_unwind::h5afd514605fde46b
[INFO] [stdout]                                at /rustc/df4ca44d3fbc9301ee17f30f4d474e6ae4b05252/library/std/src/panic.rs:358:14
[INFO] [stdout]   31:     0x5fc7800ad2f7 - test::run_test_in_process::h0d5cbfa7067d1720
[INFO] [stdout]                                at /rustc/df4ca44d3fbc9301ee17f30f4d474e6ae4b05252/library/test/src/lib.rs:644:27
[INFO] [stdout]   32:     0x5fc7800ad2f7 - test::run_test::{{closure}}::h708eb8872708115d
[INFO] [stdout]                                at /rustc/df4ca44d3fbc9301ee17f30f4d474e6ae4b05252/library/test/src/lib.rs:565:43
[INFO] [stdout]   33:     0x5fc780070a14 - test::run_test::{{closure}}::h392c51cee94713ab
[INFO] [stdout]                                at /rustc/df4ca44d3fbc9301ee17f30f4d474e6ae4b05252/library/test/src/lib.rs:595:41
[INFO] [stdout]   34:     0x5fc780070a14 - std::sys::backtrace::__rust_begin_short_backtrace::h2f40290710935a8b
[INFO] [stdout]                                at /rustc/df4ca44d3fbc9301ee17f30f4d474e6ae4b05252/library/std/src/sys/backtrace.rs:154:18
[INFO] [stdout]   35:     0x5fc7800741be - std::thread::Builder::spawn_unchecked_::{{closure}}::{{closure}}::h3fd968d89053a903
[INFO] [stdout]                                at /rustc/df4ca44d3fbc9301ee17f30f4d474e6ae4b05252/library/std/src/thread/mod.rs:541:17
[INFO] [stdout]   36:     0x5fc7800741be - <core::panic::unwind_safe::AssertUnwindSafe<F> as core::ops::function::FnOnce<()>>::call_once::h743f637ba4229880
[INFO] [stdout]                                at /rustc/df4ca44d3fbc9301ee17f30f4d474e6ae4b05252/library/core/src/panic/unwind_safe.rs:272:9
[INFO] [stdout]   37:     0x5fc7800741be - std::panicking::try::do_call::h07440897322525a6
[INFO] [stdout]                                at /rustc/df4ca44d3fbc9301ee17f30f4d474e6ae4b05252/library/std/src/panicking.rs:557:40
[INFO] [stdout]   38:     0x5fc7800741be - std::panicking::try::he5a2e00188156637
[INFO] [stdout]                                at /rustc/df4ca44d3fbc9301ee17f30f4d474e6ae4b05252/library/std/src/panicking.rs:520:19
[INFO] [stdout]   39:     0x5fc7800741be - std::panic::catch_unwind::hbaf3cae49b3c6433
[INFO] [stdout]                                at /rustc/df4ca44d3fbc9301ee17f30f4d474e6ae4b05252/library/std/src/panic.rs:358:14
[INFO] [stdout]   40:     0x5fc7800741be - std::thread::Builder::spawn_unchecked_::{{closure}}::h8e141ea224820bce
[INFO] [stdout]                                at /rustc/df4ca44d3fbc9301ee17f30f4d474e6ae4b05252/library/std/src/thread/mod.rs:540:30
[INFO] [stdout]   41:     0x5fc7800741be - core::ops::function::FnOnce::call_once{{vtable.shim}}::h90d312fedd7b8ea8
[INFO] [stdout]                                at /rustc/df4ca44d3fbc9301ee17f30f4d474e6ae4b05252/library/core/src/ops/function.rs:250:5
[INFO] [stdout]   42:     0x5fc7800e6b0b - <alloc::boxed::Box<F,A> as core::ops::function::FnOnce<Args>>::call_once::h69aa08ddb6adb8b6
[INFO] [stdout]                                at /rustc/df4ca44d3fbc9301ee17f30f4d474e6ae4b05252/library/alloc/src/boxed.rs:2454:9
[INFO] [stdout]   43:     0x5fc7800e6b0b - <alloc::boxed::Box<F,A> as core::ops::function::FnOnce<Args>>::call_once::h5aa36efdb79c806f
[INFO] [stdout]                                at /rustc/df4ca44d3fbc9301ee17f30f4d474e6ae4b05252/library/alloc/src/boxed.rs:2454:9
[INFO] [stdout]   44:     0x5fc7800e6b0b - std::sys::pal::unix::thread::Thread::new::thread_start::h6cd80a1b4be5158d
[INFO] [stdout]                                at /rustc/df4ca44d3fbc9301ee17f30f4d474e6ae4b05252/library/std/src/sys/pal/unix/thread.rs:105:17
[INFO] [stdout]   45:     0x7655af968ac3 - <unknown>
[INFO] [stdout]   46:     0x7655af9f9a04 - clone
[INFO] [stdout]   47:                0x0 - <unknown>
[INFO] [stdout] 
[INFO] [stdout] 
[INFO] [stdout] failures:
[INFO] [stdout]     ui
[INFO] [stdout] 
[INFO] [stdout] test result: FAILED. 0 passed; 1 failed; 0 ignored; 0 measured; 0 filtered out; finished in 0.71s
[INFO] [stdout] 
[INFO] [stderr] error: test failed, to rerun pass `--test compiletest`
[INFO] running `Command { std: "docker" "inspect" "82c1b00dea011c0eba10a71a514fb4d703f2c82aa3edbee877297d5807109e57", kill_on_drop: false }`
[INFO] running `Command { std: "docker" "rm" "-f" "82c1b00dea011c0eba10a71a514fb4d703f2c82aa3edbee877297d5807109e57", kill_on_drop: false }`
[INFO] [stdout] 82c1b00dea011c0eba10a71a514fb4d703f2c82aa3edbee877297d5807109e57
