[INFO] fetching crate dusk-wasmtime 21.0.0-alpha...
[INFO] testing dusk-wasmtime-21.0.0-alpha against nightly-2024-10-28+rustflags=-Zrandomize-layout for randomize-layout
[INFO] extracting crate dusk-wasmtime 21.0.0-alpha into /workspace/builds/worker-5-tc2/source
[INFO] validating manifest of crates.io crate dusk-wasmtime 21.0.0-alpha on toolchain nightly-2024-10-28
[INFO] running `Command { std: CARGO_HOME="/workspace/cargo-home" RUSTUP_HOME="/workspace/rustup-home" "/workspace/cargo-home/bin/cargo" "+nightly-2024-10-28" "metadata" "--manifest-path" "Cargo.toml" "--no-deps", kill_on_drop: false }`
[INFO] started tweaking crates.io crate dusk-wasmtime 21.0.0-alpha
[INFO] finished tweaking crates.io crate dusk-wasmtime 21.0.0-alpha
[INFO] tweaked toml for crates.io crate dusk-wasmtime 21.0.0-alpha written to /workspace/builds/worker-5-tc2/source/Cargo.toml
[INFO] running `Command { std: CARGO_HOME="/workspace/cargo-home" RUSTUP_HOME="/workspace/rustup-home" "/workspace/cargo-home/bin/cargo" "+nightly-2024-10-28" "generate-lockfile" "--manifest-path" "Cargo.toml", kill_on_drop: false }`
[INFO] [stderr]     Updating crates.io index
[INFO] [stderr]      Locking 154 packages to latest compatible versions
[INFO] [stderr]       Adding addr2line v0.21.0 (available: v0.24.2)
[INFO] [stderr]       Adding fxprof-processed-profile v0.6.0 (available: v0.7.0)
[INFO] [stderr]       Adding gimli v0.28.1 (available: v0.31.1)
[INFO] [stderr]       Adding object v0.33.0 (available: v0.36.5)
[INFO] [stderr]       Adding wasm-encoder v0.202.0 (available: v0.219.1)
[INFO] [stderr]       Adding wasmparser v0.202.0 (available: v0.219.1)
[INFO] [stderr]       Adding wasmtime-asm-macros v20.0.0 (available: v20.0.2)
[INFO] [stderr]       Adding wasmtime-cache v20.0.0 (available: v20.0.2)
[INFO] [stderr]       Adding wasmtime-component-macro v20.0.0 (available: v20.0.2)
[INFO] [stderr]       Adding wasmtime-component-util v20.0.0 (available: v20.0.2)
[INFO] [stderr]       Adding wasmtime-cranelift v20.0.0 (available: v20.0.2)
[INFO] [stderr]       Adding wasmtime-environ v20.0.0 (available: v20.0.2)
[INFO] [stderr]       Adding wasmtime-fiber v20.0.0 (available: v20.0.2)
[INFO] [stderr]       Adding wasmtime-jit-debug v20.0.0 (available: v20.0.2)
[INFO] [stderr]       Adding wasmtime-jit-icache-coherence v20.0.0 (available: v20.0.2)
[INFO] [stderr]       Adding wasmtime-slab v20.0.0 (available: v20.0.2)
[INFO] [stderr]       Adding wasmtime-versioned-export-macros v20.0.0 (available: v20.0.2)
[INFO] [stderr]       Adding wasmtime-winch v20.0.0 (available: v20.0.2)
[INFO] [stderr]       Adding wasmtime-wit-bindgen v20.0.0 (available: v20.0.2)
[INFO] [stderr]       Adding wasmtime-wmemcheck v20.0.0 (available: v20.0.2)
[INFO] [stderr]       Adding winch-codegen v0.18.0 (available: v0.18.2)
[INFO] [stderr]       Adding windows-sys v0.52.0 (available: v0.59.0)
[INFO] running `Command { std: CARGO_HOME="/workspace/cargo-home" RUSTUP_HOME="/workspace/rustup-home" "/workspace/cargo-home/bin/cargo" "+nightly-2024-10-28" "fetch" "--manifest-path" "Cargo.toml", kill_on_drop: false }`
[INFO] running `Command { std: "docker" "create" "-v" "/var/lib/crater-agent-workspace/builds/worker-5-tc2/target:/opt/rustwide/target:rw,Z" "-v" "/var/lib/crater-agent-workspace/builds/worker-5-tc2/source:/opt/rustwide/workdir:ro,Z" "-v" "/var/lib/crater-agent-workspace/cargo-home:/opt/rustwide/cargo-home:ro,Z" "-v" "/var/lib/crater-agent-workspace/rustup-home:/opt/rustwide/rustup-home:ro,Z" "-e" "SOURCE_DIR=/opt/rustwide/workdir" "-e" "CARGO_TARGET_DIR=/opt/rustwide/target" "-e" "CARGO_HOME=/opt/rustwide/cargo-home" "-e" "RUSTUP_HOME=/opt/rustwide/rustup-home" "-w" "/opt/rustwide/workdir" "-m" "1610612736" "--user" "0:0" "--network" "none" "ghcr.io/rust-lang/crates-build-env/linux@sha256:4a844ea9eb2546a2d2c7022eacef16ef2e8229c7fbb2c7d4d55a9ceca922f72d" "/opt/rustwide/cargo-home/bin/cargo" "+nightly-2024-10-28" "metadata" "--no-deps" "--format-version=1", kill_on_drop: false }`
[INFO] [stdout] d8c144fd29529198baf8923a2b5834c44464e35cbca31deac9c4653c6d2bd3ef
[INFO] running `Command { std: "docker" "start" "-a" "d8c144fd29529198baf8923a2b5834c44464e35cbca31deac9c4653c6d2bd3ef", kill_on_drop: false }`
[INFO] running `Command { std: "docker" "inspect" "d8c144fd29529198baf8923a2b5834c44464e35cbca31deac9c4653c6d2bd3ef", kill_on_drop: false }`
[INFO] running `Command { std: "docker" "rm" "-f" "d8c144fd29529198baf8923a2b5834c44464e35cbca31deac9c4653c6d2bd3ef", kill_on_drop: false }`
[INFO] [stdout] d8c144fd29529198baf8923a2b5834c44464e35cbca31deac9c4653c6d2bd3ef
[INFO] running `Command { std: "docker" "create" "-v" "/var/lib/crater-agent-workspace/builds/worker-5-tc2/target:/opt/rustwide/target:rw,Z" "-v" "/var/lib/crater-agent-workspace/builds/worker-5-tc2/source:/opt/rustwide/workdir:ro,Z" "-v" "/var/lib/crater-agent-workspace/cargo-home:/opt/rustwide/cargo-home:ro,Z" "-v" "/var/lib/crater-agent-workspace/rustup-home:/opt/rustwide/rustup-home:ro,Z" "-e" "SOURCE_DIR=/opt/rustwide/workdir" "-e" "CARGO_TARGET_DIR=/opt/rustwide/target" "-e" "CARGO_INCREMENTAL=0" "-e" "RUST_BACKTRACE=full" "-e" "RUSTFLAGS=--cap-lints=forbid -Zrandomize-layout" "-e" "RUSTDOCFLAGS=--cap-lints=forbid" "-e" "CARGO_HOME=/opt/rustwide/cargo-home" "-e" "RUSTUP_HOME=/opt/rustwide/rustup-home" "-w" "/opt/rustwide/workdir" "-m" "1610612736" "--user" "0:0" "--network" "none" "ghcr.io/rust-lang/crates-build-env/linux@sha256:4a844ea9eb2546a2d2c7022eacef16ef2e8229c7fbb2c7d4d55a9ceca922f72d" "/opt/rustwide/cargo-home/bin/cargo" "+nightly-2024-10-28" "build" "--frozen" "--message-format=json", kill_on_drop: false }`
[INFO] [stdout] 529ef235708ad691809b943b41e4622db9523e792879dffc230611f0a972f1e8
[INFO] running `Command { std: "docker" "start" "-a" "529ef235708ad691809b943b41e4622db9523e792879dffc230611f0a972f1e8", kill_on_drop: false }`
[INFO] [stderr]    Compiling serde v1.0.214
[INFO] [stderr]    Compiling shlex v1.3.0
[INFO] [stderr]    Compiling log v0.4.22
[INFO] [stderr]    Compiling semver v1.0.23
[INFO] [stderr]    Compiling jobserver v0.1.32
[INFO] [stderr]    Compiling serde_derive v1.0.214
[INFO] [stderr]    Compiling anyhow v1.0.92
[INFO] [stderr]    Compiling hashbrown v0.14.5
[INFO] [stderr]    Compiling cranelift-isle v0.107.2
[INFO] [stderr]    Compiling target-lexicon v0.12.16
[INFO] [stderr]    Compiling cc v1.1.31
[INFO] [stderr]    Compiling wasmtime-versioned-export-macros v20.0.0
[INFO] [stderr]    Compiling typenum v1.17.0
[INFO] [stderr]    Compiling cranelift-codegen-shared v0.107.2
[INFO] [stderr]    Compiling cranelift-codegen-meta v0.107.2
[INFO] [stderr]    Compiling generic-array v0.14.7
[INFO] [stderr]    Compiling leb128 v0.2.5
[INFO] [stderr]    Compiling bumpalo v3.16.0
[INFO] [stderr]    Compiling serde_json v1.0.132
[INFO] [stderr]    Compiling rustix v0.38.38
[INFO] [stderr]    Compiling pkg-config v0.3.31
[INFO] [stderr]    Compiling hashbrown v0.13.2
[INFO] [stderr]    Compiling linux-raw-sys v0.4.14
[INFO] [stderr]    Compiling smallvec v1.13.2
[INFO] [stderr]    Compiling rustc-hash v1.1.0
[INFO] [stderr]    Compiling slice-group-by v0.3.1
[INFO] [stderr]    Compiling crossbeam-utils v0.8.20
[INFO] [stderr]    Compiling zstd-sys v2.0.13+zstd.1.5.6
[INFO] [stderr]    Compiling arbitrary v1.3.2
[INFO] [stderr]    Compiling regalloc2 v0.9.3
[INFO] [stderr]    Compiling cranelift-control v0.107.2
[INFO] [stderr]    Compiling crc32fast v1.4.2
[INFO] [stderr]    Compiling cpp_demangle v0.4.4
[INFO] [stderr]    Compiling zstd-safe v7.2.1
[INFO] [stderr]    Compiling memchr v2.7.4
[INFO] [stderr]    Compiling cranelift-codegen v0.107.2
[INFO] [stderr]    Compiling either v1.13.0
[INFO] [stderr]    Compiling bitflags v2.6.0
[INFO] [stderr]    Compiling indexmap v2.6.0
[INFO] [stderr]    Compiling wasmtime-component-util v20.0.0
[INFO] [stderr]    Compiling memoffset v0.9.1
[INFO] [stderr]    Compiling crossbeam-epoch v0.9.18
[INFO] [stderr]    Compiling crypto-common v0.1.6
[INFO] [stderr]    Compiling block-buffer v0.10.4
[INFO] [stderr]    Compiling wasmparser v0.202.0
[INFO] [stderr]    Compiling wasmtime-fiber v20.0.0
[INFO] [stderr]    Compiling ittapi-sys v0.4.0
[INFO] [stderr]    Compiling wasm-encoder v0.202.0
[INFO] [stderr]    Compiling winnow v0.6.20
[INFO] [stderr]    Compiling cranelift-entity v0.107.2
[INFO] [stderr]    Compiling bincode v1.3.3
[INFO] [stderr]    Compiling serde_spanned v0.6.8
[INFO] [stderr]    Compiling toml_datetime v0.6.8
[INFO] [stderr]    Compiling cranelift-bforest v0.107.2
[INFO] [stderr]    Compiling gimli v0.28.1
[INFO] [stderr]    Compiling object v0.33.0
[INFO] [stderr]    Compiling id-arena v2.2.1
[INFO] [stderr]    Compiling rustc-demangle v0.1.24
[INFO] [stderr]    Compiling unicode-xid v0.2.6
[INFO] [stderr]    Compiling toml_edit v0.22.22
[INFO] [stderr]    Compiling digest v0.10.7
[INFO] [stderr]    Compiling crossbeam-deque v0.8.5
[INFO] [stderr]    Compiling itertools v0.12.1
[INFO] [stderr]    Compiling wit-parser v0.202.0
[INFO] [stderr]    Compiling dusk-wasmtime-runtime v21.0.0-alpha
[INFO] [stderr]    Compiling wasm-encoder v0.219.1
[INFO] [stderr]    Compiling wasmtime-types v20.0.2
[INFO] [stderr]    Compiling wasmprinter v0.202.0
[INFO] [stderr]    Compiling dirs-sys-next v0.1.2
[INFO] [stderr]    Compiling wasmtime-asm-macros v20.0.0
[INFO] [stderr]    Compiling wasmtime-cache v20.0.0
[INFO] [stderr]    Compiling byteorder v1.5.0
[INFO] [stderr]    Compiling cpufeatures v0.2.14
[INFO] [stderr]    Compiling unicode-width v0.1.14
[INFO] [stderr]    Compiling wasmtime-component-macro v20.0.0
[INFO] [stderr]    Compiling dusk-wasmtime-environ v21.0.0-alpha
[INFO] [stderr]    Compiling uuid v1.11.0
[INFO] [stderr]    Compiling debugid v0.8.0
[INFO] [stderr]    Compiling zstd v0.13.2
[INFO] [stderr]    Compiling wasmtime-wit-bindgen v20.0.0
[INFO] [stderr]    Compiling wast v219.0.1
[INFO] [stderr]    Compiling fxhash v0.2.1
[INFO] [stderr]    Compiling sha2 v0.10.8
[INFO] [stderr]    Compiling directories-next v2.0.0
[INFO] [stderr]    Compiling wasmtime-jit-debug v20.0.0
[INFO] [stderr]    Compiling toml v0.8.19
[INFO] [stderr]    Compiling rayon-core v1.12.1
[INFO] [stderr]    Compiling memfd v0.6.4
[INFO] [stderr]    Compiling encoding_rs v0.8.35
[INFO] [stderr]    Compiling sptr v0.3.2
[INFO] [stderr]    Compiling wasmtime-slab v20.0.0
[INFO] [stderr]    Compiling fxprof-processed-profile v0.6.0
[INFO] [stderr]    Compiling rayon v1.10.0
[INFO] [stderr]    Compiling ittapi v0.4.0
[INFO] [stderr]    Compiling addr2line v0.21.0
[INFO] [stderr]    Compiling async-trait v0.1.83
[INFO] [stderr]    Compiling wasmtime-jit-icache-coherence v20.0.0
[INFO] [stderr]    Compiling wat v1.219.1
[INFO] [stderr]    Compiling cranelift-frontend v0.107.2
[INFO] [stderr]    Compiling cranelift-native v0.107.2
[INFO] [stderr]    Compiling cranelift-wasm v0.107.2
[INFO] [stderr]    Compiling dusk-wasmtime-cranelift v21.0.0-alpha
[INFO] [stderr]    Compiling dusk-wasmtime v21.0.0-alpha (/opt/rustwide/workdir)
[INFO] [stdout] warning: elided lifetime has a name
[INFO] [stdout]     --> src/runtime/linker.rs:1253:32
[INFO] [stdout]      |
[INFO] [stdout] 1250 |     pub fn iter<'a: 'p, 'p>(
[INFO] [stdout]      |                 -- lifetime `'a` declared here
[INFO] [stdout] ...
[INFO] [stdout] 1253 |     ) -> impl Iterator<Item = (&str, &str, Extern)> + 'p {
[INFO] [stdout]      |                                ^ this elided lifetime gets resolved as `'a`
[INFO] [stdout]      |
[INFO] [stdout]      = note: `#[warn(elided_named_lifetimes)]` on by default
[INFO] [stdout] 
[INFO] [stdout] 
[INFO] [stdout] warning: elided lifetime has a name
[INFO] [stdout]     --> src/runtime/linker.rs:1253:38
[INFO] [stdout]      |
[INFO] [stdout] 1250 |     pub fn iter<'a: 'p, 'p>(
[INFO] [stdout]      |                 -- lifetime `'a` declared here
[INFO] [stdout] ...
[INFO] [stdout] 1253 |     ) -> impl Iterator<Item = (&str, &str, Extern)> + 'p {
[INFO] [stdout]      |                                      ^ this elided lifetime gets resolved as `'a`
[INFO] [stdout] 
[INFO] [stdout] 
[INFO] [stdout] warning: elided lifetime has a name
[INFO] [stdout]    --> src/runtime/component/resources.rs:372:71
[INFO] [stdout]     |
[INFO] [stdout] 371 | impl<'a> HostResourceTables<'a> {
[INFO] [stdout]     |      -- lifetime `'a` declared here
[INFO] [stdout] 372 |     pub fn new_host(store: &'a mut StoreOpaque) -> HostResourceTables<'_> {
[INFO] [stdout]     |                                                                       ^^ this elided lifetime gets resolved as `'a`
[INFO] [stdout] 
[INFO] [stdout] 
[INFO] [stdout] warning: elided lifetime has a name
[INFO] [stdout]    --> src/runtime/component/types.rs:736:42
[INFO] [stdout]     |
[INFO] [stdout] 733 |     pub fn imports<'a>(
[INFO] [stdout]     |                    -- lifetime `'a` declared here
[INFO] [stdout] ...
[INFO] [stdout] 736 |     ) -> impl ExactSizeIterator<Item = ((&str, &str), ExternType)> + 'a {
[INFO] [stdout]     |                                          ^ this elided lifetime gets resolved as `'a`
[INFO] [stdout] 
[INFO] [stdout] 
[INFO] [stdout] warning: elided lifetime has a name
[INFO] [stdout]    --> src/runtime/component/types.rs:736:48
[INFO] [stdout]     |
[INFO] [stdout] 733 |     pub fn imports<'a>(
[INFO] [stdout]     |                    -- lifetime `'a` declared here
[INFO] [stdout] ...
[INFO] [stdout] 736 |     ) -> impl ExactSizeIterator<Item = ((&str, &str), ExternType)> + 'a {
[INFO] [stdout]     |                                                ^ this elided lifetime gets resolved as `'a`
[INFO] [stdout] 
[INFO] [stdout] 
[INFO] [stdout] warning: elided lifetime has a name
[INFO] [stdout]    --> src/runtime/component/types.rs:752:41
[INFO] [stdout]     |
[INFO] [stdout] 749 |     pub fn exports<'a>(
[INFO] [stdout]     |                    -- lifetime `'a` declared here
[INFO] [stdout] ...
[INFO] [stdout] 752 |     ) -> impl ExactSizeIterator<Item = (&str, ExternType)> + 'a {
[INFO] [stdout]     |                                         ^ this elided lifetime gets resolved as `'a`
[INFO] [stdout] 
[INFO] [stdout] 
[INFO] [stdout] warning: elided lifetime has a name
[INFO] [stdout]    --> src/runtime/component/types.rs:783:41
[INFO] [stdout]     |
[INFO] [stdout] 780 |     pub fn imports<'a>(
[INFO] [stdout]     |                    -- lifetime `'a` declared here
[INFO] [stdout] ...
[INFO] [stdout] 783 |     ) -> impl ExactSizeIterator<Item = (&str, ComponentItem)> + 'a {
[INFO] [stdout]     |                                         ^ this elided lifetime gets resolved as `'a`
[INFO] [stdout] 
[INFO] [stdout] 
[INFO] [stdout] warning: elided lifetime has a name
[INFO] [stdout]    --> src/runtime/component/types.rs:804:41
[INFO] [stdout]     |
[INFO] [stdout] 801 |     pub fn exports<'a>(
[INFO] [stdout]     |                    -- lifetime `'a` declared here
[INFO] [stdout] ...
[INFO] [stdout] 804 |     ) -> impl ExactSizeIterator<Item = (&str, ComponentItem)> + 'a {
[INFO] [stdout]     |                                         ^ this elided lifetime gets resolved as `'a`
[INFO] [stdout] 
[INFO] [stdout] 
[INFO] [stdout] warning: elided lifetime has a name
[INFO] [stdout]    --> src/runtime/component/types.rs:835:41
[INFO] [stdout]     |
[INFO] [stdout] 832 |     pub fn exports<'a>(
[INFO] [stdout]     |                    -- lifetime `'a` declared here
[INFO] [stdout] ...
[INFO] [stdout] 835 |     ) -> impl ExactSizeIterator<Item = (&str, ComponentItem)> {
[INFO] [stdout]     |                                         ^ this elided lifetime gets resolved as `'a`
[INFO] [stdout] 
[INFO] [stdout] 
[INFO] [stdout] warning: field `component` is never read
[INFO] [stdout]   --> src/runtime/component/matching.rs:18:9
[INFO] [stdout]    |
[INFO] [stdout] 16 | pub struct TypeChecker<'a> {
[INFO] [stdout]    |            ----------- field in this struct
[INFO] [stdout] 17 |     pub types: &'a Arc<ComponentTypes>,
[INFO] [stdout] 18 |     pub component: &'a wasmtime_environ::component::Component,
[INFO] [stdout]    |         ^^^^^^^^^
[INFO] [stdout]    |
[INFO] [stdout]    = note: `#[warn(dead_code)]` on by default
[INFO] [stdout] 
[INFO] [stdout] 
[INFO] [stderr]     Finished `dev` profile [unoptimized + debuginfo] target(s) in 1m 01s
[INFO] running `Command { std: "docker" "inspect" "529ef235708ad691809b943b41e4622db9523e792879dffc230611f0a972f1e8", kill_on_drop: false }`
[INFO] running `Command { std: "docker" "rm" "-f" "529ef235708ad691809b943b41e4622db9523e792879dffc230611f0a972f1e8", kill_on_drop: false }`
[INFO] [stdout] 529ef235708ad691809b943b41e4622db9523e792879dffc230611f0a972f1e8
[INFO] running `Command { std: "docker" "create" "-v" "/var/lib/crater-agent-workspace/builds/worker-5-tc2/target:/opt/rustwide/target:rw,Z" "-v" "/var/lib/crater-agent-workspace/builds/worker-5-tc2/source:/opt/rustwide/workdir:ro,Z" "-v" "/var/lib/crater-agent-workspace/cargo-home:/opt/rustwide/cargo-home:ro,Z" "-v" "/var/lib/crater-agent-workspace/rustup-home:/opt/rustwide/rustup-home:ro,Z" "-e" "SOURCE_DIR=/opt/rustwide/workdir" "-e" "CARGO_TARGET_DIR=/opt/rustwide/target" "-e" "CARGO_INCREMENTAL=0" "-e" "RUST_BACKTRACE=full" "-e" "RUSTFLAGS=--cap-lints=forbid -Zrandomize-layout" "-e" "RUSTDOCFLAGS=--cap-lints=forbid" "-e" "CARGO_HOME=/opt/rustwide/cargo-home" "-e" "RUSTUP_HOME=/opt/rustwide/rustup-home" "-w" "/opt/rustwide/workdir" "-m" "1610612736" "--user" "0:0" "--network" "none" "ghcr.io/rust-lang/crates-build-env/linux@sha256:4a844ea9eb2546a2d2c7022eacef16ef2e8229c7fbb2c7d4d55a9ceca922f72d" "/opt/rustwide/cargo-home/bin/cargo" "+nightly-2024-10-28" "test" "--frozen" "--no-run" "--message-format=json", kill_on_drop: false }`
[INFO] [stdout] ac2a550f2ce64e8c50dd74036be200793720b579688815238fb86ca4ebd75fbd
[INFO] running `Command { std: "docker" "start" "-a" "ac2a550f2ce64e8c50dd74036be200793720b579688815238fb86ca4ebd75fbd", kill_on_drop: false }`
[INFO] [stderr]    Compiling tempfile v3.13.0
[INFO] [stdout] warning: elided lifetime has a name
[INFO] [stdout]     --> src/runtime/linker.rs:1253:32
[INFO] [stdout]      |
[INFO] [stdout] 1250 |     pub fn iter<'a: 'p, 'p>(
[INFO] [stdout]      |                 -- lifetime `'a` declared here
[INFO] [stdout] ...
[INFO] [stdout] 1253 |     ) -> impl Iterator<Item = (&str, &str, Extern)> + 'p {
[INFO] [stdout]      |                                ^ this elided lifetime gets resolved as `'a`
[INFO] [stdout]      |
[INFO] [stdout]      = note: `#[warn(elided_named_lifetimes)]` on by default
[INFO] [stdout] 
[INFO] [stdout] 
[INFO] [stdout] warning: elided lifetime has a name
[INFO] [stdout]     --> src/runtime/linker.rs:1253:38
[INFO] [stdout]      |
[INFO] [stdout] 1250 |     pub fn iter<'a: 'p, 'p>(
[INFO] [stdout]      |                 -- lifetime `'a` declared here
[INFO] [stdout] ...
[INFO] [stdout] 1253 |     ) -> impl Iterator<Item = (&str, &str, Extern)> + 'p {
[INFO] [stdout]      |                                      ^ this elided lifetime gets resolved as `'a`
[INFO] [stdout] 
[INFO] [stdout] 
[INFO] [stdout] warning: elided lifetime has a name
[INFO] [stdout]    --> src/runtime/component/resources.rs:372:71
[INFO] [stdout]     |
[INFO] [stdout] 371 | impl<'a> HostResourceTables<'a> {
[INFO] [stdout]     |      -- lifetime `'a` declared here
[INFO] [stdout] 372 |     pub fn new_host(store: &'a mut StoreOpaque) -> HostResourceTables<'_> {
[INFO] [stdout]     |                                                                       ^^ this elided lifetime gets resolved as `'a`
[INFO] [stdout] 
[INFO] [stdout] 
[INFO] [stdout] warning: elided lifetime has a name
[INFO] [stdout]    --> src/runtime/component/types.rs:736:42
[INFO] [stdout]     |
[INFO] [stdout] 733 |     pub fn imports<'a>(
[INFO] [stdout]     |                    -- lifetime `'a` declared here
[INFO] [stdout] ...
[INFO] [stdout] 736 |     ) -> impl ExactSizeIterator<Item = ((&str, &str), ExternType)> + 'a {
[INFO] [stdout]     |                                          ^ this elided lifetime gets resolved as `'a`
[INFO] [stdout] 
[INFO] [stdout] 
[INFO] [stdout] warning: elided lifetime has a name
[INFO] [stdout]    --> src/runtime/component/types.rs:736:48
[INFO] [stdout]     |
[INFO] [stdout] 733 |     pub fn imports<'a>(
[INFO] [stdout]     |                    -- lifetime `'a` declared here
[INFO] [stdout] ...
[INFO] [stdout] 736 |     ) -> impl ExactSizeIterator<Item = ((&str, &str), ExternType)> + 'a {
[INFO] [stdout]     |                                                ^ this elided lifetime gets resolved as `'a`
[INFO] [stdout] 
[INFO] [stdout] 
[INFO] [stdout] warning: elided lifetime has a name
[INFO] [stdout]    --> src/runtime/component/types.rs:752:41
[INFO] [stdout]     |
[INFO] [stdout] 749 |     pub fn exports<'a>(
[INFO] [stdout]     |                    -- lifetime `'a` declared here
[INFO] [stdout] ...
[INFO] [stdout] 752 |     ) -> impl ExactSizeIterator<Item = (&str, ExternType)> + 'a {
[INFO] [stdout]     |                                         ^ this elided lifetime gets resolved as `'a`
[INFO] [stdout] 
[INFO] [stdout] 
[INFO] [stdout] warning: elided lifetime has a name
[INFO] [stdout]    --> src/runtime/component/types.rs:783:41
[INFO] [stdout]     |
[INFO] [stdout] 780 |     pub fn imports<'a>(
[INFO] [stdout]     |                    -- lifetime `'a` declared here
[INFO] [stdout] ...
[INFO] [stdout] 783 |     ) -> impl ExactSizeIterator<Item = (&str, ComponentItem)> + 'a {
[INFO] [stdout]     |                                         ^ this elided lifetime gets resolved as `'a`
[INFO] [stdout] 
[INFO] [stdout] 
[INFO] [stdout] warning: elided lifetime has a name
[INFO] [stdout]    --> src/runtime/component/types.rs:804:41
[INFO] [stdout]     |
[INFO] [stdout] 801 |     pub fn exports<'a>(
[INFO] [stdout]     |                    -- lifetime `'a` declared here
[INFO] [stdout] ...
[INFO] [stdout] 804 |     ) -> impl ExactSizeIterator<Item = (&str, ComponentItem)> + 'a {
[INFO] [stdout]     |                                         ^ this elided lifetime gets resolved as `'a`
[INFO] [stdout] 
[INFO] [stdout] 
[INFO] [stdout] warning: elided lifetime has a name
[INFO] [stdout]    --> src/runtime/component/types.rs:835:41
[INFO] [stdout]     |
[INFO] [stdout] 832 |     pub fn exports<'a>(
[INFO] [stdout]     |                    -- lifetime `'a` declared here
[INFO] [stdout] ...
[INFO] [stdout] 835 |     ) -> impl ExactSizeIterator<Item = (&str, ComponentItem)> {
[INFO] [stdout]     |                                         ^ this elided lifetime gets resolved as `'a`
[INFO] [stdout] 
[INFO] [stdout] 
[INFO] [stdout] warning: field `component` is never read
[INFO] [stdout]   --> src/runtime/component/matching.rs:18:9
[INFO] [stdout]    |
[INFO] [stdout] 16 | pub struct TypeChecker<'a> {
[INFO] [stdout]    |            ----------- field in this struct
[INFO] [stdout] 17 |     pub types: &'a Arc<ComponentTypes>,
[INFO] [stdout] 18 |     pub component: &'a wasmtime_environ::component::Component,
[INFO] [stdout]    |         ^^^^^^^^^
[INFO] [stdout]    |
[INFO] [stdout]    = note: `#[warn(dead_code)]` on by default
[INFO] [stdout] 
[INFO] [stdout] 
[INFO] [stderr]    Compiling dusk-wasmtime v21.0.0-alpha (/opt/rustwide/workdir)
[INFO] [stdout] warning: elided lifetime has a name
[INFO] [stdout]     --> src/runtime/linker.rs:1253:32
[INFO] [stdout]      |
[INFO] [stdout] 1250 |     pub fn iter<'a: 'p, 'p>(
[INFO] [stdout]      |                 -- lifetime `'a` declared here
[INFO] [stdout] ...
[INFO] [stdout] 1253 |     ) -> impl Iterator<Item = (&str, &str, Extern)> + 'p {
[INFO] [stdout]      |                                ^ this elided lifetime gets resolved as `'a`
[INFO] [stdout]      |
[INFO] [stdout]      = note: `#[warn(elided_named_lifetimes)]` on by default
[INFO] [stdout] 
[INFO] [stdout] 
[INFO] [stdout] warning: elided lifetime has a name
[INFO] [stdout]     --> src/runtime/linker.rs:1253:38
[INFO] [stdout]      |
[INFO] [stdout] 1250 |     pub fn iter<'a: 'p, 'p>(
[INFO] [stdout]      |                 -- lifetime `'a` declared here
[INFO] [stdout] ...
[INFO] [stdout] 1253 |     ) -> impl Iterator<Item = (&str, &str, Extern)> + 'p {
[INFO] [stdout]      |                                      ^ this elided lifetime gets resolved as `'a`
[INFO] [stdout] 
[INFO] [stdout] 
[INFO] [stdout] warning: elided lifetime has a name
[INFO] [stdout]    --> src/runtime/component/resources.rs:372:71
[INFO] [stdout]     |
[INFO] [stdout] 371 | impl<'a> HostResourceTables<'a> {
[INFO] [stdout]     |      -- lifetime `'a` declared here
[INFO] [stdout] 372 |     pub fn new_host(store: &'a mut StoreOpaque) -> HostResourceTables<'_> {
[INFO] [stdout]     |                                                                       ^^ this elided lifetime gets resolved as `'a`
[INFO] [stdout] 
[INFO] [stdout] 
[INFO] [stdout] warning: elided lifetime has a name
[INFO] [stdout]    --> src/runtime/component/types.rs:736:42
[INFO] [stdout]     |
[INFO] [stdout] 733 |     pub fn imports<'a>(
[INFO] [stdout]     |                    -- lifetime `'a` declared here
[INFO] [stdout] ...
[INFO] [stdout] 736 |     ) -> impl ExactSizeIterator<Item = ((&str, &str), ExternType)> + 'a {
[INFO] [stdout]     |                                          ^ this elided lifetime gets resolved as `'a`
[INFO] [stdout] 
[INFO] [stdout] 
[INFO] [stdout] warning: elided lifetime has a name
[INFO] [stdout]    --> src/runtime/component/types.rs:736:48
[INFO] [stdout]     |
[INFO] [stdout] 733 |     pub fn imports<'a>(
[INFO] [stdout]     |                    -- lifetime `'a` declared here
[INFO] [stdout] ...
[INFO] [stdout] 736 |     ) -> impl ExactSizeIterator<Item = ((&str, &str), ExternType)> + 'a {
[INFO] [stdout]     |                                                ^ this elided lifetime gets resolved as `'a`
[INFO] [stdout] 
[INFO] [stdout] 
[INFO] [stdout] warning: elided lifetime has a name
[INFO] [stdout]    --> src/runtime/component/types.rs:752:41
[INFO] [stdout]     |
[INFO] [stdout] 749 |     pub fn exports<'a>(
[INFO] [stdout]     |                    -- lifetime `'a` declared here
[INFO] [stdout] ...
[INFO] [stdout] 752 |     ) -> impl ExactSizeIterator<Item = (&str, ExternType)> + 'a {
[INFO] [stdout]     |                                         ^ this elided lifetime gets resolved as `'a`
[INFO] [stdout] 
[INFO] [stdout] 
[INFO] [stdout] warning: elided lifetime has a name
[INFO] [stdout]    --> src/runtime/component/types.rs:783:41
[INFO] [stdout]     |
[INFO] [stdout] 780 |     pub fn imports<'a>(
[INFO] [stdout]     |                    -- lifetime `'a` declared here
[INFO] [stdout] ...
[INFO] [stdout] 783 |     ) -> impl ExactSizeIterator<Item = (&str, ComponentItem)> + 'a {
[INFO] [stdout]     |                                         ^ this elided lifetime gets resolved as `'a`
[INFO] [stdout] 
[INFO] [stdout] 
[INFO] [stdout] warning: elided lifetime has a name
[INFO] [stdout]    --> src/runtime/component/types.rs:804:41
[INFO] [stdout]     |
[INFO] [stdout] 801 |     pub fn exports<'a>(
[INFO] [stdout]     |                    -- lifetime `'a` declared here
[INFO] [stdout] ...
[INFO] [stdout] 804 |     ) -> impl ExactSizeIterator<Item = (&str, ComponentItem)> + 'a {
[INFO] [stdout]     |                                         ^ this elided lifetime gets resolved as `'a`
[INFO] [stdout] 
[INFO] [stdout] 
[INFO] [stdout] warning: elided lifetime has a name
[INFO] [stdout]    --> src/runtime/component/types.rs:835:41
[INFO] [stdout]     |
[INFO] [stdout] 832 |     pub fn exports<'a>(
[INFO] [stdout]     |                    -- lifetime `'a` declared here
[INFO] [stdout] ...
[INFO] [stdout] 835 |     ) -> impl ExactSizeIterator<Item = (&str, ComponentItem)> {
[INFO] [stdout]     |                                         ^ this elided lifetime gets resolved as `'a`
[INFO] [stdout] 
[INFO] [stdout] 
[INFO] [stdout] warning: field `component` is never read
[INFO] [stdout]   --> src/runtime/component/matching.rs:18:9
[INFO] [stdout]    |
[INFO] [stdout] 16 | pub struct TypeChecker<'a> {
[INFO] [stdout]    |            ----------- field in this struct
[INFO] [stdout] 17 |     pub types: &'a Arc<ComponentTypes>,
[INFO] [stdout] 18 |     pub component: &'a wasmtime_environ::component::Component,
[INFO] [stdout]    |         ^^^^^^^^^
[INFO] [stdout]    |
[INFO] [stdout]    = note: `#[warn(dead_code)]` on by default
[INFO] [stdout] 
[INFO] [stdout] 
[INFO] [stderr]     Finished `test` profile [unoptimized + debuginfo] target(s) in 9.12s
[INFO] running `Command { std: "docker" "inspect" "ac2a550f2ce64e8c50dd74036be200793720b579688815238fb86ca4ebd75fbd", kill_on_drop: false }`
[INFO] running `Command { std: "docker" "rm" "-f" "ac2a550f2ce64e8c50dd74036be200793720b579688815238fb86ca4ebd75fbd", kill_on_drop: false }`
[INFO] [stdout] ac2a550f2ce64e8c50dd74036be200793720b579688815238fb86ca4ebd75fbd
[INFO] running `Command { std: "docker" "create" "-v" "/var/lib/crater-agent-workspace/builds/worker-5-tc2/target:/opt/rustwide/target:rw,Z" "-v" "/var/lib/crater-agent-workspace/builds/worker-5-tc2/source:/opt/rustwide/workdir:ro,Z" "-v" "/var/lib/crater-agent-workspace/cargo-home:/opt/rustwide/cargo-home:ro,Z" "-v" "/var/lib/crater-agent-workspace/rustup-home:/opt/rustwide/rustup-home:ro,Z" "-e" "SOURCE_DIR=/opt/rustwide/workdir" "-e" "CARGO_TARGET_DIR=/opt/rustwide/target" "-e" "CARGO_INCREMENTAL=0" "-e" "RUST_BACKTRACE=full" "-e" "RUSTFLAGS=--cap-lints=forbid -Zrandomize-layout" "-e" "RUSTDOCFLAGS=--cap-lints=forbid" "-e" "CARGO_HOME=/opt/rustwide/cargo-home" "-e" "RUSTUP_HOME=/opt/rustwide/rustup-home" "-w" "/opt/rustwide/workdir" "-m" "1610612736" "--user" "0:0" "--network" "none" "ghcr.io/rust-lang/crates-build-env/linux@sha256:4a844ea9eb2546a2d2c7022eacef16ef2e8229c7fbb2c7d4d55a9ceca922f72d" "/opt/rustwide/cargo-home/bin/cargo" "+nightly-2024-10-28" "test" "--frozen", kill_on_drop: false }`
[INFO] [stdout] 5c96f22b055d4d4862ded06cb0ee597cc10829d40dabec6f90bc57aacd11c49a
[INFO] running `Command { std: "docker" "start" "-a" "5c96f22b055d4d4862ded06cb0ee597cc10829d40dabec6f90bc57aacd11c49a", kill_on_drop: false }`
[INFO] [stderr] warning: elided lifetime has a name
[INFO] [stderr]     --> src/runtime/linker.rs:1253:32
[INFO] [stderr]      |
[INFO] [stderr] 1250 |     pub fn iter<'a: 'p, 'p>(
[INFO] [stderr]      |                 -- lifetime `'a` declared here
[INFO] [stderr] ...
[INFO] [stderr] 1253 |     ) -> impl Iterator<Item = (&str, &str, Extern)> + 'p {
[INFO] [stderr]      |                                ^ this elided lifetime gets resolved as `'a`
[INFO] [stderr]      |
[INFO] [stderr]      = note: `#[warn(elided_named_lifetimes)]` on by default
[INFO] [stderr] 
[INFO] [stderr] warning: elided lifetime has a name
[INFO] [stderr]     --> src/runtime/linker.rs:1253:38
[INFO] [stderr]      |
[INFO] [stderr] 1250 |     pub fn iter<'a: 'p, 'p>(
[INFO] [stderr]      |                 -- lifetime `'a` declared here
[INFO] [stderr] ...
[INFO] [stderr] 1253 |     ) -> impl Iterator<Item = (&str, &str, Extern)> + 'p {
[INFO] [stderr]      |                                      ^ this elided lifetime gets resolved as `'a`
[INFO] [stderr] 
[INFO] [stderr] warning: elided lifetime has a name
[INFO] [stderr]    --> src/runtime/component/resources.rs:372:71
[INFO] [stderr]     |
[INFO] [stderr] 371 | impl<'a> HostResourceTables<'a> {
[INFO] [stderr]     |      -- lifetime `'a` declared here
[INFO] [stderr] 372 |     pub fn new_host(store: &'a mut StoreOpaque) -> HostResourceTables<'_> {
[INFO] [stderr]     |                                                                       ^^ this elided lifetime gets resolved as `'a`
[INFO] [stderr] 
[INFO] [stderr] warning: elided lifetime has a name
[INFO] [stderr]    --> src/runtime/component/types.rs:736:42
[INFO] [stderr]     |
[INFO] [stderr] 733 |     pub fn imports<'a>(
[INFO] [stderr]     |                    -- lifetime `'a` declared here
[INFO] [stderr] ...
[INFO] [stderr] 736 |     ) -> impl ExactSizeIterator<Item = ((&str, &str), ExternType)> + 'a {
[INFO] [stderr]     |                                          ^ this elided lifetime gets resolved as `'a`
[INFO] [stderr] 
[INFO] [stderr] warning: elided lifetime has a name
[INFO] [stderr]    --> src/runtime/component/types.rs:736:48
[INFO] [stderr]     |
[INFO] [stderr] 733 |     pub fn imports<'a>(
[INFO] [stderr]     |                    -- lifetime `'a` declared here
[INFO] [stderr] ...
[INFO] [stderr] 736 |     ) -> impl ExactSizeIterator<Item = ((&str, &str), ExternType)> + 'a {
[INFO] [stderr]     |                                                ^ this elided lifetime gets resolved as `'a`
[INFO] [stderr] 
[INFO] [stderr] warning: elided lifetime has a name
[INFO] [stderr]    --> src/runtime/component/types.rs:752:41
[INFO] [stderr]     |
[INFO] [stderr] 749 |     pub fn exports<'a>(
[INFO] [stderr]     |                    -- lifetime `'a` declared here
[INFO] [stderr] ...
[INFO] [stderr] 752 |     ) -> impl ExactSizeIterator<Item = (&str, ExternType)> + 'a {
[INFO] [stderr]     |                                         ^ this elided lifetime gets resolved as `'a`
[INFO] [stderr] 
[INFO] [stderr] warning: elided lifetime has a name
[INFO] [stderr]    --> src/runtime/component/types.rs:783:41
[INFO] [stderr]     |
[INFO] [stderr] 780 |     pub fn imports<'a>(
[INFO] [stderr]     |                    -- lifetime `'a` declared here
[INFO] [stderr] ...
[INFO] [stderr] 783 |     ) -> impl ExactSizeIterator<Item = (&str, ComponentItem)> + 'a {
[INFO] [stderr]     |                                         ^ this elided lifetime gets resolved as `'a`
[INFO] [stderr] 
[INFO] [stderr] warning: elided lifetime has a name
[INFO] [stderr]    --> src/runtime/component/types.rs:804:41
[INFO] [stderr]     |
[INFO] [stderr] 801 |     pub fn exports<'a>(
[INFO] [stderr]     |                    -- lifetime `'a` declared here
[INFO] [stderr] ...
[INFO] [stderr] 804 |     ) -> impl ExactSizeIterator<Item = (&str, ComponentItem)> + 'a {
[INFO] [stderr]     |                                         ^ this elided lifetime gets resolved as `'a`
[INFO] [stderr] 
[INFO] [stderr] warning: elided lifetime has a name
[INFO] [stderr]    --> src/runtime/component/types.rs:835:41
[INFO] [stderr]     |
[INFO] [stderr] 832 |     pub fn exports<'a>(
[INFO] [stderr]     |                    -- lifetime `'a` declared here
[INFO] [stderr] ...
[INFO] [stderr] 835 |     ) -> impl ExactSizeIterator<Item = (&str, ComponentItem)> {
[INFO] [stderr]     |                                         ^ this elided lifetime gets resolved as `'a`
[INFO] [stderr] 
[INFO] [stderr] warning: field `component` is never read
[INFO] [stderr]   --> src/runtime/component/matching.rs:18:9
[INFO] [stderr]    |
[INFO] [stderr] 16 | pub struct TypeChecker<'a> {
[INFO] [stderr]    |            ----------- field in this struct
[INFO] [stderr] 17 |     pub types: &'a Arc<ComponentTypes>,
[INFO] [stderr] 18 |     pub component: &'a wasmtime_environ::component::Component,
[INFO] [stderr]    |         ^^^^^^^^^
[INFO] [stderr]    |
[INFO] [stderr]    = note: `#[warn(dead_code)]` on by default
[INFO] [stderr] 
[INFO] [stderr] warning: `dusk-wasmtime` (lib) generated 10 warnings
[INFO] [stderr] warning: `dusk-wasmtime` (lib test) generated 10 warnings (10 duplicates)
[INFO] [stderr]     Finished `test` profile [unoptimized + debuginfo] target(s) in 0.09s
[INFO] [stderr]      Running unittests src/lib.rs (/opt/rustwide/target/debug/deps/dusk_wasmtime-8046f1350cd770dc)
[INFO] [stdout] 
[INFO] [stdout] running 31 tests
[INFO] [stdout] test engine::serialization::test::engine_weak_upgrades ... ok
[INFO] [stdout] test engine::serialization::test::test_architecture_mismatch ... ok
[INFO] [stdout] test engine::serialization::test::precompile_compatibility_key_accounts_for_module_version_strategy ... ok
[INFO] [stdout] test engine::serialization::test::precompile_compatibility_key_accounts_for_opt_level ... ok
[INFO] [stdout] test engine::serialization::test::components_are_cached ... ok
[INFO] [stdout] test runtime::component::component::tests::cow_on_by_default ... ok
[INFO] [stdout] test runtime::component::linker::tests::alternate_lookup_key ... ok
[INFO] [stdout] test runtime::component::resource_table::test_free_list ... ok
[INFO] [stdout] test runtime::externals::global::tests::hash_key_is_stable_across_duplicate_store_data_entries ... ok
[INFO] [stdout] test runtime::externals::table::tests::hash_key_is_stable_across_duplicate_store_data_entries ... ok
[INFO] [stdout] test runtime::func::tests::hash_key_is_stable_across_duplicate_store_data_entries ... ok
[INFO] [stdout] test engine::serialization::test::cache_accounts_for_opt_level ... ok
[INFO] [stdout] test runtime::memory::tests::hash_key_is_stable_across_duplicate_store_data_entries ... ok
[INFO] [stdout] test runtime::memory::tests::respect_tunables ... ok
[INFO] [stdout] test runtime::module::registry::test_frame_info ... ok
[INFO] [stdout] test runtime::module::tests::cow_on_by_default ... ok
[INFO] [stdout] test runtime::store::tests::does_not_lose_precision ... ok
[INFO] [stdout] test runtime::store::tests::refueling ... ok
[INFO] [stdout] test runtime::store::tests::smoke ... ok
[INFO] [stdout] test runtime::store::tests::yielding_does_not_lose_precision ... ok
[INFO] [stdout] test engine::serialization::test::test_cranelift_flags_mismatch ... ok
[INFO] [stdout] test engine::serialization::test::test_os_mismatch ... ok
[INFO] [stdout] test engine::serialization::test::test_isa_flags_mismatch ... ok
[INFO] [stdout] test engine::serialization::test::test_tunables_int_mismatch ... ok
[INFO] [stdout] test runtime::values::tests::size_of_val ... ok
[INFO] [stdout] test runtime::gc::enabled::rooting::tests::sizes ... FAILED
[INFO] [stdout] test engine::serialization::test::test_tunables_bool_mismatch ... ok
[INFO] [stdout] test runtime::values::tests::ref_matches_ty_wrong_engine - should panic ... ok
[INFO] [stdout] test runtime::values::tests::size_of_ref ... FAILED
[INFO] [stdout] test engine::serialization::test::test_feature_mismatch ... ok
[INFO] [stdout] test runtime::values::tests::val_matches_ty_wrong_engine - should panic ... ok
[INFO] [stdout] 
[INFO] [stdout] failures:
[INFO] [stdout] 
[INFO] [stdout] ---- runtime::gc::enabled::rooting::tests::sizes stdout ----
[INFO] [stdout] thread 'runtime::gc::enabled::rooting::tests::sizes' panicked at src/runtime/gc/enabled/rooting.rs:1540:9:
[INFO] [stdout] assertion `left == right` failed
[INFO] [stdout]   left: 24
[INFO] [stdout]  right: 16
[INFO] [stdout] stack backtrace:
[INFO] [stdout]    0:     0x59861a63911a - std::backtrace_rs::backtrace::libunwind::trace::h207520d6e9873551
[INFO] [stdout]                                at /rustc/df4ca44d3fbc9301ee17f30f4d474e6ae4b05252/library/std/src/../../backtrace/src/backtrace/libunwind.rs:116:5
[INFO] [stdout]    1:     0x59861a63911a - std::backtrace_rs::backtrace::trace_unsynchronized::h2ed7433f370e3eca
[INFO] [stdout]                                at /rustc/df4ca44d3fbc9301ee17f30f4d474e6ae4b05252/library/std/src/../../backtrace/src/backtrace/mod.rs:66:5
[INFO] [stdout]    2:     0x59861a63911a - std::sys::backtrace::_print_fmt::h916fac51166b18d7
[INFO] [stdout]                                at /rustc/df4ca44d3fbc9301ee17f30f4d474e6ae4b05252/library/std/src/sys/backtrace.rs:66:9
[INFO] [stdout]    3:     0x59861a63911a - <std::sys::backtrace::BacktraceLock::print::DisplayBacktrace as core::fmt::Display>::fmt::ha0a4c9b8ce3802e6
[INFO] [stdout]                                at /rustc/df4ca44d3fbc9301ee17f30f4d474e6ae4b05252/library/std/src/sys/backtrace.rs:39:26
[INFO] [stdout]    4:     0x59861a664be3 - core::fmt::rt::Argument::fmt::h4cfc8587d52b3eb5
[INFO] [stdout]                                at /rustc/df4ca44d3fbc9301ee17f30f4d474e6ae4b05252/library/core/src/fmt/rt.rs:177:76
[INFO] [stdout]    5:     0x59861a664be3 - core::fmt::write::h522cc39e5b36ae9f
[INFO] [stdout]                                at /rustc/df4ca44d3fbc9301ee17f30f4d474e6ae4b05252/library/core/src/fmt/mod.rs:1190:21
[INFO] [stdout]    6:     0x59861a635043 - std::io::Write::write_fmt::h7d3c26752da97734
[INFO] [stdout]                                at /rustc/df4ca44d3fbc9301ee17f30f4d474e6ae4b05252/library/std/src/io/mod.rs:1839:15
[INFO] [stdout]    7:     0x59861a638f62 - std::sys::backtrace::BacktraceLock::print::h4b9e00b29e9c0942
[INFO] [stdout]                                at /rustc/df4ca44d3fbc9301ee17f30f4d474e6ae4b05252/library/std/src/sys/backtrace.rs:42:9
[INFO] [stdout]    8:     0x59861a63a5aa - std::panicking::default_hook::{{closure}}::hb59b88280d0324d9
[INFO] [stdout]                                at /rustc/df4ca44d3fbc9301ee17f30f4d474e6ae4b05252/library/std/src/panicking.rs:268:22
[INFO] [stdout]    9:     0x59861a63a3b4 - std::panicking::default_hook::he1dd496665be4a29
[INFO] [stdout]                                at /rustc/df4ca44d3fbc9301ee17f30f4d474e6ae4b05252/library/std/src/panicking.rs:292:9
[INFO] [stdout]   10:     0x598619d4dc89 - <alloc::boxed::Box<F,A> as core::ops::function::Fn<Args>>::call::h4ff71de18744e1dc
[INFO] [stdout]                                at /rustc/df4ca44d3fbc9301ee17f30f4d474e6ae4b05252/library/alloc/src/boxed.rs:2468:9
[INFO] [stdout]   11:     0x598619d4dc89 - test::test_main::{{closure}}::hcf7c055ce117aa81
[INFO] [stdout]                                at /rustc/df4ca44d3fbc9301ee17f30f4d474e6ae4b05252/library/test/src/lib.rs:133:21
[INFO] [stdout]   12:     0x59861a63aca8 - <alloc::boxed::Box<F,A> as core::ops::function::Fn<Args>>::call::h1d66c6bbd60c9692
[INFO] [stdout]                                at /rustc/df4ca44d3fbc9301ee17f30f4d474e6ae4b05252/library/alloc/src/boxed.rs:2468:9
[INFO] [stdout]   13:     0x59861a63aca8 - std::panicking::rust_panic_with_hook::h2ff17fe8f26dfcf8
[INFO] [stdout]                                at /rustc/df4ca44d3fbc9301ee17f30f4d474e6ae4b05252/library/std/src/panicking.rs:809:13
[INFO] [stdout]   14:     0x59861a63aa6a - std::panicking::begin_panic_handler::{{closure}}::h4fad77951c07e101
[INFO] [stdout]                                at /rustc/df4ca44d3fbc9301ee17f30f4d474e6ae4b05252/library/std/src/panicking.rs:674:13
[INFO] [stdout]   15:     0x59861a6395f9 - std::sys::backtrace::__rust_end_short_backtrace::hb1a25b3da5d0ea08
[INFO] [stdout]                                at /rustc/df4ca44d3fbc9301ee17f30f4d474e6ae4b05252/library/std/src/sys/backtrace.rs:170:18
[INFO] [stdout]   16:     0x59861a63a6fc - rust_begin_unwind
[INFO] [stdout]                                at /rustc/df4ca44d3fbc9301ee17f30f4d474e6ae4b05252/library/std/src/panicking.rs:665:5
[INFO] [stdout]   17:     0x59861a662040 - core::panicking::panic_fmt::ha9db07b529f9b256
[INFO] [stdout]                                at /rustc/df4ca44d3fbc9301ee17f30f4d474e6ae4b05252/library/core/src/panicking.rs:75:14
[INFO] [stdout]   18:     0x59861a6624a5 - core::panicking::assert_failed_inner::h04f38944d74a80a8
[INFO] [stdout]   19:     0x598619d0b54e - core::panicking::assert_failed::h716b36dea9fdb774
[INFO] [stdout]                                at /rustc/df4ca44d3fbc9301ee17f30f4d474e6ae4b05252/library/core/src/panicking.rs:377:5
[INFO] [stdout]   20:     0x59861943c918 - dusk_wasmtime::runtime::gc::enabled::rooting::tests::sizes::h0eb36bf1deed8429
[INFO] [stdout]                                at /opt/rustwide/workdir/src/runtime/gc/enabled/rooting.rs:1540:9
[INFO] [stdout]   21:     0x59861943c897 - dusk_wasmtime::runtime::gc::enabled::rooting::tests::sizes::{{closure}}::h50243afc1b0da8ba
[INFO] [stdout]                                at /opt/rustwide/workdir/src/runtime/gc/enabled/rooting.rs:1537:15
[INFO] [stdout]   22:     0x59861926ee66 - core::ops::function::FnOnce::call_once::h4b64849a8fc616ec
[INFO] [stdout]                                at /rustc/df4ca44d3fbc9301ee17f30f4d474e6ae4b05252/library/core/src/ops/function.rs:250:5
[INFO] [stdout]   23:     0x598619d5255b - core::ops::function::FnOnce::call_once::h22c3ba5715e93f05
[INFO] [stdout]                                at /rustc/df4ca44d3fbc9301ee17f30f4d474e6ae4b05252/library/core/src/ops/function.rs:250:5
[INFO] [stdout]   24:     0x598619d5255b - test::__rust_begin_short_backtrace::h8e82d8113d0da17f
[INFO] [stdout]                                at /rustc/df4ca44d3fbc9301ee17f30f4d474e6ae4b05252/library/test/src/lib.rs:621:18
[INFO] [stdout]   25:     0x598619d51ed7 - test::run_test_in_process::{{closure}}::h33235f4f20b7b7c7
[INFO] [stdout]                                at /rustc/df4ca44d3fbc9301ee17f30f4d474e6ae4b05252/library/test/src/lib.rs:644:60
[INFO] [stdout]   26:     0x598619d51ed7 - <core::panic::unwind_safe::AssertUnwindSafe<F> as core::ops::function::FnOnce<()>>::call_once::hb5043206310c586f
[INFO] [stdout]                                at /rustc/df4ca44d3fbc9301ee17f30f4d474e6ae4b05252/library/core/src/panic/unwind_safe.rs:272:9
[INFO] [stdout]   27:     0x598619d51ed7 - std::panicking::try::do_call::h9ad4731a60ab23e2
[INFO] [stdout]                                at /rustc/df4ca44d3fbc9301ee17f30f4d474e6ae4b05252/library/std/src/panicking.rs:557:40
[INFO] [stdout]   28:     0x598619d51ed7 - std::panicking::try::h3824d23db772a716
[INFO] [stdout]                                at /rustc/df4ca44d3fbc9301ee17f30f4d474e6ae4b05252/library/std/src/panicking.rs:520:19
[INFO] [stdout]   29:     0x598619d51ed7 - std::panic::catch_unwind::h5afd514605fde46b
[INFO] [stdout]                                at /rustc/df4ca44d3fbc9301ee17f30f4d474e6ae4b05252/library/std/src/panic.rs:358:14
[INFO] [stdout]   30:     0x598619d51ed7 - test::run_test_in_process::h0d5cbfa7067d1720
[INFO] [stdout]                                at /rustc/df4ca44d3fbc9301ee17f30f4d474e6ae4b05252/library/test/src/lib.rs:644:27
[INFO] [stdout]   31:     0x598619d51ed7 - test::run_test::{{closure}}::h708eb8872708115d
[INFO] [stdout]                                at /rustc/df4ca44d3fbc9301ee17f30f4d474e6ae4b05252/library/test/src/lib.rs:565:43
[INFO] [stdout]   32:     0x598619d155f4 - test::run_test::{{closure}}::h392c51cee94713ab
[INFO] [stdout]                                at /rustc/df4ca44d3fbc9301ee17f30f4d474e6ae4b05252/library/test/src/lib.rs:595:41
[INFO] [stdout]   33:     0x598619d155f4 - std::sys::backtrace::__rust_begin_short_backtrace::h2f40290710935a8b
[INFO] [stdout]                                at /rustc/df4ca44d3fbc9301ee17f30f4d474e6ae4b05252/library/std/src/sys/backtrace.rs:154:18
[INFO] [stdout]   34:     0x598619d18d9e - std::thread::Builder::spawn_unchecked_::{{closure}}::{{closure}}::h3fd968d89053a903
[INFO] [stdout]                                at /rustc/df4ca44d3fbc9301ee17f30f4d474e6ae4b05252/library/std/src/thread/mod.rs:541:17
[INFO] [stdout]   35:     0x598619d18d9e - <core::panic::unwind_safe::AssertUnwindSafe<F> as core::ops::function::FnOnce<()>>::call_once::h743f637ba4229880
[INFO] [stdout]                                at /rustc/df4ca44d3fbc9301ee17f30f4d474e6ae4b05252/library/core/src/panic/unwind_safe.rs:272:9
[INFO] [stdout]   36:     0x598619d18d9e - std::panicking::try::do_call::h07440897322525a6
[INFO] [stdout]                                at /rustc/df4ca44d3fbc9301ee17f30f4d474e6ae4b05252/library/std/src/panicking.rs:557:40
[INFO] [stdout]   37:     0x598619d18d9e - std::panicking::try::he5a2e00188156637
[INFO] [stdout]                                at /rustc/df4ca44d3fbc9301ee17f30f4d474e6ae4b05252/library/std/src/panicking.rs:520:19
[INFO] [stdout]   38:     0x598619d18d9e - std::panic::catch_unwind::hbaf3cae49b3c6433
[INFO] [stdout]                                at /rustc/df4ca44d3fbc9301ee17f30f4d474e6ae4b05252/library/std/src/panic.rs:358:14
[INFO] [stdout]   39:     0x598619d18d9e - std::thread::Builder::spawn_unchecked_::{{closure}}::h8e141ea224820bce
[INFO] [stdout]                                at /rustc/df4ca44d3fbc9301ee17f30f4d474e6ae4b05252/library/std/src/thread/mod.rs:540:30
[INFO] [stdout]   40:     0x598619d18d9e - core::ops::function::FnOnce::call_once{{vtable.shim}}::h90d312fedd7b8ea8
[INFO] [stdout]                                at /rustc/df4ca44d3fbc9301ee17f30f4d474e6ae4b05252/library/core/src/ops/function.rs:250:5
[INFO] [stdout]   41:     0x59861a63fc4b - <alloc::boxed::Box<F,A> as core::ops::function::FnOnce<Args>>::call_once::h69aa08ddb6adb8b6
[INFO] [stdout]                                at /rustc/df4ca44d3fbc9301ee17f30f4d474e6ae4b05252/library/alloc/src/boxed.rs:2454:9
[INFO] [stdout]   42:     0x59861a63fc4b - <alloc::boxed::Box<F,A> as core::ops::function::FnOnce<Args>>::call_once::h5aa36efdb79c806f
[INFO] [stdout]                                at /rustc/df4ca44d3fbc9301ee17f30f4d474e6ae4b05252/library/alloc/src/boxed.rs:2454:9
[INFO] [stdout]   43:     0x59861a63fc4b - std::sys::pal::unix::thread::Thread::new::thread_start::h6cd80a1b4be5158d
[INFO] [stdout]                                at /rustc/df4ca44d3fbc9301ee17f30f4d474e6ae4b05252/library/std/src/sys/pal/unix/thread.rs:105:17
[INFO] [stdout]   44:     0x7f25d0957ac3 - <unknown>
[INFO] [stdout]   45:     0x7f25d09e8a04 - clone
[INFO] [stdout]   46:                0x0 - <unknown>
[INFO] [stdout] 
[INFO] [stdout] ---- runtime::values::tests::size_of_ref stdout ----
[INFO] [stdout] thread 'runtime::values::tests::size_of_ref' panicked at src/runtime/values.rs:908:9:
[INFO] [stdout] assertion `left == right` failed
[INFO] [stdout]   left: 32
[INFO] [stdout]  right: 24
[INFO] [stdout] stack backtrace:
[INFO] [stdout]    0:     0x59861a63911a - std::backtrace_rs::backtrace::libunwind::trace::h207520d6e9873551
[INFO] [stdout]                                at /rustc/df4ca44d3fbc9301ee17f30f4d474e6ae4b05252/library/std/src/../../backtrace/src/backtrace/libunwind.rs:116:5
[INFO] [stdout]    1:     0x59861a63911a - std::backtrace_rs::backtrace::trace_unsynchronized::h2ed7433f370e3eca
[INFO] [stdout]                                at /rustc/df4ca44d3fbc9301ee17f30f4d474e6ae4b05252/library/std/src/../../backtrace/src/backtrace/mod.rs:66:5
[INFO] [stdout]    2:     0x59861a63911a - std::sys::backtrace::_print_fmt::h916fac51166b18d7
[INFO] [stdout]                                at /rustc/df4ca44d3fbc9301ee17f30f4d474e6ae4b05252/library/std/src/sys/backtrace.rs:66:9
[INFO] [stdout]    3:     0x59861a63911a - <std::sys::backtrace::BacktraceLock::print::DisplayBacktrace as core::fmt::Display>::fmt::ha0a4c9b8ce3802e6
[INFO] [stdout]                                at /rustc/df4ca44d3fbc9301ee17f30f4d474e6ae4b05252/library/std/src/sys/backtrace.rs:39:26
[INFO] [stdout]    4:     0x59861a664be3 - core::fmt::rt::Argument::fmt::h4cfc8587d52b3eb5
[INFO] [stdout]                                at /rustc/df4ca44d3fbc9301ee17f30f4d474e6ae4b05252/library/core/src/fmt/rt.rs:177:76
[INFO] [stdout]    5:     0x59861a664be3 - core::fmt::write::h522cc39e5b36ae9f
[INFO] [stdout]                                at /rustc/df4ca44d3fbc9301ee17f30f4d474e6ae4b05252/library/core/src/fmt/mod.rs:1190:21
[INFO] [stdout]    6:     0x59861a635043 - std::io::Write::write_fmt::h7d3c26752da97734
[INFO] [stdout]                                at /rustc/df4ca44d3fbc9301ee17f30f4d474e6ae4b05252/library/std/src/io/mod.rs:1839:15
[INFO] [stdout]    7:     0x59861a638f62 - std::sys::backtrace::BacktraceLock::print::h4b9e00b29e9c0942
[INFO] [stdout]                                at /rustc/df4ca44d3fbc9301ee17f30f4d474e6ae4b05252/library/std/src/sys/backtrace.rs:42:9
[INFO] [stdout]    8:     0x59861a63a5aa - std::panicking::default_hook::{{closure}}::hb59b88280d0324d9
[INFO] [stdout]                                at /rustc/df4ca44d3fbc9301ee17f30f4d474e6ae4b05252/library/std/src/panicking.rs:268:22
[INFO] [stdout]    9:     0x59861a63a3b4 - std::panicking::default_hook::he1dd496665be4a29
[INFO] [stdout]                                at /rustc/df4ca44d3fbc9301ee17f30f4d474e6ae4b05252/library/std/src/panicking.rs:292:9
[INFO] [stdout]   10:     0x598619d4dc89 - <alloc::boxed::Box<F,A> as core::ops::function::Fn<Args>>::call::h4ff71de18744e1dc
[INFO] [stdout]                                at /rustc/df4ca44d3fbc9301ee17f30f4d474e6ae4b05252/library/alloc/src/boxed.rs:2468:9
[INFO] [stdout]   11:     0x598619d4dc89 - test::test_main::{{closure}}::hcf7c055ce117aa81
[INFO] [stdout]                                at /rustc/df4ca44d3fbc9301ee17f30f4d474e6ae4b05252/library/test/src/lib.rs:133:21
[INFO] [stdout]   12:     0x59861a63aca8 - <alloc::boxed::Box<F,A> as core::ops::function::Fn<Args>>::call::h1d66c6bbd60c9692
[INFO] [stdout]                                at /rustc/df4ca44d3fbc9301ee17f30f4d474e6ae4b05252/library/alloc/src/boxed.rs:2468:9
[INFO] [stdout]   13:     0x59861a63aca8 - std::panicking::rust_panic_with_hook::h2ff17fe8f26dfcf8
[INFO] [stdout]                                at /rustc/df4ca44d3fbc9301ee17f30f4d474e6ae4b05252/library/std/src/panicking.rs:809:13
[INFO] [stdout]   14:     0x59861a63aa6a - std::panicking::begin_panic_handler::{{closure}}::h4fad77951c07e101
[INFO] [stdout]                                at /rustc/df4ca44d3fbc9301ee17f30f4d474e6ae4b05252/library/std/src/panicking.rs:674:13
[INFO] [stdout]   15:     0x59861a6395f9 - std::sys::backtrace::__rust_end_short_backtrace::hb1a25b3da5d0ea08
[INFO] [stdout]                                at /rustc/df4ca44d3fbc9301ee17f30f4d474e6ae4b05252/library/std/src/sys/backtrace.rs:170:18
[INFO] [stdout]   16:     0x59861a63a6fc - rust_begin_unwind
[INFO] [stdout]                                at /rustc/df4ca44d3fbc9301ee17f30f4d474e6ae4b05252/library/std/src/panicking.rs:665:5
[INFO] [stdout]   17:     0x59861a662040 - core::panicking::panic_fmt::ha9db07b529f9b256
[INFO] [stdout]                                at /rustc/df4ca44d3fbc9301ee17f30f4d474e6ae4b05252/library/core/src/panicking.rs:75:14
[INFO] [stdout]   18:     0x59861a6624a5 - core::panicking::assert_failed_inner::h04f38944d74a80a8
[INFO] [stdout]   19:     0x598619d0b54e - core::panicking::assert_failed::h716b36dea9fdb774
[INFO] [stdout]                                at /rustc/df4ca44d3fbc9301ee17f30f4d474e6ae4b05252/library/core/src/panicking.rs:377:5
[INFO] [stdout]   20:     0x598619211f92 - dusk_wasmtime::runtime::values::tests::size_of_ref::h2add046666f965a6
[INFO] [stdout]                                at /opt/rustwide/workdir/src/runtime/values.rs:908:9
[INFO] [stdout]   21:     0x598619211f17 - dusk_wasmtime::runtime::values::tests::size_of_ref::{{closure}}::h356330988ce17679
[INFO] [stdout]                                at /opt/rustwide/workdir/src/runtime/values.rs:905:21
[INFO] [stdout]   22:     0x59861926fda6 - core::ops::function::FnOnce::call_once::ha77f0feb667875b3
[INFO] [stdout]                                at /rustc/df4ca44d3fbc9301ee17f30f4d474e6ae4b05252/library/core/src/ops/function.rs:250:5
[INFO] [stdout]   23:     0x598619d5255b - core::ops::function::FnOnce::call_once::h22c3ba5715e93f05
[INFO] [stdout]                                at /rustc/df4ca44d3fbc9301ee17f30f4d474e6ae4b05252/library/core/src/ops/function.rs:250:5
[INFO] [stdout]   24:     0x598619d5255b - test::__rust_begin_short_backtrace::h8e82d8113d0da17f
[INFO] [stdout]                                at /rustc/df4ca44d3fbc9301ee17f30f4d474e6ae4b05252/library/test/src/lib.rs:621:18
[INFO] [stdout]   25:     0x598619d51ed7 - test::run_test_in_process::{{closure}}::h33235f4f20b7b7c7
[INFO] [stdout]                                at /rustc/df4ca44d3fbc9301ee17f30f4d474e6ae4b05252/library/test/src/lib.rs:644:60
[INFO] [stdout]   26:     0x598619d51ed7 - <core::panic::unwind_safe::AssertUnwindSafe<F> as core::ops::function::FnOnce<()>>::call_once::hb5043206310c586f
[INFO] [stdout]                                at /rustc/df4ca44d3fbc9301ee17f30f4d474e6ae4b05252/library/core/src/panic/unwind_safe.rs:272:9
[INFO] [stdout]   27:     0x598619d51ed7 - std::panicking::try::do_call::h9ad4731a60ab23e2
[INFO] [stdout]                                at /rustc/df4ca44d3fbc9301ee17f30f4d474e6ae4b05252/library/std/src/panicking.rs:557:40
[INFO] [stdout]   28:     0x598619d51ed7 - std::panicking::try::h3824d23db772a716
[INFO] [stdout]                                at /rustc/df4ca44d3fbc9301ee17f30f4d474e6ae4b05252/library/std/src/panicking.rs:520:19
[INFO] [stdout]   29:     0x598619d51ed7 - std::panic::catch_unwind::h5afd514605fde46b
[INFO] [stdout]                                at /rustc/df4ca44d3fbc9301ee17f30f4d474e6ae4b05252/library/std/src/panic.rs:358:14
[INFO] [stdout]   30:     0x598619d51ed7 - test::run_test_in_process::h0d5cbfa7067d1720
[INFO] [stdout]                                at /rustc/df4ca44d3fbc9301ee17f30f4d474e6ae4b05252/library/test/src/lib.rs:644:27
[INFO] [stdout]   31:     0x598619d51ed7 - test::run_test::{{closure}}::h708eb8872708115d
[INFO] [stdout]                                at /rustc/df4ca44d3fbc9301ee17f30f4d474e6ae4b05252/library/test/src/lib.rs:565:43
[INFO] [stdout]   32:     0x598619d155f4 - test::run_test::{{closure}}::h392c51cee94713ab
[INFO] [stdout]                                at /rustc/df4ca44d3fbc9301ee17f30f4d474e6ae4b05252/library/test/src/lib.rs:595:41
[INFO] [stdout]   33:     0x598619d155f4 - std::sys::backtrace::__rust_begin_short_backtrace::h2f40290710935a8b
[INFO] [stdout]                                at /rustc/df4ca44d3fbc9301ee17f30f4d474e6ae4b05252/library/std/src/sys/backtrace.rs:154:18
[INFO] [stdout]   34:     0x598619d18d9e - std::thread::Builder::spawn_unchecked_::{{closure}}::{{closure}}::h3fd968d89053a903
[INFO] [stdout]                                at /rustc/df4ca44d3fbc9301ee17f30f4d474e6ae4b05252/library/std/src/thread/mod.rs:541:17
[INFO] [stdout]   35:     0x598619d18d9e - <core::panic::unwind_safe::AssertUnwindSafe<F> as core::ops::function::FnOnce<()>>::call_once::h743f637ba4229880
[INFO] [stdout]                                at /rustc/df4ca44d3fbc9301ee17f30f4d474e6ae4b05252/library/core/src/panic/unwind_safe.rs:272:9
[INFO] [stdout]   36:     0x598619d18d9e - std::panicking::try::do_call::h07440897322525a6
[INFO] [stdout]                                at /rustc/df4ca44d3fbc9301ee17f30f4d474e6ae4b05252/library/std/src/panicking.rs:557:40
[INFO] [stdout]   37:     0x598619d18d9e - std::panicking::try::he5a2e00188156637
[INFO] [stdout]                                at /rustc/df4ca44d3fbc9301ee17f30f4d474e6ae4b05252/library/std/src/panicking.rs:520:19
[INFO] [stdout]   38:     0x598619d18d9e - std::panic::catch_unwind::hbaf3cae49b3c6433
[INFO] [stdout]                                at /rustc/df4ca44d3fbc9301ee17f30f4d474e6ae4b05252/library/std/src/panic.rs:358:14
[INFO] [stdout]   39:     0x598619d18d9e - std::thread::Builder::spawn_unchecked_::{{closure}}::h8e141ea224820bce
[INFO] [stdout]                                at /rustc/df4ca44d3fbc9301ee17f30f4d474e6ae4b05252/library/std/src/thread/mod.rs:540:30
[INFO] [stdout]   40:     0x598619d18d9e - core::ops::function::FnOnce::call_once{{vtable.shim}}::h90d312fedd7b8ea8
[INFO] [stdout]                                at /rustc/df4ca44d3fbc9301ee17f30f4d474e6ae4b05252/library/core/src/ops/function.rs:250:5
[INFO] [stdout]   41:     0x59861a63fc4b - <alloc::boxed::Box<F,A> as core::ops::function::FnOnce<Args>>::call_once::h69aa08ddb6adb8b6
[INFO] [stdout]                                at /rustc/df4ca44d3fbc9301ee17f30f4d474e6ae4b05252/library/alloc/src/boxed.rs:2454:9
[INFO] [stdout]   42:     0x59861a63fc4b - <alloc::boxed::Box<F,A> as core::ops::function::FnOnce<Args>>::call_once::h5aa36efdb79c806f
[INFO] [stdout]                                at /rustc/df4ca44d3fbc9301ee17f30f4d474e6ae4b05252/library/alloc/src/boxed.rs:2454:9
[INFO] [stdout]   43:     0x59861a63fc4b - std::sys::pal::unix::thread::Thread::new::thread_start::h6cd80a1b4be5158d
[INFO] [stdout]                                at /rustc/df4ca44d3fbc9301ee17f30f4d474e6ae4b05252/library/std/src/sys/pal/unix/thread.rs:105:17
[INFO] [stdout]   44:     0x7f25d0957ac3 - <unknown>
[INFO] [stdout]   45:     0x7f25d09e8a04 - clone
[INFO] [stdout]   46:                0x0 - <unknown>
[INFO] [stdout] 
[INFO] [stdout] 
[INFO] [stdout] failures:
[INFO] [stdout]     runtime::gc::enabled::rooting::tests::sizes
[INFO] [stdout]     runtime::values::tests::size_of_ref
[INFO] [stdout] 
[INFO] [stdout] test result: FAILED. 29 passed; 2 failed; 0 ignored; 0 measured; 0 filtered out; finished in 0.05s
[INFO] [stdout] 
[INFO] [stderr] error: test failed, to rerun pass `--lib`
[INFO] running `Command { std: "docker" "inspect" "5c96f22b055d4d4862ded06cb0ee597cc10829d40dabec6f90bc57aacd11c49a", kill_on_drop: false }`
[INFO] running `Command { std: "docker" "rm" "-f" "5c96f22b055d4d4862ded06cb0ee597cc10829d40dabec6f90bc57aacd11c49a", kill_on_drop: false }`
[INFO] [stdout] 5c96f22b055d4d4862ded06cb0ee597cc10829d40dabec6f90bc57aacd11c49a
