[INFO] fetching crate duplicate-finder 0.0.23...
[INFO] testing duplicate-finder-0.0.23 against nightly-2024-10-28+rustflags=-Zrandomize-layout for randomize-layout
[INFO] extracting crate duplicate-finder 0.0.23 into /workspace/builds/worker-5-tc2/source
[INFO] validating manifest of crates.io crate duplicate-finder 0.0.23 on toolchain nightly-2024-10-28
[INFO] running `Command { std: CARGO_HOME="/workspace/cargo-home" RUSTUP_HOME="/workspace/rustup-home" "/workspace/cargo-home/bin/cargo" "+nightly-2024-10-28" "metadata" "--manifest-path" "Cargo.toml" "--no-deps", kill_on_drop: false }`
[INFO] started tweaking crates.io crate duplicate-finder 0.0.23
[INFO] finished tweaking crates.io crate duplicate-finder 0.0.23
[INFO] tweaked toml for crates.io crate duplicate-finder 0.0.23 written to /workspace/builds/worker-5-tc2/source/Cargo.toml
[INFO] crate crates.io crate duplicate-finder 0.0.23 already has a lockfile, it will not be regenerated
[INFO] running `Command { std: CARGO_HOME="/workspace/cargo-home" RUSTUP_HOME="/workspace/rustup-home" "/workspace/cargo-home/bin/cargo" "+nightly-2024-10-28" "fetch" "--manifest-path" "Cargo.toml", kill_on_drop: false }`
[INFO] running `Command { std: "docker" "create" "-v" "/var/lib/crater-agent-workspace/builds/worker-5-tc2/target:/opt/rustwide/target:rw,Z" "-v" "/var/lib/crater-agent-workspace/builds/worker-5-tc2/source:/opt/rustwide/workdir:ro,Z" "-v" "/var/lib/crater-agent-workspace/cargo-home:/opt/rustwide/cargo-home:ro,Z" "-v" "/var/lib/crater-agent-workspace/rustup-home:/opt/rustwide/rustup-home:ro,Z" "-e" "SOURCE_DIR=/opt/rustwide/workdir" "-e" "CARGO_TARGET_DIR=/opt/rustwide/target" "-e" "CARGO_HOME=/opt/rustwide/cargo-home" "-e" "RUSTUP_HOME=/opt/rustwide/rustup-home" "-w" "/opt/rustwide/workdir" "-m" "1610612736" "--user" "0:0" "--network" "none" "ghcr.io/rust-lang/crates-build-env/linux@sha256:4a844ea9eb2546a2d2c7022eacef16ef2e8229c7fbb2c7d4d55a9ceca922f72d" "/opt/rustwide/cargo-home/bin/cargo" "+nightly-2024-10-28" "metadata" "--no-deps" "--format-version=1", kill_on_drop: false }`
[INFO] [stdout] 851d9fcbf61d7a3f58e7035415ef291d11da19aec1ef428a72949d6e5d8f3ede
[INFO] running `Command { std: "docker" "start" "-a" "851d9fcbf61d7a3f58e7035415ef291d11da19aec1ef428a72949d6e5d8f3ede", kill_on_drop: false }`
[INFO] running `Command { std: "docker" "inspect" "851d9fcbf61d7a3f58e7035415ef291d11da19aec1ef428a72949d6e5d8f3ede", kill_on_drop: false }`
[INFO] running `Command { std: "docker" "rm" "-f" "851d9fcbf61d7a3f58e7035415ef291d11da19aec1ef428a72949d6e5d8f3ede", kill_on_drop: false }`
[INFO] [stdout] 851d9fcbf61d7a3f58e7035415ef291d11da19aec1ef428a72949d6e5d8f3ede
[INFO] running `Command { std: "docker" "create" "-v" "/var/lib/crater-agent-workspace/builds/worker-5-tc2/target:/opt/rustwide/target:rw,Z" "-v" "/var/lib/crater-agent-workspace/builds/worker-5-tc2/source:/opt/rustwide/workdir:ro,Z" "-v" "/var/lib/crater-agent-workspace/cargo-home:/opt/rustwide/cargo-home:ro,Z" "-v" "/var/lib/crater-agent-workspace/rustup-home:/opt/rustwide/rustup-home:ro,Z" "-e" "SOURCE_DIR=/opt/rustwide/workdir" "-e" "CARGO_TARGET_DIR=/opt/rustwide/target" "-e" "CARGO_INCREMENTAL=0" "-e" "RUST_BACKTRACE=full" "-e" "RUSTFLAGS=--cap-lints=forbid -Zrandomize-layout" "-e" "RUSTDOCFLAGS=--cap-lints=forbid" "-e" "CARGO_HOME=/opt/rustwide/cargo-home" "-e" "RUSTUP_HOME=/opt/rustwide/rustup-home" "-w" "/opt/rustwide/workdir" "-m" "1610612736" "--user" "0:0" "--network" "none" "ghcr.io/rust-lang/crates-build-env/linux@sha256:4a844ea9eb2546a2d2c7022eacef16ef2e8229c7fbb2c7d4d55a9ceca922f72d" "/opt/rustwide/cargo-home/bin/cargo" "+nightly-2024-10-28" "build" "--frozen" "--message-format=json", kill_on_drop: false }`
[INFO] [stdout] f36f1cf1458f6b1e03392d37022df7f4d4e95da307dc0a7f96c41bae1717d0eb
[INFO] running `Command { std: "docker" "start" "-a" "f36f1cf1458f6b1e03392d37022df7f4d4e95da307dc0a7f96c41bae1717d0eb", kill_on_drop: false }`
[INFO] [stderr]    Compiling semver-parser v0.7.0
[INFO] [stderr]    Compiling arrayvec v0.4.11
[INFO] [stderr]    Compiling lazy_static v1.4.0
[INFO] [stderr]    Compiling cfg-if v0.1.10
[INFO] [stderr]    Compiling proc-macro2 v1.0.5
[INFO] [stderr]    Compiling libc v0.2.62
[INFO] [stderr]    Compiling nodrop v0.1.13
[INFO] [stderr]    Compiling scopeguard v1.0.0
[INFO] [stderr]    Compiling unicode-xid v0.2.0
[INFO] [stderr]    Compiling serde v1.0.101
[INFO] [stderr]    Compiling syn v1.0.5
[INFO] [stderr]    Compiling rayon-core v1.6.0
[INFO] [stderr]    Compiling ryu v1.0.0
[INFO] [stderr]    Compiling either v1.5.3
[INFO] [stderr]    Compiling itoa v0.4.4
[INFO] [stderr]    Compiling siphasher v0.3.1
[INFO] [stderr]    Compiling crossbeam-utils v0.6.6
[INFO] [stderr]    Compiling semver v0.9.0
[INFO] [stderr]    Compiling crossbeam-queue v0.1.2
[INFO] [stderr]    Compiling rustc_version v0.2.3
[INFO] [stderr]    Compiling memoffset v0.5.1
[INFO] [stderr]    Compiling quote v1.0.2
[INFO] [stderr]    Compiling crossbeam-epoch v0.7.2
[INFO] [stderr]    Compiling num_cpus v1.10.1
[INFO] [stderr]    Compiling crossbeam-deque v0.7.1
[INFO] [stderr]    Compiling rayon v1.2.0
[INFO] [stderr]    Compiling serde_json v1.0.41
[INFO] [stderr]    Compiling serde_derive v1.0.101
[INFO] [stderr]    Compiling duplicate-finder v0.0.23 (/opt/rustwide/workdir)
[INFO] [stdout] warning: unnecessary braces around method argument
[INFO] [stdout]   --> src/convert.rs:13:37
[INFO] [stdout]    |
[INFO] [stdout] 13 |         x if x < 0 => (0..(-x)).map({ |_| ' ' }).chain(chars).collect::<String>(),
[INFO] [stdout]    |                                     ^^       ^^
[INFO] [stdout]    |
[INFO] [stdout]    = note: `#[warn(unused_braces)]` on by default
[INFO] [stdout] help: remove these braces
[INFO] [stdout]    |
[INFO] [stdout] 13 -         x if x < 0 => (0..(-x)).map({ |_| ' ' }).chain(chars).collect::<String>(),
[INFO] [stdout] 13 +         x if x < 0 => (0..(-x)).map(|_| ' ').chain(chars).collect::<String>(),
[INFO] [stdout]    |
[INFO] [stdout] 
[INFO] [stdout] 
[INFO] [stdout] warning: non-local `impl` definition, `impl` blocks should be written at the same level as their item
[INFO] [stdout]  --> src/file_info.rs:4:10
[INFO] [stdout]   |
[INFO] [stdout] 4 | #[derive(Serialize)]
[INFO] [stdout]   |          ^--------
[INFO] [stdout]   |          |
[INFO] [stdout]   |          `Serialize` is not local
[INFO] [stdout]   |          move the `impl` block outside of this constant `_IMPL_SERIALIZE_FOR_FileInfo`
[INFO] [stdout] 5 | pub struct FileInfo {
[INFO] [stdout]   |            -------- `FileInfo` is not local
[INFO] [stdout]   |
[INFO] [stdout]   = note: the derive macro `Serialize` defines the non-local `impl`, and may need to be changed
[INFO] [stdout]   = note: the derive macro `Serialize` may come from an old version of the `serde_derive` crate, try updating your dependency with `cargo update -p serde_derive`
[INFO] [stdout]   = note: an `impl` is never scoped, even when it is nested inside an item, as it may impact type checking outside of that item, which can be the case if neither the trait or the self type are at the same nesting level as the `impl`
[INFO] [stdout]   = note: items in an anonymous const item (`const _: () = { ... }`) are treated as in the same scope as the anonymous const's declaration for the purpose of this lint
[INFO] [stdout]   = note: `#[warn(non_local_definitions)]` on by default
[INFO] [stdout]   = note: this warning originates in the derive macro `Serialize` (in Nightly builds, run with -Z macro-backtrace for more info)
[INFO] [stdout] 
[INFO] [stdout] 
[INFO] [stderr]     Finished `dev` profile [unoptimized + debuginfo] target(s) in 6.48s
[INFO] running `Command { std: "docker" "inspect" "f36f1cf1458f6b1e03392d37022df7f4d4e95da307dc0a7f96c41bae1717d0eb", kill_on_drop: false }`
[INFO] running `Command { std: "docker" "rm" "-f" "f36f1cf1458f6b1e03392d37022df7f4d4e95da307dc0a7f96c41bae1717d0eb", kill_on_drop: false }`
[INFO] [stdout] f36f1cf1458f6b1e03392d37022df7f4d4e95da307dc0a7f96c41bae1717d0eb
[INFO] running `Command { std: "docker" "create" "-v" "/var/lib/crater-agent-workspace/builds/worker-5-tc2/target:/opt/rustwide/target:rw,Z" "-v" "/var/lib/crater-agent-workspace/builds/worker-5-tc2/source:/opt/rustwide/workdir:ro,Z" "-v" "/var/lib/crater-agent-workspace/cargo-home:/opt/rustwide/cargo-home:ro,Z" "-v" "/var/lib/crater-agent-workspace/rustup-home:/opt/rustwide/rustup-home:ro,Z" "-e" "SOURCE_DIR=/opt/rustwide/workdir" "-e" "CARGO_TARGET_DIR=/opt/rustwide/target" "-e" "CARGO_INCREMENTAL=0" "-e" "RUST_BACKTRACE=full" "-e" "RUSTFLAGS=--cap-lints=forbid -Zrandomize-layout" "-e" "RUSTDOCFLAGS=--cap-lints=forbid" "-e" "CARGO_HOME=/opt/rustwide/cargo-home" "-e" "RUSTUP_HOME=/opt/rustwide/rustup-home" "-w" "/opt/rustwide/workdir" "-m" "1610612736" "--user" "0:0" "--network" "none" "ghcr.io/rust-lang/crates-build-env/linux@sha256:4a844ea9eb2546a2d2c7022eacef16ef2e8229c7fbb2c7d4d55a9ceca922f72d" "/opt/rustwide/cargo-home/bin/cargo" "+nightly-2024-10-28" "test" "--frozen" "--no-run" "--message-format=json", kill_on_drop: false }`
[INFO] [stdout] 78dda8ee61a925d4e741ce93f2562962e56647c49fb1886bdc0b9f8dc021afc6
[INFO] running `Command { std: "docker" "start" "-a" "78dda8ee61a925d4e741ce93f2562962e56647c49fb1886bdc0b9f8dc021afc6", kill_on_drop: false }`
[INFO] [stderr]    Compiling version_check v0.9.1
[INFO] [stdout] warning: unnecessary braces around method argument
[INFO] [stdout]   --> src/convert.rs:13:37
[INFO] [stdout]    |
[INFO] [stdout] 13 |         x if x < 0 => (0..(-x)).map({ |_| ' ' }).chain(chars).collect::<String>(),
[INFO] [stdout]    |                                     ^^       ^^
[INFO] [stdout]    |
[INFO] [stdout]    = note: `#[warn(unused_braces)]` on by default
[INFO] [stdout] help: remove these braces
[INFO] [stdout]    |
[INFO] [stdout] 13 -         x if x < 0 => (0..(-x)).map({ |_| ' ' }).chain(chars).collect::<String>(),
[INFO] [stdout] 13 +         x if x < 0 => (0..(-x)).map(|_| ' ').chain(chars).collect::<String>(),
[INFO] [stdout]    |
[INFO] [stdout] 
[INFO] [stdout] 
[INFO] [stdout] warning: non-local `impl` definition, `impl` blocks should be written at the same level as their item
[INFO] [stdout]  --> src/file_info.rs:4:10
[INFO] [stdout]   |
[INFO] [stdout] 4 | #[derive(Serialize)]
[INFO] [stdout]   |          ^--------
[INFO] [stdout]   |          |
[INFO] [stdout]   |          `Serialize` is not local
[INFO] [stdout]   |          move the `impl` block outside of this constant `_IMPL_SERIALIZE_FOR_FileInfo`
[INFO] [stdout] 5 | pub struct FileInfo {
[INFO] [stdout]   |            -------- `FileInfo` is not local
[INFO] [stdout]   |
[INFO] [stdout]   = note: the derive macro `Serialize` defines the non-local `impl`, and may need to be changed
[INFO] [stdout]   = note: the derive macro `Serialize` may come from an old version of the `serde_derive` crate, try updating your dependency with `cargo update -p serde_derive`
[INFO] [stdout]   = note: an `impl` is never scoped, even when it is nested inside an item, as it may impact type checking outside of that item, which can be the case if neither the trait or the self type are at the same nesting level as the `impl`
[INFO] [stdout]   = note: items in an anonymous const item (`const _: () = { ... }`) are treated as in the same scope as the anonymous const's declaration for the purpose of this lint
[INFO] [stdout]   = note: `#[warn(non_local_definitions)]` on by default
[INFO] [stdout]   = note: this warning originates in the derive macro `Serialize` (in Nightly builds, run with -Z macro-backtrace for more info)
[INFO] [stdout] 
[INFO] [stdout] 
[INFO] [stderr]    Compiling test-case v0.3.3
[INFO] [stderr]    Compiling duplicate-finder v0.0.23 (/opt/rustwide/workdir)
[INFO] [stdout] warning: unnecessary braces around method argument
[INFO] [stdout]   --> src/convert.rs:13:37
[INFO] [stdout]    |
[INFO] [stdout] 13 |         x if x < 0 => (0..(-x)).map({ |_| ' ' }).chain(chars).collect::<String>(),
[INFO] [stdout]    |                                     ^^       ^^
[INFO] [stdout]    |
[INFO] [stdout]    = note: `#[warn(unused_braces)]` on by default
[INFO] [stdout] help: remove these braces
[INFO] [stdout]    |
[INFO] [stdout] 13 -         x if x < 0 => (0..(-x)).map({ |_| ' ' }).chain(chars).collect::<String>(),
[INFO] [stdout] 13 +         x if x < 0 => (0..(-x)).map(|_| ' ').chain(chars).collect::<String>(),
[INFO] [stdout]    |
[INFO] [stdout] 
[INFO] [stdout] 
[INFO] [stdout] warning: non-local `impl` definition, `impl` blocks should be written at the same level as their item
[INFO] [stdout]  --> src/file_info.rs:4:10
[INFO] [stdout]   |
[INFO] [stdout] 4 | #[derive(Serialize)]
[INFO] [stdout]   |          ^--------
[INFO] [stdout]   |          |
[INFO] [stdout]   |          `Serialize` is not local
[INFO] [stdout]   |          move the `impl` block outside of this constant `_IMPL_SERIALIZE_FOR_FileInfo`
[INFO] [stdout] 5 | pub struct FileInfo {
[INFO] [stdout]   |            -------- `FileInfo` is not local
[INFO] [stdout]   |
[INFO] [stdout]   = note: the derive macro `Serialize` defines the non-local `impl`, and may need to be changed
[INFO] [stdout]   = note: the derive macro `Serialize` may come from an old version of the `serde_derive` crate, try updating your dependency with `cargo update -p serde_derive`
[INFO] [stdout]   = note: an `impl` is never scoped, even when it is nested inside an item, as it may impact type checking outside of that item, which can be the case if neither the trait or the self type are at the same nesting level as the `impl`
[INFO] [stdout]   = note: items in an anonymous const item (`const _: () = { ... }`) are treated as in the same scope as the anonymous const's declaration for the purpose of this lint
[INFO] [stdout]   = note: `#[warn(non_local_definitions)]` on by default
[INFO] [stdout]   = note: this warning originates in the derive macro `Serialize` (in Nightly builds, run with -Z macro-backtrace for more info)
[INFO] [stdout] 
[INFO] [stdout] 
[INFO] [stderr]     Finished `test` profile [unoptimized + debuginfo] target(s) in 1.15s
[INFO] running `Command { std: "docker" "inspect" "78dda8ee61a925d4e741ce93f2562962e56647c49fb1886bdc0b9f8dc021afc6", kill_on_drop: false }`
[INFO] running `Command { std: "docker" "rm" "-f" "78dda8ee61a925d4e741ce93f2562962e56647c49fb1886bdc0b9f8dc021afc6", kill_on_drop: false }`
[INFO] [stdout] 78dda8ee61a925d4e741ce93f2562962e56647c49fb1886bdc0b9f8dc021afc6
[INFO] running `Command { std: "docker" "create" "-v" "/var/lib/crater-agent-workspace/builds/worker-5-tc2/target:/opt/rustwide/target:rw,Z" "-v" "/var/lib/crater-agent-workspace/builds/worker-5-tc2/source:/opt/rustwide/workdir:ro,Z" "-v" "/var/lib/crater-agent-workspace/cargo-home:/opt/rustwide/cargo-home:ro,Z" "-v" "/var/lib/crater-agent-workspace/rustup-home:/opt/rustwide/rustup-home:ro,Z" "-e" "SOURCE_DIR=/opt/rustwide/workdir" "-e" "CARGO_TARGET_DIR=/opt/rustwide/target" "-e" "CARGO_INCREMENTAL=0" "-e" "RUST_BACKTRACE=full" "-e" "RUSTFLAGS=--cap-lints=forbid -Zrandomize-layout" "-e" "RUSTDOCFLAGS=--cap-lints=forbid" "-e" "CARGO_HOME=/opt/rustwide/cargo-home" "-e" "RUSTUP_HOME=/opt/rustwide/rustup-home" "-w" "/opt/rustwide/workdir" "-m" "1610612736" "--user" "0:0" "--network" "none" "ghcr.io/rust-lang/crates-build-env/linux@sha256:4a844ea9eb2546a2d2c7022eacef16ef2e8229c7fbb2c7d4d55a9ceca922f72d" "/opt/rustwide/cargo-home/bin/cargo" "+nightly-2024-10-28" "test" "--frozen", kill_on_drop: false }`
[INFO] [stdout] 125c1390579e9d021457154c36a707d0ddd7466e91882ee61b950934e83415c6
[INFO] running `Command { std: "docker" "start" "-a" "125c1390579e9d021457154c36a707d0ddd7466e91882ee61b950934e83415c6", kill_on_drop: false }`
[INFO] [stderr] warning: unnecessary braces around method argument
[INFO] [stderr]   --> src/convert.rs:13:37
[INFO] [stderr]    |
[INFO] [stderr] 13 |         x if x < 0 => (0..(-x)).map({ |_| ' ' }).chain(chars).collect::<String>(),
[INFO] [stderr]    |                                     ^^       ^^
[INFO] [stderr]    |
[INFO] [stderr]    = note: `#[warn(unused_braces)]` on by default
[INFO] [stderr] help: remove these braces
[INFO] [stderr]    |
[INFO] [stderr] 13 -         x if x < 0 => (0..(-x)).map({ |_| ' ' }).chain(chars).collect::<String>(),
[INFO] [stderr] 13 +         x if x < 0 => (0..(-x)).map(|_| ' ').chain(chars).collect::<String>(),
[INFO] [stderr]    |
[INFO] [stderr] 
[INFO] [stderr] warning: non-local `impl` definition, `impl` blocks should be written at the same level as their item
[INFO] [stderr]  --> src/file_info.rs:4:10
[INFO] [stderr]   |
[INFO] [stderr] 4 | #[derive(Serialize)]
[INFO] [stderr]   |          ^--------
[INFO] [stderr]   |          |
[INFO] [stderr]   |          `Serialize` is not local
[INFO] [stderr]   |          move the `impl` block outside of this constant `_IMPL_SERIALIZE_FOR_FileInfo`
[INFO] [stderr] 5 | pub struct FileInfo {
[INFO] [stderr]   |            -------- `FileInfo` is not local
[INFO] [stderr]   |
[INFO] [stderr]   = note: the derive macro `Serialize` defines the non-local `impl`, and may need to be changed
[INFO] [stderr]   = note: the derive macro `Serialize` may come from an old version of the `serde_derive` crate, try updating your dependency with `cargo update -p serde_derive`
[INFO] [stderr]   = note: an `impl` is never scoped, even when it is nested inside an item, as it may impact type checking outside of that item, which can be the case if neither the trait or the self type are at the same nesting level as the `impl`
[INFO] [stderr]   = note: items in an anonymous const item (`const _: () = { ... }`) are treated as in the same scope as the anonymous const's declaration for the purpose of this lint
[INFO] [stderr]   = note: `#[warn(non_local_definitions)]` on by default
[INFO] [stderr]   = note: this warning originates in the derive macro `Serialize` (in Nightly builds, run with -Z macro-backtrace for more info)
[INFO] [stderr] 
[INFO] [stderr] warning: `duplicate-finder` (lib) generated 2 warnings (run `cargo fix --lib -p duplicate-finder` to apply 1 suggestion)
[INFO] [stderr] warning: `duplicate-finder` (lib test) generated 2 warnings (2 duplicates)
[INFO] [stderr]     Finished `test` profile [unoptimized + debuginfo] target(s) in 0.02s
[INFO] [stderr]      Running unittests src/lib.rs (/opt/rustwide/target/debug/deps/duplicate_finder-6827938b674bb06f)
[INFO] [stdout] 
[INFO] [stdout] running 44 tests
[INFO] [stdout] test args::tests::is_need_to_show_help_is_turned_off_by_default ... ok
[INFO] [stdout] test args::tests::is_need_to_show_progress_is_turned_on_by_default ... ok
[INFO] [stdout] test args::tests::is_need_to_show_version_is_turned_off_by_default ... ok
[INFO] [stdout] test args::tests::output_type_is_plain_by_default ... ok
[INFO] [stdout] test args::tests::parses_incorrect_path::_arg_path_long ... ok
[INFO] [stdout] test args::tests::parses_incorrect_path::_arg_path_short ... ok
[INFO] [stdout] test args::tests::parses_is_need_to_show_help::_arg_info_long ... ok
[INFO] [stdout] test args::tests::parses_is_need_to_show_help::_arg_info_short ... ok
[INFO] [stdout] test args::tests::parses_is_need_to_show_progress::_arg_no_progress_long ... ok
[INFO] [stdout] test args::tests::parses_is_need_to_show_progress::_arg_no_progress_short ... ok
[INFO] [stdout] test args::tests::parses_is_need_to_show_version::_arg_version_long ... ok
[INFO] [stdout] test args::tests::parses_is_need_to_show_version::_arg_version_short ... ok
[INFO] [stdout] test args::tests::parses_json_output_type::_arg_output_long ... ok
[INFO] [stdout] test args::tests::parses_json_output_type::_arg_output_short ... ok
[INFO] [stdout] test args::tests::parses_none_long_output_type::_invalid_param1 ... ok
[INFO] [stdout] test args::tests::parses_none_long_output_type::_invalid_param2 ... ok
[INFO] [stdout] test args::tests::parses_none_long_output_type::_invalid_param3 ... ok
[INFO] [stdout] test args::tests::parses_none_short_output_type::_invalid_param1 ... ok
[INFO] [stdout] test args::tests::parses_none_short_output_type::_invalid_param2 ... ok
[INFO] [stdout] test args::tests::parses_path::_arg_path_short ... ok
[INFO] [stdout] test args::tests::parses_plain_output_type::_arg_output_long ... ok
[INFO] [stdout] test args::tests::parses_none_short_output_type::_invalid_param3 ... ok
[INFO] [stdout] test args::tests::parses_path::_arg_path_long ... ok
[INFO] [stdout] test args::tests::parses_plain_output_type::_arg_output_short ... ok
[INFO] [stdout] test convert::to_string_by_output_type_tests::converts_to_plain_text_string ... ok
[INFO] [stdout] test convert::to_string_of_length_tests::converts_long_path_buf_to_string ... ok
[INFO] [stdout] test convert::to_string_by_output_type_tests::converts_to_json_string ... ok
[INFO] [stdout] test convert::to_string_of_length_tests::converts_middle_path_buf_to_string ... ok
[INFO] [stdout] test convert::to_string_of_length_tests::converts_path_buf_with_not_ascii_chars_to_string ... ok
[INFO] [stdout] test convert::to_string_of_length_tests::converts_short_path_buf_to_string_and_pads_to_the_right ... ok
[INFO] [stdout] test duplicate_finder::tests::returns_empty_when_single_element_passed ... ok
[INFO] [stdout] test duplicate_finder::tests::returns_one_vec_with_two_elements_2 ... ok
[INFO] [stdout] test convert::to_vertical_splitted_string_tests::converts_specific_vector_to_vertical_splitted_string ... ok
[INFO] [stdout] test duplicate_finder::tests::returns_two_vecs_with_two_pairs ... ok
[INFO] [stdout] test progress_line::tests::converts_self_to_string_file ... ok
[INFO] [stdout] test progress_line::tests::converts_self_to_string_full_1 ... ok
[INFO] [stdout] test convert::to_vertical_splitted_string_tests::converts_empty_specific_vector_to_empty_string ... ok
[INFO] [stdout] test progress_line::tests::converts_self_to_string_full_2 ... ok
[INFO] [stdout] test progress_line::tests::converts_self_to_string_full_3 ... ok
[INFO] [stdout] test progress_line::tests::converts_self_to_string_full_5 ... ok
[INFO] [stdout] test duplicate_finder::tests::returns_three_vecs ... ok
[INFO] [stdout] test progress_line::tests::converts_self_to_string_summary ... ok
[INFO] [stdout] test progress_line::tests::converts_self_to_string_full_4 ... ok
[INFO] [stderr] stty: /dev/stderr: Inappropriate ioctl for device
[INFO] [stdout] test tty::unix::compare_with_stty ... FAILED
[INFO] [stdout] 
[INFO] [stdout] failures:
[INFO] [stdout] 
[INFO] [stdout] ---- tty::unix::compare_with_stty stdout ----
[INFO] [stdout] thread 'tty::unix::compare_with_stty' panicked at src/tty/unix.rs:75:5:
[INFO] [stdout] assertion failed: output.status.success()
[INFO] [stdout] stack backtrace:
[INFO] [stdout]    0:     0x5afdca6f48fa - std::backtrace_rs::backtrace::libunwind::trace::h207520d6e9873551
[INFO] [stdout]                                at /rustc/df4ca44d3fbc9301ee17f30f4d474e6ae4b05252/library/std/src/../../backtrace/src/backtrace/libunwind.rs:116:5
[INFO] [stdout]    1:     0x5afdca6f48fa - std::backtrace_rs::backtrace::trace_unsynchronized::h2ed7433f370e3eca
[INFO] [stdout]                                at /rustc/df4ca44d3fbc9301ee17f30f4d474e6ae4b05252/library/std/src/../../backtrace/src/backtrace/mod.rs:66:5
[INFO] [stdout]    2:     0x5afdca6f48fa - std::sys::backtrace::_print_fmt::h916fac51166b18d7
[INFO] [stdout]                                at /rustc/df4ca44d3fbc9301ee17f30f4d474e6ae4b05252/library/std/src/sys/backtrace.rs:66:9
[INFO] [stdout]    3:     0x5afdca6f48fa - <std::sys::backtrace::BacktraceLock::print::DisplayBacktrace as core::fmt::Display>::fmt::ha0a4c9b8ce3802e6
[INFO] [stdout]                                at /rustc/df4ca44d3fbc9301ee17f30f4d474e6ae4b05252/library/std/src/sys/backtrace.rs:39:26
[INFO] [stdout]    4:     0x5afdca71b543 - core::fmt::rt::Argument::fmt::h4cfc8587d52b3eb5
[INFO] [stdout]                                at /rustc/df4ca44d3fbc9301ee17f30f4d474e6ae4b05252/library/core/src/fmt/rt.rs:177:76
[INFO] [stdout]    5:     0x5afdca71b543 - core::fmt::write::h522cc39e5b36ae9f
[INFO] [stdout]                                at /rustc/df4ca44d3fbc9301ee17f30f4d474e6ae4b05252/library/core/src/fmt/mod.rs:1190:21
[INFO] [stdout]    6:     0x5afdca6f1563 - std::io::Write::write_fmt::h7d3c26752da97734
[INFO] [stdout]                                at /rustc/df4ca44d3fbc9301ee17f30f4d474e6ae4b05252/library/std/src/io/mod.rs:1839:15
[INFO] [stdout]    7:     0x5afdca6f4742 - std::sys::backtrace::BacktraceLock::print::h4b9e00b29e9c0942
[INFO] [stdout]                                at /rustc/df4ca44d3fbc9301ee17f30f4d474e6ae4b05252/library/std/src/sys/backtrace.rs:42:9
[INFO] [stdout]    8:     0x5afdca6f5d8a - std::panicking::default_hook::{{closure}}::hb59b88280d0324d9
[INFO] [stdout]                                at /rustc/df4ca44d3fbc9301ee17f30f4d474e6ae4b05252/library/std/src/panicking.rs:268:22
[INFO] [stdout]    9:     0x5afdca6f5b94 - std::panicking::default_hook::he1dd496665be4a29
[INFO] [stdout]                                at /rustc/df4ca44d3fbc9301ee17f30f4d474e6ae4b05252/library/std/src/panicking.rs:292:9
[INFO] [stdout]   10:     0x5afdca6b83b9 - <alloc::boxed::Box<F,A> as core::ops::function::Fn<Args>>::call::h4ff71de18744e1dc
[INFO] [stdout]                                at /rustc/df4ca44d3fbc9301ee17f30f4d474e6ae4b05252/library/alloc/src/boxed.rs:2468:9
[INFO] [stdout]   11:     0x5afdca6b83b9 - test::test_main::{{closure}}::hcf7c055ce117aa81
[INFO] [stdout]                                at /rustc/df4ca44d3fbc9301ee17f30f4d474e6ae4b05252/library/test/src/lib.rs:133:21
[INFO] [stdout]   12:     0x5afdca6f6488 - <alloc::boxed::Box<F,A> as core::ops::function::Fn<Args>>::call::h1d66c6bbd60c9692
[INFO] [stdout]                                at /rustc/df4ca44d3fbc9301ee17f30f4d474e6ae4b05252/library/alloc/src/boxed.rs:2468:9
[INFO] [stdout]   13:     0x5afdca6f6488 - std::panicking::rust_panic_with_hook::h2ff17fe8f26dfcf8
[INFO] [stdout]                                at /rustc/df4ca44d3fbc9301ee17f30f4d474e6ae4b05252/library/std/src/panicking.rs:809:13
[INFO] [stdout]   14:     0x5afdca6f6216 - std::panicking::begin_panic_handler::{{closure}}::h4fad77951c07e101
[INFO] [stdout]                                at /rustc/df4ca44d3fbc9301ee17f30f4d474e6ae4b05252/library/std/src/panicking.rs:667:13
[INFO] [stdout]   15:     0x5afdca6f4dd9 - std::sys::backtrace::__rust_end_short_backtrace::hb1a25b3da5d0ea08
[INFO] [stdout]                                at /rustc/df4ca44d3fbc9301ee17f30f4d474e6ae4b05252/library/std/src/sys/backtrace.rs:170:18
[INFO] [stdout]   16:     0x5afdca6f5edc - rust_begin_unwind
[INFO] [stdout]                                at /rustc/df4ca44d3fbc9301ee17f30f4d474e6ae4b05252/library/std/src/panicking.rs:665:5
[INFO] [stdout]   17:     0x5afdca719a00 - core::panicking::panic_fmt::ha9db07b529f9b256
[INFO] [stdout]                                at /rustc/df4ca44d3fbc9301ee17f30f4d474e6ae4b05252/library/core/src/panicking.rs:75:14
[INFO] [stdout]   18:     0x5afdca719a8c - core::panicking::panic::h993086813d94accc
[INFO] [stdout]                                at /rustc/df4ca44d3fbc9301ee17f30f4d474e6ae4b05252/library/core/src/panicking.rs:152:5
[INFO] [stdout]   19:     0x5afdca66bde5 - duplicate_finder::tty::unix::compare_with_stty::hb77a7974e533e99b
[INFO] [stdout]                                at /opt/rustwide/workdir/src/tty/unix.rs:75:5
[INFO] [stdout]   20:     0x5afdca66b927 - duplicate_finder::tty::unix::compare_with_stty::{{closure}}::h9c96e4f5299864d6
[INFO] [stdout]                                at /opt/rustwide/workdir/src/tty/unix.rs:62:23
[INFO] [stdout]   21:     0x5afdca65e016 - core::ops::function::FnOnce::call_once::h8e147ea3dafe481d
[INFO] [stdout]                                at /rustc/df4ca44d3fbc9301ee17f30f4d474e6ae4b05252/library/core/src/ops/function.rs:250:5
[INFO] [stdout]   22:     0x5afdca6bcc8b - core::ops::function::FnOnce::call_once::h22c3ba5715e93f05
[INFO] [stdout]                                at /rustc/df4ca44d3fbc9301ee17f30f4d474e6ae4b05252/library/core/src/ops/function.rs:250:5
[INFO] [stdout]   23:     0x5afdca6bcc8b - test::__rust_begin_short_backtrace::h8e82d8113d0da17f
[INFO] [stdout]                                at /rustc/df4ca44d3fbc9301ee17f30f4d474e6ae4b05252/library/test/src/lib.rs:621:18
[INFO] [stdout]   24:     0x5afdca6bc607 - test::run_test_in_process::{{closure}}::h33235f4f20b7b7c7
[INFO] [stdout]                                at /rustc/df4ca44d3fbc9301ee17f30f4d474e6ae4b05252/library/test/src/lib.rs:644:60
[INFO] [stdout]   25:     0x5afdca6bc607 - <core::panic::unwind_safe::AssertUnwindSafe<F> as core::ops::function::FnOnce<()>>::call_once::hb5043206310c586f
[INFO] [stdout]                                at /rustc/df4ca44d3fbc9301ee17f30f4d474e6ae4b05252/library/core/src/panic/unwind_safe.rs:272:9
[INFO] [stdout]   26:     0x5afdca6bc607 - std::panicking::try::do_call::h9ad4731a60ab23e2
[INFO] [stdout]                                at /rustc/df4ca44d3fbc9301ee17f30f4d474e6ae4b05252/library/std/src/panicking.rs:557:40
[INFO] [stdout]   27:     0x5afdca6bc607 - std::panicking::try::h3824d23db772a716
[INFO] [stdout]                                at /rustc/df4ca44d3fbc9301ee17f30f4d474e6ae4b05252/library/std/src/panicking.rs:520:19
[INFO] [stdout]   28:     0x5afdca6bc607 - std::panic::catch_unwind::h5afd514605fde46b
[INFO] [stdout]                                at /rustc/df4ca44d3fbc9301ee17f30f4d474e6ae4b05252/library/std/src/panic.rs:358:14
[INFO] [stdout]   29:     0x5afdca6bc607 - test::run_test_in_process::h0d5cbfa7067d1720
[INFO] [stdout]                                at /rustc/df4ca44d3fbc9301ee17f30f4d474e6ae4b05252/library/test/src/lib.rs:644:27
[INFO] [stdout]   30:     0x5afdca6bc607 - test::run_test::{{closure}}::h708eb8872708115d
[INFO] [stdout]                                at /rustc/df4ca44d3fbc9301ee17f30f4d474e6ae4b05252/library/test/src/lib.rs:565:43
[INFO] [stdout]   31:     0x5afdca67fd24 - test::run_test::{{closure}}::h392c51cee94713ab
[INFO] [stdout]                                at /rustc/df4ca44d3fbc9301ee17f30f4d474e6ae4b05252/library/test/src/lib.rs:595:41
[INFO] [stdout]   32:     0x5afdca67fd24 - std::sys::backtrace::__rust_begin_short_backtrace::h2f40290710935a8b
[INFO] [stdout]                                at /rustc/df4ca44d3fbc9301ee17f30f4d474e6ae4b05252/library/std/src/sys/backtrace.rs:154:18
[INFO] [stdout]   33:     0x5afdca6834ce - std::thread::Builder::spawn_unchecked_::{{closure}}::{{closure}}::h3fd968d89053a903
[INFO] [stdout]                                at /rustc/df4ca44d3fbc9301ee17f30f4d474e6ae4b05252/library/std/src/thread/mod.rs:541:17
[INFO] [stdout]   34:     0x5afdca6834ce - <core::panic::unwind_safe::AssertUnwindSafe<F> as core::ops::function::FnOnce<()>>::call_once::h743f637ba4229880
[INFO] [stdout]                                at /rustc/df4ca44d3fbc9301ee17f30f4d474e6ae4b05252/library/core/src/panic/unwind_safe.rs:272:9
[INFO] [stdout]   35:     0x5afdca6834ce - std::panicking::try::do_call::h07440897322525a6
[INFO] [stdout]                                at /rustc/df4ca44d3fbc9301ee17f30f4d474e6ae4b05252/library/std/src/panicking.rs:557:40
[INFO] [stdout]   36:     0x5afdca6834ce - std::panicking::try::he5a2e00188156637
[INFO] [stdout]                                at /rustc/df4ca44d3fbc9301ee17f30f4d474e6ae4b05252/library/std/src/panicking.rs:520:19
[INFO] [stdout]   37:     0x5afdca6834ce - std::panic::catch_unwind::hbaf3cae49b3c6433
[INFO] [stdout]                                at /rustc/df4ca44d3fbc9301ee17f30f4d474e6ae4b05252/library/std/src/panic.rs:358:14
[INFO] [stdout]   38:     0x5afdca6834ce - std::thread::Builder::spawn_unchecked_::{{closure}}::h8e141ea224820bce
[INFO] [stdout]                                at /rustc/df4ca44d3fbc9301ee17f30f4d474e6ae4b05252/library/std/src/thread/mod.rs:540:30
[INFO] [stdout]   39:     0x5afdca6834ce - core::ops::function::FnOnce::call_once{{vtable.shim}}::h90d312fedd7b8ea8
[INFO] [stdout]                                at /rustc/df4ca44d3fbc9301ee17f30f4d474e6ae4b05252/library/core/src/ops/function.rs:250:5
[INFO] [stdout]   40:     0x5afdca6fa37b - <alloc::boxed::Box<F,A> as core::ops::function::FnOnce<Args>>::call_once::h69aa08ddb6adb8b6
[INFO] [stdout]                                at /rustc/df4ca44d3fbc9301ee17f30f4d474e6ae4b05252/library/alloc/src/boxed.rs:2454:9
[INFO] [stdout]   41:     0x5afdca6fa37b - <alloc::boxed::Box<F,A> as core::ops::function::FnOnce<Args>>::call_once::h5aa36efdb79c806f
[INFO] [stdout]                                at /rustc/df4ca44d3fbc9301ee17f30f4d474e6ae4b05252/library/alloc/src/boxed.rs:2454:9
[INFO] [stdout]   42:     0x5afdca6fa37b - std::sys::pal::unix::thread::Thread::new::thread_start::h6cd80a1b4be5158d
[INFO] [stdout]                                at /rustc/df4ca44d3fbc9301ee17f30f4d474e6ae4b05252/library/std/src/sys/pal/unix/thread.rs:105:17
[INFO] [stdout]   43:     0x7c7415d78ac3 - <unknown>
[INFO] [stdout]   44:     0x7c7415e09a04 - clone
[INFO] [stdout]   45:                0x0 - <unknown>
[INFO] [stdout] 
[INFO] [stdout] 
[INFO] [stdout] failures:
[INFO] [stdout]     tty::unix::compare_with_stty
[INFO] [stdout] 
[INFO] [stdout] test result: FAILED. 43 passed; 1 failed; 0 ignored; 0 measured; 0 filtered out; finished in 0.10s
[INFO] [stdout] 
[INFO] [stderr] error: test failed, to rerun pass `--lib`
[INFO] running `Command { std: "docker" "inspect" "125c1390579e9d021457154c36a707d0ddd7466e91882ee61b950934e83415c6", kill_on_drop: false }`
[INFO] running `Command { std: "docker" "rm" "-f" "125c1390579e9d021457154c36a707d0ddd7466e91882ee61b950934e83415c6", kill_on_drop: false }`
[INFO] [stdout] 125c1390579e9d021457154c36a707d0ddd7466e91882ee61b950934e83415c6
