[INFO] fetching crate duat 0.1.3...
[INFO] testing duat-0.1.3 against nightly-2024-10-28+rustflags=-Zrandomize-layout for randomize-layout
[INFO] extracting crate duat 0.1.3 into /workspace/builds/worker-7-tc2/source
[INFO] validating manifest of crates.io crate duat 0.1.3 on toolchain nightly-2024-10-28
[INFO] running `Command { std: CARGO_HOME="/workspace/cargo-home" RUSTUP_HOME="/workspace/rustup-home" "/workspace/cargo-home/bin/cargo" "+nightly-2024-10-28" "metadata" "--manifest-path" "Cargo.toml" "--no-deps", kill_on_drop: false }`
[INFO] started tweaking crates.io crate duat 0.1.3
[INFO] finished tweaking crates.io crate duat 0.1.3
[INFO] tweaked toml for crates.io crate duat 0.1.3 written to /workspace/builds/worker-7-tc2/source/Cargo.toml
[INFO] crate crates.io crate duat 0.1.3 already has a lockfile, it will not be regenerated
[INFO] running `Command { std: CARGO_HOME="/workspace/cargo-home" RUSTUP_HOME="/workspace/rustup-home" "/workspace/cargo-home/bin/cargo" "+nightly-2024-10-28" "fetch" "--manifest-path" "Cargo.toml", kill_on_drop: false }`
[INFO] running `Command { std: "docker" "create" "-v" "/var/lib/crater-agent-workspace/builds/worker-7-tc2/target:/opt/rustwide/target:rw,Z" "-v" "/var/lib/crater-agent-workspace/builds/worker-7-tc2/source:/opt/rustwide/workdir:ro,Z" "-v" "/var/lib/crater-agent-workspace/cargo-home:/opt/rustwide/cargo-home:ro,Z" "-v" "/var/lib/crater-agent-workspace/rustup-home:/opt/rustwide/rustup-home:ro,Z" "-e" "SOURCE_DIR=/opt/rustwide/workdir" "-e" "CARGO_TARGET_DIR=/opt/rustwide/target" "-e" "CARGO_HOME=/opt/rustwide/cargo-home" "-e" "RUSTUP_HOME=/opt/rustwide/rustup-home" "-w" "/opt/rustwide/workdir" "-m" "1610612736" "--user" "0:0" "--network" "none" "ghcr.io/rust-lang/crates-build-env/linux@sha256:4a844ea9eb2546a2d2c7022eacef16ef2e8229c7fbb2c7d4d55a9ceca922f72d" "/opt/rustwide/cargo-home/bin/cargo" "+nightly-2024-10-28" "metadata" "--no-deps" "--format-version=1", kill_on_drop: false }`
[INFO] [stdout] 3ce71b6abc875515139974d587f6a95a87315a30a0dd45760a864911b8df8065
[INFO] running `Command { std: "docker" "start" "-a" "3ce71b6abc875515139974d587f6a95a87315a30a0dd45760a864911b8df8065", kill_on_drop: false }`
[INFO] running `Command { std: "docker" "inspect" "3ce71b6abc875515139974d587f6a95a87315a30a0dd45760a864911b8df8065", kill_on_drop: false }`
[INFO] running `Command { std: "docker" "rm" "-f" "3ce71b6abc875515139974d587f6a95a87315a30a0dd45760a864911b8df8065", kill_on_drop: false }`
[INFO] [stdout] 3ce71b6abc875515139974d587f6a95a87315a30a0dd45760a864911b8df8065
[INFO] running `Command { std: "docker" "create" "-v" "/var/lib/crater-agent-workspace/builds/worker-7-tc2/target:/opt/rustwide/target:rw,Z" "-v" "/var/lib/crater-agent-workspace/builds/worker-7-tc2/source:/opt/rustwide/workdir:ro,Z" "-v" "/var/lib/crater-agent-workspace/cargo-home:/opt/rustwide/cargo-home:ro,Z" "-v" "/var/lib/crater-agent-workspace/rustup-home:/opt/rustwide/rustup-home:ro,Z" "-e" "SOURCE_DIR=/opt/rustwide/workdir" "-e" "CARGO_TARGET_DIR=/opt/rustwide/target" "-e" "CARGO_INCREMENTAL=0" "-e" "RUST_BACKTRACE=full" "-e" "RUSTFLAGS=--cap-lints=forbid -Zrandomize-layout" "-e" "RUSTDOCFLAGS=--cap-lints=forbid" "-e" "CARGO_HOME=/opt/rustwide/cargo-home" "-e" "RUSTUP_HOME=/opt/rustwide/rustup-home" "-w" "/opt/rustwide/workdir" "-m" "1610612736" "--user" "0:0" "--network" "none" "ghcr.io/rust-lang/crates-build-env/linux@sha256:4a844ea9eb2546a2d2c7022eacef16ef2e8229c7fbb2c7d4d55a9ceca922f72d" "/opt/rustwide/cargo-home/bin/cargo" "+nightly-2024-10-28" "build" "--frozen" "--message-format=json", kill_on_drop: false }`
[INFO] [stdout] c3528f4e0db336a3f411640db43ac452f5663d42a1dd9a8eb7c0a9a2f075f827
[INFO] running `Command { std: "docker" "start" "-a" "c3528f4e0db336a3f411640db43ac452f5663d42a1dd9a8eb7c0a9a2f075f827", kill_on_drop: false }`
[INFO] [stderr]    Compiling libc v0.2.155
[INFO] [stderr]    Compiling autocfg v1.3.0
[INFO] [stderr]    Compiling signal-hook v0.3.17
[INFO] [stderr]    Compiling parking_lot_core v0.9.10
[INFO] [stderr]    Compiling scopeguard v1.2.0
[INFO] [stderr]    Compiling smallvec v1.13.2
[INFO] [stderr]    Compiling crossbeam-utils v0.8.20
[INFO] [stderr]    Compiling bitflags v2.6.0
[INFO] [stderr]    Compiling gapbuf v0.1.4
[INFO] [stderr]    Compiling same-file v1.0.6
[INFO] [stderr]    Compiling cassowary v0.3.0
[INFO] [stderr]    Compiling unicode-width v0.1.13
[INFO] [stderr]    Compiling libloading v0.8.4
[INFO] [stderr]    Compiling walkdir v2.5.0
[INFO] [stderr]    Compiling lock_api v0.4.12
[INFO] [stderr]    Compiling crossbeam-channel v0.5.13
[INFO] [stderr]    Compiling signal-hook-registry v1.4.2
[INFO] [stderr]    Compiling mio v0.8.11
[INFO] [stderr]    Compiling dirs-sys-next v0.1.2
[INFO] [stderr]    Compiling inotify-sys v0.1.5
[INFO] [stderr]    Compiling filetime v0.2.23
[INFO] [stderr]    Compiling atomic-wait v1.1.0
[INFO] [stderr]    Compiling inotify v0.9.6
[INFO] [stderr]    Compiling dirs-next v2.0.0
[INFO] [stderr]    Compiling parking_lot v0.12.3
[INFO] [stderr]    Compiling duat v0.1.3 (/opt/rustwide/workdir)
[INFO] [stderr]    Compiling signal-hook-mio v0.2.3
[INFO] [stderr]    Compiling notify v6.1.1
[INFO] [stderr]    Compiling crossterm v0.27.0
[INFO] [stderr]    Compiling duat-core v0.1.3
[INFO] [stderr]    Compiling duat-term v0.1.3
[INFO] [stderr]     Finished `dev` profile [unoptimized + debuginfo] target(s) in 4.29s
[INFO] running `Command { std: "docker" "inspect" "c3528f4e0db336a3f411640db43ac452f5663d42a1dd9a8eb7c0a9a2f075f827", kill_on_drop: false }`
[INFO] running `Command { std: "docker" "rm" "-f" "c3528f4e0db336a3f411640db43ac452f5663d42a1dd9a8eb7c0a9a2f075f827", kill_on_drop: false }`
[INFO] [stdout] c3528f4e0db336a3f411640db43ac452f5663d42a1dd9a8eb7c0a9a2f075f827
[INFO] running `Command { std: "docker" "create" "-v" "/var/lib/crater-agent-workspace/builds/worker-7-tc2/target:/opt/rustwide/target:rw,Z" "-v" "/var/lib/crater-agent-workspace/builds/worker-7-tc2/source:/opt/rustwide/workdir:ro,Z" "-v" "/var/lib/crater-agent-workspace/cargo-home:/opt/rustwide/cargo-home:ro,Z" "-v" "/var/lib/crater-agent-workspace/rustup-home:/opt/rustwide/rustup-home:ro,Z" "-e" "SOURCE_DIR=/opt/rustwide/workdir" "-e" "CARGO_TARGET_DIR=/opt/rustwide/target" "-e" "CARGO_INCREMENTAL=0" "-e" "RUST_BACKTRACE=full" "-e" "RUSTFLAGS=--cap-lints=forbid -Zrandomize-layout" "-e" "RUSTDOCFLAGS=--cap-lints=forbid" "-e" "CARGO_HOME=/opt/rustwide/cargo-home" "-e" "RUSTUP_HOME=/opt/rustwide/rustup-home" "-w" "/opt/rustwide/workdir" "-m" "1610612736" "--user" "0:0" "--network" "none" "ghcr.io/rust-lang/crates-build-env/linux@sha256:4a844ea9eb2546a2d2c7022eacef16ef2e8229c7fbb2c7d4d55a9ceca922f72d" "/opt/rustwide/cargo-home/bin/cargo" "+nightly-2024-10-28" "test" "--frozen" "--no-run" "--message-format=json", kill_on_drop: false }`
[INFO] [stdout] 587f081b288754bf70e50f7eb9af1675793fe4c468709d1257262d4bf055850d
[INFO] running `Command { std: "docker" "start" "-a" "587f081b288754bf70e50f7eb9af1675793fe4c468709d1257262d4bf055850d", kill_on_drop: false }`
[INFO] [stderr]    Compiling duat v0.1.3 (/opt/rustwide/workdir)
[INFO] [stderr]     Finished `test` profile [unoptimized + debuginfo] target(s) in 0.48s
[INFO] running `Command { std: "docker" "inspect" "587f081b288754bf70e50f7eb9af1675793fe4c468709d1257262d4bf055850d", kill_on_drop: false }`
[INFO] running `Command { std: "docker" "rm" "-f" "587f081b288754bf70e50f7eb9af1675793fe4c468709d1257262d4bf055850d", kill_on_drop: false }`
[INFO] [stdout] 587f081b288754bf70e50f7eb9af1675793fe4c468709d1257262d4bf055850d
[INFO] running `Command { std: "docker" "create" "-v" "/var/lib/crater-agent-workspace/builds/worker-7-tc2/target:/opt/rustwide/target:rw,Z" "-v" "/var/lib/crater-agent-workspace/builds/worker-7-tc2/source:/opt/rustwide/workdir:ro,Z" "-v" "/var/lib/crater-agent-workspace/cargo-home:/opt/rustwide/cargo-home:ro,Z" "-v" "/var/lib/crater-agent-workspace/rustup-home:/opt/rustwide/rustup-home:ro,Z" "-e" "SOURCE_DIR=/opt/rustwide/workdir" "-e" "CARGO_TARGET_DIR=/opt/rustwide/target" "-e" "CARGO_INCREMENTAL=0" "-e" "RUST_BACKTRACE=full" "-e" "RUSTFLAGS=--cap-lints=forbid -Zrandomize-layout" "-e" "RUSTDOCFLAGS=--cap-lints=forbid" "-e" "CARGO_HOME=/opt/rustwide/cargo-home" "-e" "RUSTUP_HOME=/opt/rustwide/rustup-home" "-w" "/opt/rustwide/workdir" "-m" "1610612736" "--user" "0:0" "--network" "none" "ghcr.io/rust-lang/crates-build-env/linux@sha256:4a844ea9eb2546a2d2c7022eacef16ef2e8229c7fbb2c7d4d55a9ceca922f72d" "/opt/rustwide/cargo-home/bin/cargo" "+nightly-2024-10-28" "test" "--frozen", kill_on_drop: false }`
[INFO] [stdout] cf0db0412994964334d7d312c08cd58de930d650671a6c03a55263f824077bce
[INFO] running `Command { std: "docker" "start" "-a" "cf0db0412994964334d7d312c08cd58de930d650671a6c03a55263f824077bce", kill_on_drop: false }`
[INFO] [stderr]     Finished `test` profile [unoptimized + debuginfo] target(s) in 0.03s
[INFO] [stderr]      Running unittests src/lib.rs (/opt/rustwide/target/debug/deps/duat-91dc7bb54c495253)
[INFO] [stdout] 
[INFO] [stdout] running 0 tests
[INFO] [stdout] 
[INFO] [stdout] test result: ok. 0 passed; 0 failed; 0 ignored; 0 measured; 0 filtered out; finished in 0.00s
[INFO] [stdout] 
[INFO] [stderr]      Running unittests src/main.rs (/opt/rustwide/target/debug/deps/duat-88928c93eb4d8b48)
[INFO] [stdout] 
[INFO] [stdout] running 0 tests
[INFO] [stdout] 
[INFO] [stdout] test result: ok. 0 passed; 0 failed; 0 ignored; 0 measured; 0 filtered out; finished in 0.00s
[INFO] [stdout] 
[INFO] [stderr]    Doc-tests duat
[INFO] [stdout] 
[INFO] [stdout] running 15 tests
[INFO] [stdout] test src/lib.rs - (line 18) ... ignored
[INFO] [stdout] test src/lib.rs - commands (line 167) ... FAILED
[INFO] [stdout] test src/lib.rs - commands (line 145) ... FAILED
[INFO] [stdout] test src/lib.rs - commands (line 212) ... FAILED
[INFO] [stdout] test src/lib.rs - (line 88) ... FAILED
[INFO] [stdout] test src/lib.rs - commands (line 252) ... FAILED
[INFO] [stdout] test src/lib.rs - commands (line 174) ... FAILED
[INFO] [stdout] test src/commands.rs - commands::add (line 189) ... FAILED
[INFO] [stdout] test src/widgets/status_line/mod.rs - widgets::status_line::StatusLine (line 150) ... FAILED
[INFO] [stdout] test src/commands.rs - commands::run (line 159) ... FAILED
[INFO] [stdout] test src/lib.rs - (line 71) ... FAILED
[INFO] [stdout] test src/lib.rs - (line 105) ... FAILED
[INFO] [stdout] test src/widgets/status_line/mod.rs - widgets::status_line (line 11) ... FAILED
[INFO] [stdout] test src/commands.rs - commands::add_for_current (line 245) ... FAILED
[INFO] [stdout] test src/commands.rs - commands::add_for_widget (line 346) ... FAILED
[INFO] [stdout] 
[INFO] [stdout] failures:
[INFO] [stdout] 
[INFO] [stdout] ---- src/lib.rs - commands (line 167) stdout ----
[INFO] [stdout] error[E0432]: unresolved import `crate::prelude`
[INFO] [stdout]  --> src/lib.rs:168:12
[INFO] [stdout]   |
[INFO] [stdout] 3 | use crate::prelude::commands;
[INFO] [stdout]   |            ^^^^^^^
[INFO] [stdout]   |            |
[INFO] [stdout]   |            unresolved import
[INFO] [stdout]   |            help: a similar path exists: `core::prelude`
[INFO] [stdout] 
[INFO] [stdout] error: aborting due to 1 previous error
[INFO] [stdout] 
[INFO] [stdout] For more information about this error, try `rustc --explain E0432`.
[INFO] [stdout] Couldn't compile the test.
[INFO] [stdout] ---- src/lib.rs - commands (line 145) stdout ----
[INFO] [stdout] error[E0433]: failed to resolve: unresolved import
[INFO] [stdout]  --> src/lib.rs:146:12
[INFO] [stdout]   |
[INFO] [stdout] 3 | use crate::prelude::commands::{self, Flags, Args};
[INFO] [stdout]   |            ^^^^^^^
[INFO] [stdout]   |            |
[INFO] [stdout]   |            unresolved import
[INFO] [stdout]   |            help: a similar path exists: `core::prelude`
[INFO] [stdout] 
[INFO] [stdout] error[E0432]: unresolved import `crate::prelude`
[INFO] [stdout]  --> src/lib.rs:146:12
[INFO] [stdout]   |
[INFO] [stdout] 3 | use crate::prelude::commands::{self, Flags, Args};
[INFO] [stdout]   |            ^^^^^^^
[INFO] [stdout]   |            |
[INFO] [stdout]   |            unresolved import
[INFO] [stdout]   |            help: a similar path exists: `core::prelude`
[INFO] [stdout] 
[INFO] [stdout] error: aborting due to 2 previous errors
[INFO] [stdout] 
[INFO] [stdout] Some errors have detailed explanations: E0432, E0433.
[INFO] [stdout] For more information about an error, try `rustc --explain E0432`.
[INFO] [stdout] Couldn't compile the test.
[INFO] [stdout] ---- src/lib.rs - commands (line 212) stdout ----
[INFO] [stdout] error[E0432]: unresolved import `crate::prelude`
[INFO] [stdout]  --> src/lib.rs:214:12
[INFO] [stdout]   |
[INFO] [stdout] 4 | use crate::prelude::{commands, text};
[INFO] [stdout]   |            ^^^^^^^
[INFO] [stdout]   |            |
[INFO] [stdout]   |            unresolved import
[INFO] [stdout]   |            help: a similar path exists: `core::prelude`
[INFO] [stdout] 
[INFO] [stdout] error: aborting due to 1 previous error
[INFO] [stdout] 
[INFO] [stdout] For more information about this error, try `rustc --explain E0432`.
[INFO] [stdout] Couldn't compile the test.
[INFO] [stdout] ---- src/lib.rs - (line 88) stdout ----
[INFO] [stdout] error: expected `;`, found keyword `let`
[INFO] [stdout]  --> src/lib.rs:89:22
[INFO] [stdout]   |
[INFO] [stdout] 3 | use crate::prelude::*
[INFO] [stdout]   |                      ^ help: add `;` here
[INFO] [stdout] 4 | let styled text = text!([MyForm] "Waow it's my text" [] "not anymore 😢");
[INFO] [stdout]   | --- unexpected token
[INFO] [stdout] 
[INFO] [stdout] error: expected one of `:`, `;`, `=`, `@`, or `|`, found `text`
[INFO] [stdout]  --> src/lib.rs:90:12
[INFO] [stdout]   |
[INFO] [stdout] 4 | let styled text = text!([MyForm] "Waow it's my text" [] "not anymore 😢");
[INFO] [stdout]   |            ^^^^ expected one of `:`, `;`, `=`, `@`, or `|`
[INFO] [stdout] 
[INFO] [stdout] error[E0432]: unresolved import `crate::prelude`
[INFO] [stdout]  --> src/lib.rs:89:12
[INFO] [stdout]   |
[INFO] [stdout] 3 | use crate::prelude::*
[INFO] [stdout]   |            ^^^^^^^
[INFO] [stdout]   |            |
[INFO] [stdout]   |            unresolved import
[INFO] [stdout]   |            help: a similar path exists: `core::prelude`
[INFO] [stdout] 
[INFO] [stdout] error: aborting due to 3 previous errors
[INFO] [stdout] 
[INFO] [stdout] For more information about this error, try `rustc --explain E0432`.
[INFO] [stdout] Couldn't compile the test.
[INFO] [stdout] ---- src/lib.rs - commands (line 252) stdout ----
[INFO] [stdout] error[E0432]: unresolved import `crate::prelude`
[INFO] [stdout]  --> src/lib.rs:253:12
[INFO] [stdout]   |
[INFO] [stdout] 3 | use crate::prelude::{commands, text};
[INFO] [stdout]   |            ^^^^^^^
[INFO] [stdout]   |            |
[INFO] [stdout]   |            unresolved import
[INFO] [stdout]   |            help: a similar path exists: `core::prelude`
[INFO] [stdout] 
[INFO] [stdout] error: aborting due to 1 previous error
[INFO] [stdout] 
[INFO] [stdout] For more information about this error, try `rustc --explain E0432`.
[INFO] [stdout] Couldn't compile the test.
[INFO] [stdout] ---- src/lib.rs - commands (line 174) stdout ----
[INFO] [stdout] error[E0425]: cannot find function `add` in module `commands`
[INFO] [stdout]   --> src/lib.rs:186:15
[INFO] [stdout]    |
[INFO] [stdout] 15 |     commands::add(callers, move |flags, _args| {
[INFO] [stdout]    |               ^^^ not found in `commands`
[INFO] [stdout]    |
[INFO] [stdout] help: consider importing one of these functions
[INFO] [stdout]    |
[INFO] [stdout] 2  + use duat::commands::add;
[INFO] [stdout]    |
[INFO] [stdout] 2  + use duat::hooks::add;
[INFO] [stdout]    |
[INFO] [stdout] 2  + use duat_core::hooks::add;
[INFO] [stdout]    |
[INFO] [stdout] help: if you import `add`, refer to it directly
[INFO] [stdout]    |
[INFO] [stdout] 15 -     commands::add(callers, move |flags, _args| {
[INFO] [stdout] 15 +     add(callers, move |flags, _args| {
[INFO] [stdout]    |
[INFO] [stdout] 
[INFO] [stdout] error[E0425]: cannot find function `run` in module `commands`
[INFO] [stdout]   --> src/lib.rs:204:11
[INFO] [stdout]    |
[INFO] [stdout] 33 | commands::run("mc --sad -🤯 unused-1 unused-2").unwrap();
[INFO] [stdout]    |           ^^^ not found in `commands`
[INFO] [stdout]    |
[INFO] [stdout] help: consider importing this function
[INFO] [stdout]    |
[INFO] [stdout] 2  + use duat::commands::run;
[INFO] [stdout]    |
[INFO] [stdout] help: if you import `run`, refer to it directly
[INFO] [stdout]    |
[INFO] [stdout] 33 - commands::run("mc --sad -🤯 unused-1 unused-2").unwrap();
[INFO] [stdout] 33 + run("mc --sad -🤯 unused-1 unused-2").unwrap();
[INFO] [stdout]    |
[INFO] [stdout] 
[INFO] [stdout] error: aborting due to 2 previous errors
[INFO] [stdout] 
[INFO] [stdout] For more information about this error, try `rustc --explain E0425`.
[INFO] [stdout] Couldn't compile the test.
[INFO] [stdout] ---- src/commands.rs - commands::add (line 189) stdout ----
[INFO] [stdout] error[E0432]: unresolved import `duat_core::widgets::status`
[INFO] [stdout]  --> src/commands.rs:195:5
[INFO] [stdout]   |
[INFO] [stdout] 9 |     widgets::status
[INFO] [stdout]   |     ^^^^^^^^^^^^^^^ no `status` in `widgets`
[INFO] [stdout] 
[INFO] [stdout] error[E0425]: cannot find function `add` in module `commands`
[INFO] [stdout]   --> src/commands.rs:200:11
[INFO] [stdout]    |
[INFO] [stdout] 14 | commands::add(["set-var"], {
[INFO] [stdout]    |           ^^^ not found in `commands`
[INFO] [stdout]    |
[INFO] [stdout] help: consider importing one of these functions
[INFO] [stdout]    |
[INFO] [stdout] 2  + use duat::commands::add;
[INFO] [stdout]    |
[INFO] [stdout] 2  + use duat::hooks::add;
[INFO] [stdout]    |
[INFO] [stdout] 2  + use duat_core::hooks::add;
[INFO] [stdout]    |
[INFO] [stdout] help: if you import `add`, refer to it directly
[INFO] [stdout]    |
[INFO] [stdout] 14 - commands::add(["set-var"], {
[INFO] [stdout] 14 + add(["set-var"], {
[INFO] [stdout]    |
[INFO] [stdout] 
[INFO] [stdout] error: aborting due to 2 previous errors
[INFO] [stdout] 
[INFO] [stdout] Some errors have detailed explanations: E0425, E0432.
[INFO] [stdout] For more information about an error, try `rustc --explain E0425`.
[INFO] [stdout] Couldn't compile the test.
[INFO] [stdout] ---- src/widgets/status_line/mod.rs - widgets::status_line::StatusLine (line 150) stdout ----
[INFO] [stdout] error[E0433]: failed to resolve: could not find `tags` in `duat_core`
[INFO] [stdout]  --> src/widgets/status_line/mod.rs:154:5
[INFO] [stdout]   |
[INFO] [stdout] 7 |     tags::form::FormPalette,
[INFO] [stdout]   |     ^^^^ could not find `tags` in `duat_core`
[INFO] [stdout] 
[INFO] [stdout] error[E0432]: unresolved imports `duat_core::widgets::file_parts`, `duat_core::widgets::status_parts`, `duat_core::widgets::StatusLine`, `duat_core::widgets::WidgetType`, `duat_core::Controler`
[INFO] [stdout]   --> src/widgets/status_line/mod.rs:157:9
[INFO] [stdout]    |
[INFO] [stdout] 10 |         file_parts::{file_name, main_cursor},
[INFO] [stdout]    |         ^^^^^^^^^^ could not find `file_parts` in `widgets`
[INFO] [stdout] 11 |         status_parts, File, StatusLine, WidgetType
[INFO] [stdout]    |         ^^^^^^^^^^^^        ^^^^^^^^^^  ^^^^^^^^^^ no `WidgetType` in `widgets`
[INFO] [stdout]    |         |                   |
[INFO] [stdout]    |         |                   no `StatusLine` in `widgets`
[INFO] [stdout]    |         no `status_parts` in `widgets`
[INFO] [stdout] 12 |     },
[INFO] [stdout] 13 |     Controler
[INFO] [stdout]    |     ^^^^^^^^^ no `Controler` in the root
[INFO] [stdout]    |
[INFO] [stdout]    = help: consider importing this struct instead:
[INFO] [stdout]            duat::prelude::StatusLine
[INFO] [stdout] 
[INFO] [stdout] error[E0107]: struct takes 0 generic arguments but 1 generic argument was supplied
[INFO] [stdout]    --> src/widgets/status_line/mod.rs:163:34
[INFO] [stdout]     |
[INFO] [stdout] 16  |     file_fn: impl Fn() -> RoData<File<U>>,
[INFO] [stdout]     |                                  ^^^^--- help: remove the unnecessary generics
[INFO] [stdout]     |                                  |
[INFO] [stdout]     |                                  expected 0 generic arguments
[INFO] [stdout]     |
[INFO] [stdout] note: struct defined here, with 0 generic parameters
[INFO] [stdout]    --> /opt/rustwide/cargo-home/registry/src/index.crates.io-6f17d22bba15001f/duat-core-0.1.3/src/file/mod.rs:177:12
[INFO] [stdout]     |
[INFO] [stdout] 177 | pub struct File {
[INFO] [stdout]     |            ^^^^
[INFO] [stdout] 
[INFO] [stdout] error[E0107]: struct takes 0 generic arguments but 1 generic argument was supplied
[INFO] [stdout]    --> src/widgets/status_line/mod.rs:169:18
[INFO] [stdout]     |
[INFO] [stdout] 22  | let file: RoData<File<U>> = file_fn();
[INFO] [stdout]     |                  ^^^^--- help: remove the unnecessary generics
[INFO] [stdout]     |                  |
[INFO] [stdout]     |                  expected 0 generic arguments
[INFO] [stdout]     |
[INFO] [stdout] note: struct defined here, with 0 generic parameters
[INFO] [stdout]    --> /opt/rustwide/cargo-home/registry/src/index.crates.io-6f17d22bba15001f/duat-core-0.1.3/src/file/mod.rs:177:12
[INFO] [stdout]     |
[INFO] [stdout] 177 | pub struct File {
[INFO] [stdout]     |            ^^^^
[INFO] [stdout] 
[INFO] [stdout] error: aborting due to 4 previous errors
[INFO] [stdout] 
[INFO] [stdout] Some errors have detailed explanations: E0107, E0432, E0433.
[INFO] [stdout] For more information about an error, try `rustc --explain E0107`.
[INFO] [stdout] Couldn't compile the test.
[INFO] [stdout] ---- src/commands.rs - commands::run (line 159) stdout ----
[INFO] [stdout] error[E0425]: cannot find function `run` in module `commands`
[INFO] [stdout]   --> src/commands.rs:166:11
[INFO] [stdout]    |
[INFO] [stdout] 10 | commands::run("set-prompt new-prompt")
[INFO] [stdout]    |           ^^^ not found in `commands`
[INFO] [stdout]    |
[INFO] [stdout] help: consider importing this function
[INFO] [stdout]    |
[INFO] [stdout] 2  + use duat::commands::run;
[INFO] [stdout]    |
[INFO] [stdout] help: if you import `run`, refer to it directly
[INFO] [stdout]    |
[INFO] [stdout] 10 - commands::run("set-prompt new-prompt")
[INFO] [stdout] 10 + run("set-prompt new-prompt")
[INFO] [stdout]    |
[INFO] [stdout] 
[INFO] [stdout] error[E0603]: type alias `Result` is private
[INFO] [stdout]    --> src/commands.rs:162:22
[INFO] [stdout]     |
[INFO] [stdout] 6   |     commands::{self, Result},
[INFO] [stdout]     |                      ^^^^^^ private type alias
[INFO] [stdout]     |
[INFO] [stdout] note: the type alias `Result` is defined here
[INFO] [stdout]    --> /opt/rustwide/cargo-home/registry/src/index.crates.io-6f17d22bba15001f/duat-core-0.1.3/src/commands/mod.rs:710:1
[INFO] [stdout]     |
[INFO] [stdout] 710 | type Result<T> = crate::Result<T, ()>;
[INFO] [stdout]     | ^^^^^^^^^^^^^^
[INFO] [stdout] 
[INFO] [stdout] error: aborting due to 2 previous errors
[INFO] [stdout] 
[INFO] [stdout] Some errors have detailed explanations: E0425, E0603.
[INFO] [stdout] For more information about an error, try `rustc --explain E0425`.
[INFO] [stdout] Couldn't compile the test.
[INFO] [stdout] ---- src/lib.rs - (line 71) stdout ----
[INFO] [stdout] error[E0432]: unresolved import `crate::prelude`
[INFO] [stdout]  --> src/lib.rs:72:12
[INFO] [stdout]   |
[INFO] [stdout] 3 | use crate::prelude::*;
[INFO] [stdout]   |            ^^^^^^^
[INFO] [stdout]   |            |
[INFO] [stdout]   |            unresolved import
[INFO] [stdout]   |            help: a similar path exists: `core::prelude`
[INFO] [stdout] 
[INFO] [stdout] error: aborting due to 1 previous error
[INFO] [stdout] 
[INFO] [stdout] For more information about this error, try `rustc --explain E0432`.
[INFO] [stdout] Couldn't compile the test.
[INFO] [stdout] ---- src/lib.rs - (line 105) stdout ----
[INFO] [stdout] error[E0432]: unresolved import `crate::prelude`
[INFO] [stdout]  --> src/lib.rs:106:5
[INFO] [stdout]   |
[INFO] [stdout] 3 | use crate::prelude;
[INFO] [stdout]   |     ^^^^^^^^^^^^^^ no `prelude` in the root
[INFO] [stdout]   |
[INFO] [stdout] help: consider importing one of these modules instead
[INFO] [stdout]   |
[INFO] [stdout] 3 | use std::io::prelude;
[INFO] [stdout]   |     ~~~~~~~~~~~~~~~~
[INFO] [stdout] 3 | use std::os::unix::prelude;
[INFO] [stdout]   |     ~~~~~~~~~~~~~~~~~~~~~~
[INFO] [stdout] 3 | use std::prelude;
[INFO] [stdout]   |     ~~~~~~~~~~~~
[INFO] [stdout] 3 | use std::simd::prelude;
[INFO] [stdout]   |     ~~~~~~~~~~~~~~~~~~
[INFO] [stdout]     and 3 other candidates
[INFO] [stdout] 
[INFO] [stdout] error[E0433]: failed to resolve: use of undeclared crate or module `commands`
[INFO] [stdout]  --> src/lib.rs:108:1
[INFO] [stdout]   |
[INFO] [stdout] 5 | commands::add_for_widget::<CommandLine>(callers, |command_line, area| {
[INFO] [stdout]   | ^^^^^^^^ use of undeclared crate or module `commands`
[INFO] [stdout]   |
[INFO] [stdout] help: consider importing this module
[INFO] [stdout]   |
[INFO] [stdout] 2 + use duat::commands;
[INFO] [stdout]   |
[INFO] [stdout] 
[INFO] [stdout] error[E0412]: cannot find type `CommandLine` in this scope
[INFO] [stdout]  --> src/lib.rs:108:28
[INFO] [stdout]   |
[INFO] [stdout] 5 | commands::add_for_widget::<CommandLine>(callers, |command_line, area| {
[INFO] [stdout]   |                            ^^^^^^^^^^^ not found in this scope
[INFO] [stdout]   |
[INFO] [stdout] help: consider importing this struct
[INFO] [stdout]   |
[INFO] [stdout] 2 + use duat::prelude::CommandLine;
[INFO] [stdout]   |
[INFO] [stdout] 
[INFO] [stdout] error: aborting due to 3 previous errors
[INFO] [stdout] 
[INFO] [stdout] Some errors have detailed explanations: E0412, E0432, E0433.
[INFO] [stdout] For more information about an error, try `rustc --explain E0412`.
[INFO] [stdout] Couldn't compile the test.
[INFO] [stdout] ---- src/widgets/status_line/mod.rs - widgets::status_line (line 11) stdout ----
[INFO] [stdout] error[E0433]: failed to resolve: could not find `tags` in `duat_core`
[INFO] [stdout]  --> src/widgets/status_line/mod.rs:14:5
[INFO] [stdout]   |
[INFO] [stdout] 6 |     tags::form::FormPalette,
[INFO] [stdout]   |     ^^^^ could not find `tags` in `duat_core`
[INFO] [stdout] 
[INFO] [stdout] error[E0432]: unresolved imports `duat_core::ui::ModNode`, `duat_core::widgets::StatusLine`
[INFO] [stdout]  --> src/widgets/status_line/mod.rs:16:10
[INFO] [stdout]   |
[INFO] [stdout] 8 |     ui::{ModNode, PushSpecs, Constraint, Ui},
[INFO] [stdout]   |          ^^^^^^^ no `ModNode` in `ui`
[INFO] [stdout] 9 |     widgets::StatusLine,
[INFO] [stdout]   |     ^^^^^^^^^^^^^^^^^^^ no `StatusLine` in `widgets`
[INFO] [stdout]   |
[INFO] [stdout]   = help: consider importing this struct instead:
[INFO] [stdout]           duat::prelude::StatusLine
[INFO] [stdout] 
[INFO] [stdout] error[E0061]: this function takes 0 arguments but 1 argument was supplied
[INFO] [stdout]    --> src/widgets/status_line/mod.rs:26:17
[INFO] [stdout]     |
[INFO] [stdout] 18  |     let specs = PushSpecs::below(Constraint::Length(1.0));
[INFO] [stdout]     |                 ^^^^^^^^^^^^^^^^ ----------------------- unexpected argument of type `Constraint`
[INFO] [stdout]     |
[INFO] [stdout] note: associated function defined here
[INFO] [stdout]    --> /opt/rustwide/cargo-home/registry/src/index.crates.io-6f17d22bba15001f/duat-core-0.1.3/src/ui/mod.rs:101:12
[INFO] [stdout]     |
[INFO] [stdout] 101 |     pub fn below() -> Self {
[INFO] [stdout]     |            ^^^^^
[INFO] [stdout] help: remove the extra argument
[INFO] [stdout]     |
[INFO] [stdout] 18  -     let specs = PushSpecs::below(Constraint::Length(1.0));
[INFO] [stdout] 18  +     let specs = PushSpecs::below();
[INFO] [stdout]     |
[INFO] [stdout] 
[INFO] [stdout] error[E0599]: no function or associated item named `new` found for struct `Session` in the current scope
[INFO] [stdout]   --> src/widgets/status_line/mod.rs:30:28
[INFO] [stdout]    |
[INFO] [stdout] 22 | let mut session = Session::new(ui, print_cfg, palette, constructor_hook);
[INFO] [stdout]    |                            ^^^ function or associated item not found in `Session<_>`
[INFO] [stdout] 
[INFO] [stdout] error[E0061]: this function takes 0 arguments but 1 argument was supplied
[INFO] [stdout]    --> src/widgets/status_line/mod.rs:31:13
[INFO] [stdout]     |
[INFO] [stdout] 23  | let specs = PushSpecs::below(Constraint::Length(1.0));
[INFO] [stdout]     |             ^^^^^^^^^^^^^^^^ ----------------------- unexpected argument of type `Constraint`
[INFO] [stdout]     |
[INFO] [stdout] note: associated function defined here
[INFO] [stdout]    --> /opt/rustwide/cargo-home/registry/src/index.crates.io-6f17d22bba15001f/duat-core-0.1.3/src/ui/mod.rs:101:12
[INFO] [stdout]     |
[INFO] [stdout] 101 |     pub fn below() -> Self {
[INFO] [stdout]     |            ^^^^^
[INFO] [stdout] help: remove the extra argument
[INFO] [stdout]     |
[INFO] [stdout] 23  - let specs = PushSpecs::below(Constraint::Length(1.0));
[INFO] [stdout] 23  + let specs = PushSpecs::below();
[INFO] [stdout]     |
[INFO] [stdout] 
[INFO] [stdout] error: aborting due to 5 previous errors
[INFO] [stdout] 
[INFO] [stdout] Some errors have detailed explanations: E0061, E0432, E0433, E0599.
[INFO] [stdout] For more information about an error, try `rustc --explain E0061`.
[INFO] [stdout] Couldn't compile the test.
[INFO] [stdout] ---- src/commands.rs - commands::add_for_current (line 245) stdout ----
[INFO] [stdout] error[E0433]: failed to resolve: use of undeclared crate or module `crossterm`
[INFO] [stdout]   --> src/commands.rs:274:10
[INFO] [stdout]    |
[INFO] [stdout] 32 |     key: crossterm::event::KeyEvent,
[INFO] [stdout]    |          ^^^^^^^^^ use of undeclared crate or module `crossterm`
[INFO] [stdout] 
[INFO] [stdout] error[E0425]: cannot find function `add_for_current` in module `commands`
[INFO] [stdout]   --> src/commands.rs:284:11
[INFO] [stdout]    |
[INFO] [stdout] 42 | commands::add_for_current::<ModalEditor>(
[INFO] [stdout]    |           ^^^^^^^^^^^^^^^ not found in `commands`
[INFO] [stdout]    |
[INFO] [stdout] help: consider importing this function
[INFO] [stdout]    |
[INFO] [stdout] 2  + use duat::commands::add_for_current;
[INFO] [stdout]    |
[INFO] [stdout] help: if you import `add_for_current`, refer to it directly
[INFO] [stdout]    |
[INFO] [stdout] 42 - commands::add_for_current::<ModalEditor>(
[INFO] [stdout] 42 + add_for_current::<ModalEditor>(
[INFO] [stdout]    |
[INFO] [stdout] 
[INFO] [stdout] error[E0107]: missing generics for trait `InputMethod`
[INFO] [stdout]   --> src/commands.rs:266:6
[INFO] [stdout]    |
[INFO] [stdout] 24 | impl InputMethod for ModalEditor {
[INFO] [stdout]    |      ^^^^^^^^^^^ expected 1 generic argument
[INFO] [stdout]    |
[INFO] [stdout] note: trait defined here, with 1 generic parameter: `U`
[INFO] [stdout]   --> /opt/rustwide/cargo-home/registry/src/index.crates.io-6f17d22bba15001f/duat-core-0.1.3/src/input/mod.rs:16:11
[INFO] [stdout]    |
[INFO] [stdout] 16 | pub trait InputMethod<U>: Send + Sync + 'static
[INFO] [stdout]    |           ^^^^^^^^^^^ -
[INFO] [stdout] help: add missing generic argument
[INFO] [stdout]    |
[INFO] [stdout] 24 | impl InputMethod<U> for ModalEditor {
[INFO] [stdout]    |                 +++
[INFO] [stdout] 
[INFO] [stdout] error: aborting due to 3 previous errors
[INFO] [stdout] 
[INFO] [stdout] Some errors have detailed explanations: E0107, E0425, E0433.
[INFO] [stdout] For more information about an error, try `rustc --explain E0107`.
[INFO] [stdout] Couldn't compile the test.
[INFO] [stdout] ---- src/commands.rs - commands::add_for_widget (line 346) stdout ----
[INFO] [stdout] error[E0106]: missing lifetime specifier
[INFO] [stdout]   --> src/commands.rs:401:18
[INFO] [stdout]    |
[INFO] [stdout] 58 |     fn text() -> &Text {
[INFO] [stdout]    |                  ^ expected named lifetime parameter
[INFO] [stdout]    |
[INFO] [stdout]    = help: this function's return type contains a borrowed value, but there is no value for it to be borrowed from
[INFO] [stdout] help: consider using the `'static` lifetime, but this is uncommon unless you're returning a borrowed value from a `const` or a `static`
[INFO] [stdout]    |
[INFO] [stdout] 58 |     fn text() -> &'static Text {
[INFO] [stdout]    |                   +++++++
[INFO] [stdout] help: instead, you are more likely to want to return an owned value
[INFO] [stdout]    |
[INFO] [stdout] 58 -     fn text() -> &Text {
[INFO] [stdout] 58 +     fn text() -> Text {
[INFO] [stdout]    |
[INFO] [stdout] 
[INFO] [stdout] error[E0425]: cannot find value `COMMANDS` in this scope
[INFO] [stdout]   --> src/commands.rs:391:12
[INFO] [stdout]    |
[INFO] [stdout] 48 |         if COMMANDS.running.load(Ordering::Relaxed) {
[INFO] [stdout]    |            ^^^^^^^^ not found in this scope
[INFO] [stdout] 
[INFO] [stdout] error[E0425]: cannot find value `COMMANDS` in this scope
[INFO] [stdout]   --> src/commands.rs:392:28
[INFO] [stdout]    |
[INFO] [stdout] 49 |             let duration = COMMANDS.instant.elapsed();
[INFO] [stdout]    |                            ^^^^^^^^ not found in this scope
[INFO] [stdout] 
[INFO] [stdout] error[E0425]: cannot find value `COMMANDS` in this scope
[INFO] [stdout]   --> src/commands.rs:394:13
[INFO] [stdout]    |
[INFO] [stdout] 51 |             COMMANDS.text = text!(
[INFO] [stdout]    |             ^^^^^^^^ not found in this scope
[INFO] [stdout] 
[INFO] [stdout] error[E0425]: cannot find value `COMMANDS` in this scope
[INFO] [stdout]   --> src/commands.rs:402:10
[INFO] [stdout]    |
[INFO] [stdout] 59 |         &COMMANDS.text
[INFO] [stdout]    |          ^^^^^^^^ not found in this scope
[INFO] [stdout] 
[INFO] [stdout] error[E0425]: cannot find function `add_for_widget` in module `commands`
[INFO] [stdout]   --> src/commands.rs:413:19
[INFO] [stdout]    |
[INFO] [stdout] 70 |         commands::add_for_widget::<Timer>(
[INFO] [stdout]    |                   ^^^^^^^^^^^^^^ not found in `commands`
[INFO] [stdout]    |
[INFO] [stdout] help: consider importing this function
[INFO] [stdout]    |
[INFO] [stdout] 4  + use duat::commands::add_for_widget;
[INFO] [stdout]    |
[INFO] [stdout] help: if you import `add_for_widget`, refer to it directly
[INFO] [stdout]    |
[INFO] [stdout] 70 -         commands::add_for_widget::<Timer>(
[INFO] [stdout] 70 +         add_for_widget::<Timer>(
[INFO] [stdout]    |
[INFO] [stdout] 
[INFO] [stdout] error[E0425]: cannot find function `add_for_widget` in module `commands`
[INFO] [stdout]   --> src/commands.rs:422:19
[INFO] [stdout]    |
[INFO] [stdout] 79 |         commands::add_for_widget::<Timer>(
[INFO] [stdout]    |                   ^^^^^^^^^^^^^^ not found in `commands`
[INFO] [stdout]    |
[INFO] [stdout] help: consider importing this function
[INFO] [stdout]    |
[INFO] [stdout] 4  + use duat::commands::add_for_widget;
[INFO] [stdout]    |
[INFO] [stdout] help: if you import `add_for_widget`, refer to it directly
[INFO] [stdout]    |
[INFO] [stdout] 79 -         commands::add_for_widget::<Timer>(
[INFO] [stdout] 79 +         add_for_widget::<Timer>(
[INFO] [stdout]    |
[INFO] [stdout] 
[INFO] [stdout] error[E0425]: cannot find function `add_for_widget` in module `commands`
[INFO] [stdout]   --> src/commands.rs:431:19
[INFO] [stdout]    |
[INFO] [stdout] 88 |         commands::add_for_widget::<Timer>(
[INFO] [stdout]    |                   ^^^^^^^^^^^^^^ not found in `commands`
[INFO] [stdout]    |
[INFO] [stdout] help: consider importing this function
[INFO] [stdout]    |
[INFO] [stdout] 4  + use duat::commands::add_for_widget;
[INFO] [stdout]    |
[INFO] [stdout] help: if you import `add_for_widget`, refer to it directly
[INFO] [stdout]    |
[INFO] [stdout] 88 -         commands::add_for_widget::<Timer>(
[INFO] [stdout] 88 +         add_for_widget::<Timer>(
[INFO] [stdout]    |
[INFO] [stdout] 
[INFO] [stdout] warning: the feature `return_position_impl_trait_in_trait` has been stable since 1.75.0 and no longer requires an attribute to enable
[INFO] [stdout]  --> src/commands.rs:346:12
[INFO] [stdout]   |
[INFO] [stdout] 3 | #![feature(return_position_impl_trait_in_trait)]
[INFO] [stdout]   |            ^^^^^^^^^^^^^^^^^^^^^^^^^^^^^^^^^^^
[INFO] [stdout]   |
[INFO] [stdout]   = note: `#[warn(stable_features)]` on by default
[INFO] [stdout] 
[INFO] [stdout] error[E0107]: missing generics for trait `PassiveWidget`
[INFO] [stdout]   --> src/commands.rs:369:6
[INFO] [stdout]    |
[INFO] [stdout] 26 | impl PassiveWidget for Timer {
[INFO] [stdout]    |      ^^^^^^^^^^^^^ expected 1 generic argument
[INFO] [stdout]    |
[INFO] [stdout] note: trait defined here, with 1 generic parameter: `U`
[INFO] [stdout]   --> /opt/rustwide/cargo-home/registry/src/index.crates.io-6f17d22bba15001f/duat-core-0.1.3/src/widgets.rs:39:11
[INFO] [stdout]    |
[INFO] [stdout] 39 | pub trait PassiveWidget<U>: Send + Sync + 'static
[INFO] [stdout]    |           ^^^^^^^^^^^^^ -
[INFO] [stdout] help: add missing generic argument
[INFO] [stdout]    |
[INFO] [stdout] 26 | impl PassiveWidget<U> for Timer {
[INFO] [stdout]    |                   +++
[INFO] [stdout] 
[INFO] [stdout] error[E0277]: the trait bound `Timer: PassiveWidget<_>` is not satisfied
[INFO] [stdout]    --> src/commands.rs:387:26
[INFO] [stdout]     |
[INFO] [stdout] 44  |         (Widget::passive(timer), checker, specs)
[INFO] [stdout]     |          --------------- ^^^^^ the trait `PassiveWidget<_>` is not implemented for `Timer`
[INFO] [stdout]     |          |
[INFO] [stdout]     |          required by a bound introduced by this call
[INFO] [stdout]     |
[INFO] [stdout] note: required by a bound in `Widget::<U>::passive`
[INFO] [stdout]    --> /opt/rustwide/cargo-home/registry/src/index.crates.io-6f17d22bba15001f/duat-core-0.1.3/src/widgets.rs:276:12
[INFO] [stdout]     |
[INFO] [stdout] 274 |     pub fn passive<W>(widget: W) -> Self
[INFO] [stdout]     |            ------- required by a bound in this associated function
[INFO] [stdout] 275 |     where
[INFO] [stdout] 276 |         W: PassiveWidget<U>,
[INFO] [stdout]     |            ^^^^^^^^^^^^^^^^ required by this bound in `Widget::<U>::passive`
[INFO] [stdout] 
[INFO] [stdout] error: aborting due to 10 previous errors; 1 warning emitted
[INFO] [stdout] 
[INFO] [stdout] Some errors have detailed explanations: E0106, E0107, E0277, E0425.
[INFO] [stdout] For more information about an error, try `rustc --explain E0106`.
[INFO] [stdout] Couldn't compile the test.
[INFO] [stdout] 
[INFO] [stdout] failures:
[INFO] [stdout]     src/commands.rs - commands::add (line 189)
[INFO] [stdout]     src/commands.rs - commands::add_for_current (line 245)
[INFO] [stdout]     src/commands.rs - commands::add_for_widget (line 346)
[INFO] [stdout]     src/commands.rs - commands::run (line 159)
[INFO] [stdout]     src/lib.rs - (line 105)
[INFO] [stdout]     src/lib.rs - (line 71)
[INFO] [stdout]     src/lib.rs - (line 88)
[INFO] [stdout]     src/lib.rs - commands (line 145)
[INFO] [stdout]     src/lib.rs - commands (line 167)
[INFO] [stdout]     src/lib.rs - commands (line 174)
[INFO] [stdout]     src/lib.rs - commands (line 212)
[INFO] [stdout]     src/lib.rs - commands (line 252)
[INFO] [stdout]     src/widgets/status_line/mod.rs - widgets::status_line (line 11)
[INFO] [stdout]     src/widgets/status_line/mod.rs - widgets::status_line::StatusLine (line 150)
[INFO] [stdout] 
[INFO] [stdout] test result: FAILED. 0 passed; 14 failed; 1 ignored; 0 measured; 0 filtered out; finished in 0.08s
[INFO] [stdout] 
[INFO] [stderr] error: doctest failed, to rerun pass `--doc`
[INFO] running `Command { std: "docker" "inspect" "cf0db0412994964334d7d312c08cd58de930d650671a6c03a55263f824077bce", kill_on_drop: false }`
[INFO] running `Command { std: "docker" "rm" "-f" "cf0db0412994964334d7d312c08cd58de930d650671a6c03a55263f824077bce", kill_on_drop: false }`
[INFO] [stdout] cf0db0412994964334d7d312c08cd58de930d650671a6c03a55263f824077bce
