[INFO] fetching crate duat-core 0.1.3...
[INFO] testing duat-core-0.1.3 against nightly-2024-10-28 for randomize-layout
[INFO] extracting crate duat-core 0.1.3 into /workspace/builds/worker-5-tc1/source
[INFO] validating manifest of crates.io crate duat-core 0.1.3 on toolchain nightly-2024-10-28
[INFO] running `Command { std: CARGO_HOME="/workspace/cargo-home" RUSTUP_HOME="/workspace/rustup-home" "/workspace/cargo-home/bin/cargo" "+nightly-2024-10-28" "metadata" "--manifest-path" "Cargo.toml" "--no-deps", kill_on_drop: false }`
[INFO] started tweaking crates.io crate duat-core 0.1.3
[INFO] finished tweaking crates.io crate duat-core 0.1.3
[INFO] tweaked toml for crates.io crate duat-core 0.1.3 written to /workspace/builds/worker-5-tc1/source/Cargo.toml
[INFO] running `Command { std: CARGO_HOME="/workspace/cargo-home" RUSTUP_HOME="/workspace/rustup-home" "/workspace/cargo-home/bin/cargo" "+nightly-2024-10-28" "generate-lockfile" "--manifest-path" "Cargo.toml", kill_on_drop: false }`
[INFO] [stderr]     Updating crates.io index
[INFO] [stderr]      Locking 36 packages to latest compatible versions
[INFO] running `Command { std: CARGO_HOME="/workspace/cargo-home" RUSTUP_HOME="/workspace/rustup-home" "/workspace/cargo-home/bin/cargo" "+nightly-2024-10-28" "fetch" "--manifest-path" "Cargo.toml", kill_on_drop: false }`
[INFO] [stderr]  Downloading crates ...
[INFO] [stderr]   Downloaded gapbuf v0.1.4
[INFO] running `Command { std: "docker" "create" "-v" "/var/lib/crater-agent-workspace/builds/worker-5-tc1/target:/opt/rustwide/target:rw,Z" "-v" "/var/lib/crater-agent-workspace/builds/worker-5-tc1/source:/opt/rustwide/workdir:ro,Z" "-v" "/var/lib/crater-agent-workspace/cargo-home:/opt/rustwide/cargo-home:ro,Z" "-v" "/var/lib/crater-agent-workspace/rustup-home:/opt/rustwide/rustup-home:ro,Z" "-e" "SOURCE_DIR=/opt/rustwide/workdir" "-e" "CARGO_TARGET_DIR=/opt/rustwide/target" "-e" "CARGO_HOME=/opt/rustwide/cargo-home" "-e" "RUSTUP_HOME=/opt/rustwide/rustup-home" "-w" "/opt/rustwide/workdir" "-m" "1610612736" "--user" "0:0" "--network" "none" "ghcr.io/rust-lang/crates-build-env/linux@sha256:4a844ea9eb2546a2d2c7022eacef16ef2e8229c7fbb2c7d4d55a9ceca922f72d" "/opt/rustwide/cargo-home/bin/cargo" "+nightly-2024-10-28" "metadata" "--no-deps" "--format-version=1", kill_on_drop: false }`
[INFO] [stdout] d1041d72165ec40faab0a842730a62110029c04113a8c59d460f3b5b252fcc33
[INFO] running `Command { std: "docker" "start" "-a" "d1041d72165ec40faab0a842730a62110029c04113a8c59d460f3b5b252fcc33", kill_on_drop: false }`
[INFO] running `Command { std: "docker" "inspect" "d1041d72165ec40faab0a842730a62110029c04113a8c59d460f3b5b252fcc33", kill_on_drop: false }`
[INFO] running `Command { std: "docker" "rm" "-f" "d1041d72165ec40faab0a842730a62110029c04113a8c59d460f3b5b252fcc33", kill_on_drop: false }`
[INFO] [stdout] d1041d72165ec40faab0a842730a62110029c04113a8c59d460f3b5b252fcc33
[INFO] running `Command { std: "docker" "create" "-v" "/var/lib/crater-agent-workspace/builds/worker-5-tc1/target:/opt/rustwide/target:rw,Z" "-v" "/var/lib/crater-agent-workspace/builds/worker-5-tc1/source:/opt/rustwide/workdir:ro,Z" "-v" "/var/lib/crater-agent-workspace/cargo-home:/opt/rustwide/cargo-home:ro,Z" "-v" "/var/lib/crater-agent-workspace/rustup-home:/opt/rustwide/rustup-home:ro,Z" "-e" "SOURCE_DIR=/opt/rustwide/workdir" "-e" "CARGO_TARGET_DIR=/opt/rustwide/target" "-e" "CARGO_INCREMENTAL=0" "-e" "RUST_BACKTRACE=full" "-e" "RUSTFLAGS=--cap-lints=forbid" "-e" "RUSTDOCFLAGS=--cap-lints=forbid" "-e" "CARGO_HOME=/opt/rustwide/cargo-home" "-e" "RUSTUP_HOME=/opt/rustwide/rustup-home" "-w" "/opt/rustwide/workdir" "-m" "1610612736" "--user" "0:0" "--network" "none" "ghcr.io/rust-lang/crates-build-env/linux@sha256:4a844ea9eb2546a2d2c7022eacef16ef2e8229c7fbb2c7d4d55a9ceca922f72d" "/opt/rustwide/cargo-home/bin/cargo" "+nightly-2024-10-28" "build" "--frozen" "--message-format=json", kill_on_drop: false }`
[INFO] [stdout] 85b75f7d9c8cca07b5bd1b1e9eff33b833ee01f9fbb3031b0cc79994062ec00f
[INFO] running `Command { std: "docker" "start" "-a" "85b75f7d9c8cca07b5bd1b1e9eff33b833ee01f9fbb3031b0cc79994062ec00f", kill_on_drop: false }`
[INFO] [stderr]    Compiling signal-hook v0.3.17
[INFO] [stderr]    Compiling signal-hook-registry v1.4.2
[INFO] [stderr]    Compiling rustix v0.38.38
[INFO] [stderr]    Compiling linux-raw-sys v0.4.14
[INFO] [stderr]    Compiling bitflags v2.6.0
[INFO] [stderr]    Compiling gapbuf v0.1.4
[INFO] [stderr]    Compiling mio v1.0.2
[INFO] [stderr]    Compiling parking_lot_core v0.9.10
[INFO] [stderr]    Compiling parking_lot v0.12.3
[INFO] [stderr]    Compiling signal-hook-mio v0.2.4
[INFO] [stderr]    Compiling crossterm v0.28.1
[INFO] [stderr]    Compiling duat-core v0.1.3 (/opt/rustwide/workdir)
[INFO] [stdout] warning: the feature `control_flow_enum` has been stable since 1.83.0 and no longer requires an attribute to enable
[INFO] [stdout]  --> src/lib.rs:7:5
[INFO] [stdout]   |
[INFO] [stdout] 7 |     control_flow_enum,
[INFO] [stdout]   |     ^^^^^^^^^^^^^^^^^
[INFO] [stdout]   |
[INFO] [stdout]   = note: `#[warn(stable_features)]` on by default
[INFO] [stdout] 
[INFO] [stdout] 
[INFO] [stdout] warning: methods `start`, `is_from`, and `is_until` are never used
[INFO] [stdout]    --> src/text/tags/ranges.rs:37:12
[INFO] [stdout]     |
[INFO] [stdout] 12  | impl TagRange {
[INFO] [stdout]     | ------------- methods in this implementation
[INFO] [stdout] ...
[INFO] [stdout] 37  |     pub fn start(&self) -> usize {
[INFO] [stdout]     |            ^^^^^
[INFO] [stdout] ...
[INFO] [stdout] 94  |     pub fn is_from(&self) -> bool {
[INFO] [stdout]     |            ^^^^^^^
[INFO] [stdout] ...
[INFO] [stdout] 102 |     pub fn is_until(&self) -> bool {
[INFO] [stdout]     |            ^^^^^^^^
[INFO] [stdout]     |
[INFO] [stdout]     = note: `#[warn(dead_code)]` on by default
[INFO] [stdout] 
[INFO] [stdout] 
[INFO] [stderr]     Finished `dev` profile [unoptimized + debuginfo] target(s) in 3.79s
[INFO] running `Command { std: "docker" "inspect" "85b75f7d9c8cca07b5bd1b1e9eff33b833ee01f9fbb3031b0cc79994062ec00f", kill_on_drop: false }`
[INFO] running `Command { std: "docker" "rm" "-f" "85b75f7d9c8cca07b5bd1b1e9eff33b833ee01f9fbb3031b0cc79994062ec00f", kill_on_drop: false }`
[INFO] [stdout] 85b75f7d9c8cca07b5bd1b1e9eff33b833ee01f9fbb3031b0cc79994062ec00f
[INFO] running `Command { std: "docker" "create" "-v" "/var/lib/crater-agent-workspace/builds/worker-5-tc1/target:/opt/rustwide/target:rw,Z" "-v" "/var/lib/crater-agent-workspace/builds/worker-5-tc1/source:/opt/rustwide/workdir:ro,Z" "-v" "/var/lib/crater-agent-workspace/cargo-home:/opt/rustwide/cargo-home:ro,Z" "-v" "/var/lib/crater-agent-workspace/rustup-home:/opt/rustwide/rustup-home:ro,Z" "-e" "SOURCE_DIR=/opt/rustwide/workdir" "-e" "CARGO_TARGET_DIR=/opt/rustwide/target" "-e" "CARGO_INCREMENTAL=0" "-e" "RUST_BACKTRACE=full" "-e" "RUSTFLAGS=--cap-lints=forbid" "-e" "RUSTDOCFLAGS=--cap-lints=forbid" "-e" "CARGO_HOME=/opt/rustwide/cargo-home" "-e" "RUSTUP_HOME=/opt/rustwide/rustup-home" "-w" "/opt/rustwide/workdir" "-m" "1610612736" "--user" "0:0" "--network" "none" "ghcr.io/rust-lang/crates-build-env/linux@sha256:4a844ea9eb2546a2d2c7022eacef16ef2e8229c7fbb2c7d4d55a9ceca922f72d" "/opt/rustwide/cargo-home/bin/cargo" "+nightly-2024-10-28" "test" "--frozen" "--no-run" "--message-format=json", kill_on_drop: false }`
[INFO] [stdout] 92d8dd23a0d06bc50d679065be84862fdd311bebed8b8700a0f0d2244643f4ad
[INFO] running `Command { std: "docker" "start" "-a" "92d8dd23a0d06bc50d679065be84862fdd311bebed8b8700a0f0d2244643f4ad", kill_on_drop: false }`
[INFO] [stdout] warning: the feature `control_flow_enum` has been stable since 1.83.0 and no longer requires an attribute to enable
[INFO] [stdout]  --> src/lib.rs:7:5
[INFO] [stdout]   |
[INFO] [stdout] 7 |     control_flow_enum,
[INFO] [stdout]   |     ^^^^^^^^^^^^^^^^^
[INFO] [stdout]   |
[INFO] [stdout]   = note: `#[warn(stable_features)]` on by default
[INFO] [stdout] 
[INFO] [stdout] 
[INFO] [stdout] warning: methods `start`, `is_from`, and `is_until` are never used
[INFO] [stdout]    --> src/text/tags/ranges.rs:37:12
[INFO] [stdout]     |
[INFO] [stdout] 12  | impl TagRange {
[INFO] [stdout]     | ------------- methods in this implementation
[INFO] [stdout] ...
[INFO] [stdout] 37  |     pub fn start(&self) -> usize {
[INFO] [stdout]     |            ^^^^^
[INFO] [stdout] ...
[INFO] [stdout] 94  |     pub fn is_from(&self) -> bool {
[INFO] [stdout]     |            ^^^^^^^
[INFO] [stdout] ...
[INFO] [stdout] 102 |     pub fn is_until(&self) -> bool {
[INFO] [stdout]     |            ^^^^^^^^
[INFO] [stdout]     |
[INFO] [stdout]     = note: `#[warn(dead_code)]` on by default
[INFO] [stdout] 
[INFO] [stdout] 
[INFO] [stderr]    Compiling duat-core v0.1.3 (/opt/rustwide/workdir)
[INFO] [stdout] warning: the feature `control_flow_enum` has been stable since 1.83.0 and no longer requires an attribute to enable
[INFO] [stdout]  --> src/lib.rs:7:5
[INFO] [stdout]   |
[INFO] [stdout] 7 |     control_flow_enum,
[INFO] [stdout]   |     ^^^^^^^^^^^^^^^^^
[INFO] [stdout]   |
[INFO] [stdout]   = note: `#[warn(stable_features)]` on by default
[INFO] [stdout] 
[INFO] [stdout] 
[INFO] [stdout] warning: methods `start`, `is_from`, and `is_until` are never used
[INFO] [stdout]    --> src/text/tags/ranges.rs:37:12
[INFO] [stdout]     |
[INFO] [stdout] 12  | impl TagRange {
[INFO] [stdout]     | ------------- methods in this implementation
[INFO] [stdout] ...
[INFO] [stdout] 37  |     pub fn start(&self) -> usize {
[INFO] [stdout]     |            ^^^^^
[INFO] [stdout] ...
[INFO] [stdout] 94  |     pub fn is_from(&self) -> bool {
[INFO] [stdout]     |            ^^^^^^^
[INFO] [stdout] ...
[INFO] [stdout] 102 |     pub fn is_until(&self) -> bool {
[INFO] [stdout]     |            ^^^^^^^^
[INFO] [stdout]     |
[INFO] [stdout]     = note: `#[warn(dead_code)]` on by default
[INFO] [stdout] 
[INFO] [stdout] 
[INFO] [stderr]     Finished `test` profile [unoptimized + debuginfo] target(s) in 1.29s
[INFO] running `Command { std: "docker" "inspect" "92d8dd23a0d06bc50d679065be84862fdd311bebed8b8700a0f0d2244643f4ad", kill_on_drop: false }`
[INFO] running `Command { std: "docker" "rm" "-f" "92d8dd23a0d06bc50d679065be84862fdd311bebed8b8700a0f0d2244643f4ad", kill_on_drop: false }`
[INFO] [stdout] 92d8dd23a0d06bc50d679065be84862fdd311bebed8b8700a0f0d2244643f4ad
[INFO] running `Command { std: "docker" "create" "-v" "/var/lib/crater-agent-workspace/builds/worker-5-tc1/target:/opt/rustwide/target:rw,Z" "-v" "/var/lib/crater-agent-workspace/builds/worker-5-tc1/source:/opt/rustwide/workdir:ro,Z" "-v" "/var/lib/crater-agent-workspace/cargo-home:/opt/rustwide/cargo-home:ro,Z" "-v" "/var/lib/crater-agent-workspace/rustup-home:/opt/rustwide/rustup-home:ro,Z" "-e" "SOURCE_DIR=/opt/rustwide/workdir" "-e" "CARGO_TARGET_DIR=/opt/rustwide/target" "-e" "CARGO_INCREMENTAL=0" "-e" "RUST_BACKTRACE=full" "-e" "RUSTFLAGS=--cap-lints=forbid" "-e" "RUSTDOCFLAGS=--cap-lints=forbid" "-e" "CARGO_HOME=/opt/rustwide/cargo-home" "-e" "RUSTUP_HOME=/opt/rustwide/rustup-home" "-w" "/opt/rustwide/workdir" "-m" "1610612736" "--user" "0:0" "--network" "none" "ghcr.io/rust-lang/crates-build-env/linux@sha256:4a844ea9eb2546a2d2c7022eacef16ef2e8229c7fbb2c7d4d55a9ceca922f72d" "/opt/rustwide/cargo-home/bin/cargo" "+nightly-2024-10-28" "test" "--frozen", kill_on_drop: false }`
[INFO] [stdout] 5f59d116240d5fcf60009bcd2bb1dba429b2ada28e354d90692d2feaee6f7209
[INFO] running `Command { std: "docker" "start" "-a" "5f59d116240d5fcf60009bcd2bb1dba429b2ada28e354d90692d2feaee6f7209", kill_on_drop: false }`
[INFO] [stderr] warning: the feature `control_flow_enum` has been stable since 1.83.0 and no longer requires an attribute to enable
[INFO] [stderr]  --> src/lib.rs:7:5
[INFO] [stderr]   |
[INFO] [stderr] 7 |     control_flow_enum,
[INFO] [stderr]   |     ^^^^^^^^^^^^^^^^^
[INFO] [stderr]   |
[INFO] [stderr]   = note: `#[warn(stable_features)]` on by default
[INFO] [stderr] 
[INFO] [stderr] warning: methods `start`, `is_from`, and `is_until` are never used
[INFO] [stderr]    --> src/text/tags/ranges.rs:37:12
[INFO] [stderr]     |
[INFO] [stderr] 12  | impl TagRange {
[INFO] [stderr]     | ------------- methods in this implementation
[INFO] [stderr] ...
[INFO] [stderr] 37  |     pub fn start(&self) -> usize {
[INFO] [stderr]     |            ^^^^^
[INFO] [stderr] ...
[INFO] [stderr] 94  |     pub fn is_from(&self) -> bool {
[INFO] [stderr]     |            ^^^^^^^
[INFO] [stderr] ...
[INFO] [stderr] 102 |     pub fn is_until(&self) -> bool {
[INFO] [stderr]     |            ^^^^^^^^
[INFO] [stderr]     |
[INFO] [stderr]     = note: `#[warn(dead_code)]` on by default
[INFO] [stderr] 
[INFO] [stderr] warning: `duat-core` (lib) generated 2 warnings
[INFO] [stderr] warning: `duat-core` (lib test) generated 2 warnings (2 duplicates)
[INFO] [stderr]     Finished `test` profile [unoptimized + debuginfo] target(s) in 0.02s
[INFO] [stderr]      Running unittests src/lib.rs (/opt/rustwide/target/debug/deps/duat_core-27d509223ca88248)
[INFO] [stdout] 
[INFO] [stdout] running 0 tests
[INFO] [stdout] 
[INFO] [stdout] test result: ok. 0 passed; 0 failed; 0 ignored; 0 measured; 0 filtered out; finished in 0.00s
[INFO] [stdout] 
[INFO] [stderr]    Doc-tests duat_core
[INFO] [stdout] 
[INFO] [stdout] running 46 tests
[INFO] [stdout] test src/commands/mod.rs - commands::Commands<U>::add (line 280) ... ignored
[INFO] [stdout] test src/commands/mod.rs - commands::Commands<U>::add_for_current (line 324) ... FAILED
[INFO] [stdout] test src/commands/mod.rs - commands::Commands<U>::run (line 226) ... FAILED
[INFO] [stdout] test src/commands/mod.rs - commands::Commands<U>::add_for_widget (line 446) ... FAILED
[INFO] [stdout] test src/data/ro.rs - data::ro::RoData<T>::has_changed (line 309) ... FAILED
[INFO] [stdout] test src/data/ro.rs - data::ro::RoData<T>::inspect (line 204) ... FAILED
[INFO] [stdout] test src/data/ro.rs - data::ro::RoData<T>::inspect (line 162) ... FAILED
[INFO] [stdout] test src/data/ro.rs - data::ro::RoData<T>::inspect (line 182) ... FAILED
[INFO] [stdout] test src/commands/parameters.rs - commands::parameters::Args<'a>::next_as (line 111) ... ok
[INFO] [stdout] test src/data/ro.rs - data::ro::RoData<T>::inspect_as (line 362) ... FAILED
[INFO] [stdout] test src/commands/parameters.rs - commands::parameters::Flags<'a,'b>::long (line 351) ... ok
[INFO] [stdout] test src/commands/parameters.rs - commands::parameters::Flags (line 313) ... ok
[INFO] [stdout] test src/commands/parameters.rs - commands::parameters::Args<'a>::next (line 60) ... FAILED
[INFO] [stdout] test src/commands/parameters.rs - commands::parameters::Args (line 17) ... ok
[INFO] [stdout] test src/commands/parameters.rs - commands::parameters::Args<'a>::set_expected (line 260) ... ok
[INFO] [stdout] test src/data/ro.rs - data::ro::RoData<T>::ptr_eq (line 338) ... FAILED
[INFO] [stdout] test src/commands/parameters.rs - commands::parameters::Args<'a>::collect (line 223) ... ok
[INFO] [stdout] test src/commands/parameters.rs - commands::parameters::Args<'a>::ended (line 183) ... ok
[INFO] [stdout] test src/commands/parameters.rs - commands::parameters::Flags<'a,'b>::is_empty (line 368) ... ok
[INFO] [stdout] test src/commands/parameters.rs - commands::parameters::Flags<'a,'b>::short (line 334) ... ok
[INFO] [stdout] test src/data/ro.rs - data::ro::RoData<T>::read (line 121) ... FAILED
[INFO] [stdout] test src/commands/parameters.rs - commands::parameters::Args (line 32) ... ok
[INFO] [stdout] test src/commands/parameters.rs - commands::parameters::Flags (line 299) ... ok
[INFO] [stdout] test src/commands/parameters.rs - commands::parameters::Args<'a>::next_else (line 147) ... ok
[INFO] [stdout] test src/data/ro.rs - data::ro::RoData<T>::read (line 93) ... FAILED
[INFO] [stdout] test src/data/rw.rs - data::rw::RwData<T>::data_is (line 568) ... FAILED
[INFO] [stdout] test src/data/rw.rs - data::rw::RwData (line 36) ... FAILED
[INFO] [stdout] test src/data/ro.rs - data::ro::RoData<T>::try_read (line 243) ... FAILED
[INFO] [stdout] test src/data/rw.rs - data::rw::RwData<T>::has_changed (line 332) ... FAILED
[INFO] [stdout] test src/data/ro.rs - data::ro::RoData<T>::try_inspect (line 273) ... FAILED
[INFO] [stdout] test src/data/rw.rs - data::rw::RwData<T>::inspect (line 185) ... FAILED
[INFO] [stdout] test src/data/rw.rs - data::rw::RwData<T>::inspect_as (line 689) ... FAILED
[INFO] [stdout] test src/data/rw.rs - data::rw::RwData<T>::mutate (line 492) - compile ... ok
[INFO] [stdout] test src/data/rw.rs - data::rw::RwData<T>::ptr_eq (line 361) ... FAILED
[INFO] [stdout] test src/data/rw.rs - data::rw::RwData<T>::inspect (line 227) ... FAILED
[INFO] [stdout] test src/data/rw.rs - data::rw::RwData<T>::inspect (line 205) ... FAILED
[INFO] [stdout] test src/data/rw.rs - data::rw::RwData<T>::read (line 116) ... FAILED
[INFO] [stdout] test src/data/rw.rs - data::rw::RwData<T>::read (line 144) ... FAILED
[INFO] [stdout] test src/data/rw.rs - data::rw::RwData<T>::try_downcast (line 617) ... FAILED
[INFO] [stdout] test src/data/rw.rs - data::rw::RwData<T>::try_inspect (line 296) ... FAILED
[INFO] [stdout] test src/data/rw.rs - data::rw::RwData<T>::write (line 391) - compile ... ok
[INFO] [stdout] test src/data/rw.rs - data::rw::RwData<T>::try_read (line 266) ... FAILED
[INFO] [stdout] test src/data/rw.rs - data::rw::RwData<T>::try_write (line 439) ... FAILED
[INFO] [stdout] test src/ui/builder.rs - ui::builder::FileBuilder (line 18) ... FAILED
[INFO] [stdout] test src/ui/builder.rs - ui::builder::WindowBuilder<'a,U>::push (line 336) ... ok
[INFO] [stdout] test src/ui/builder.rs - ui::builder::WindowBuilder<'a,U>::push_cfg (line 397) ... ok
[INFO] [stdout] 
[INFO] [stdout] failures:
[INFO] [stdout] 
[INFO] [stdout] ---- src/commands/mod.rs - commands::Commands<U>::add_for_current (line 324) stdout ----
[INFO] [stdout] error: this file contains an unclosed delimiter
[INFO] [stdout]   --> src/commands/mod.rs:384:11
[INFO] [stdout]    |
[INFO] [stdout] 8  | fn test<U: Ui>(context: Context<U>) -> Result<Option<Text>> {
[INFO] [stdout]    |                                                             - unclosed delimiter
[INFO] [stdout] ...
[INFO] [stdout] 60 | .unwrap();
[INFO] [stdout]    |           ^
[INFO] [stdout] 
[INFO] [stdout] error: aborting due to 1 previous error
[INFO] [stdout] 
[INFO] [stdout] Couldn't compile the test.
[INFO] [stdout] ---- src/commands/mod.rs - commands::Commands<U>::run (line 226) stdout ----
[INFO] [stdout] error[E0432]: unresolved import `duat_core::Context`
[INFO] [stdout]  --> src/commands/mod.rs:231:5
[INFO] [stdout]   |
[INFO] [stdout] 8 |     Context,
[INFO] [stdout]   |     ^^^^^^^ no `Context` in the root
[INFO] [stdout]   |
[INFO] [stdout]   = help: consider importing one of these structs instead:
[INFO] [stdout]           std::task::Context
[INFO] [stdout]           duat_core::data::Context
[INFO] [stdout] 
[INFO] [stdout] error[E0412]: cannot find type `Text` in this scope
[INFO] [stdout]   --> src/commands/mod.rs:233:54
[INFO] [stdout]    |
[INFO] [stdout] 10 | fn test<U: Ui>(context: Context<U>) -> Result<Option<Text>> {
[INFO] [stdout]    |                                                      ^^^^ not found in this scope
[INFO] [stdout]    |
[INFO] [stdout] help: consider importing this struct
[INFO] [stdout]    |
[INFO] [stdout] 2  + use duat_core::text::Text;
[INFO] [stdout]    |
[INFO] [stdout] 
[INFO] [stdout] error[E0603]: type alias `Result` is private
[INFO] [stdout]    --> src/commands/mod.rs:229:22
[INFO] [stdout]     |
[INFO] [stdout] 6   |     commands::{self, Result},
[INFO] [stdout]     |                      ^^^^^^ private type alias
[INFO] [stdout]     |
[INFO] [stdout] note: the type alias `Result` is defined here
[INFO] [stdout]    --> /opt/rustwide/workdir/src/commands/mod.rs:710:1
[INFO] [stdout]     |
[INFO] [stdout] 710 | type Result<T> = crate::Result<T, ()>;
[INFO] [stdout]     | ^^^^^^^^^^^^^^
[INFO] [stdout] 
[INFO] [stdout] error: aborting due to 3 previous errors
[INFO] [stdout] 
[INFO] [stdout] Some errors have detailed explanations: E0412, E0432, E0603.
[INFO] [stdout] For more information about an error, try `rustc --explain E0412`.
[INFO] [stdout] Couldn't compile the test.
[INFO] [stdout] ---- src/commands/mod.rs - commands::Commands<U>::add_for_widget (line 446) stdout ----
[INFO] [stdout] error[E0425]: cannot find function `add_for_widget` in module `commands`
[INFO] [stdout]   --> src/commands/mod.rs:520:19
[INFO] [stdout]    |
[INFO] [stdout] 77 |         commands::add_for_widget::<Timer>(
[INFO] [stdout]    |                   ^^^^^^^^^^^^^^ not found in `commands`
[INFO] [stdout] 
[INFO] [stdout] error[E0425]: cannot find function `add_for_widget` in module `commands`
[INFO] [stdout]   --> src/commands/mod.rs:529:19
[INFO] [stdout]    |
[INFO] [stdout] 86 |         commands::add_for_widget::<Timer>(
[INFO] [stdout]    |                   ^^^^^^^^^^^^^^ not found in `commands`
[INFO] [stdout] 
[INFO] [stdout] error[E0425]: cannot find function `add_for_widget` in module `commands`
[INFO] [stdout]   --> src/commands/mod.rs:538:19
[INFO] [stdout]    |
[INFO] [stdout] 95 |         commands::add_for_widget::<Timer>(
[INFO] [stdout]    |                   ^^^^^^^^^^^^^^ not found in `commands`
[INFO] [stdout] 
[INFO] [stdout] warning: the feature `return_position_impl_trait_in_trait` has been stable since 1.75.0 and no longer requires an attribute to enable
[INFO] [stdout]  --> src/commands/mod.rs:446:12
[INFO] [stdout]   |
[INFO] [stdout] 3 | #![feature(return_position_impl_trait_in_trait)]
[INFO] [stdout]   |            ^^^^^^^^^^^^^^^^^^^^^^^^^^^^^^^^^^^
[INFO] [stdout]   |
[INFO] [stdout]   = note: `#[warn(stable_features)]` on by default
[INFO] [stdout] 
[INFO] [stdout] error[E0107]: missing generics for trait `PassiveWidget`
[INFO] [stdout]   --> src/commands/mod.rs:469:6
[INFO] [stdout]    |
[INFO] [stdout] 26 | impl PassiveWidget for Timer {
[INFO] [stdout]    |      ^^^^^^^^^^^^^ expected 1 generic argument
[INFO] [stdout]    |
[INFO] [stdout] note: trait defined here, with 1 generic parameter: `U`
[INFO] [stdout]   --> /opt/rustwide/workdir/src/widgets.rs:39:11
[INFO] [stdout]    |
[INFO] [stdout] 39 | pub trait PassiveWidget<U>: Send + Sync + 'static
[INFO] [stdout]    |           ^^^^^^^^^^^^^ -
[INFO] [stdout] help: add missing generic argument
[INFO] [stdout]    |
[INFO] [stdout] 26 | impl PassiveWidget<U> for Timer {
[INFO] [stdout]    |                   +++
[INFO] [stdout] 
[INFO] [stdout] error[E0277]: the trait bound `Timer: PassiveWidget<_>` is not satisfied
[INFO] [stdout]    --> src/commands/mod.rs:490:26
[INFO] [stdout]     |
[INFO] [stdout] 47  |         (Widget::passive(timer), checker, specs)
[INFO] [stdout]     |          --------------- ^^^^^ the trait `PassiveWidget<_>` is not implemented for `Timer`
[INFO] [stdout]     |          |
[INFO] [stdout]     |          required by a bound introduced by this call
[INFO] [stdout]     |
[INFO] [stdout] note: required by a bound in `Widget::<U>::passive`
[INFO] [stdout]    --> /opt/rustwide/workdir/src/widgets.rs:276:12
[INFO] [stdout]     |
[INFO] [stdout] 274 |     pub fn passive<W>(widget: W) -> Self
[INFO] [stdout]     |            ------- required by a bound in this associated function
[INFO] [stdout] 275 |     where
[INFO] [stdout] 276 |         W: PassiveWidget<U>,
[INFO] [stdout]     |            ^^^^^^^^^^^^^^^^ required by this bound in `Widget::<U>::passive`
[INFO] [stdout] 
[INFO] [stdout] error: aborting due to 5 previous errors; 1 warning emitted
[INFO] [stdout] 
[INFO] [stdout] Some errors have detailed explanations: E0107, E0277, E0425.
[INFO] [stdout] For more information about an error, try `rustc --explain E0107`.
[INFO] [stdout] Couldn't compile the test.
[INFO] [stdout] ---- src/data/ro.rs - data::ro::RoData<T>::has_changed (line 309) stdout ----
[INFO] [stdout] error[E0432]: unresolved import `duat_core::data::ReadableData`
[INFO] [stdout]  --> src/data/ro.rs:311:23
[INFO] [stdout]   |
[INFO] [stdout] 5 | use duat_core::data::{ReadableData, RoData, RwData};
[INFO] [stdout]   |                       ^^^^^^^^^^^^ no `ReadableData` in `data`
[INFO] [stdout] 
[INFO] [stdout] error: aborting due to 1 previous error
[INFO] [stdout] 
[INFO] [stdout] For more information about this error, try `rustc --explain E0432`.
[INFO] [stdout] Couldn't compile the test.
[INFO] [stdout] ---- src/data/ro.rs - data::ro::RoData<T>::inspect (line 204) stdout ----
[INFO] [stdout] error[E0432]: unresolved import `duat_core::data::ReadableData`
[INFO] [stdout]  --> src/data/ro.rs:206:23
[INFO] [stdout]   |
[INFO] [stdout] 5 | use duat_core::data::{ReadableData, RoData, RwData};
[INFO] [stdout]   |                       ^^^^^^^^^^^^ no `ReadableData` in `data`
[INFO] [stdout] 
[INFO] [stdout] error: aborting due to 1 previous error
[INFO] [stdout] 
[INFO] [stdout] For more information about this error, try `rustc --explain E0432`.
[INFO] [stdout] Couldn't compile the test.
[INFO] [stdout] ---- src/data/ro.rs - data::ro::RoData<T>::inspect (line 162) stdout ----
[INFO] [stdout] error[E0432]: unresolved import `duat_core::data::ReadableData`
[INFO] [stdout]  --> src/data/ro.rs:164:23
[INFO] [stdout]   |
[INFO] [stdout] 5 | use duat_core::data::{ReadableData, RoData, RwData};
[INFO] [stdout]   |                       ^^^^^^^^^^^^ no `ReadableData` in `data`
[INFO] [stdout] 
[INFO] [stdout] error: aborting due to 1 previous error
[INFO] [stdout] 
[INFO] [stdout] For more information about this error, try `rustc --explain E0432`.
[INFO] [stdout] Couldn't compile the test.
[INFO] [stdout] ---- src/data/ro.rs - data::ro::RoData<T>::inspect (line 182) stdout ----
[INFO] [stdout] error[E0432]: unresolved import `duat_core::data::ReadableData`
[INFO] [stdout]  --> src/data/ro.rs:184:23
[INFO] [stdout]   |
[INFO] [stdout] 5 | use duat_core::data::{ReadableData, RoData, RwData};
[INFO] [stdout]   |                       ^^^^^^^^^^^^ no `ReadableData` in `data`
[INFO] [stdout] 
[INFO] [stdout] error: aborting due to 1 previous error
[INFO] [stdout] 
[INFO] [stdout] For more information about this error, try `rustc --explain E0432`.
[INFO] [stdout] Couldn't compile the test.
[INFO] [stdout] ---- src/data/ro.rs - data::ro::RoData<T>::inspect_as (line 362) stdout ----
[INFO] [stdout] error[E0405]: cannot find trait `AsAny` in this scope
[INFO] [stdout]   --> src/data/ro.rs:372:6
[INFO] [stdout]    |
[INFO] [stdout] 13 | impl AsAny for DownCastableChar {
[INFO] [stdout]    |      ^^^^^ not found in this scope
[INFO] [stdout] 
[INFO] [stdout] error: aborting due to 1 previous error
[INFO] [stdout] 
[INFO] [stdout] For more information about this error, try `rustc --explain E0405`.
[INFO] [stdout] Couldn't compile the test.
[INFO] [stdout] ---- src/commands/parameters.rs - commands::parameters::Args<'a>::next (line 60) stdout ----
[INFO] [stdout] Test executable failed (exit status: 101).
[INFO] [stdout] 
[INFO] [stdout] stderr:
[INFO] [stdout] thread 'main' panicked at src/commands/parameters.rs:21:1:
[INFO] [stdout] assertion `left == right` failed
[INFO] [stdout]   left: Err(Text { buf: "'Expected at least 6 arguments, got 5.', ''", tags: Tags { buf: [Skip(9), Skip(9), Tag(PushForm(Marker(0), FormId(5))), Skip(1), Tag(PopForm(Marker(0), FormId(5))), Tag(PushForm(Marker(0), FormId(0))), Skip(16), Tag(PopForm(Marker(0), FormId(0))), Tag(PushForm(Marker(0), FormId(5))), Skip(1), Tag(PopForm(Marker(0), FormId(5))), Tag(PushForm(Marker(0), FormId(0))), Skip(1), Tag(PopForm(Marker(0), FormId(0)))], ranges: [], range_min: 50, .. }, records: Records { last: "(0, 0, 0)", max: "(26, 26, 0)", stored: "[]" } })
[INFO] [stdout]  right: Err(Text { buf: "'Expected at least 6 arguments, got 5.', ''", tags: Tags { buf: [Skip(18), Tag(PushForm(Marker(0), FormId(5))), Skip(1), Tag(PopForm(Marker(0), FormId(5))), Tag(PushForm(Marker(0), FormId(0))), Skip(16), Tag(PopForm(Marker(0), FormId(0))), Tag(PushForm(Marker(0), FormId(5))), Skip(1), Tag(PopForm(Marker(0), FormId(5))), Tag(PushForm(Marker(0), FormId(0))), Skip(1), Tag(PopForm(Marker(0), FormId(0)))], ranges: [], range_min: 50, .. }, records: Records { last: "(0, 0, 0)", max: "(37, 37, 0)", stored: "[]" } })
[INFO] [stdout] stack backtrace:
[INFO] [stdout]    0:     0x5e2d564dd9ba - std::backtrace_rs::backtrace::libunwind::trace::h207520d6e9873551
[INFO] [stdout]                                at /rustc/df4ca44d3fbc9301ee17f30f4d474e6ae4b05252/library/std/src/../../backtrace/src/backtrace/libunwind.rs:116:5
[INFO] [stdout]    1:     0x5e2d564dd9ba - std::backtrace_rs::backtrace::trace_unsynchronized::h2ed7433f370e3eca
[INFO] [stdout]                                at /rustc/df4ca44d3fbc9301ee17f30f4d474e6ae4b05252/library/std/src/../../backtrace/src/backtrace/mod.rs:66:5
[INFO] [stdout]    2:     0x5e2d564dd9ba - std::sys::backtrace::_print_fmt::h916fac51166b18d7
[INFO] [stdout]                                at /rustc/df4ca44d3fbc9301ee17f30f4d474e6ae4b05252/library/std/src/sys/backtrace.rs:66:9
[INFO] [stdout]    3:     0x5e2d564dd9ba - <std::sys::backtrace::BacktraceLock::print::DisplayBacktrace as core::fmt::Display>::fmt::ha0a4c9b8ce3802e6
[INFO] [stdout]                                at /rustc/df4ca44d3fbc9301ee17f30f4d474e6ae4b05252/library/std/src/sys/backtrace.rs:39:26
[INFO] [stdout]    4:     0x5e2d564fab43 - core::fmt::rt::Argument::fmt::h4cfc8587d52b3eb5
[INFO] [stdout]                                at /rustc/df4ca44d3fbc9301ee17f30f4d474e6ae4b05252/library/core/src/fmt/rt.rs:177:76
[INFO] [stdout]    5:     0x5e2d564fab43 - core::fmt::write::h522cc39e5b36ae9f
[INFO] [stdout]                                at /rustc/df4ca44d3fbc9301ee17f30f4d474e6ae4b05252/library/core/src/fmt/mod.rs:1190:21
[INFO] [stdout]    6:     0x5e2d564db263 - std::io::Write::write_fmt::hf1c1dcc8cc1287f0
[INFO] [stdout]                                at /rustc/df4ca44d3fbc9301ee17f30f4d474e6ae4b05252/library/std/src/io/mod.rs:1839:15
[INFO] [stdout]    7:     0x5e2d564dd802 - std::sys::backtrace::BacktraceLock::print::h4b9e00b29e9c0942
[INFO] [stdout]                                at /rustc/df4ca44d3fbc9301ee17f30f4d474e6ae4b05252/library/std/src/sys/backtrace.rs:42:9
[INFO] [stdout]    8:     0x5e2d564de7cc - std::panicking::default_hook::{{closure}}::hb59b88280d0324d9
[INFO] [stdout]                                at /rustc/df4ca44d3fbc9301ee17f30f4d474e6ae4b05252/library/std/src/panicking.rs:268:22
[INFO] [stdout]    9:     0x5e2d564de612 - std::panicking::default_hook::he1dd496665be4a29
[INFO] [stdout]                                at /rustc/df4ca44d3fbc9301ee17f30f4d474e6ae4b05252/library/std/src/panicking.rs:295:9
[INFO] [stdout]   10:     0x5e2d564dedc7 - std::panicking::rust_panic_with_hook::h2ff17fe8f26dfcf8
[INFO] [stdout]                                at /rustc/df4ca44d3fbc9301ee17f30f4d474e6ae4b05252/library/std/src/panicking.rs:801:13
[INFO] [stdout]   11:     0x5e2d564dec5a - std::panicking::begin_panic_handler::{{closure}}::h4fad77951c07e101
[INFO] [stdout]                                at /rustc/df4ca44d3fbc9301ee17f30f4d474e6ae4b05252/library/std/src/panicking.rs:674:13
[INFO] [stdout]   12:     0x5e2d564dde99 - std::sys::backtrace::__rust_end_short_backtrace::hb1a25b3da5d0ea08
[INFO] [stdout]                                at /rustc/df4ca44d3fbc9301ee17f30f4d474e6ae4b05252/library/std/src/sys/backtrace.rs:170:18
[INFO] [stdout]   13:     0x5e2d564de8ec - rust_begin_unwind
[INFO] [stdout]                                at /rustc/df4ca44d3fbc9301ee17f30f4d474e6ae4b05252/library/std/src/panicking.rs:665:5
[INFO] [stdout]   14:     0x5e2d564f9c40 - core::panicking::panic_fmt::ha9db07b529f9b256
[INFO] [stdout]                                at /rustc/df4ca44d3fbc9301ee17f30f4d474e6ae4b05252/library/core/src/panicking.rs:75:14
[INFO] [stdout]   15:     0x5e2d564f9fd2 - core::panicking::assert_failed_inner::h04f38944d74a80a8
[INFO] [stdout]   16:     0x5e2d564622db - core::panicking::assert_failed::hecc070789302061d
[INFO] [stdout]   17:     0x5e2d56462ac5 - rust_out::main::_doctest_main_src_commands_parameters_rs_60_0::h5fcc70b08b75f4bd
[INFO] [stdout]   18:     0x5e2d56462476 - rust_out::main::ha213a30daa5df4da
[INFO] [stdout]   19:     0x5e2d564621c3 - core::ops::function::FnOnce::call_once::hf7edf7132571051c
[INFO] [stdout]   20:     0x5e2d56462076 - std::sys::backtrace::__rust_begin_short_backtrace::h32fd822fd2ba4079
[INFO] [stdout]   21:     0x5e2d56462059 - std::rt::lang_start::{{closure}}::h4039a1c394ed4f7c
[INFO] [stdout]   22:     0x5e2d564d93f7 - core::ops::function::impls::<impl core::ops::function::FnOnce<A> for &F>::call_once::hd87d66b906e0ccaf
[INFO] [stdout]                                at /rustc/df4ca44d3fbc9301ee17f30f4d474e6ae4b05252/library/core/src/ops/function.rs:284:13
[INFO] [stdout]   23:     0x5e2d564d93f7 - std::panicking::try::do_call::hae3703de71fc9e3a
[INFO] [stdout]                                at /rustc/df4ca44d3fbc9301ee17f30f4d474e6ae4b05252/library/std/src/panicking.rs:557:40
[INFO] [stdout]   24:     0x5e2d564d93f7 - std::panicking::try::h1178330e9a2b2645
[INFO] [stdout]                                at /rustc/df4ca44d3fbc9301ee17f30f4d474e6ae4b05252/library/std/src/panicking.rs:520:19
[INFO] [stdout]   25:     0x5e2d564d93f7 - std::panic::catch_unwind::h0acf49d2305d32ad
[INFO] [stdout]                                at /rustc/df4ca44d3fbc9301ee17f30f4d474e6ae4b05252/library/std/src/panic.rs:358:14
[INFO] [stdout]   26:     0x5e2d564d93f7 - std::rt::lang_start_internal::{{closure}}::h2d95182d798177be
[INFO] [stdout]                                at /rustc/df4ca44d3fbc9301ee17f30f4d474e6ae4b05252/library/std/src/rt.rs:174:48
[INFO] [stdout]   27:     0x5e2d564d93f7 - std::panicking::try::do_call::hb506f5bfe11fd30c
[INFO] [stdout]                                at /rustc/df4ca44d3fbc9301ee17f30f4d474e6ae4b05252/library/std/src/panicking.rs:557:40
[INFO] [stdout]   28:     0x5e2d564d93f7 - std::panicking::try::h54d825c46bd0fa95
[INFO] [stdout]                                at /rustc/df4ca44d3fbc9301ee17f30f4d474e6ae4b05252/library/std/src/panicking.rs:520:19
[INFO] [stdout]   29:     0x5e2d564d93f7 - std::panic::catch_unwind::hffbb0ad20c4e9fac
[INFO] [stdout]                                at /rustc/df4ca44d3fbc9301ee17f30f4d474e6ae4b05252/library/std/src/panic.rs:358:14
[INFO] [stdout]   30:     0x5e2d564d93f7 - std::rt::lang_start_internal::h52c291ef1962c925
[INFO] [stdout]                                at /rustc/df4ca44d3fbc9301ee17f30f4d474e6ae4b05252/library/std/src/rt.rs:174:20
[INFO] [stdout]   31:     0x5e2d56462037 - std::rt::lang_start::h8c6075cd6f225ba1
[INFO] [stdout]   32:     0x5e2d56462bd5 - main
[INFO] [stdout]   33:     0x7ad9d6c14d90 - <unknown>
[INFO] [stdout]   34:     0x7ad9d6c14e40 - __libc_start_main
[INFO] [stdout]   35:     0x5e2d56461f45 - _start
[INFO] [stdout]   36:                0x0 - <unknown>
[INFO] [stdout] 
[INFO] [stdout] 
[INFO] [stdout] ---- src/data/ro.rs - data::ro::RoData<T>::ptr_eq (line 338) stdout ----
[INFO] [stdout] error[E0432]: unresolved import `duat_core::data::ReadableData`
[INFO] [stdout]  --> src/data/ro.rs:340:23
[INFO] [stdout]   |
[INFO] [stdout] 5 | use duat_core::data::{ReadableData, RwData};
[INFO] [stdout]   |                       ^^^^^^^^^^^^ no `ReadableData` in `data`
[INFO] [stdout] 
[INFO] [stdout] error: aborting due to 1 previous error
[INFO] [stdout] 
[INFO] [stdout] For more information about this error, try `rustc --explain E0432`.
[INFO] [stdout] Couldn't compile the test.
[INFO] [stdout] ---- src/data/ro.rs - data::ro::RoData<T>::read (line 121) stdout ----
[INFO] [stdout] error[E0432]: unresolved import `duat_core::data::ReadableData`
[INFO] [stdout]  --> src/data/ro.rs:127:23
[INFO] [stdout]   |
[INFO] [stdout] 9 | use duat_core::data::{ReadableData, RoData, RwData};
[INFO] [stdout]   |                       ^^^^^^^^^^^^ no `ReadableData` in `data`
[INFO] [stdout] 
[INFO] [stdout] error: aborting due to 1 previous error
[INFO] [stdout] 
[INFO] [stdout] For more information about this error, try `rustc --explain E0432`.
[INFO] [stdout] Couldn't compile the test.
[INFO] [stdout] ---- src/data/ro.rs - data::ro::RoData<T>::read (line 93) stdout ----
[INFO] [stdout] error[E0432]: unresolved import `duat_core::data::ReadableData`
[INFO] [stdout]  --> src/data/ro.rs:99:23
[INFO] [stdout]   |
[INFO] [stdout] 9 | use duat_core::data::{ReadableData, RoData, RwData};
[INFO] [stdout]   |                       ^^^^^^^^^^^^ no `ReadableData` in `data`
[INFO] [stdout] 
[INFO] [stdout] error: aborting due to 1 previous error
[INFO] [stdout] 
[INFO] [stdout] For more information about this error, try `rustc --explain E0432`.
[INFO] [stdout] Couldn't compile the test.
[INFO] [stdout] ---- src/data/rw.rs - data::rw::RwData<T>::data_is (line 568) stdout ----
[INFO] [stdout] error[E0432]: unresolved import `duat_core::data::AsAny`
[INFO] [stdout]   --> src/data/rw.rs:575:31
[INFO] [stdout]    |
[INFO] [stdout] 10 | use duat_core::data::{RwData, AsAny};
[INFO] [stdout]    |                               ^^^^^ no `AsAny` in `data`
[INFO] [stdout] 
[INFO] [stdout] error: aborting due to 1 previous error
[INFO] [stdout] 
[INFO] [stdout] For more information about this error, try `rustc --explain E0432`.
[INFO] [stdout] Couldn't compile the test.
[INFO] [stdout] ---- src/data/rw.rs - data::rw::RwData (line 36) stdout ----
[INFO] [stdout] error[E0432]: unresolved import `duat_core::widgets::FileWidget`
[INFO] [stdout]  --> src/data/rw.rs:38:39
[INFO] [stdout]   |
[INFO] [stdout] 5 | use duat_core::{data::RoData, ui::Ui, widgets::FileWidget};
[INFO] [stdout]   |                                       ^^^^^^^^^^^^^^^^^^^ no `FileWidget` in `widgets`
[INFO] [stdout] 
[INFO] [stdout] error: aborting due to 1 previous error
[INFO] [stdout] 
[INFO] [stdout] For more information about this error, try `rustc --explain E0432`.
[INFO] [stdout] Couldn't compile the test.
[INFO] [stdout] ---- src/data/ro.rs - data::ro::RoData<T>::try_read (line 243) stdout ----
[INFO] [stdout] error[E0432]: unresolved import `duat_core::data::ReadableData`
[INFO] [stdout]  --> src/data/ro.rs:246:23
[INFO] [stdout]   |
[INFO] [stdout] 6 | use duat_core::data::{ReadableData, RwData};
[INFO] [stdout]   |                       ^^^^^^^^^^^^ no `ReadableData` in `data`
[INFO] [stdout] 
[INFO] [stdout] error[E0308]: mismatched types
[INFO] [stdout]   --> src/data/ro.rs:253:28
[INFO] [stdout]    |
[INFO] [stdout] 13 | assert!(matches!(try_read, Err(TryLockError::WouldBlock)));
[INFO] [stdout]    |                  --------  ^^^^^^^^^^^^^^^^^^^^^^^^^^^^^ expected `Option<RwLockReadGuard<'_, ..., ...>>`, found `Result<_, _>`
[INFO] [stdout]    |                  |
[INFO] [stdout]    |                  this expression has type `Option<lock_api::rwlock::RwLockReadGuard<'_, parking_lot::raw_rwlock::RawRwLock, &str>>`
[INFO] [stdout]    |
[INFO] [stdout]    = note: expected enum `Option<lock_api::rwlock::RwLockReadGuard<'_, parking_lot::raw_rwlock::RawRwLock, &str>>`
[INFO] [stdout]               found enum `Result<_, _>`
[INFO] [stdout] 
[INFO] [stdout] error: aborting due to 2 previous errors
[INFO] [stdout] 
[INFO] [stdout] Some errors have detailed explanations: E0308, E0432.
[INFO] [stdout] For more information about an error, try `rustc --explain E0308`.
[INFO] [stdout] Couldn't compile the test.
[INFO] [stdout] ---- src/data/rw.rs - data::rw::RwData<T>::has_changed (line 332) stdout ----
[INFO] [stdout] error[E0432]: unresolved import `duat_core::data::ReadableData`
[INFO] [stdout]  --> src/data/rw.rs:334:23
[INFO] [stdout]   |
[INFO] [stdout] 5 | use duat_core::data::{ReadableData, RoData, RwData};
[INFO] [stdout]   |                       ^^^^^^^^^^^^ no `ReadableData` in `data`
[INFO] [stdout] 
[INFO] [stdout] error: aborting due to 1 previous error
[INFO] [stdout] 
[INFO] [stdout] For more information about this error, try `rustc --explain E0432`.
[INFO] [stdout] Couldn't compile the test.
[INFO] [stdout] ---- src/data/ro.rs - data::ro::RoData<T>::try_inspect (line 273) stdout ----
[INFO] [stdout] error[E0432]: unresolved import `duat_core::data::ReadableData`
[INFO] [stdout]  --> src/data/ro.rs:276:23
[INFO] [stdout]   |
[INFO] [stdout] 6 | use duat_core::data::{ReadableData, RwData};
[INFO] [stdout]   |                       ^^^^^^^^^^^^ no `ReadableData` in `data`
[INFO] [stdout] 
[INFO] [stdout] error[E0308]: mismatched types
[INFO] [stdout]   --> src/data/ro.rs:285:31
[INFO] [stdout]    |
[INFO] [stdout] 15 | assert!(matches!(try_inspect, Err(TryLockError::WouldBlock)));
[INFO] [stdout]    |                  -----------  ^^^^^^^^^^^^^^^^^^^^^^^^^^^^^ expected `Option<bool>`, found `Result<_, _>`
[INFO] [stdout]    |                  |
[INFO] [stdout]    |                  this expression has type `Option<bool>`
[INFO] [stdout]    |
[INFO] [stdout]    = note: expected enum `Option<bool>`
[INFO] [stdout]               found enum `Result<_, _>`
[INFO] [stdout] 
[INFO] [stdout] error: aborting due to 2 previous errors
[INFO] [stdout] 
[INFO] [stdout] Some errors have detailed explanations: E0308, E0432.
[INFO] [stdout] For more information about an error, try `rustc --explain E0308`.
[INFO] [stdout] Couldn't compile the test.
[INFO] [stdout] ---- src/data/rw.rs - data::rw::RwData<T>::inspect (line 185) stdout ----
[INFO] [stdout] error[E0432]: unresolved import `duat_core::data::ReadableData`
[INFO] [stdout]  --> src/data/rw.rs:187:23
[INFO] [stdout]   |
[INFO] [stdout] 5 | use duat_core::data::{ReadableData, RoData, RwData};
[INFO] [stdout]   |                       ^^^^^^^^^^^^ no `ReadableData` in `data`
[INFO] [stdout] 
[INFO] [stdout] error: aborting due to 1 previous error
[INFO] [stdout] 
[INFO] [stdout] For more information about this error, try `rustc --explain E0432`.
[INFO] [stdout] Couldn't compile the test.
[INFO] [stdout] ---- src/data/rw.rs - data::rw::RwData<T>::inspect_as (line 689) stdout ----
[INFO] [stdout] error[E0432]: unresolved import `duat_core::data::AsAny`
[INFO] [stdout]   --> src/data/rw.rs:696:31
[INFO] [stdout]    |
[INFO] [stdout] 10 | use duat_core::data::{RwData, AsAny};
[INFO] [stdout]    |                               ^^^^^ no `AsAny` in `data`
[INFO] [stdout] 
[INFO] [stdout] error: aborting due to 1 previous error
[INFO] [stdout] 
[INFO] [stdout] For more information about this error, try `rustc --explain E0432`.
[INFO] [stdout] Couldn't compile the test.
[INFO] [stdout] ---- src/data/rw.rs - data::rw::RwData<T>::ptr_eq (line 361) stdout ----
[INFO] [stdout] error[E0432]: unresolved import `duat_core::data::ReadableData`
[INFO] [stdout]  --> src/data/rw.rs:363:23
[INFO] [stdout]   |
[INFO] [stdout] 5 | use duat_core::data::{ReadableData, RwData};
[INFO] [stdout]   |                       ^^^^^^^^^^^^ no `ReadableData` in `data`
[INFO] [stdout] 
[INFO] [stdout] error: aborting due to 1 previous error
[INFO] [stdout] 
[INFO] [stdout] For more information about this error, try `rustc --explain E0432`.
[INFO] [stdout] Couldn't compile the test.
[INFO] [stdout] ---- src/data/rw.rs - data::rw::RwData<T>::inspect (line 227) stdout ----
[INFO] [stdout] error[E0432]: unresolved import `duat_core::data::ReadableData`
[INFO] [stdout]  --> src/data/rw.rs:229:23
[INFO] [stdout]   |
[INFO] [stdout] 5 | use duat_core::data::{ReadableData, RoData, RwData};
[INFO] [stdout]   |                       ^^^^^^^^^^^^ no `ReadableData` in `data`
[INFO] [stdout] 
[INFO] [stdout] error: aborting due to 1 previous error
[INFO] [stdout] 
[INFO] [stdout] For more information about this error, try `rustc --explain E0432`.
[INFO] [stdout] Couldn't compile the test.
[INFO] [stdout] ---- src/data/rw.rs - data::rw::RwData<T>::inspect (line 205) stdout ----
[INFO] [stdout] error[E0432]: unresolved import `duat_core::data::ReadableData`
[INFO] [stdout]  --> src/data/rw.rs:207:23
[INFO] [stdout]   |
[INFO] [stdout] 5 | use duat_core::data::{ReadableData, RoData, RwData};
[INFO] [stdout]   |                       ^^^^^^^^^^^^ no `ReadableData` in `data`
[INFO] [stdout] 
[INFO] [stdout] error: aborting due to 1 previous error
[INFO] [stdout] 
[INFO] [stdout] For more information about this error, try `rustc --explain E0432`.
[INFO] [stdout] Couldn't compile the test.
[INFO] [stdout] ---- src/data/rw.rs - data::rw::RwData<T>::read (line 116) stdout ----
[INFO] [stdout] error[E0432]: unresolved import `duat_core::data::ReadableData`
[INFO] [stdout]  --> src/data/rw.rs:122:23
[INFO] [stdout]   |
[INFO] [stdout] 9 | use duat_core::data::{ReadableData, RoData, RwData};
[INFO] [stdout]   |                       ^^^^^^^^^^^^ no `ReadableData` in `data`
[INFO] [stdout] 
[INFO] [stdout] error: aborting due to 1 previous error
[INFO] [stdout] 
[INFO] [stdout] For more information about this error, try `rustc --explain E0432`.
[INFO] [stdout] Couldn't compile the test.
[INFO] [stdout] ---- src/data/rw.rs - data::rw::RwData<T>::read (line 144) stdout ----
[INFO] [stdout] error[E0432]: unresolved import `duat_core::data::ReadableData`
[INFO] [stdout]  --> src/data/rw.rs:150:23
[INFO] [stdout]   |
[INFO] [stdout] 9 | use duat_core::data::{ReadableData, RoData, RwData};
[INFO] [stdout]   |                       ^^^^^^^^^^^^ no `ReadableData` in `data`
[INFO] [stdout] 
[INFO] [stdout] error: aborting due to 1 previous error
[INFO] [stdout] 
[INFO] [stdout] For more information about this error, try `rustc --explain E0432`.
[INFO] [stdout] Couldn't compile the test.
[INFO] [stdout] ---- src/data/rw.rs - data::rw::RwData<T>::try_downcast (line 617) stdout ----
[INFO] [stdout] error[E0432]: unresolved import `duat_core::data::AsAny`
[INFO] [stdout]   --> src/data/rw.rs:624:31
[INFO] [stdout]    |
[INFO] [stdout] 10 | use duat_core::data::{RwData, AsAny};
[INFO] [stdout]    |                               ^^^^^ no `AsAny` in `data`
[INFO] [stdout] 
[INFO] [stdout] error: aborting due to 1 previous error
[INFO] [stdout] 
[INFO] [stdout] For more information about this error, try `rustc --explain E0432`.
[INFO] [stdout] Couldn't compile the test.
[INFO] [stdout] ---- src/data/rw.rs - data::rw::RwData<T>::try_inspect (line 296) stdout ----
[INFO] [stdout] error[E0432]: unresolved import `duat_core::data::ReadableData`
[INFO] [stdout]  --> src/data/rw.rs:299:23
[INFO] [stdout]   |
[INFO] [stdout] 6 | use duat_core::data::{ReadableData, RwData};
[INFO] [stdout]   |                       ^^^^^^^^^^^^ no `ReadableData` in `data`
[INFO] [stdout] 
[INFO] [stdout] error[E0308]: mismatched types
[INFO] [stdout]   --> src/data/rw.rs:308:31
[INFO] [stdout]    |
[INFO] [stdout] 15 | assert!(matches!(try_inspect, Err(TryLockError::WouldBlock)));
[INFO] [stdout]    |                  -----------  ^^^^^^^^^^^^^^^^^^^^^^^^^^^^^ expected `Option<bool>`, found `Result<_, _>`
[INFO] [stdout]    |                  |
[INFO] [stdout]    |                  this expression has type `Option<bool>`
[INFO] [stdout]    |
[INFO] [stdout]    = note: expected enum `Option<bool>`
[INFO] [stdout]               found enum `Result<_, _>`
[INFO] [stdout] 
[INFO] [stdout] error: aborting due to 2 previous errors
[INFO] [stdout] 
[INFO] [stdout] Some errors have detailed explanations: E0308, E0432.
[INFO] [stdout] For more information about an error, try `rustc --explain E0308`.
[INFO] [stdout] Couldn't compile the test.
[INFO] [stdout] ---- src/data/rw.rs - data::rw::RwData<T>::try_read (line 266) stdout ----
[INFO] [stdout] error[E0432]: unresolved import `duat_core::data::ReadableData`
[INFO] [stdout]  --> src/data/rw.rs:269:23
[INFO] [stdout]   |
[INFO] [stdout] 6 | use duat_core::data::{ReadableData, RwData};
[INFO] [stdout]   |                       ^^^^^^^^^^^^ no `ReadableData` in `data`
[INFO] [stdout] 
[INFO] [stdout] error[E0308]: mismatched types
[INFO] [stdout]   --> src/data/rw.rs:276:28
[INFO] [stdout]    |
[INFO] [stdout] 13 | assert!(matches!(try_read, Err(TryLockError::WouldBlock)));
[INFO] [stdout]    |                  --------  ^^^^^^^^^^^^^^^^^^^^^^^^^^^^^ expected `Option<RwLockReadGuard<'_, ..., ...>>`, found `Result<_, _>`
[INFO] [stdout]    |                  |
[INFO] [stdout]    |                  this expression has type `Option<lock_api::rwlock::RwLockReadGuard<'_, parking_lot::raw_rwlock::RawRwLock, &str>>`
[INFO] [stdout]    |
[INFO] [stdout]    = note: expected enum `Option<lock_api::rwlock::RwLockReadGuard<'_, parking_lot::raw_rwlock::RawRwLock, &str>>`
[INFO] [stdout]               found enum `Result<_, _>`
[INFO] [stdout] 
[INFO] [stdout] error: aborting due to 2 previous errors
[INFO] [stdout] 
[INFO] [stdout] Some errors have detailed explanations: E0308, E0432.
[INFO] [stdout] For more information about an error, try `rustc --explain E0308`.
[INFO] [stdout] Couldn't compile the test.
[INFO] [stdout] ---- src/data/rw.rs - data::rw::RwData<T>::try_write (line 439) stdout ----
[INFO] [stdout] error[E0432]: unresolved import `duat_core::data::ReadableData`
[INFO] [stdout]  --> src/data/rw.rs:442:23
[INFO] [stdout]   |
[INFO] [stdout] 6 | use duat_core::data::{ReadableData, RwData};
[INFO] [stdout]   |                       ^^^^^^^^^^^^ no `ReadableData` in `data`
[INFO] [stdout] 
[INFO] [stdout] error[E0308]: mismatched types
[INFO] [stdout]   --> src/data/rw.rs:451:17
[INFO] [stdout]    |
[INFO] [stdout] 15 |         if let (Ok(mut data_1), Ok(mut data_2)) = (data_1, data_2) {
[INFO] [stdout]    |                 ^^^^^^^^^^^^^^                    ---------------- this expression has type `(Option<ReadWriteGuard<'_, char>>, Option<ReadWriteGuard<'_, char>>)`
[INFO] [stdout]    |                 |
[INFO] [stdout]    |                 expected `Option<ReadWriteGuard<'_, char>>`, found `Result<_, _>`
[INFO] [stdout]    |
[INFO] [stdout]    = note: expected enum `Option<ReadWriteGuard<'_, char>>`
[INFO] [stdout]               found enum `Result<_, _>`
[INFO] [stdout] 
[INFO] [stdout] error[E0308]: mismatched types
[INFO] [stdout]   --> src/data/rw.rs:451:33
[INFO] [stdout]    |
[INFO] [stdout] 15 |         if let (Ok(mut data_1), Ok(mut data_2)) = (data_1, data_2) {
[INFO] [stdout]    |                                 ^^^^^^^^^^^^^^    ---------------- this expression has type `(Option<ReadWriteGuard<'_, char>>, Option<ReadWriteGuard<'_, char>>)`
[INFO] [stdout]    |                                 |
[INFO] [stdout]    |                                 expected `Option<ReadWriteGuard<'_, char>>`, found `Result<_, _>`
[INFO] [stdout]    |
[INFO] [stdout]    = note: expected enum `Option<ReadWriteGuard<'_, char>>`
[INFO] [stdout]               found enum `Result<_, _>`
[INFO] [stdout] 
[INFO] [stdout] error[E0308]: mismatched types
[INFO] [stdout]   --> src/data/rw.rs:460:17
[INFO] [stdout]    |
[INFO] [stdout] 24 |         if let (Ok(mut data_1), Ok(mut data_2)) = (data_1, data_2) {
[INFO] [stdout]    |                 ^^^^^^^^^^^^^^                    ---------------- this expression has type `(Option<ReadWriteGuard<'_, char>>, Option<ReadWriteGuard<'_, char>>)`
[INFO] [stdout]    |                 |
[INFO] [stdout]    |                 expected `Option<ReadWriteGuard<'_, char>>`, found `Result<_, _>`
[INFO] [stdout]    |
[INFO] [stdout]    = note: expected enum `Option<ReadWriteGuard<'_, char>>`
[INFO] [stdout]               found enum `Result<_, _>`
[INFO] [stdout] 
[INFO] [stdout] error[E0308]: mismatched types
[INFO] [stdout]   --> src/data/rw.rs:460:33
[INFO] [stdout]    |
[INFO] [stdout] 24 |         if let (Ok(mut data_1), Ok(mut data_2)) = (data_1, data_2) {
[INFO] [stdout]    |                                 ^^^^^^^^^^^^^^    ---------------- this expression has type `(Option<ReadWriteGuard<'_, char>>, Option<ReadWriteGuard<'_, char>>)`
[INFO] [stdout]    |                                 |
[INFO] [stdout]    |                                 expected `Option<ReadWriteGuard<'_, char>>`, found `Result<_, _>`
[INFO] [stdout]    |
[INFO] [stdout]    = note: expected enum `Option<ReadWriteGuard<'_, char>>`
[INFO] [stdout]               found enum `Result<_, _>`
[INFO] [stdout] 
[INFO] [stdout] error: aborting due to 5 previous errors
[INFO] [stdout] 
[INFO] [stdout] Some errors have detailed explanations: E0308, E0432.
[INFO] [stdout] For more information about an error, try `rustc --explain E0308`.
[INFO] [stdout] Couldn't compile the test.
[INFO] [stdout] ---- src/ui/builder.rs - ui::builder::FileBuilder (line 18) stdout ----
[INFO] [stdout] error[E0432]: unresolved imports `duat_core::ui::ModNode`, `duat_core::widgets::FileWidget`, `duat_core::widgets::LineNumbers`
[INFO] [stdout]  --> src/ui/builder.rs:22:10
[INFO] [stdout]   |
[INFO] [stdout] 7 |     ui::{ModNode, PushSpecs, Constraint, Ui},
[INFO] [stdout]   |          ^^^^^^^ no `ModNode` in `ui`
[INFO] [stdout] 8 |     widgets::{FileWidget, LineNumbers}
[INFO] [stdout]   |               ^^^^^^^^^^  ^^^^^^^^^^^ no `LineNumbers` in `widgets`
[INFO] [stdout]   |               |
[INFO] [stdout]   |               no `FileWidget` in `widgets`
[INFO] [stdout] 
[INFO] [stdout] error[E0061]: this function takes 0 arguments but 1 argument was supplied
[INFO] [stdout]   --> src/ui/builder.rs:29:17
[INFO] [stdout]    |
[INFO] [stdout] 14 |     let specs = PushSpecs::left(Constraint::Length(1.0));
[INFO] [stdout]    |                 ^^^^^^^^^^^^^^^ ----------------------- unexpected argument of type `Constraint`
[INFO] [stdout]    |
[INFO] [stdout] note: associated function defined here
[INFO] [stdout]   --> /opt/rustwide/workdir/src/ui/mod.rs:77:12
[INFO] [stdout]    |
[INFO] [stdout] 77 |     pub fn left() -> Self {
[INFO] [stdout]    |            ^^^^
[INFO] [stdout] help: remove the extra argument
[INFO] [stdout]    |
[INFO] [stdout] 14 -     let specs = PushSpecs::left(Constraint::Length(1.0));
[INFO] [stdout] 14 +     let specs = PushSpecs::left();
[INFO] [stdout]    |
[INFO] [stdout] 
[INFO] [stdout] error: aborting due to 2 previous errors
[INFO] [stdout] 
[INFO] [stdout] Some errors have detailed explanations: E0061, E0432.
[INFO] [stdout] For more information about an error, try `rustc --explain E0061`.
[INFO] [stdout] Couldn't compile the test.
[INFO] [stdout] 
[INFO] [stdout] failures:
[INFO] [stdout]     src/commands/mod.rs - commands::Commands<U>::add_for_current (line 324)
[INFO] [stdout]     src/commands/mod.rs - commands::Commands<U>::add_for_widget (line 446)
[INFO] [stdout]     src/commands/mod.rs - commands::Commands<U>::run (line 226)
[INFO] [stdout]     src/commands/parameters.rs - commands::parameters::Args<'a>::next (line 60)
[INFO] [stdout]     src/data/ro.rs - data::ro::RoData<T>::has_changed (line 309)
[INFO] [stdout]     src/data/ro.rs - data::ro::RoData<T>::inspect (line 162)
[INFO] [stdout]     src/data/ro.rs - data::ro::RoData<T>::inspect (line 182)
[INFO] [stdout]     src/data/ro.rs - data::ro::RoData<T>::inspect (line 204)
[INFO] [stdout]     src/data/ro.rs - data::ro::RoData<T>::inspect_as (line 362)
[INFO] [stdout]     src/data/ro.rs - data::ro::RoData<T>::ptr_eq (line 338)
[INFO] [stdout]     src/data/ro.rs - data::ro::RoData<T>::read (line 121)
[INFO] [stdout]     src/data/ro.rs - data::ro::RoData<T>::read (line 93)
[INFO] [stdout]     src/data/ro.rs - data::ro::RoData<T>::try_inspect (line 273)
[INFO] [stdout]     src/data/ro.rs - data::ro::RoData<T>::try_read (line 243)
[INFO] [stdout]     src/data/rw.rs - data::rw::RwData (line 36)
[INFO] [stdout]     src/data/rw.rs - data::rw::RwData<T>::data_is (line 568)
[INFO] [stdout]     src/data/rw.rs - data::rw::RwData<T>::has_changed (line 332)
[INFO] [stdout]     src/data/rw.rs - data::rw::RwData<T>::inspect (line 185)
[INFO] [stdout]     src/data/rw.rs - data::rw::RwData<T>::inspect (line 205)
[INFO] [stdout]     src/data/rw.rs - data::rw::RwData<T>::inspect (line 227)
[INFO] [stdout]     src/data/rw.rs - data::rw::RwData<T>::inspect_as (line 689)
[INFO] [stdout]     src/data/rw.rs - data::rw::RwData<T>::ptr_eq (line 361)
[INFO] [stdout]     src/data/rw.rs - data::rw::RwData<T>::read (line 116)
[INFO] [stdout]     src/data/rw.rs - data::rw::RwData<T>::read (line 144)
[INFO] [stdout]     src/data/rw.rs - data::rw::RwData<T>::try_downcast (line 617)
[INFO] [stdout]     src/data/rw.rs - data::rw::RwData<T>::try_inspect (line 296)
[INFO] [stdout]     src/data/rw.rs - data::rw::RwData<T>::try_read (line 266)
[INFO] [stdout]     src/data/rw.rs - data::rw::RwData<T>::try_write (line 439)
[INFO] [stdout]     src/ui/builder.rs - ui::builder::FileBuilder (line 18)
[INFO] [stdout] 
[INFO] [stdout] test result: FAILED. 16 passed; 29 failed; 1 ignored; 0 measured; 0 filtered out; finished in 0.43s
[INFO] [stdout] 
[INFO] [stderr] error: doctest failed, to rerun pass `--doc`
[INFO] running `Command { std: "docker" "inspect" "5f59d116240d5fcf60009bcd2bb1dba429b2ada28e354d90692d2feaee6f7209", kill_on_drop: false }`
[INFO] running `Command { std: "docker" "rm" "-f" "5f59d116240d5fcf60009bcd2bb1dba429b2ada28e354d90692d2feaee6f7209", kill_on_drop: false }`
[INFO] [stdout] 5f59d116240d5fcf60009bcd2bb1dba429b2ada28e354d90692d2feaee6f7209
