[INFO] fetching crate dtd-macro 0.1.0-alpha2...
[INFO] testing dtd-macro-0.1.0-alpha2 against nightly-2024-10-28 for randomize-layout
[INFO] extracting crate dtd-macro 0.1.0-alpha2 into /workspace/builds/worker-0-tc1/source
[INFO] validating manifest of crates.io crate dtd-macro 0.1.0-alpha2 on toolchain nightly-2024-10-28
[INFO] running `Command { std: CARGO_HOME="/workspace/cargo-home" RUSTUP_HOME="/workspace/rustup-home" "/workspace/cargo-home/bin/cargo" "+nightly-2024-10-28" "metadata" "--manifest-path" "Cargo.toml" "--no-deps", kill_on_drop: false }`
[INFO] started tweaking crates.io crate dtd-macro 0.1.0-alpha2
[INFO] finished tweaking crates.io crate dtd-macro 0.1.0-alpha2
[INFO] tweaked toml for crates.io crate dtd-macro 0.1.0-alpha2 written to /workspace/builds/worker-0-tc1/source/Cargo.toml
[INFO] running `Command { std: CARGO_HOME="/workspace/cargo-home" RUSTUP_HOME="/workspace/rustup-home" "/workspace/cargo-home/bin/cargo" "+nightly-2024-10-28" "generate-lockfile" "--manifest-path" "Cargo.toml", kill_on_drop: false }`
[INFO] [stderr]     Updating crates.io index
[INFO] [stderr]     Blocking waiting for file lock on package cache
[INFO] [stderr]      Locking 42 packages to latest compatible versions
[INFO] [stderr]       Adding aho-corasick v0.7.15 (available: v0.7.20)
[INFO] [stderr]       Adding memchr v2.3.4 (available: v2.7.4)
[INFO] [stderr]       Adding regex v1.4.6 (available: v1.11.1)
[INFO] [stderr]       Adding syn v1.0.109 (available: v2.0.86)
[INFO] running `Command { std: CARGO_HOME="/workspace/cargo-home" RUSTUP_HOME="/workspace/rustup-home" "/workspace/cargo-home/bin/cargo" "+nightly-2024-10-28" "fetch" "--manifest-path" "Cargo.toml", kill_on_drop: false }`
[INFO] [stderr]     Blocking waiting for file lock on package cache
[INFO] [stderr]  Downloading crates ...
[INFO] [stderr]   Downloaded nom_locate v1.0.0
[INFO] [stderr]   Downloaded nom-tracable v0.7.0
[INFO] [stderr]   Downloaded radium v0.5.3
[INFO] [stderr]   Downloaded nom-tracable-macros v0.7.0
[INFO] [stderr]   Downloaded nom_locate v2.1.0
[INFO] [stderr]   Downloaded nom-greedyerror v0.3.1
[INFO] [stderr]   Downloaded nom v6.2.2
[INFO] [stderr]   Downloaded bitvec v0.19.6
[INFO] [stderr]   Downloaded bytecount v0.3.2
[INFO] [stderr]   Downloaded nom_locate v3.0.2
[INFO] [stderr]   Downloaded dtd-parser v0.1.0-alpha3
[INFO] running `Command { std: "docker" "create" "-v" "/var/lib/crater-agent-workspace/builds/worker-0-tc1/target:/opt/rustwide/target:rw,Z" "-v" "/var/lib/crater-agent-workspace/builds/worker-0-tc1/source:/opt/rustwide/workdir:ro,Z" "-v" "/var/lib/crater-agent-workspace/cargo-home:/opt/rustwide/cargo-home:ro,Z" "-v" "/var/lib/crater-agent-workspace/rustup-home:/opt/rustwide/rustup-home:ro,Z" "-e" "SOURCE_DIR=/opt/rustwide/workdir" "-e" "CARGO_TARGET_DIR=/opt/rustwide/target" "-e" "CARGO_HOME=/opt/rustwide/cargo-home" "-e" "RUSTUP_HOME=/opt/rustwide/rustup-home" "-w" "/opt/rustwide/workdir" "-m" "1610612736" "--user" "0:0" "--network" "none" "ghcr.io/rust-lang/crates-build-env/linux@sha256:4a844ea9eb2546a2d2c7022eacef16ef2e8229c7fbb2c7d4d55a9ceca922f72d" "/opt/rustwide/cargo-home/bin/cargo" "+nightly-2024-10-28" "metadata" "--no-deps" "--format-version=1", kill_on_drop: false }`
[INFO] [stdout] 8bc1298d73dfaa4463be182ad2c6dab43e764138b126165a551ce8a5644a9d7c
[INFO] running `Command { std: "docker" "start" "-a" "8bc1298d73dfaa4463be182ad2c6dab43e764138b126165a551ce8a5644a9d7c", kill_on_drop: false }`
[INFO] running `Command { std: "docker" "inspect" "8bc1298d73dfaa4463be182ad2c6dab43e764138b126165a551ce8a5644a9d7c", kill_on_drop: false }`
[INFO] running `Command { std: "docker" "rm" "-f" "8bc1298d73dfaa4463be182ad2c6dab43e764138b126165a551ce8a5644a9d7c", kill_on_drop: false }`
[INFO] [stdout] 8bc1298d73dfaa4463be182ad2c6dab43e764138b126165a551ce8a5644a9d7c
[INFO] running `Command { std: "docker" "create" "-v" "/var/lib/crater-agent-workspace/builds/worker-0-tc1/target:/opt/rustwide/target:rw,Z" "-v" "/var/lib/crater-agent-workspace/builds/worker-0-tc1/source:/opt/rustwide/workdir:ro,Z" "-v" "/var/lib/crater-agent-workspace/cargo-home:/opt/rustwide/cargo-home:ro,Z" "-v" "/var/lib/crater-agent-workspace/rustup-home:/opt/rustwide/rustup-home:ro,Z" "-e" "SOURCE_DIR=/opt/rustwide/workdir" "-e" "CARGO_TARGET_DIR=/opt/rustwide/target" "-e" "CARGO_INCREMENTAL=0" "-e" "RUST_BACKTRACE=full" "-e" "RUSTFLAGS=--cap-lints=forbid" "-e" "RUSTDOCFLAGS=--cap-lints=forbid" "-e" "CARGO_HOME=/opt/rustwide/cargo-home" "-e" "RUSTUP_HOME=/opt/rustwide/rustup-home" "-w" "/opt/rustwide/workdir" "-m" "1610612736" "--user" "0:0" "--network" "none" "ghcr.io/rust-lang/crates-build-env/linux@sha256:4a844ea9eb2546a2d2c7022eacef16ef2e8229c7fbb2c7d4d55a9ceca922f72d" "/opt/rustwide/cargo-home/bin/cargo" "+nightly-2024-10-28" "build" "--frozen" "--message-format=json", kill_on_drop: false }`
[INFO] [stdout] e9cbca63ddf01848f0ad17dbcc44def14aff7dc970ab9c11ef915489be3a59de
[INFO] running `Command { std: "docker" "start" "-a" "e9cbca63ddf01848f0ad17dbcc44def14aff7dc970ab9c11ef915489be3a59de", kill_on_drop: false }`
[INFO] [stderr]    Compiling memchr v2.3.4
[INFO] [stderr]    Compiling lexical-core v0.7.6
[INFO] [stderr]    Compiling proc-macro2 v1.0.89
[INFO] [stderr]    Compiling arrayvec v0.5.2
[INFO] [stderr]    Compiling static_assertions v1.1.0
[INFO] [stderr]    Compiling radium v0.5.3
[INFO] [stderr]    Compiling nom v5.1.3
[INFO] [stderr]    Compiling nom v6.2.2
[INFO] [stderr]    Compiling tap v1.0.1
[INFO] [stderr]    Compiling funty v1.1.0
[INFO] [stderr]    Compiling wyz v0.2.0
[INFO] [stderr]    Compiling syn v1.0.109
[INFO] [stderr]    Compiling bytecount v0.6.8
[INFO] [stderr]    Compiling bytecount v0.3.2
[INFO] [stderr]    Compiling indexmap v1.9.3
[INFO] [stderr]    Compiling regex-syntax v0.6.29
[INFO] [stderr]    Compiling hashbrown v0.12.3
[INFO] [stderr]    Compiling aho-corasick v0.7.15
[INFO] [stderr]    Compiling bitvec v0.19.6
[INFO] [stderr]    Compiling quote v1.0.37
[INFO] [stderr]    Compiling syn v2.0.86
[INFO] [stderr]    Compiling regex v1.4.6
[INFO] [stderr]    Compiling Inflector v0.11.4
[INFO] [stderr]    Compiling nom_locate v1.0.0
[INFO] [stderr]    Compiling nom_locate v2.1.0
[INFO] [stderr]    Compiling derive_more v0.99.18
[INFO] [stderr]    Compiling nom_locate v3.0.2
[INFO] [stderr]    Compiling nom-greedyerror v0.3.1
[INFO] [stderr]    Compiling nom-tracable-macros v0.7.0
[INFO] [stderr]    Compiling nom-tracable v0.7.0
[INFO] [stderr]    Compiling dtd-parser v0.1.0-alpha3
[INFO] [stderr]    Compiling dtd-macro v0.1.0-alpha2 (/opt/rustwide/workdir)
[INFO] [stdout] warning: unused imports: `TokenStreamExt` and `quote_spanned`
[INFO] [stdout]  --> src/lib.rs:9:34
[INFO] [stdout]   |
[INFO] [stdout] 9 | use quote::{format_ident, quote, quote_spanned, TokenStreamExt};
[INFO] [stdout]   |                                  ^^^^^^^^^^^^^  ^^^^^^^^^^^^^^
[INFO] [stdout]   |
[INFO] [stdout]   = note: `#[warn(unused_imports)]` on by default
[INFO] [stdout] 
[INFO] [stdout] 
[INFO] [stderr]     Finished `dev` profile [unoptimized + debuginfo] target(s) in 8.05s
[INFO] running `Command { std: "docker" "inspect" "e9cbca63ddf01848f0ad17dbcc44def14aff7dc970ab9c11ef915489be3a59de", kill_on_drop: false }`
[INFO] running `Command { std: "docker" "rm" "-f" "e9cbca63ddf01848f0ad17dbcc44def14aff7dc970ab9c11ef915489be3a59de", kill_on_drop: false }`
[INFO] [stdout] e9cbca63ddf01848f0ad17dbcc44def14aff7dc970ab9c11ef915489be3a59de
[INFO] running `Command { std: "docker" "create" "-v" "/var/lib/crater-agent-workspace/builds/worker-0-tc1/target:/opt/rustwide/target:rw,Z" "-v" "/var/lib/crater-agent-workspace/builds/worker-0-tc1/source:/opt/rustwide/workdir:ro,Z" "-v" "/var/lib/crater-agent-workspace/cargo-home:/opt/rustwide/cargo-home:ro,Z" "-v" "/var/lib/crater-agent-workspace/rustup-home:/opt/rustwide/rustup-home:ro,Z" "-e" "SOURCE_DIR=/opt/rustwide/workdir" "-e" "CARGO_TARGET_DIR=/opt/rustwide/target" "-e" "CARGO_INCREMENTAL=0" "-e" "RUST_BACKTRACE=full" "-e" "RUSTFLAGS=--cap-lints=forbid" "-e" "RUSTDOCFLAGS=--cap-lints=forbid" "-e" "CARGO_HOME=/opt/rustwide/cargo-home" "-e" "RUSTUP_HOME=/opt/rustwide/rustup-home" "-w" "/opt/rustwide/workdir" "-m" "1610612736" "--user" "0:0" "--network" "none" "ghcr.io/rust-lang/crates-build-env/linux@sha256:4a844ea9eb2546a2d2c7022eacef16ef2e8229c7fbb2c7d4d55a9ceca922f72d" "/opt/rustwide/cargo-home/bin/cargo" "+nightly-2024-10-28" "test" "--frozen" "--no-run" "--message-format=json", kill_on_drop: false }`
[INFO] [stdout] 4f5799b9cd662265b3f094a93da272b2266b0ca391e9663bf8ec37c99ffd6efd
[INFO] running `Command { std: "docker" "start" "-a" "4f5799b9cd662265b3f094a93da272b2266b0ca391e9663bf8ec37c99ffd6efd", kill_on_drop: false }`
[INFO] [stderr]    Compiling dtd-macro v0.1.0-alpha2 (/opt/rustwide/workdir)
[INFO] [stdout] warning: unused imports: `TokenStreamExt` and `quote_spanned`
[INFO] [stdout]  --> src/lib.rs:9:34
[INFO] [stdout]   |
[INFO] [stdout] 9 | use quote::{format_ident, quote, quote_spanned, TokenStreamExt};
[INFO] [stdout]   |                                  ^^^^^^^^^^^^^  ^^^^^^^^^^^^^^
[INFO] [stdout]   |
[INFO] [stdout]   = note: `#[warn(unused_imports)]` on by default
[INFO] [stdout] 
[INFO] [stdout] 
[INFO] [stdout] warning: unused imports: `TokenStreamExt` and `quote_spanned`
[INFO] [stdout]  --> src/lib.rs:9:34
[INFO] [stdout]   |
[INFO] [stdout] 9 | use quote::{format_ident, quote, quote_spanned, TokenStreamExt};
[INFO] [stdout]   |                                  ^^^^^^^^^^^^^  ^^^^^^^^^^^^^^
[INFO] [stdout]   |
[INFO] [stdout]   = note: `#[warn(unused_imports)]` on by default
[INFO] [stdout] 
[INFO] [stdout] 
[INFO] [stderr]     Finished `test` profile [unoptimized + debuginfo] target(s) in 0.35s
[INFO] running `Command { std: "docker" "inspect" "4f5799b9cd662265b3f094a93da272b2266b0ca391e9663bf8ec37c99ffd6efd", kill_on_drop: false }`
[INFO] running `Command { std: "docker" "rm" "-f" "4f5799b9cd662265b3f094a93da272b2266b0ca391e9663bf8ec37c99ffd6efd", kill_on_drop: false }`
[INFO] [stdout] 4f5799b9cd662265b3f094a93da272b2266b0ca391e9663bf8ec37c99ffd6efd
[INFO] running `Command { std: "docker" "create" "-v" "/var/lib/crater-agent-workspace/builds/worker-0-tc1/target:/opt/rustwide/target:rw,Z" "-v" "/var/lib/crater-agent-workspace/builds/worker-0-tc1/source:/opt/rustwide/workdir:ro,Z" "-v" "/var/lib/crater-agent-workspace/cargo-home:/opt/rustwide/cargo-home:ro,Z" "-v" "/var/lib/crater-agent-workspace/rustup-home:/opt/rustwide/rustup-home:ro,Z" "-e" "SOURCE_DIR=/opt/rustwide/workdir" "-e" "CARGO_TARGET_DIR=/opt/rustwide/target" "-e" "CARGO_INCREMENTAL=0" "-e" "RUST_BACKTRACE=full" "-e" "RUSTFLAGS=--cap-lints=forbid" "-e" "RUSTDOCFLAGS=--cap-lints=forbid" "-e" "CARGO_HOME=/opt/rustwide/cargo-home" "-e" "RUSTUP_HOME=/opt/rustwide/rustup-home" "-w" "/opt/rustwide/workdir" "-m" "1610612736" "--user" "0:0" "--network" "none" "ghcr.io/rust-lang/crates-build-env/linux@sha256:4a844ea9eb2546a2d2c7022eacef16ef2e8229c7fbb2c7d4d55a9ceca922f72d" "/opt/rustwide/cargo-home/bin/cargo" "+nightly-2024-10-28" "test" "--frozen", kill_on_drop: false }`
[INFO] [stdout] f41c2e3977b6c6cc545014553d865fa0eb0abf590291df5476995927af546b0f
[INFO] running `Command { std: "docker" "start" "-a" "f41c2e3977b6c6cc545014553d865fa0eb0abf590291df5476995927af546b0f", kill_on_drop: false }`
[INFO] [stderr] warning: unused imports: `TokenStreamExt` and `quote_spanned`
[INFO] [stderr]  --> src/lib.rs:9:34
[INFO] [stderr]   |
[INFO] [stderr] 9 | use quote::{format_ident, quote, quote_spanned, TokenStreamExt};
[INFO] [stderr]   |                                  ^^^^^^^^^^^^^  ^^^^^^^^^^^^^^
[INFO] [stderr]   |
[INFO] [stderr]   = note: `#[warn(unused_imports)]` on by default
[INFO] [stderr] 
[INFO] [stderr] warning: `dtd-macro` (lib) generated 1 warning (run `cargo fix --lib -p dtd-macro` to apply 1 suggestion)
[INFO] [stderr] warning: `dtd-macro` (lib test) generated 1 warning (1 duplicate)
[INFO] [stderr]     Finished `test` profile [unoptimized + debuginfo] target(s) in 0.02s
[INFO] [stderr]      Running unittests src/lib.rs (/opt/rustwide/target/debug/deps/dtd_macro-b037e39fc904a568)
[INFO] [stdout] 
[INFO] [stdout] running 0 tests
[INFO] [stdout] 
[INFO] [stdout] test result: ok. 0 passed; 0 failed; 0 ignored; 0 measured; 0 filtered out; finished in 0.00s
[INFO] [stdout] 
[INFO] [stderr]    Doc-tests dtd_macro
[INFO] [stdout] 
[INFO] [stdout] running 2 tests
[INFO] [stdout] test src/lib.rs - dtd (line 55) ... FAILED
[INFO] [stdout] test src/lib.rs - dtd (line 50) ... FAILED
[INFO] [stdout] 
[INFO] [stdout] failures:
[INFO] [stdout] 
[INFO] [stdout] ---- src/lib.rs - dtd (line 55) stdout ----
[INFO] [stdout] error: cannot find macro `dtd` in this scope
[INFO] [stdout]  --> src/lib.rs:57:1
[INFO] [stdout]   |
[INFO] [stdout] 4 | dtd! {
[INFO] [stdout]   | ^^^
[INFO] [stdout]   |
[INFO] [stdout] help: consider importing this macro
[INFO] [stdout]   |
[INFO] [stdout] 2 + use dtd_macro::dtd;
[INFO] [stdout]   |
[INFO] [stdout] 
[INFO] [stdout] error: cannot find macro `dtd` in this scope
[INFO] [stdout]  --> src/lib.rs:56:1
[INFO] [stdout]   |
[INFO] [stdout] 3 | dtd!("testdata/docutils.dtd");
[INFO] [stdout]   | ^^^
[INFO] [stdout]   |
[INFO] [stdout] help: consider importing this macro
[INFO] [stdout]   |
[INFO] [stdout] 2 + use dtd_macro::dtd;
[INFO] [stdout]   |
[INFO] [stdout] 
[INFO] [stdout] error: aborting due to 2 previous errors
[INFO] [stdout] 
[INFO] [stdout] Couldn't compile the test.
[INFO] [stdout] ---- src/lib.rs - dtd (line 50) stdout ----
[INFO] [stdout] error: cannot find macro `dtd` in this scope
[INFO] [stdout]  --> src/lib.rs:52:1
[INFO] [stdout]   |
[INFO] [stdout] 4 | dtd!($DEFINETIONS);
[INFO] [stdout]   | ^^^
[INFO] [stdout]   |
[INFO] [stdout] help: consider importing this macro
[INFO] [stdout]   |
[INFO] [stdout] 2 + use dtd_macro::dtd;
[INFO] [stdout]   |
[INFO] [stdout] 
[INFO] [stdout] error: cannot find macro `dtd` in this scope
[INFO] [stdout]  --> src/lib.rs:51:1
[INFO] [stdout]   |
[INFO] [stdout] 3 | dtd!($PATH);
[INFO] [stdout]   | ^^^
[INFO] [stdout]   |
[INFO] [stdout] help: consider importing this macro
[INFO] [stdout]   |
[INFO] [stdout] 2 + use dtd_macro::dtd;
[INFO] [stdout]   |
[INFO] [stdout] 
[INFO] [stdout] error: aborting due to 2 previous errors
[INFO] [stdout] 
[INFO] [stdout] Couldn't compile the test.
[INFO] [stdout] 
[INFO] [stdout] failures:
[INFO] [stdout]     src/lib.rs - dtd (line 50)
[INFO] [stdout]     src/lib.rs - dtd (line 55)
[INFO] [stdout] 
[INFO] [stdout] test result: FAILED. 0 passed; 2 failed; 0 ignored; 0 measured; 0 filtered out; finished in 0.05s
[INFO] [stdout] 
[INFO] [stderr] error: doctest failed, to rerun pass `--doc`
[INFO] running `Command { std: "docker" "inspect" "f41c2e3977b6c6cc545014553d865fa0eb0abf590291df5476995927af546b0f", kill_on_drop: false }`
[INFO] running `Command { std: "docker" "rm" "-f" "f41c2e3977b6c6cc545014553d865fa0eb0abf590291df5476995927af546b0f", kill_on_drop: false }`
[INFO] [stdout] f41c2e3977b6c6cc545014553d865fa0eb0abf590291df5476995927af546b0f
