[INFO] fetching crate dst-init-macros 0.4.0...
[INFO] testing dst-init-macros-0.4.0 against nightly-2024-10-28+rustflags=-Zrandomize-layout for randomize-layout
[INFO] extracting crate dst-init-macros 0.4.0 into /workspace/builds/worker-7-tc2/source
[INFO] validating manifest of crates.io crate dst-init-macros 0.4.0 on toolchain nightly-2024-10-28
[INFO] running `Command { std: CARGO_HOME="/workspace/cargo-home" RUSTUP_HOME="/workspace/rustup-home" "/workspace/cargo-home/bin/cargo" "+nightly-2024-10-28" "metadata" "--manifest-path" "Cargo.toml" "--no-deps", kill_on_drop: false }`
[INFO] started tweaking crates.io crate dst-init-macros 0.4.0
[INFO] finished tweaking crates.io crate dst-init-macros 0.4.0
[INFO] tweaked toml for crates.io crate dst-init-macros 0.4.0 written to /workspace/builds/worker-7-tc2/source/Cargo.toml
[INFO] running `Command { std: CARGO_HOME="/workspace/cargo-home" RUSTUP_HOME="/workspace/rustup-home" "/workspace/cargo-home/bin/cargo" "+nightly-2024-10-28" "generate-lockfile" "--manifest-path" "Cargo.toml", kill_on_drop: false }`
[INFO] [stderr]     Updating crates.io index
[INFO] [stderr]      Locking 6 packages to latest compatible versions
[INFO] [stderr]       Adding syn v1.0.109 (available: v2.0.86)
[INFO] running `Command { std: CARGO_HOME="/workspace/cargo-home" RUSTUP_HOME="/workspace/rustup-home" "/workspace/cargo-home/bin/cargo" "+nightly-2024-10-28" "fetch" "--manifest-path" "Cargo.toml", kill_on_drop: false }`
[INFO] running `Command { std: "docker" "create" "-v" "/var/lib/crater-agent-workspace/builds/worker-7-tc2/target:/opt/rustwide/target:rw,Z" "-v" "/var/lib/crater-agent-workspace/builds/worker-7-tc2/source:/opt/rustwide/workdir:ro,Z" "-v" "/var/lib/crater-agent-workspace/cargo-home:/opt/rustwide/cargo-home:ro,Z" "-v" "/var/lib/crater-agent-workspace/rustup-home:/opt/rustwide/rustup-home:ro,Z" "-e" "SOURCE_DIR=/opt/rustwide/workdir" "-e" "CARGO_TARGET_DIR=/opt/rustwide/target" "-e" "CARGO_HOME=/opt/rustwide/cargo-home" "-e" "RUSTUP_HOME=/opt/rustwide/rustup-home" "-w" "/opt/rustwide/workdir" "-m" "1610612736" "--user" "0:0" "--network" "none" "ghcr.io/rust-lang/crates-build-env/linux@sha256:4a844ea9eb2546a2d2c7022eacef16ef2e8229c7fbb2c7d4d55a9ceca922f72d" "/opt/rustwide/cargo-home/bin/cargo" "+nightly-2024-10-28" "metadata" "--no-deps" "--format-version=1", kill_on_drop: false }`
[INFO] [stdout] f3731240abc9e8574b18c13c3eb713fa34ae89df448d49536abe5dce0bf9ba77
[INFO] running `Command { std: "docker" "start" "-a" "f3731240abc9e8574b18c13c3eb713fa34ae89df448d49536abe5dce0bf9ba77", kill_on_drop: false }`
[INFO] running `Command { std: "docker" "inspect" "f3731240abc9e8574b18c13c3eb713fa34ae89df448d49536abe5dce0bf9ba77", kill_on_drop: false }`
[INFO] running `Command { std: "docker" "rm" "-f" "f3731240abc9e8574b18c13c3eb713fa34ae89df448d49536abe5dce0bf9ba77", kill_on_drop: false }`
[INFO] [stdout] f3731240abc9e8574b18c13c3eb713fa34ae89df448d49536abe5dce0bf9ba77
[INFO] running `Command { std: "docker" "create" "-v" "/var/lib/crater-agent-workspace/builds/worker-7-tc2/target:/opt/rustwide/target:rw,Z" "-v" "/var/lib/crater-agent-workspace/builds/worker-7-tc2/source:/opt/rustwide/workdir:ro,Z" "-v" "/var/lib/crater-agent-workspace/cargo-home:/opt/rustwide/cargo-home:ro,Z" "-v" "/var/lib/crater-agent-workspace/rustup-home:/opt/rustwide/rustup-home:ro,Z" "-e" "SOURCE_DIR=/opt/rustwide/workdir" "-e" "CARGO_TARGET_DIR=/opt/rustwide/target" "-e" "CARGO_INCREMENTAL=0" "-e" "RUST_BACKTRACE=full" "-e" "RUSTFLAGS=--cap-lints=forbid -Zrandomize-layout" "-e" "RUSTDOCFLAGS=--cap-lints=forbid" "-e" "CARGO_HOME=/opt/rustwide/cargo-home" "-e" "RUSTUP_HOME=/opt/rustwide/rustup-home" "-w" "/opt/rustwide/workdir" "-m" "1610612736" "--user" "0:0" "--network" "none" "ghcr.io/rust-lang/crates-build-env/linux@sha256:4a844ea9eb2546a2d2c7022eacef16ef2e8229c7fbb2c7d4d55a9ceca922f72d" "/opt/rustwide/cargo-home/bin/cargo" "+nightly-2024-10-28" "build" "--frozen" "--message-format=json", kill_on_drop: false }`
[INFO] [stdout] 6cdfd4ef0cc242ea450f1f88a7a31df90bc4d005fcb59888266074da31643076
[INFO] running `Command { std: "docker" "start" "-a" "6cdfd4ef0cc242ea450f1f88a7a31df90bc4d005fcb59888266074da31643076", kill_on_drop: false }`
[INFO] [stderr]    Compiling syn v1.0.109
[INFO] [stderr]    Compiling unicode-segmentation v1.12.0
[INFO] [stderr]    Compiling convert_case v0.6.0
[INFO] [stderr]    Compiling dst-init-macros v0.4.0 (/opt/rustwide/workdir)
[INFO] [stderr]     Finished `dev` profile [unoptimized + debuginfo] target(s) in 3.14s
[INFO] running `Command { std: "docker" "inspect" "6cdfd4ef0cc242ea450f1f88a7a31df90bc4d005fcb59888266074da31643076", kill_on_drop: false }`
[INFO] running `Command { std: "docker" "rm" "-f" "6cdfd4ef0cc242ea450f1f88a7a31df90bc4d005fcb59888266074da31643076", kill_on_drop: false }`
[INFO] [stdout] 6cdfd4ef0cc242ea450f1f88a7a31df90bc4d005fcb59888266074da31643076
[INFO] running `Command { std: "docker" "create" "-v" "/var/lib/crater-agent-workspace/builds/worker-7-tc2/target:/opt/rustwide/target:rw,Z" "-v" "/var/lib/crater-agent-workspace/builds/worker-7-tc2/source:/opt/rustwide/workdir:ro,Z" "-v" "/var/lib/crater-agent-workspace/cargo-home:/opt/rustwide/cargo-home:ro,Z" "-v" "/var/lib/crater-agent-workspace/rustup-home:/opt/rustwide/rustup-home:ro,Z" "-e" "SOURCE_DIR=/opt/rustwide/workdir" "-e" "CARGO_TARGET_DIR=/opt/rustwide/target" "-e" "CARGO_INCREMENTAL=0" "-e" "RUST_BACKTRACE=full" "-e" "RUSTFLAGS=--cap-lints=forbid -Zrandomize-layout" "-e" "RUSTDOCFLAGS=--cap-lints=forbid" "-e" "CARGO_HOME=/opt/rustwide/cargo-home" "-e" "RUSTUP_HOME=/opt/rustwide/rustup-home" "-w" "/opt/rustwide/workdir" "-m" "1610612736" "--user" "0:0" "--network" "none" "ghcr.io/rust-lang/crates-build-env/linux@sha256:4a844ea9eb2546a2d2c7022eacef16ef2e8229c7fbb2c7d4d55a9ceca922f72d" "/opt/rustwide/cargo-home/bin/cargo" "+nightly-2024-10-28" "test" "--frozen" "--no-run" "--message-format=json", kill_on_drop: false }`
[INFO] [stdout] 38154757a07498251c598c8225b0dbd6641fe4e0488e86d1d4cb0aac192b2d88
[INFO] running `Command { std: "docker" "start" "-a" "38154757a07498251c598c8225b0dbd6641fe4e0488e86d1d4cb0aac192b2d88", kill_on_drop: false }`
[INFO] [stderr]    Compiling dst-init-macros v0.4.0 (/opt/rustwide/workdir)
[INFO] [stderr]     Finished `test` profile [unoptimized + debuginfo] target(s) in 0.24s
[INFO] running `Command { std: "docker" "inspect" "38154757a07498251c598c8225b0dbd6641fe4e0488e86d1d4cb0aac192b2d88", kill_on_drop: false }`
[INFO] running `Command { std: "docker" "rm" "-f" "38154757a07498251c598c8225b0dbd6641fe4e0488e86d1d4cb0aac192b2d88", kill_on_drop: false }`
[INFO] [stdout] 38154757a07498251c598c8225b0dbd6641fe4e0488e86d1d4cb0aac192b2d88
[INFO] running `Command { std: "docker" "create" "-v" "/var/lib/crater-agent-workspace/builds/worker-7-tc2/target:/opt/rustwide/target:rw,Z" "-v" "/var/lib/crater-agent-workspace/builds/worker-7-tc2/source:/opt/rustwide/workdir:ro,Z" "-v" "/var/lib/crater-agent-workspace/cargo-home:/opt/rustwide/cargo-home:ro,Z" "-v" "/var/lib/crater-agent-workspace/rustup-home:/opt/rustwide/rustup-home:ro,Z" "-e" "SOURCE_DIR=/opt/rustwide/workdir" "-e" "CARGO_TARGET_DIR=/opt/rustwide/target" "-e" "CARGO_INCREMENTAL=0" "-e" "RUST_BACKTRACE=full" "-e" "RUSTFLAGS=--cap-lints=forbid -Zrandomize-layout" "-e" "RUSTDOCFLAGS=--cap-lints=forbid" "-e" "CARGO_HOME=/opt/rustwide/cargo-home" "-e" "RUSTUP_HOME=/opt/rustwide/rustup-home" "-w" "/opt/rustwide/workdir" "-m" "1610612736" "--user" "0:0" "--network" "none" "ghcr.io/rust-lang/crates-build-env/linux@sha256:4a844ea9eb2546a2d2c7022eacef16ef2e8229c7fbb2c7d4d55a9ceca922f72d" "/opt/rustwide/cargo-home/bin/cargo" "+nightly-2024-10-28" "test" "--frozen", kill_on_drop: false }`
[INFO] [stdout] 9908e08c215c4ac42f5b7519900b5d7c2cac5adf56bc42b0f63e368b8782c07f
[INFO] running `Command { std: "docker" "start" "-a" "9908e08c215c4ac42f5b7519900b5d7c2cac5adf56bc42b0f63e368b8782c07f", kill_on_drop: false }`
[INFO] [stderr]     Finished `test` profile [unoptimized + debuginfo] target(s) in 0.01s
[INFO] [stderr]      Running unittests src/lib.rs (/opt/rustwide/target/debug/deps/dst_init_macros-9d194c1fcca4f2e2)
[INFO] [stdout] 
[INFO] [stdout] running 0 tests
[INFO] [stdout] 
[INFO] [stdout] test result: ok. 0 passed; 0 failed; 0 ignored; 0 measured; 0 filtered out; finished in 0.00s
[INFO] [stdout] 
[INFO] [stderr]    Doc-tests dst_init_macros
[INFO] [stdout] 
[INFO] [stdout] running 5 tests
[INFO] [stdout] test src/lib.rs - dst (line 22) ... FAILED
[INFO] [stdout] test src/lib.rs - dst (line 52) ... FAILED
[INFO] [stdout] test src/lib.rs - dst (line 14) ... FAILED
[INFO] [stdout] test src/lib.rs - dst (line 43) ... FAILED
[INFO] [stdout] test src/lib.rs - dst (line 64) ... FAILED
[INFO] [stdout] 
[INFO] [stdout] failures:
[INFO] [stdout] 
[INFO] [stdout] ---- src/lib.rs - dst (line 22) stdout ----
[INFO] [stdout] error[E0405]: cannot find trait `EmplaceInitializer` in this scope
[INFO] [stdout]   --> src/lib.rs:31:21
[INFO] [stdout]    |
[INFO] [stdout] 11 | struct FooInit<INIT:EmplaceInitializer<Output=[usize]>>{
[INFO] [stdout]    |                     ^^^^^^^^^^^^^^^^^^ not found in this scope
[INFO] [stdout] 
[INFO] [stdout] error: aborting due to 1 previous error
[INFO] [stdout] 
[INFO] [stdout] For more information about this error, try `rustc --explain E0405`.
[INFO] [stdout] Couldn't compile the test.
[INFO] [stdout] ---- src/lib.rs - dst (line 52) stdout ----
[INFO] [stdout] error[E0405]: cannot find trait `EmplaceInitializer` in this scope
[INFO] [stdout]  --> src/lib.rs:54:21
[INFO] [stdout]   |
[INFO] [stdout] 4 | struct BarInit<INIT:EmplaceInitializer<Output=Foo>>{
[INFO] [stdout]   |                     ^^^^^^^^^^^^^^^^^^ not found in this scope
[INFO] [stdout] 
[INFO] [stdout] error[E0412]: cannot find type `Foo` in this scope
[INFO] [stdout]  --> src/lib.rs:54:47
[INFO] [stdout]   |
[INFO] [stdout] 4 | struct BarInit<INIT:EmplaceInitializer<Output=Foo>>{
[INFO] [stdout]   |                                               ^^^ not found in this scope
[INFO] [stdout] 
[INFO] [stdout] error: aborting due to 2 previous errors
[INFO] [stdout] 
[INFO] [stdout] Some errors have detailed explanations: E0405, E0412.
[INFO] [stdout] For more information about an error, try `rustc --explain E0405`.
[INFO] [stdout] Couldn't compile the test.
[INFO] [stdout] ---- src/lib.rs - dst (line 14) stdout ----
[INFO] [stdout] error: cannot find attribute `dst` in this scope
[INFO] [stdout]  --> src/lib.rs:15:3
[INFO] [stdout]   |
[INFO] [stdout] 3 | #[dst]
[INFO] [stdout]   |   ^^^
[INFO] [stdout]   |
[INFO] [stdout] help: consider importing this attribute macro
[INFO] [stdout]   |
[INFO] [stdout] 2 + use dst_init_macros::dst;
[INFO] [stdout]   |
[INFO] [stdout] 
[INFO] [stdout] error: aborting due to 1 previous error
[INFO] [stdout] 
[INFO] [stdout] Couldn't compile the test.
[INFO] [stdout] ---- src/lib.rs - dst (line 43) stdout ----
[INFO] [stdout] error: cannot find attribute `dst` in this scope
[INFO] [stdout]  --> src/lib.rs:44:3
[INFO] [stdout]   |
[INFO] [stdout] 3 | #[dst]
[INFO] [stdout]   |   ^^^
[INFO] [stdout]   |
[INFO] [stdout] help: consider importing this attribute macro
[INFO] [stdout]   |
[INFO] [stdout] 2 + use dst_init_macros::dst;
[INFO] [stdout]   |
[INFO] [stdout] 
[INFO] [stdout] error[E0412]: cannot find type `Foo` in this scope
[INFO] [stdout]  --> src/lib.rs:47:7
[INFO] [stdout]   |
[INFO] [stdout] 6 |     d:Foo
[INFO] [stdout]   |       ^^^ not found in this scope
[INFO] [stdout] 
[INFO] [stdout] error: aborting due to 2 previous errors
[INFO] [stdout] 
[INFO] [stdout] For more information about this error, try `rustc --explain E0412`.
[INFO] [stdout] Couldn't compile the test.
[INFO] [stdout] ---- src/lib.rs - dst (line 64) stdout ----
[INFO] [stdout] error: cannot find attribute `dst` in this scope
[INFO] [stdout]  --> src/lib.rs:65:3
[INFO] [stdout]   |
[INFO] [stdout] 3 | #[dst]
[INFO] [stdout]   |   ^^^
[INFO] [stdout]   |
[INFO] [stdout] help: consider importing this attribute macro
[INFO] [stdout]   |
[INFO] [stdout] 2 + use dst_init_macros::dst;
[INFO] [stdout]   |
[INFO] [stdout] 
[INFO] [stdout] error[E0405]: cannot find trait `EmplaceInitializer` in this scope
[INFO] [stdout]   --> src/lib.rs:72:25
[INFO] [stdout]    |
[INFO] [stdout] 10 |     fn initializer<Init:EmplaceInitializer<Output=[u8]>>(src:u32,dst:u32,init:Init)->SomePacketInit<Init>{
[INFO] [stdout]    |                         ^^^^^^^^^^^^^^^^^^ not found in this scope
[INFO] [stdout] 
[INFO] [stdout] error[E0412]: cannot find type `SomePacketInit` in this scope
[INFO] [stdout]   --> src/lib.rs:72:86
[INFO] [stdout]    |
[INFO] [stdout] 4  | struct SomePacket{
[INFO] [stdout]    | ----------------- similarly named struct `SomePacket` defined here
[INFO] [stdout] ...
[INFO] [stdout] 10 |     fn initializer<Init:EmplaceInitializer<Output=[u8]>>(src:u32,dst:u32,init:Init)->SomePacketInit<Init>{
[INFO] [stdout]    |                                                                                      ^^^^^^^^^^^^^^ help: a struct with a similar name exists: `SomePacket`
[INFO] [stdout] 
[INFO] [stdout] error[E0422]: cannot find struct, variant or union type `SomePacketInit` in this scope
[INFO] [stdout]   --> src/lib.rs:73:9
[INFO] [stdout]    |
[INFO] [stdout] 4  | struct SomePacket{
[INFO] [stdout]    | ----------------- similarly named struct `SomePacket` defined here
[INFO] [stdout] ...
[INFO] [stdout] 11 |         SomePacketInit{
[INFO] [stdout]    |         ^^^^^^^^^^^^^^ help: a struct with a similar name exists: `SomePacket`
[INFO] [stdout] 
[INFO] [stdout] error: aborting due to 4 previous errors
[INFO] [stdout] 
[INFO] [stdout] Some errors have detailed explanations: E0405, E0412, E0422.
[INFO] [stdout] For more information about an error, try `rustc --explain E0405`.
[INFO] [stdout] Couldn't compile the test.
[INFO] [stdout] 
[INFO] [stdout] failures:
[INFO] [stdout]     src/lib.rs - dst (line 14)
[INFO] [stdout]     src/lib.rs - dst (line 22)
[INFO] [stdout]     src/lib.rs - dst (line 43)
[INFO] [stdout]     src/lib.rs - dst (line 52)
[INFO] [stdout]     src/lib.rs - dst (line 64)
[INFO] [stdout] 
[INFO] [stdout] test result: FAILED. 0 passed; 5 failed; 0 ignored; 0 measured; 0 filtered out; finished in 0.05s
[INFO] [stdout] 
[INFO] [stderr] error: doctest failed, to rerun pass `--doc`
[INFO] running `Command { std: "docker" "inspect" "9908e08c215c4ac42f5b7519900b5d7c2cac5adf56bc42b0f63e368b8782c07f", kill_on_drop: false }`
[INFO] running `Command { std: "docker" "rm" "-f" "9908e08c215c4ac42f5b7519900b5d7c2cac5adf56bc42b0f63e368b8782c07f", kill_on_drop: false }`
[INFO] [stdout] 9908e08c215c4ac42f5b7519900b5d7c2cac5adf56bc42b0f63e368b8782c07f
