[INFO] fetching crate dofigen 2.1.0...
[INFO] testing dofigen-2.1.0 against nightly-2024-10-28 for randomize-layout
[INFO] extracting crate dofigen 2.1.0 into /workspace/builds/worker-3-tc1/source
[INFO] validating manifest of crates.io crate dofigen 2.1.0 on toolchain nightly-2024-10-28
[INFO] running `Command { std: CARGO_HOME="/workspace/cargo-home" RUSTUP_HOME="/workspace/rustup-home" "/workspace/cargo-home/bin/cargo" "+nightly-2024-10-28" "metadata" "--manifest-path" "Cargo.toml" "--no-deps", kill_on_drop: false }`
[INFO] started tweaking crates.io crate dofigen 2.1.0
[INFO] removed 0 missing tests
[INFO] finished tweaking crates.io crate dofigen 2.1.0
[INFO] tweaked toml for crates.io crate dofigen 2.1.0 written to /workspace/builds/worker-3-tc1/source/Cargo.toml
[INFO] crate crates.io crate dofigen 2.1.0 already has a lockfile, it will not be regenerated
[INFO] running `Command { std: CARGO_HOME="/workspace/cargo-home" RUSTUP_HOME="/workspace/rustup-home" "/workspace/cargo-home/bin/cargo" "+nightly-2024-10-28" "fetch" "--manifest-path" "Cargo.toml", kill_on_drop: false }`
[INFO] [stderr]     Updating crates.io index
[INFO] [stderr]  Downloading crates ...
[INFO] [stderr]   Downloaded escargot v0.5.12
[INFO] [stderr]   Downloaded assert_fs v1.1.2
[INFO] [stderr]   Downloaded darrentsung_debug_parser v0.3.1
[INFO] [stderr]   Downloaded struct-patch-derive v0.8.5
[INFO] [stderr]   Downloaded struct-patch v0.8.5
[INFO] [stderr]   Downloaded httptest v0.16.1
[INFO] [stderr]   Downloaded pretty_assertions_sorted v1.2.3
[INFO] [stderr]   Downloaded cc v1.1.16
[INFO] running `Command { std: "docker" "create" "-v" "/var/lib/crater-agent-workspace/builds/worker-3-tc1/target:/opt/rustwide/target:rw,Z" "-v" "/var/lib/crater-agent-workspace/builds/worker-3-tc1/source:/opt/rustwide/workdir:ro,Z" "-v" "/var/lib/crater-agent-workspace/cargo-home:/opt/rustwide/cargo-home:ro,Z" "-v" "/var/lib/crater-agent-workspace/rustup-home:/opt/rustwide/rustup-home:ro,Z" "-e" "SOURCE_DIR=/opt/rustwide/workdir" "-e" "CARGO_TARGET_DIR=/opt/rustwide/target" "-e" "CARGO_HOME=/opt/rustwide/cargo-home" "-e" "RUSTUP_HOME=/opt/rustwide/rustup-home" "-w" "/opt/rustwide/workdir" "-m" "1610612736" "--user" "0:0" "--network" "none" "ghcr.io/rust-lang/crates-build-env/linux@sha256:4a844ea9eb2546a2d2c7022eacef16ef2e8229c7fbb2c7d4d55a9ceca922f72d" "/opt/rustwide/cargo-home/bin/cargo" "+nightly-2024-10-28" "metadata" "--no-deps" "--format-version=1", kill_on_drop: false }`
[INFO] [stdout] 49c4da76fa70dc010ae9f3fa286d37ad4492977eb0f9ffd5908895f44a62e145
[INFO] running `Command { std: "docker" "start" "-a" "49c4da76fa70dc010ae9f3fa286d37ad4492977eb0f9ffd5908895f44a62e145", kill_on_drop: false }`
[INFO] running `Command { std: "docker" "inspect" "49c4da76fa70dc010ae9f3fa286d37ad4492977eb0f9ffd5908895f44a62e145", kill_on_drop: false }`
[INFO] running `Command { std: "docker" "rm" "-f" "49c4da76fa70dc010ae9f3fa286d37ad4492977eb0f9ffd5908895f44a62e145", kill_on_drop: false }`
[INFO] [stdout] 49c4da76fa70dc010ae9f3fa286d37ad4492977eb0f9ffd5908895f44a62e145
[INFO] running `Command { std: "docker" "create" "-v" "/var/lib/crater-agent-workspace/builds/worker-3-tc1/target:/opt/rustwide/target:rw,Z" "-v" "/var/lib/crater-agent-workspace/builds/worker-3-tc1/source:/opt/rustwide/workdir:ro,Z" "-v" "/var/lib/crater-agent-workspace/cargo-home:/opt/rustwide/cargo-home:ro,Z" "-v" "/var/lib/crater-agent-workspace/rustup-home:/opt/rustwide/rustup-home:ro,Z" "-e" "SOURCE_DIR=/opt/rustwide/workdir" "-e" "CARGO_TARGET_DIR=/opt/rustwide/target" "-e" "CARGO_INCREMENTAL=0" "-e" "RUST_BACKTRACE=full" "-e" "RUSTFLAGS=--cap-lints=forbid" "-e" "RUSTDOCFLAGS=--cap-lints=forbid" "-e" "CARGO_HOME=/opt/rustwide/cargo-home" "-e" "RUSTUP_HOME=/opt/rustwide/rustup-home" "-w" "/opt/rustwide/workdir" "-m" "1610612736" "--user" "0:0" "--network" "none" "ghcr.io/rust-lang/crates-build-env/linux@sha256:4a844ea9eb2546a2d2c7022eacef16ef2e8229c7fbb2c7d4d55a9ceca922f72d" "/opt/rustwide/cargo-home/bin/cargo" "+nightly-2024-10-28" "build" "--frozen" "--message-format=json", kill_on_drop: false }`
[INFO] [stdout] 70a2b2556388d13c52dd0cecc895a59abbed86bef089c139c489ff472ecfe6ac
[INFO] running `Command { std: "docker" "start" "-a" "70a2b2556388d13c52dd0cecc895a59abbed86bef089c139c489ff472ecfe6ac", kill_on_drop: false }`
[INFO] [stderr]    Compiling vcpkg v0.2.15
[INFO] [stderr]    Compiling pkg-config v0.3.30
[INFO] [stderr]    Compiling cc v1.1.16
[INFO] [stderr]    Compiling http v1.1.0
[INFO] [stderr]    Compiling hashbrown v0.14.5
[INFO] [stderr]    Compiling httparse v1.9.4
[INFO] [stderr]    Compiling foreign-types-shared v0.1.1
[INFO] [stderr]    Compiling openssl v0.10.66
[INFO] [stderr]    Compiling syn v2.0.77
[INFO] [stderr]    Compiling tracing v0.1.40
[INFO] [stderr]    Compiling tokio v1.40.0
[INFO] [stderr]    Compiling futures-util v0.3.30
[INFO] [stderr]    Compiling bitflags v2.6.0
[INFO] [stderr]    Compiling native-tls v0.2.12
[INFO] [stderr]    Compiling futures-channel v0.3.30
[INFO] [stderr]    Compiling openssl-probe v0.1.5
[INFO] [stderr]    Compiling foreign-types v0.3.2
[INFO] [stderr]    Compiling tower-layer v0.3.3
[INFO] [stderr]    Compiling crypto-common v0.1.6
[INFO] [stderr]    Compiling aho-corasick v1.1.3
[INFO] [stderr]    Compiling thiserror v1.0.64
[INFO] [stderr]    Compiling rustls-pki-types v1.8.0
[INFO] [stderr]    Compiling base64 v0.22.1
[INFO] [stderr]    Compiling digest v0.10.7
[INFO] [stderr]    Compiling cpufeatures v0.2.13
[INFO] [stderr]    Compiling clap_builder v4.5.18
[INFO] [stderr]    Compiling encoding_rs v0.8.34
[INFO] [stderr]    Compiling sha2 v0.10.8
[INFO] [stderr]    Compiling rustls-pemfile v2.1.3
[INFO] [stderr]    Compiling sync_wrapper v1.0.1
[INFO] [stderr]    Compiling mime v0.3.17
[INFO] [stderr]    Compiling ipnet v2.9.0
[INFO] [stderr]    Compiling indexmap v2.5.0
[INFO] [stderr]    Compiling unsafe-libyaml v0.2.11
[INFO] [stderr]    Compiling openssl-src v300.3.2+3.3.2
[INFO] [stderr]    Compiling relative-path v1.9.3
[INFO] [stderr]    Compiling http-body v1.0.1
[INFO] [stderr]    Compiling openssl-sys v0.9.103
[INFO] [stderr]    Compiling regex-automata v0.4.8
[INFO] [stderr]    Compiling http-body-util v0.1.2
[INFO] [stderr]    Compiling serde_derive v1.0.210
[INFO] [stderr]    Compiling openssl-macros v0.1.1
[INFO] [stderr]    Compiling pin-project-internal v1.1.5
[INFO] [stderr]    Compiling clap_derive v4.5.18
[INFO] [stderr]    Compiling thiserror-impl v1.0.64
[INFO] [stderr]    Compiling async-trait v0.1.82
[INFO] [stderr]    Compiling struct-patch-derive v0.8.5
[INFO] [stderr]    Compiling concat-idents v1.1.5
[INFO] [stderr]    Compiling struct-patch v0.8.5
[INFO] [stderr]    Compiling sha256 v1.5.0
[INFO] [stderr]    Compiling tokio-util v0.7.12
[INFO] [stderr]    Compiling regex v1.11.0
[INFO] [stderr]    Compiling pin-project v1.1.5
[INFO] [stderr]    Compiling tower v0.4.13
[INFO] [stderr]    Compiling h2 v0.4.6
[INFO] [stderr]    Compiling clap v4.5.18
[INFO] [stderr]    Compiling serde v1.0.210
[INFO] [stderr]    Compiling hyper v1.4.1
[INFO] [stderr]    Compiling hyper-util v0.1.7
[INFO] [stderr]    Compiling url v2.5.2
[INFO] [stderr]    Compiling serde_json v1.0.128
[INFO] [stderr]    Compiling serde_urlencoded v0.7.1
[INFO] [stderr]    Compiling serde_yaml v0.9.34+deprecated
[INFO] [stderr]    Compiling tokio-native-tls v0.3.1
[INFO] [stderr]    Compiling hyper-tls v0.6.0
[INFO] [stderr]    Compiling reqwest v0.12.7
[INFO] [stderr]    Compiling dofigen v2.1.0 (/opt/rustwide/workdir)
[INFO] [stderr]     Finished `dev` profile [unoptimized + debuginfo] target(s) in 1m 07s
[INFO] running `Command { std: "docker" "inspect" "70a2b2556388d13c52dd0cecc895a59abbed86bef089c139c489ff472ecfe6ac", kill_on_drop: false }`
[INFO] running `Command { std: "docker" "rm" "-f" "70a2b2556388d13c52dd0cecc895a59abbed86bef089c139c489ff472ecfe6ac", kill_on_drop: false }`
[INFO] [stdout] 70a2b2556388d13c52dd0cecc895a59abbed86bef089c139c489ff472ecfe6ac
[INFO] running `Command { std: "docker" "create" "-v" "/var/lib/crater-agent-workspace/builds/worker-3-tc1/target:/opt/rustwide/target:rw,Z" "-v" "/var/lib/crater-agent-workspace/builds/worker-3-tc1/source:/opt/rustwide/workdir:ro,Z" "-v" "/var/lib/crater-agent-workspace/cargo-home:/opt/rustwide/cargo-home:ro,Z" "-v" "/var/lib/crater-agent-workspace/rustup-home:/opt/rustwide/rustup-home:ro,Z" "-e" "SOURCE_DIR=/opt/rustwide/workdir" "-e" "CARGO_TARGET_DIR=/opt/rustwide/target" "-e" "CARGO_INCREMENTAL=0" "-e" "RUST_BACKTRACE=full" "-e" "RUSTFLAGS=--cap-lints=forbid" "-e" "RUSTDOCFLAGS=--cap-lints=forbid" "-e" "CARGO_HOME=/opt/rustwide/cargo-home" "-e" "RUSTUP_HOME=/opt/rustwide/rustup-home" "-w" "/opt/rustwide/workdir" "-m" "1610612736" "--user" "0:0" "--network" "none" "ghcr.io/rust-lang/crates-build-env/linux@sha256:4a844ea9eb2546a2d2c7022eacef16ef2e8229c7fbb2c7d4d55a9ceca922f72d" "/opt/rustwide/cargo-home/bin/cargo" "+nightly-2024-10-28" "test" "--frozen" "--no-run" "--message-format=json", kill_on_drop: false }`
[INFO] [stdout] b7207900a38d108f109a598e892c5bf4e7d2b751a6012dc7b8f9e194cb7367ac
[INFO] running `Command { std: "docker" "start" "-a" "b7207900a38d108f109a598e892c5bf4e7d2b751a6012dc7b8f9e194cb7367ac", kill_on_drop: false }`
[INFO] [stderr]    Compiling aho-corasick v1.1.3
[INFO] [stderr]    Compiling num-traits v0.2.19
[INFO] [stderr]    Compiling crossbeam-utils v0.8.20
[INFO] [stderr]    Compiling tokio-macros v2.4.0
[INFO] [stderr]    Compiling futures-macro v0.3.30
[INFO] [stderr]    Compiling openssl v0.10.66
[INFO] [stderr]    Compiling predicates-core v1.0.8
[INFO] [stderr]    Compiling anyhow v1.0.86
[INFO] [stderr]    Compiling doc-comment v0.3.3
[INFO] [stderr]    Compiling rustix v0.38.36
[INFO] [stderr]    Compiling termtree v0.4.1
[INFO] [stderr]    Compiling minimal-lexical v0.2.1
[INFO] [stderr]    Compiling difflib v0.4.0
[INFO] [stderr]    Compiling linux-raw-sys v0.4.14
[INFO] [stderr]    Compiling utf8-width v0.1.7
[INFO] [stderr]    Compiling normalize-line-endings v0.3.0
[INFO] [stderr]    Compiling html-escape v0.2.13
[INFO] [stderr]    Compiling diff v0.1.13
[INFO] [stderr]    Compiling predicates-tree v1.0.11
[INFO] [stderr]    Compiling yansi v0.5.1
[INFO] [stderr]    Compiling nom v7.1.3
[INFO] [stderr]    Compiling assert_cmd v2.0.16
[INFO] [stderr]    Compiling escargot v0.5.12
[INFO] [stderr]    Compiling fastrand v2.1.1
[INFO] [stderr]    Compiling pretty_assertions v1.4.0
[INFO] [stderr]    Compiling wait-timeout v0.2.0
[INFO] [stderr]    Compiling crossbeam-epoch v0.9.18
[INFO] [stderr]    Compiling crossbeam-channel v0.5.13
[INFO] [stderr]    Compiling tokio v1.40.0
[INFO] [stderr]    Compiling crossbeam-deque v0.8.5
[INFO] [stderr]    Compiling futures-util v0.3.30
[INFO] [stderr]    Compiling float-cmp v0.9.0
[INFO] [stderr]    Compiling ordered-float v2.10.1
[INFO] [stderr]    Compiling regex-automata v0.4.8
[INFO] [stderr]    Compiling darrentsung_debug_parser v0.3.1
[INFO] [stderr]    Compiling tempfile v3.12.0
[INFO] [stderr]    Compiling pretty_assertions_sorted v1.2.3
[INFO] [stderr]    Compiling native-tls v0.2.12
[INFO] [stderr]    Compiling http-body-util v0.1.2
[INFO] [stderr]    Compiling futures v0.3.30
[INFO] [stderr]    Compiling bstr v1.10.0
[INFO] [stderr]    Compiling regex v1.11.0
[INFO] [stderr]    Compiling predicates v3.1.2
[INFO] [stderr]    Compiling globset v0.4.14
[INFO] [stderr]    Compiling tokio-util v0.7.12
[INFO] [stderr]    Compiling tower v0.4.13
[INFO] [stderr]    Compiling tokio-native-tls v0.3.1
[INFO] [stderr]    Compiling ignore v0.4.22
[INFO] [stderr]    Compiling h2 v0.4.6
[INFO] [stderr]    Compiling globwalk v0.9.1
[INFO] [stderr]    Compiling assert_fs v1.1.2
[INFO] [stderr]    Compiling hyper v1.4.1
[INFO] [stderr]    Compiling hyper-util v0.1.7
[INFO] [stderr]    Compiling hyper-tls v0.6.0
[INFO] [stderr]    Compiling httptest v0.16.1
[INFO] [stderr]    Compiling reqwest v0.12.7
[INFO] [stderr]    Compiling dofigen v2.1.0 (/opt/rustwide/workdir)
[INFO] [stderr]     Finished `test` profile [unoptimized + debuginfo] target(s) in 26.62s
[INFO] running `Command { std: "docker" "inspect" "b7207900a38d108f109a598e892c5bf4e7d2b751a6012dc7b8f9e194cb7367ac", kill_on_drop: false }`
[INFO] running `Command { std: "docker" "rm" "-f" "b7207900a38d108f109a598e892c5bf4e7d2b751a6012dc7b8f9e194cb7367ac", kill_on_drop: false }`
[INFO] [stdout] b7207900a38d108f109a598e892c5bf4e7d2b751a6012dc7b8f9e194cb7367ac
[INFO] running `Command { std: "docker" "create" "-v" "/var/lib/crater-agent-workspace/builds/worker-3-tc1/target:/opt/rustwide/target:rw,Z" "-v" "/var/lib/crater-agent-workspace/builds/worker-3-tc1/source:/opt/rustwide/workdir:ro,Z" "-v" "/var/lib/crater-agent-workspace/cargo-home:/opt/rustwide/cargo-home:ro,Z" "-v" "/var/lib/crater-agent-workspace/rustup-home:/opt/rustwide/rustup-home:ro,Z" "-e" "SOURCE_DIR=/opt/rustwide/workdir" "-e" "CARGO_TARGET_DIR=/opt/rustwide/target" "-e" "CARGO_INCREMENTAL=0" "-e" "RUST_BACKTRACE=full" "-e" "RUSTFLAGS=--cap-lints=forbid" "-e" "RUSTDOCFLAGS=--cap-lints=forbid" "-e" "CARGO_HOME=/opt/rustwide/cargo-home" "-e" "RUSTUP_HOME=/opt/rustwide/rustup-home" "-w" "/opt/rustwide/workdir" "-m" "1610612736" "--user" "0:0" "--network" "none" "ghcr.io/rust-lang/crates-build-env/linux@sha256:4a844ea9eb2546a2d2c7022eacef16ef2e8229c7fbb2c7d4d55a9ceca922f72d" "/opt/rustwide/cargo-home/bin/cargo" "+nightly-2024-10-28" "test" "--frozen", kill_on_drop: false }`
[INFO] [stdout] cabb759bdce0ce549b0932ce2e3115f699165151f1d7d646daab204dd5f0f701
[INFO] running `Command { std: "docker" "start" "-a" "cabb759bdce0ce549b0932ce2e3115f699165151f1d7d646daab204dd5f0f701", kill_on_drop: false }`
[INFO] [stderr]     Finished `test` profile [unoptimized + debuginfo] target(s) in 0.48s
[INFO] [stderr]      Running unittests src/lib.rs (/opt/rustwide/target/debug/deps/dofigen_lib-6949e8d58095f319)
[INFO] [stdout] 
[INFO] [stdout] running 98 tests
[INFO] [stdout] test deserialize::test::deserialize::from_optional_string_or_number::null ... ok
[INFO] [stdout] test deserialize::test::deserialize::from_optional_string_or_number::string ... ok
[INFO] [stdout] test deserialize::test::deserialize::from_optional_string_or_number::absent ... ok
[INFO] [stdout] test deserialize::test::deserialize::from_optional_string_or_number::number ... ok
[INFO] [stdout] test deserialize::test::deserialize::one_or_many::one ... ok
[INFO] [stdout] test deserialize::test::deserialize::one_or_many::many ... ok
[INFO] [stdout] test deserialize::test::deserialize::optional_one_or_many::absent ... ok
[INFO] [stdout] test deserialize::test::deserialize::optional_one_or_many::null ... ok
[INFO] [stdout] test deserialize::test::deserialize::optional_one_or_many::many ... ok
[INFO] [stdout] test deserialize::test::deserialize::optional_one_or_many::one ... ok
[INFO] [stdout] test deserialize::test::hashmap_patch::test_simple_patch ... ok
[INFO] [stdout] test deserialize::test::hashmap_deep_patch::test_simple_patch ... ok
[INFO] [stdout] test deserialize::test::parsable_struct::deserialize_dofigen_with_invalid_user ... ignored, Not managed yet by serde because of multilevel flatten: https://serde.rs/field-attrs.html#flatten
[INFO] [stdout] test deserialize::test::vec_deep_patch::test_vec_append_list_patch ... ok
[INFO] [stdout] test deserialize::test::vec_deep_patch::test_simple_patch ... ok
[INFO] [stdout] test deserialize::test::vec_deep_patch::test_vec_append_one_patch ... ok
[INFO] [stdout] test deserialize::test::parsable_struct::deserialize_stage_with_invalid_user ... ok
[INFO] [stdout] test deserialize::test::parsable_struct::deserialize_user_error_wrong_username ... ok
[INFO] [stdout] test deserialize::test::vec_deep_patch::test_vec_deep_patch ... ok
[INFO] [stdout] test deserialize::test::vec_deep_patch::test_vec_replace ... ok
[INFO] [stdout] test deserialize::test::parsable_struct::deserialize_basic_user ... ok
[INFO] [stdout] test deserialize::test::vec_deep_patch::test_vec_replace_patch ... ok
[INFO] [stdout] test deserialize::test::vec_patch::test_vec_replace ... ok
[INFO] [stdout] test deserialize::test::vec_patch::test_vec_append_list_patch ... ok
[INFO] [stdout] test deserialize::test::vec_patch::test_vec_replace_patch ... ok
[INFO] [stdout] test deserialize::test::vec_patch::test_vec_append_one_patch ... ok
[INFO] [stdout] test dockerfile_struct::test::test_generate_content_empty ... ok
[INFO] [stdout] test dockerfile_struct::test::test_generate_content_name_only_option ... ok
[INFO] [stdout] test dockerfile_struct::test::test_generate_content_instruction ... ok
[INFO] [stdout] test dockerfile_struct::test::test_generate_content_comment ... ok
[INFO] [stdout] test dockerfile_struct::test::test_generate_content_with_value_option ... ok
[INFO] [stdout] test dofigen_struct::test::deserialize::copy_resource::add ... ok
[INFO] [stdout] test dockerfile_struct::test::test_generate_content_with_options_option ... ok
[INFO] [stdout] test deserialize::test::vec_patch::test_simple_patch ... ok
[INFO] [stdout] test dofigen_struct::test::deserialize::builder::with_bind ... ok
[INFO] [stdout] test dofigen_struct::test::deserialize::copy_resource::add_git_repo ... ok
[INFO] [stdout] test dofigen_struct::test::deserialize::copy_resource::copy_chmod_int ... ok
[INFO] [stdout] test dockerfile_struct::test::test_generate_content_instruction_option_option ... ok
[INFO] [stdout] test dofigen_struct::test::deserialize::copy_resource::copy ... ok
[INFO] [stdout] test dofigen_struct::test::deserialize::copy_resource::copy_simple ... ok
[INFO] [stdout] test dofigen_struct::test::deserialize::dofigen::duplicate_from ... ignored, Not managed yet by serde because of multilevel flatten: https://serde.rs/field-attrs.html#flatten
[INFO] [stdout] test dofigen_struct::test::deserialize::dofigen::duplicate_from_and_alias ... ignored, Not managed yet by serde because of multilevel flatten: https://serde.rs/field-attrs.html#flatten
[INFO] [stdout] test dofigen_struct::test::deserialize::dofigen::empty ... ok
[INFO] [stdout] test dofigen_struct::test::deserialize::stage::duplicate_from ... ignored, Not managed yet by serde because of multilevel flatten: https://serde.rs/field-attrs.html#flatten
[INFO] [stdout] test dofigen_struct::test::deserialize::stage::duplicate_from_and_alias ... ignored, Not managed yet by serde because of multilevel flatten: https://serde.rs/field-attrs.html#flatten
[INFO] [stdout] test dofigen_struct::test::deserialize::dofigen::from ... ok
[INFO] [stdout] test dofigen_struct::test::deserialize::stage::empty ... ok
[INFO] [stdout] test from_str::test_from_str::add::with_multiple_sources_and_target ... ok
[INFO] [stdout] test extend::test::deserialize::extend_dofigen::only_from ... ok
[INFO] [stdout] test dofigen_struct::test::deserialize::stage::from ... ok
[INFO] [stdout] test from_str::test_from_str::add::with_target_option ... ok
[INFO] [stdout] test from_str::test_from_str::add_git_repo::http ... ok
[INFO] [stdout] test from_str::test_from_str::add_git_repo::http_with_target ... ok
[INFO] [stdout] test from_str::test_from_str::add_git_repo::ssh ... ok
[INFO] [stdout] test from_str::test_from_str::add_git_repo::ssh_with_target ... ok
[INFO] [stdout] test from_str::test_from_str::copy::simple ... ok
[INFO] [stdout] test from_str::test_from_str::copy::with_multiple_sources_and_target ... ok
[INFO] [stdout] test dofigen_struct::test::deserialize::user::name_and_group ... ok
[INFO] [stdout] test extend::test::deserialize::extend::empty ... ok
[INFO] [stdout] test extend::test::deserialize::extend::only_name ... ok
[INFO] [stdout] test extend::test::deserialize::extend::only_sub ... ok
[INFO] [stdout] test extend::test::deserialize::extend_dofigen::empty ... ok
[INFO] [stdout] test from_str::test_from_str::add::simple ... ok
[INFO] [stdout] test dofigen_struct::test::deserialize::copy_resource::deserialize_copy_from_str ... ok
[INFO] [stdout] test from_str::test_from_str::copy::with_target_option ... ok
[INFO] [stdout] test from_str::test_from_str::user::invalid_extra ... ok
[INFO] [stdout] test from_str::test_from_str::user::invalid_username ... ok
[INFO] [stdout] test from_str::test_from_str::user::user ... ok
[INFO] [stdout] test from_str::test_from_str::user::with_group ... ok
[INFO] [stdout] test from_str::test_from_str::user::uid_with_gid ... ok
[INFO] [stdout] test generator::test::image_name::user_with_user ... ok
[INFO] [stdout] test generator::test::image_name::user_without_user ... ok
[INFO] [stdout] test generator::test::run::simple ... ok
[INFO] [stdout] test generator::test::run::with_empty_run ... ok
[INFO] [stdout] test generator::test::run::with_script_and_caches_with_named_user ... ok
[INFO] [stdout] test generator::test::run::with_script_and_caches_with_uid_user ... ok
[INFO] [stdout] test from_str::test_from_str::port::simple ... ok
[INFO] [stdout] test generator::test::run::with_script_and_caches_with_uid_user_without_group ... ok
[INFO] [stdout] test generator::test::stage::stage_args ... ok
[INFO] [stdout] test generator::test::stage::user_with_user ... ok
[INFO] [stdout] test from_str::test_from_str::image_name::full ... ok
[INFO] [stdout] test from_str::test_from_str::copy_resources::copy ... ok
[INFO] [stdout] test from_str::test_from_str::copy_resources::add_git_repo_ssh ... ok
[INFO] [stdout] test generator::test::copy::with_chmod ... ok
[INFO] [stdout] test generator::test::stage::user_without_user ... ok
[INFO] [stdout] test generator::test::stages_dependency_resolver::resolve_builders_dependencies ... ok
[INFO] [stdout] test generator::test::run::without_run ... ok
[INFO] [stdout] test generator::test::stages_dependency_resolver::resolve_runtime_dependencies ... ok
[INFO] [stdout] test from_str::test_from_str::copy_resources::add_git_repo_http ... ok
[INFO] [stdout] test from_str::test_from_str::port::invalid ... ok
[INFO] [stdout] test from_str::test_from_str::port::with_udp_protocol ... ok
[INFO] [stdout] test from_str::test_from_str::image_name::with_tag ... ok
[INFO] [stdout] test from_str::test_from_str::user::uid ... ok
[INFO] [stdout] test from_str::test_from_str::image_name::simple ... ok
[INFO] [stdout] test from_str::test_from_str::copy_resources::add ... ok
[INFO] [stdout] test from_str::test_from_str::image_name::with_host ... ok
[INFO] [stdout] test from_str::test_from_str::port::with_tcp_protocol ... ok
[INFO] [stdout] test from_str::test_from_str::image_name::with_digest ... ok
[INFO] [stdout] 
[INFO] [stdout] test result: ok. 93 passed; 0 failed; 5 ignored; 0 measured; 0 filtered out; finished in 0.06s
[INFO] [stdout] 
[INFO] [stderr]      Running unittests src/bin/main.rs (/opt/rustwide/target/debug/deps/dofigen-9c0f0a72a1895d98)
[INFO] [stdout] 
[INFO] [stdout] running 1 test
[INFO] [stdout] test tests::verify_cmd ... ok
[INFO] [stderr]      Running tests/cases.rs (/opt/rustwide/target/debug/deps/cases-6d7abfa30f9a5c92)
[INFO] [stdout] 
[INFO] [stdout] test result: ok. 1 passed; 0 failed; 0 ignored; 0 measured; 0 filtered out; finished in 0.01s
[INFO] [stdout] 
[INFO] [stdout] 
[INFO] [stdout] running 2 tests
[INFO] [stdout] test test_cases ... FAILED
[INFO] [stdout] test test_load_url ... FAILED
[INFO] [stdout] 
[INFO] [stdout] failures:
[INFO] [stdout] 
[INFO] [stdout] ---- test_cases stdout ----
[INFO] [stdout] thread 'test_cases' panicked at tests/cases.rs:11:10:
[INFO] [stdout] called `Result::unwrap()` on an `Err` value: Os { code: 2, kind: NotFound, message: "No such file or directory" }
[INFO] [stdout] stack backtrace:
[INFO] [stdout]    0:     0x5ad124157e1a - std::backtrace_rs::backtrace::libunwind::trace::h207520d6e9873551
[INFO] [stdout]                                at /rustc/df4ca44d3fbc9301ee17f30f4d474e6ae4b05252/library/std/src/../../backtrace/src/backtrace/libunwind.rs:116:5
[INFO] [stdout]    1:     0x5ad124157e1a - std::backtrace_rs::backtrace::trace_unsynchronized::h2ed7433f370e3eca
[INFO] [stdout]                                at /rustc/df4ca44d3fbc9301ee17f30f4d474e6ae4b05252/library/std/src/../../backtrace/src/backtrace/mod.rs:66:5
[INFO] [stdout]    2:     0x5ad124157e1a - std::sys::backtrace::_print_fmt::h916fac51166b18d7
[INFO] [stdout]                                at /rustc/df4ca44d3fbc9301ee17f30f4d474e6ae4b05252/library/std/src/sys/backtrace.rs:66:9
[INFO] [stdout]    3:     0x5ad124157e1a - <std::sys::backtrace::BacktraceLock::print::DisplayBacktrace as core::fmt::Display>::fmt::ha0a4c9b8ce3802e6
[INFO] [stdout]                                at /rustc/df4ca44d3fbc9301ee17f30f4d474e6ae4b05252/library/std/src/sys/backtrace.rs:39:26
[INFO] [stdout]    4:     0x5ad1241839d3 - core::fmt::rt::Argument::fmt::h4cfc8587d52b3eb5
[INFO] [stdout]                                at /rustc/df4ca44d3fbc9301ee17f30f4d474e6ae4b05252/library/core/src/fmt/rt.rs:177:76
[INFO] [stdout]    5:     0x5ad1241839d3 - core::fmt::write::h522cc39e5b36ae9f
[INFO] [stdout]                                at /rustc/df4ca44d3fbc9301ee17f30f4d474e6ae4b05252/library/core/src/fmt/mod.rs:1190:21
[INFO] [stdout]    6:     0x5ad1241539d3 - std::io::Write::write_fmt::h7d3c26752da97734
[INFO] [stdout]                                at /rustc/df4ca44d3fbc9301ee17f30f4d474e6ae4b05252/library/std/src/io/mod.rs:1839:15
[INFO] [stdout]    7:     0x5ad124157c62 - std::sys::backtrace::BacktraceLock::print::h4b9e00b29e9c0942
[INFO] [stdout]                                at /rustc/df4ca44d3fbc9301ee17f30f4d474e6ae4b05252/library/std/src/sys/backtrace.rs:42:9
[INFO] [stdout]    8:     0x5ad1241592aa - std::panicking::default_hook::{{closure}}::hb59b88280d0324d9
[INFO] [stdout]                                at /rustc/df4ca44d3fbc9301ee17f30f4d474e6ae4b05252/library/std/src/panicking.rs:268:22
[INFO] [stdout]    9:     0x5ad1241590b4 - std::panicking::default_hook::he1dd496665be4a29
[INFO] [stdout]                                at /rustc/df4ca44d3fbc9301ee17f30f4d474e6ae4b05252/library/std/src/panicking.rs:292:9
[INFO] [stdout]   10:     0x5ad123566869 - <alloc::boxed::Box<F,A> as core::ops::function::Fn<Args>>::call::h4ff71de18744e1dc
[INFO] [stdout]                                at /rustc/df4ca44d3fbc9301ee17f30f4d474e6ae4b05252/library/alloc/src/boxed.rs:2468:9
[INFO] [stdout]   11:     0x5ad123566869 - test::test_main::{{closure}}::hcf7c055ce117aa81
[INFO] [stdout]                                at /rustc/df4ca44d3fbc9301ee17f30f4d474e6ae4b05252/library/test/src/lib.rs:133:21
[INFO] [stdout]   12:     0x5ad1241599a8 - <alloc::boxed::Box<F,A> as core::ops::function::Fn<Args>>::call::h1d66c6bbd60c9692
[INFO] [stdout]                                at /rustc/df4ca44d3fbc9301ee17f30f4d474e6ae4b05252/library/alloc/src/boxed.rs:2468:9
[INFO] [stdout]   13:     0x5ad1241599a8 - std::panicking::rust_panic_with_hook::h2ff17fe8f26dfcf8
[INFO] [stdout]                                at /rustc/df4ca44d3fbc9301ee17f30f4d474e6ae4b05252/library/std/src/panicking.rs:809:13
[INFO] [stdout]   14:     0x5ad12415976a - std::panicking::begin_panic_handler::{{closure}}::h4fad77951c07e101
[INFO] [stdout]                                at /rustc/df4ca44d3fbc9301ee17f30f4d474e6ae4b05252/library/std/src/panicking.rs:674:13
[INFO] [stdout]   15:     0x5ad1241582f9 - std::sys::backtrace::__rust_end_short_backtrace::hb1a25b3da5d0ea08
[INFO] [stdout]                                at /rustc/df4ca44d3fbc9301ee17f30f4d474e6ae4b05252/library/std/src/sys/backtrace.rs:170:18
[INFO] [stdout]   16:     0x5ad1241593fc - rust_begin_unwind
[INFO] [stdout]                                at /rustc/df4ca44d3fbc9301ee17f30f4d474e6ae4b05252/library/std/src/panicking.rs:665:5
[INFO] [stdout]   17:     0x5ad1241815d0 - core::panicking::panic_fmt::ha9db07b529f9b256
[INFO] [stdout]                                at /rustc/df4ca44d3fbc9301ee17f30f4d474e6ae4b05252/library/core/src/panicking.rs:75:14
[INFO] [stdout]   18:     0x5ad124181ab6 - core::result::unwrap_failed::h5e8218e4d4338b8a
[INFO] [stdout]                                at /rustc/df4ca44d3fbc9301ee17f30f4d474e6ae4b05252/library/core/src/result.rs:1698:5
[INFO] [stdout]   19:     0x5ad123470718 - core::result::Result<T,E>::unwrap::h463f1c9c1849af02
[INFO] [stdout]                                at /rustc/df4ca44d3fbc9301ee17f30f4d474e6ae4b05252/library/core/src/result.rs:1103:23
[INFO] [stdout]   20:     0x5ad123470718 - cases::test_cases::hffc017c883fe6b23
[INFO] [stdout]                                at /opt/rustwide/workdir/tests/cases.rs:10:31
[INFO] [stdout]   21:     0x5ad123470677 - cases::test_cases::{{closure}}::h1440b5dd6a68a8de
[INFO] [stdout]                                at /opt/rustwide/workdir/tests/cases.rs:8:16
[INFO] [stdout]   22:     0x5ad123468486 - core::ops::function::FnOnce::call_once::h311703ba9007436c
[INFO] [stdout]                                at /rustc/df4ca44d3fbc9301ee17f30f4d474e6ae4b05252/library/core/src/ops/function.rs:250:5
[INFO] [stdout]   23:     0x5ad12356b13b - core::ops::function::FnOnce::call_once::h22c3ba5715e93f05
[INFO] [stdout]                                at /rustc/df4ca44d3fbc9301ee17f30f4d474e6ae4b05252/library/core/src/ops/function.rs:250:5
[INFO] [stdout]   24:     0x5ad12356b13b - test::__rust_begin_short_backtrace::h8e82d8113d0da17f
[INFO] [stdout]                                at /rustc/df4ca44d3fbc9301ee17f30f4d474e6ae4b05252/library/test/src/lib.rs:621:18
[INFO] [stdout]   25:     0x5ad12356aab7 - test::run_test_in_process::{{closure}}::h33235f4f20b7b7c7
[INFO] [stdout]                                at /rustc/df4ca44d3fbc9301ee17f30f4d474e6ae4b05252/library/test/src/lib.rs:644:60
[INFO] [stdout]   26:     0x5ad12356aab7 - <core::panic::unwind_safe::AssertUnwindSafe<F> as core::ops::function::FnOnce<()>>::call_once::hb5043206310c586f
[INFO] [stdout]                                at /rustc/df4ca44d3fbc9301ee17f30f4d474e6ae4b05252/library/core/src/panic/unwind_safe.rs:272:9
[INFO] [stdout]   27:     0x5ad12356aab7 - std::panicking::try::do_call::h9ad4731a60ab23e2
[INFO] [stdout]                                at /rustc/df4ca44d3fbc9301ee17f30f4d474e6ae4b05252/library/std/src/panicking.rs:557:40
[INFO] [stdout]   28:     0x5ad12356aab7 - std::panicking::try::h3824d23db772a716
[INFO] [stdout]                                at /rustc/df4ca44d3fbc9301ee17f30f4d474e6ae4b05252/library/std/src/panicking.rs:520:19
[INFO] [stdout]   29:     0x5ad12356aab7 - std::panic::catch_unwind::h5afd514605fde46b
[INFO] [stdout]                                at /rustc/df4ca44d3fbc9301ee17f30f4d474e6ae4b05252/library/std/src/panic.rs:358:14
[INFO] [stdout]   30:     0x5ad12356aab7 - test::run_test_in_process::h0d5cbfa7067d1720
[INFO] [stdout]                                at /rustc/df4ca44d3fbc9301ee17f30f4d474e6ae4b05252/library/test/src/lib.rs:644:27
[INFO] [stdout]   31:     0x5ad12356aab7 - test::run_test::{{closure}}::h708eb8872708115d
[INFO] [stdout]                                at /rustc/df4ca44d3fbc9301ee17f30f4d474e6ae4b05252/library/test/src/lib.rs:565:43
[INFO] [stdout]   32:     0x5ad12352e1d4 - test::run_test::{{closure}}::h392c51cee94713ab
[INFO] [stdout]                                at /rustc/df4ca44d3fbc9301ee17f30f4d474e6ae4b05252/library/test/src/lib.rs:595:41
[INFO] [stdout]   33:     0x5ad12352e1d4 - std::sys::backtrace::__rust_begin_short_backtrace::h2f40290710935a8b
[INFO] [stdout]                                at /rustc/df4ca44d3fbc9301ee17f30f4d474e6ae4b05252/library/std/src/sys/backtrace.rs:154:18
[INFO] [stdout]   34:     0x5ad12353197e - std::thread::Builder::spawn_unchecked_::{{closure}}::{{closure}}::h3fd968d89053a903
[INFO] [stdout]                                at /rustc/df4ca44d3fbc9301ee17f30f4d474e6ae4b05252/library/std/src/thread/mod.rs:541:17
[INFO] [stdout]   35:     0x5ad12353197e - <core::panic::unwind_safe::AssertUnwindSafe<F> as core::ops::function::FnOnce<()>>::call_once::h743f637ba4229880
[INFO] [stdout]                                at /rustc/df4ca44d3fbc9301ee17f30f4d474e6ae4b05252/library/core/src/panic/unwind_safe.rs:272:9
[INFO] [stdout]   36:     0x5ad12353197e - std::panicking::try::do_call::h07440897322525a6
[INFO] [stdout]                                at /rustc/df4ca44d3fbc9301ee17f30f4d474e6ae4b05252/library/std/src/panicking.rs:557:40
[INFO] [stdout]   37:     0x5ad12353197e - std::panicking::try::he5a2e00188156637
[INFO] [stdout]                                at /rustc/df4ca44d3fbc9301ee17f30f4d474e6ae4b05252/library/std/src/panicking.rs:520:19
[INFO] [stdout]   38:     0x5ad12353197e - std::panic::catch_unwind::hbaf3cae49b3c6433
[INFO] [stdout]                                at /rustc/df4ca44d3fbc9301ee17f30f4d474e6ae4b05252/library/std/src/panic.rs:358:14
[INFO] [stdout]   39:     0x5ad12353197e - std::thread::Builder::spawn_unchecked_::{{closure}}::h8e141ea224820bce
[INFO] [stdout]                                at /rustc/df4ca44d3fbc9301ee17f30f4d474e6ae4b05252/library/std/src/thread/mod.rs:540:30
[INFO] [stdout]   40:     0x5ad12353197e - core::ops::function::FnOnce::call_once{{vtable.shim}}::h90d312fedd7b8ea8
[INFO] [stdout]                                at /rustc/df4ca44d3fbc9301ee17f30f4d474e6ae4b05252/library/core/src/ops/function.rs:250:5
[INFO] [stdout]   41:     0x5ad12415e0bb - <alloc::boxed::Box<F,A> as core::ops::function::FnOnce<Args>>::call_once::h69aa08ddb6adb8b6
[INFO] [stdout]                                at /rustc/df4ca44d3fbc9301ee17f30f4d474e6ae4b05252/library/alloc/src/boxed.rs:2454:9
[INFO] [stdout]   42:     0x5ad12415e0bb - <alloc::boxed::Box<F,A> as core::ops::function::FnOnce<Args>>::call_once::h5aa36efdb79c806f
[INFO] [stdout]                                at /rustc/df4ca44d3fbc9301ee17f30f4d474e6ae4b05252/library/alloc/src/boxed.rs:2454:9
[INFO] [stdout]   43:     0x5ad12415e0bb - std::sys::pal::unix::thread::Thread::new::thread_start::h6cd80a1b4be5158d
[INFO] [stdout]                                at /rustc/df4ca44d3fbc9301ee17f30f4d474e6ae4b05252/library/std/src/sys/pal/unix/thread.rs:105:17
[INFO] [stdout]   44:     0x72d7bd7d2ac3 - <unknown>
[INFO] [stdout]   45:     0x72d7bd863a04 - clone
[INFO] [stdout]   46:                0x0 - <unknown>
[INFO] [stdout] 
[INFO] [stdout] ---- test_load_url stdout ----
[INFO] [stdout] thread 'test_load_url' panicked at tests/cases.rs:88:89:
[INFO] [stdout] called `Result::unwrap()` on an `Err` value: Os { code: 2, kind: NotFound, message: "No such file or directory" }
[INFO] [stdout] stack backtrace:
[INFO] [stdout]    0:     0x5ad124157e1a - std::backtrace_rs::backtrace::libunwind::trace::h207520d6e9873551
[INFO] [stdout]                                at /rustc/df4ca44d3fbc9301ee17f30f4d474e6ae4b05252/library/std/src/../../backtrace/src/backtrace/libunwind.rs:116:5
[INFO] [stdout]    1:     0x5ad124157e1a - std::backtrace_rs::backtrace::trace_unsynchronized::h2ed7433f370e3eca
[INFO] [stdout]                                at /rustc/df4ca44d3fbc9301ee17f30f4d474e6ae4b05252/library/std/src/../../backtrace/src/backtrace/mod.rs:66:5
[INFO] [stdout]    2:     0x5ad124157e1a - std::sys::backtrace::_print_fmt::h916fac51166b18d7
[INFO] [stdout]                                at /rustc/df4ca44d3fbc9301ee17f30f4d474e6ae4b05252/library/std/src/sys/backtrace.rs:66:9
[INFO] [stdout]    3:     0x5ad124157e1a - <std::sys::backtrace::BacktraceLock::print::DisplayBacktrace as core::fmt::Display>::fmt::ha0a4c9b8ce3802e6
[INFO] [stdout]                                at /rustc/df4ca44d3fbc9301ee17f30f4d474e6ae4b05252/library/std/src/sys/backtrace.rs:39:26
[INFO] [stdout]    4:     0x5ad1241839d3 - core::fmt::rt::Argument::fmt::h4cfc8587d52b3eb5
[INFO] [stdout]                                at /rustc/df4ca44d3fbc9301ee17f30f4d474e6ae4b05252/library/core/src/fmt/rt.rs:177:76
[INFO] [stdout]    5:     0x5ad1241839d3 - core::fmt::write::h522cc39e5b36ae9f
[INFO] [stdout]                                at /rustc/df4ca44d3fbc9301ee17f30f4d474e6ae4b05252/library/core/src/fmt/mod.rs:1190:21
[INFO] [stdout]    6:     0x5ad1241539d3 - std::io::Write::write_fmt::h7d3c26752da97734
[INFO] [stdout]                                at /rustc/df4ca44d3fbc9301ee17f30f4d474e6ae4b05252/library/std/src/io/mod.rs:1839:15
[INFO] [stdout]    7:     0x5ad124157c62 - std::sys::backtrace::BacktraceLock::print::h4b9e00b29e9c0942
[INFO] [stdout]                                at /rustc/df4ca44d3fbc9301ee17f30f4d474e6ae4b05252/library/std/src/sys/backtrace.rs:42:9
[INFO] [stdout]    8:     0x5ad1241592aa - std::panicking::default_hook::{{closure}}::hb59b88280d0324d9
[INFO] [stdout]                                at /rustc/df4ca44d3fbc9301ee17f30f4d474e6ae4b05252/library/std/src/panicking.rs:268:22
[INFO] [stdout]    9:     0x5ad1241590b4 - std::panicking::default_hook::he1dd496665be4a29
[INFO] [stdout]                                at /rustc/df4ca44d3fbc9301ee17f30f4d474e6ae4b05252/library/std/src/panicking.rs:292:9
[INFO] [stdout]   10:     0x5ad123566869 - <alloc::boxed::Box<F,A> as core::ops::function::Fn<Args>>::call::h4ff71de18744e1dc
[INFO] [stdout]                                at /rustc/df4ca44d3fbc9301ee17f30f4d474e6ae4b05252/library/alloc/src/boxed.rs:2468:9
[INFO] [stdout]   11:     0x5ad123566869 - test::test_main::{{closure}}::hcf7c055ce117aa81
[INFO] [stdout]                                at /rustc/df4ca44d3fbc9301ee17f30f4d474e6ae4b05252/library/test/src/lib.rs:133:21
[INFO] [stdout]   12:     0x5ad1241599a8 - <alloc::boxed::Box<F,A> as core::ops::function::Fn<Args>>::call::h1d66c6bbd60c9692
[INFO] [stdout]                                at /rustc/df4ca44d3fbc9301ee17f30f4d474e6ae4b05252/library/alloc/src/boxed.rs:2468:9
[INFO] [stdout]   13:     0x5ad1241599a8 - std::panicking::rust_panic_with_hook::h2ff17fe8f26dfcf8
[INFO] [stdout]                                at /rustc/df4ca44d3fbc9301ee17f30f4d474e6ae4b05252/library/std/src/panicking.rs:809:13
[INFO] [stdout]   14:     0x5ad12415976a - std::panicking::begin_panic_handler::{{closure}}::h4fad77951c07e101
[INFO] [stdout]                                at /rustc/df4ca44d3fbc9301ee17f30f4d474e6ae4b05252/library/std/src/panicking.rs:674:13
[INFO] [stdout]   15:     0x5ad1241582f9 - std::sys::backtrace::__rust_end_short_backtrace::hb1a25b3da5d0ea08
[INFO] [stdout]                                at /rustc/df4ca44d3fbc9301ee17f30f4d474e6ae4b05252/library/std/src/sys/backtrace.rs:170:18
[INFO] [stdout]   16:     0x5ad1241593fc - rust_begin_unwind
[INFO] [stdout]                                at /rustc/df4ca44d3fbc9301ee17f30f4d474e6ae4b05252/library/std/src/panicking.rs:665:5
[INFO] [stdout]   17:     0x5ad1241815d0 - core::panicking::panic_fmt::ha9db07b529f9b256
[INFO] [stdout]                                at /rustc/df4ca44d3fbc9301ee17f30f4d474e6ae4b05252/library/core/src/panicking.rs:75:14
[INFO] [stdout]   18:     0x5ad124181ab6 - core::result::unwrap_failed::h5e8218e4d4338b8a
[INFO] [stdout]                                at /rustc/df4ca44d3fbc9301ee17f30f4d474e6ae4b05252/library/core/src/result.rs:1698:5
[INFO] [stdout]   19:     0x5ad1234733ef - core::result::Result<T,E>::unwrap::h388ea6f9e9492e25
[INFO] [stdout]                                at /rustc/df4ca44d3fbc9301ee17f30f4d474e6ae4b05252/library/core/src/result.rs:1103:23
[INFO] [stdout]   20:     0x5ad1234733ef - cases::test_load_url::hef5c3bb73f93b8c3
[INFO] [stdout]                                at /opt/rustwide/workdir/tests/cases.rs:88:39
[INFO] [stdout]   21:     0x5ad123472017 - cases::test_load_url::{{closure}}::ha01ddd1aa23f9391
[INFO] [stdout]                                at /opt/rustwide/workdir/tests/cases.rs:78:19
[INFO] [stdout]   22:     0x5ad123468596 - core::ops::function::FnOnce::call_once::hedcb72720f1f6966
[INFO] [stdout]                                at /rustc/df4ca44d3fbc9301ee17f30f4d474e6ae4b05252/library/core/src/ops/function.rs:250:5
[INFO] [stdout]   23:     0x5ad12356b13b - core::ops::function::FnOnce::call_once::h22c3ba5715e93f05
[INFO] [stdout]                                at /rustc/df4ca44d3fbc9301ee17f30f4d474e6ae4b05252/library/core/src/ops/function.rs:250:5
[INFO] [stdout]   24:     0x5ad12356b13b - test::__rust_begin_short_backtrace::h8e82d8113d0da17f
[INFO] [stdout]                                at /rustc/df4ca44d3fbc9301ee17f30f4d474e6ae4b05252/library/test/src/lib.rs:621:18
[INFO] [stdout]   25:     0x5ad12356aab7 - test::run_test_in_process::{{closure}}::h33235f4f20b7b7c7
[INFO] [stdout]                                at /rustc/df4ca44d3fbc9301ee17f30f4d474e6ae4b05252/library/test/src/lib.rs:644:60
[INFO] [stdout]   26:     0x5ad12356aab7 - <core::panic::unwind_safe::AssertUnwindSafe<F> as core::ops::function::FnOnce<()>>::call_once::hb5043206310c586f
[INFO] [stdout]                                at /rustc/df4ca44d3fbc9301ee17f30f4d474e6ae4b05252/library/core/src/panic/unwind_safe.rs:272:9
[INFO] [stdout]   27:     0x5ad12356aab7 - std::panicking::try::do_call::h9ad4731a60ab23e2
[INFO] [stdout]                                at /rustc/df4ca44d3fbc9301ee17f30f4d474e6ae4b05252/library/std/src/panicking.rs:557:40
[INFO] [stdout]   28:     0x5ad12356aab7 - std::panicking::try::h3824d23db772a716
[INFO] [stdout]                                at /rustc/df4ca44d3fbc9301ee17f30f4d474e6ae4b05252/library/std/src/panicking.rs:520:19
[INFO] [stdout]   29:     0x5ad12356aab7 - std::panic::catch_unwind::h5afd514605fde46b
[INFO] [stdout]                                at /rustc/df4ca44d3fbc9301ee17f30f4d474e6ae4b05252/library/std/src/panic.rs:358:14
[INFO] [stdout]   30:     0x5ad12356aab7 - test::run_test_in_process::h0d5cbfa7067d1720
[INFO] [stdout]                                at /rustc/df4ca44d3fbc9301ee17f30f4d474e6ae4b05252/library/test/src/lib.rs:644:27
[INFO] [stdout]   31:     0x5ad12356aab7 - test::run_test::{{closure}}::h708eb8872708115d
[INFO] [stdout]                                at /rustc/df4ca44d3fbc9301ee17f30f4d474e6ae4b05252/library/test/src/lib.rs:565:43
[INFO] [stdout]   32:     0x5ad12352e1d4 - test::run_test::{{closure}}::h392c51cee94713ab
[INFO] [stdout]                                at /rustc/df4ca44d3fbc9301ee17f30f4d474e6ae4b05252/library/test/src/lib.rs:595:41
[INFO] [stdout]   33:     0x5ad12352e1d4 - std::sys::backtrace::__rust_begin_short_backtrace::h2f40290710935a8b
[INFO] [stdout]                                at /rustc/df4ca44d3fbc9301ee17f30f4d474e6ae4b05252/library/std/src/sys/backtrace.rs:154:18
[INFO] [stdout]   34:     0x5ad12353197e - std::thread::Builder::spawn_unchecked_::{{closure}}::{{closure}}::h3fd968d89053a903
[INFO] [stdout]                                at /rustc/df4ca44d3fbc9301ee17f30f4d474e6ae4b05252/library/std/src/thread/mod.rs:541:17
[INFO] [stdout]   35:     0x5ad12353197e - <core::panic::unwind_safe::AssertUnwindSafe<F> as core::ops::function::FnOnce<()>>::call_once::h743f637ba4229880
[INFO] [stdout]                                at /rustc/df4ca44d3fbc9301ee17f30f4d474e6ae4b05252/library/core/src/panic/unwind_safe.rs:272:9
[INFO] [stdout]   36:     0x5ad12353197e - std::panicking::try::do_call::h07440897322525a6
[INFO] [stdout]                                at /rustc/df4ca44d3fbc9301ee17f30f4d474e6ae4b05252/library/std/src/panicking.rs:557:40
[INFO] [stdout]   37:     0x5ad12353197e - std::panicking::try::he5a2e00188156637
[INFO] [stdout]                                at /rustc/df4ca44d3fbc9301ee17f30f4d474e6ae4b05252/library/std/src/panicking.rs:520:19
[INFO] [stdout]   38:     0x5ad12353197e - std::panic::catch_unwind::hbaf3cae49b3c6433
[INFO] [stdout]                                at /rustc/df4ca44d3fbc9301ee17f30f4d474e6ae4b05252/library/std/src/panic.rs:358:14
[INFO] [stdout]   39:     0x5ad12353197e - std::thread::Builder::spawn_unchecked_::{{closure}}::h8e141ea224820bce
[INFO] [stdout]                                at /rustc/df4ca44d3fbc9301ee17f30f4d474e6ae4b05252/library/std/src/thread/mod.rs:540:30
[INFO] [stdout]   40:     0x5ad12353197e - core::ops::function::FnOnce::call_once{{vtable.shim}}::h90d312fedd7b8ea8
[INFO] [stdout]                                at /rustc/df4ca44d3fbc9301ee17f30f4d474e6ae4b05252/library/core/src/ops/function.rs:250:5
[INFO] [stdout]   41:     0x5ad12415e0bb - <alloc::boxed::Box<F,A> as core::ops::function::FnOnce<Args>>::call_once::h69aa08ddb6adb8b6
[INFO] [stdout]                                at /rustc/df4ca44d3fbc9301ee17f30f4d474e6ae4b05252/library/alloc/src/boxed.rs:2454:9
[INFO] [stdout]   42:     0x5ad12415e0bb - <alloc::boxed::Box<F,A> as core::ops::function::FnOnce<Args>>::call_once::h5aa36efdb79c806f
[INFO] [stdout]                                at /rustc/df4ca44d3fbc9301ee17f30f4d474e6ae4b05252/library/alloc/src/boxed.rs:2454:9
[INFO] [stdout]   43:     0x5ad12415e0bb - std::sys::pal::unix::thread::Thread::new::thread_start::h6cd80a1b4be5158d
[INFO] [stdout]                                at /rustc/df4ca44d3fbc9301ee17f30f4d474e6ae4b05252/library/std/src/sys/pal/unix/thread.rs:105:17
[INFO] [stdout]   44:     0x72d7bd7d2ac3 - <unknown>
[INFO] [stdout]   45:     0x72d7bd863a04 - clone
[INFO] [stdout]   46:                0x0 - <unknown>
[INFO] [stdout] 
[INFO] [stdout] 
[INFO] [stdout] failures:
[INFO] [stdout]     test_cases
[INFO] [stdout]     test_load_url
[INFO] [stdout] 
[INFO] [stdout] test result: FAILED. 0 passed; 2 failed; 0 ignored; 0 measured; 0 filtered out; finished in 0.08s
[INFO] [stdout] 
[INFO] [stderr] error: test failed, to rerun pass `--test cases`
[INFO] running `Command { std: "docker" "inspect" "cabb759bdce0ce549b0932ce2e3115f699165151f1d7d646daab204dd5f0f701", kill_on_drop: false }`
[INFO] running `Command { std: "docker" "rm" "-f" "cabb759bdce0ce549b0932ce2e3115f699165151f1d7d646daab204dd5f0f701", kill_on_drop: false }`
[INFO] [stdout] cabb759bdce0ce549b0932ce2e3115f699165151f1d7d646daab204dd5f0f701
