[INFO] fetching crate documented-derive 0.5.0...
[INFO] testing documented-derive-0.5.0 against nightly-2024-10-28 for randomize-layout
[INFO] extracting crate documented-derive 0.5.0 into /workspace/builds/worker-4-tc1/source
[INFO] validating manifest of crates.io crate documented-derive 0.5.0 on toolchain nightly-2024-10-28
[INFO] running `Command { std: CARGO_HOME="/workspace/cargo-home" RUSTUP_HOME="/workspace/rustup-home" "/workspace/cargo-home/bin/cargo" "+nightly-2024-10-28" "metadata" "--manifest-path" "Cargo.toml" "--no-deps", kill_on_drop: false }`
[INFO] started tweaking crates.io crate documented-derive 0.5.0
[INFO] finished tweaking crates.io crate documented-derive 0.5.0
[INFO] tweaked toml for crates.io crate documented-derive 0.5.0 written to /workspace/builds/worker-4-tc1/source/Cargo.toml
[INFO] running `Command { std: CARGO_HOME="/workspace/cargo-home" RUSTUP_HOME="/workspace/rustup-home" "/workspace/cargo-home/bin/cargo" "+nightly-2024-10-28" "generate-lockfile" "--manifest-path" "Cargo.toml", kill_on_drop: false }`
[INFO] [stderr]     Updating crates.io index
[INFO] [stderr]      Locking 5 packages to latest compatible versions
[INFO] running `Command { std: CARGO_HOME="/workspace/cargo-home" RUSTUP_HOME="/workspace/rustup-home" "/workspace/cargo-home/bin/cargo" "+nightly-2024-10-28" "fetch" "--manifest-path" "Cargo.toml", kill_on_drop: false }`
[INFO] [stderr]  Downloading crates ...
[INFO] [stderr]   Downloaded optfield v0.3.0
[INFO] running `Command { std: "docker" "create" "-v" "/var/lib/crater-agent-workspace/builds/worker-4-tc1/target:/opt/rustwide/target:rw,Z" "-v" "/var/lib/crater-agent-workspace/builds/worker-4-tc1/source:/opt/rustwide/workdir:ro,Z" "-v" "/var/lib/crater-agent-workspace/cargo-home:/opt/rustwide/cargo-home:ro,Z" "-v" "/var/lib/crater-agent-workspace/rustup-home:/opt/rustwide/rustup-home:ro,Z" "-e" "SOURCE_DIR=/opt/rustwide/workdir" "-e" "CARGO_TARGET_DIR=/opt/rustwide/target" "-e" "CARGO_HOME=/opt/rustwide/cargo-home" "-e" "RUSTUP_HOME=/opt/rustwide/rustup-home" "-w" "/opt/rustwide/workdir" "-m" "1610612736" "--user" "0:0" "--network" "none" "ghcr.io/rust-lang/crates-build-env/linux@sha256:4a844ea9eb2546a2d2c7022eacef16ef2e8229c7fbb2c7d4d55a9ceca922f72d" "/opt/rustwide/cargo-home/bin/cargo" "+nightly-2024-10-28" "metadata" "--no-deps" "--format-version=1", kill_on_drop: false }`
[INFO] [stdout] db6055d56f2e51697b7a0b89c3e7e5f79e9d7a280eef9d34752ce56ebd63c477
[INFO] running `Command { std: "docker" "start" "-a" "db6055d56f2e51697b7a0b89c3e7e5f79e9d7a280eef9d34752ce56ebd63c477", kill_on_drop: false }`
[INFO] running `Command { std: "docker" "inspect" "db6055d56f2e51697b7a0b89c3e7e5f79e9d7a280eef9d34752ce56ebd63c477", kill_on_drop: false }`
[INFO] running `Command { std: "docker" "rm" "-f" "db6055d56f2e51697b7a0b89c3e7e5f79e9d7a280eef9d34752ce56ebd63c477", kill_on_drop: false }`
[INFO] [stdout] db6055d56f2e51697b7a0b89c3e7e5f79e9d7a280eef9d34752ce56ebd63c477
[INFO] running `Command { std: "docker" "create" "-v" "/var/lib/crater-agent-workspace/builds/worker-4-tc1/target:/opt/rustwide/target:rw,Z" "-v" "/var/lib/crater-agent-workspace/builds/worker-4-tc1/source:/opt/rustwide/workdir:ro,Z" "-v" "/var/lib/crater-agent-workspace/cargo-home:/opt/rustwide/cargo-home:ro,Z" "-v" "/var/lib/crater-agent-workspace/rustup-home:/opt/rustwide/rustup-home:ro,Z" "-e" "SOURCE_DIR=/opt/rustwide/workdir" "-e" "CARGO_TARGET_DIR=/opt/rustwide/target" "-e" "CARGO_INCREMENTAL=0" "-e" "RUST_BACKTRACE=full" "-e" "RUSTFLAGS=--cap-lints=forbid" "-e" "RUSTDOCFLAGS=--cap-lints=forbid" "-e" "CARGO_HOME=/opt/rustwide/cargo-home" "-e" "RUSTUP_HOME=/opt/rustwide/rustup-home" "-w" "/opt/rustwide/workdir" "-m" "1610612736" "--user" "0:0" "--network" "none" "ghcr.io/rust-lang/crates-build-env/linux@sha256:4a844ea9eb2546a2d2c7022eacef16ef2e8229c7fbb2c7d4d55a9ceca922f72d" "/opt/rustwide/cargo-home/bin/cargo" "+nightly-2024-10-28" "build" "--frozen" "--message-format=json", kill_on_drop: false }`
[INFO] [stdout] fe60d2627721a07f9a6c676af6dda3a52d026fd582dd4e00020cd36e2cc3febe
[INFO] running `Command { std: "docker" "start" "-a" "fe60d2627721a07f9a6c676af6dda3a52d026fd582dd4e00020cd36e2cc3febe", kill_on_drop: false }`
[INFO] [stderr]    Compiling syn v2.0.86
[INFO] [stderr]    Compiling optfield v0.3.0
[INFO] [stderr]    Compiling documented-derive v0.5.0 (/opt/rustwide/workdir)
[INFO] [stderr]     Finished `dev` profile [unoptimized + debuginfo] target(s) in 3.78s
[INFO] running `Command { std: "docker" "inspect" "fe60d2627721a07f9a6c676af6dda3a52d026fd582dd4e00020cd36e2cc3febe", kill_on_drop: false }`
[INFO] running `Command { std: "docker" "rm" "-f" "fe60d2627721a07f9a6c676af6dda3a52d026fd582dd4e00020cd36e2cc3febe", kill_on_drop: false }`
[INFO] [stdout] fe60d2627721a07f9a6c676af6dda3a52d026fd582dd4e00020cd36e2cc3febe
[INFO] running `Command { std: "docker" "create" "-v" "/var/lib/crater-agent-workspace/builds/worker-4-tc1/target:/opt/rustwide/target:rw,Z" "-v" "/var/lib/crater-agent-workspace/builds/worker-4-tc1/source:/opt/rustwide/workdir:ro,Z" "-v" "/var/lib/crater-agent-workspace/cargo-home:/opt/rustwide/cargo-home:ro,Z" "-v" "/var/lib/crater-agent-workspace/rustup-home:/opt/rustwide/rustup-home:ro,Z" "-e" "SOURCE_DIR=/opt/rustwide/workdir" "-e" "CARGO_TARGET_DIR=/opt/rustwide/target" "-e" "CARGO_INCREMENTAL=0" "-e" "RUST_BACKTRACE=full" "-e" "RUSTFLAGS=--cap-lints=forbid" "-e" "RUSTDOCFLAGS=--cap-lints=forbid" "-e" "CARGO_HOME=/opt/rustwide/cargo-home" "-e" "RUSTUP_HOME=/opt/rustwide/rustup-home" "-w" "/opt/rustwide/workdir" "-m" "1610612736" "--user" "0:0" "--network" "none" "ghcr.io/rust-lang/crates-build-env/linux@sha256:4a844ea9eb2546a2d2c7022eacef16ef2e8229c7fbb2c7d4d55a9ceca922f72d" "/opt/rustwide/cargo-home/bin/cargo" "+nightly-2024-10-28" "test" "--frozen" "--no-run" "--message-format=json", kill_on_drop: false }`
[INFO] [stdout] 081b69ad586d43a7a5990673cf44548cc9d3c456401308afe8981fa7ac35aefe
[INFO] running `Command { std: "docker" "start" "-a" "081b69ad586d43a7a5990673cf44548cc9d3c456401308afe8981fa7ac35aefe", kill_on_drop: false }`
[INFO] [stderr]    Compiling documented-derive v0.5.0 (/opt/rustwide/workdir)
[INFO] [stderr]     Finished `test` profile [unoptimized + debuginfo] target(s) in 0.28s
[INFO] running `Command { std: "docker" "inspect" "081b69ad586d43a7a5990673cf44548cc9d3c456401308afe8981fa7ac35aefe", kill_on_drop: false }`
[INFO] running `Command { std: "docker" "rm" "-f" "081b69ad586d43a7a5990673cf44548cc9d3c456401308afe8981fa7ac35aefe", kill_on_drop: false }`
[INFO] [stdout] 081b69ad586d43a7a5990673cf44548cc9d3c456401308afe8981fa7ac35aefe
[INFO] running `Command { std: "docker" "create" "-v" "/var/lib/crater-agent-workspace/builds/worker-4-tc1/target:/opt/rustwide/target:rw,Z" "-v" "/var/lib/crater-agent-workspace/builds/worker-4-tc1/source:/opt/rustwide/workdir:ro,Z" "-v" "/var/lib/crater-agent-workspace/cargo-home:/opt/rustwide/cargo-home:ro,Z" "-v" "/var/lib/crater-agent-workspace/rustup-home:/opt/rustwide/rustup-home:ro,Z" "-e" "SOURCE_DIR=/opt/rustwide/workdir" "-e" "CARGO_TARGET_DIR=/opt/rustwide/target" "-e" "CARGO_INCREMENTAL=0" "-e" "RUST_BACKTRACE=full" "-e" "RUSTFLAGS=--cap-lints=forbid" "-e" "RUSTDOCFLAGS=--cap-lints=forbid" "-e" "CARGO_HOME=/opt/rustwide/cargo-home" "-e" "RUSTUP_HOME=/opt/rustwide/rustup-home" "-w" "/opt/rustwide/workdir" "-m" "1610612736" "--user" "0:0" "--network" "none" "ghcr.io/rust-lang/crates-build-env/linux@sha256:4a844ea9eb2546a2d2c7022eacef16ef2e8229c7fbb2c7d4d55a9ceca922f72d" "/opt/rustwide/cargo-home/bin/cargo" "+nightly-2024-10-28" "test" "--frozen", kill_on_drop: false }`
[INFO] [stdout] 13912913283a5ff21f4c21d649b0d73c74b8f2ea483120daaa12ae14c1b1286e
[INFO] running `Command { std: "docker" "start" "-a" "13912913283a5ff21f4c21d649b0d73c74b8f2ea483120daaa12ae14c1b1286e", kill_on_drop: false }`
[INFO] [stderr]     Finished `test` profile [unoptimized + debuginfo] target(s) in 0.01s
[INFO] [stderr]      Running unittests src/lib.rs (/opt/rustwide/target/debug/deps/documented_derive-e30ddaef7a80a4ce)
[INFO] [stdout] 
[INFO] [stdout] running 0 tests
[INFO] [stdout] 
[INFO] [stdout] test result: ok. 0 passed; 0 failed; 0 ignored; 0 measured; 0 filtered out; finished in 0.00s
[INFO] [stdout] 
[INFO] [stderr]    Doc-tests documented_derive
[INFO] [stdout] 
[INFO] [stdout] running 7 tests
[INFO] [stdout] test src/lib.rs - documented_fields (line 109) ... FAILED
[INFO] [stdout] test src/lib.rs - documented_fields (line 125) ... FAILED
[INFO] [stdout] test src/lib.rs - documented (line 54) ... FAILED
[INFO] [stdout] test src/lib.rs - documented_fields (line 156) ... FAILED
[INFO] [stdout] test src/lib.rs - documented (line 22) ... FAILED
[INFO] [stdout] test src/lib.rs - documented_variants (line 302) ... FAILED
[INFO] [stdout] test src/lib.rs - documented_variants (line 272) ... FAILED
[INFO] [stdout] 
[INFO] [stdout] failures:
[INFO] [stdout] 
[INFO] [stdout] ---- src/lib.rs - documented_fields (line 109) stdout ----
[INFO] [stdout] error[E0432]: unresolved import `documented`
[INFO] [stdout]  --> src/lib.rs:110:5
[INFO] [stdout]   |
[INFO] [stdout] 3 | use documented::DocumentedFields;
[INFO] [stdout]   |     ^^^^^^^^^^ use of undeclared crate or module `documented`
[INFO] [stdout] 
[INFO] [stdout] error[E0599]: no associated item named `FIELD_DOCS` found for struct `BornIn69` in the current scope
[INFO] [stdout]   --> src/lib.rs:119:22
[INFO] [stdout]    |
[INFO] [stdout] 6  | struct BornIn69 {
[INFO] [stdout]    | --------------- associated item `FIELD_DOCS` not found for this struct
[INFO] [stdout] ...
[INFO] [stdout] 12 | assert_eq!(BornIn69::FIELD_DOCS, [Some("Cry like a grandmaster."), None]);
[INFO] [stdout]    |                      ^^^^^^^^^^ associated item not found in `BornIn69`
[INFO] [stdout] 
[INFO] [stdout] error: aborting due to 2 previous errors
[INFO] [stdout] 
[INFO] [stdout] Some errors have detailed explanations: E0432, E0599.
[INFO] [stdout] For more information about an error, try `rustc --explain E0432`.
[INFO] [stdout] Couldn't compile the test.
[INFO] [stdout] ---- src/lib.rs - documented_fields (line 125) stdout ----
[INFO] [stdout] error[E0432]: unresolved import `documented`
[INFO] [stdout]  --> src/lib.rs:126:5
[INFO] [stdout]   |
[INFO] [stdout] 3 | use documented::{DocumentedFields, Error};
[INFO] [stdout]   |     ^^^^^^^^^^ use of undeclared crate or module `documented`
[INFO] [stdout] 
[INFO] [stdout] error[E0599]: no function or associated item named `get_field_docs` found for struct `BornIn69` in the current scope
[INFO] [stdout]   --> src/lib.rs:135:22
[INFO] [stdout]    |
[INFO] [stdout] 6  | struct BornIn69 {
[INFO] [stdout]    | --------------- function or associated item `get_field_docs` not found for this struct
[INFO] [stdout] ...
[INFO] [stdout] 12 | assert_eq!(BornIn69::get_field_docs("rawr"), Ok("Cry like a grandmaster."));
[INFO] [stdout]    |                      ^^^^^^^^^^^^^^ function or associated item not found in `BornIn69`
[INFO] [stdout] 
[INFO] [stdout] error[E0599]: no function or associated item named `get_field_docs` found for struct `BornIn69` in the current scope
[INFO] [stdout]   --> src/lib.rs:137:15
[INFO] [stdout]    |
[INFO] [stdout] 6  | struct BornIn69 {
[INFO] [stdout]    | --------------- function or associated item `get_field_docs` not found for this struct
[INFO] [stdout] ...
[INFO] [stdout] 14 |     BornIn69::get_field_docs("explosive"),
[INFO] [stdout]    |               ^^^^^^^^^^^^^^ function or associated item not found in `BornIn69`
[INFO] [stdout] 
[INFO] [stdout] error[E0599]: no function or associated item named `get_field_docs` found for struct `BornIn69` in the current scope
[INFO] [stdout]   --> src/lib.rs:141:15
[INFO] [stdout]    |
[INFO] [stdout] 6  | struct BornIn69 {
[INFO] [stdout]    | --------------- function or associated item `get_field_docs` not found for this struct
[INFO] [stdout] ...
[INFO] [stdout] 18 |     BornIn69::get_field_docs("gotcha"),
[INFO] [stdout]    |               ^^^^^^^^^^^^^^ function or associated item not found in `BornIn69`
[INFO] [stdout] 
[INFO] [stdout] error: aborting due to 4 previous errors
[INFO] [stdout] 
[INFO] [stdout] Some errors have detailed explanations: E0432, E0599.
[INFO] [stdout] For more information about an error, try `rustc --explain E0432`.
[INFO] [stdout] Couldn't compile the test.
[INFO] [stdout] ---- src/lib.rs - documented (line 54) stdout ----
[INFO] [stdout] error[E0432]: unresolved import `documented`
[INFO] [stdout]  --> src/lib.rs:55:5
[INFO] [stdout]   |
[INFO] [stdout] 3 | use documented::Documented;
[INFO] [stdout]   |     ^^^^^^^^^^ use of undeclared crate or module `documented`
[INFO] [stdout] 
[INFO] [stdout] error: cannot find attribute `documented` in this scope
[INFO] [stdout]  --> src/lib.rs:58:3
[INFO] [stdout]   |
[INFO] [stdout] 6 | #[documented(trim = false)]
[INFO] [stdout]   |   ^^^^^^^^^^
[INFO] [stdout] 
[INFO] [stdout] error[E0599]: no associated item named `DOCS` found for struct `Frankly` in the current scope
[INFO] [stdout]  --> src/lib.rs:61:21
[INFO] [stdout]   |
[INFO] [stdout] 7 | struct Frankly;
[INFO] [stdout]   | -------------- associated item `DOCS` not found for this struct
[INFO] [stdout] 8 |
[INFO] [stdout] 9 | assert_eq!(Frankly::DOCS, "     Terrible.");
[INFO] [stdout]   |                     ^^^^ associated item not found in `Frankly`
[INFO] [stdout] 
[INFO] [stdout] error: aborting due to 3 previous errors
[INFO] [stdout] 
[INFO] [stdout] Some errors have detailed explanations: E0432, E0599.
[INFO] [stdout] For more information about an error, try `rustc --explain E0432`.
[INFO] [stdout] Couldn't compile the test.
[INFO] [stdout] ---- src/lib.rs - documented_fields (line 156) stdout ----
[INFO] [stdout] error[E0432]: unresolved import `documented`
[INFO] [stdout]  --> src/lib.rs:157:5
[INFO] [stdout]   |
[INFO] [stdout] 3 | use documented::DocumentedFields;
[INFO] [stdout]   |     ^^^^^^^^^^ use of undeclared crate or module `documented`
[INFO] [stdout] 
[INFO] [stdout] error: cannot find attribute `documented_fields` in this scope
[INFO] [stdout]  --> src/lib.rs:159:3
[INFO] [stdout]   |
[INFO] [stdout] 5 | #[documented_fields(trim = false)]
[INFO] [stdout]   |   ^^^^^^^^^^^^^^^^^
[INFO] [stdout] 
[INFO] [stdout] error: cannot find attribute `documented_fields` in this scope
[INFO] [stdout]   --> src/lib.rs:164:7
[INFO] [stdout]    |
[INFO] [stdout] 10 |     #[documented_fields(trim = true)]
[INFO] [stdout]    |       ^^^^^^^^^^^^^^^^^
[INFO] [stdout] 
[INFO] [stdout] error[E0599]: no associated item named `FIELD_DOCS` found for struct `Frankly` in the current scope
[INFO] [stdout]   --> src/lib.rs:168:21
[INFO] [stdout]    |
[INFO] [stdout] 6  | struct Frankly {
[INFO] [stdout]    | -------------- associated item `FIELD_DOCS` not found for this struct
[INFO] [stdout] ...
[INFO] [stdout] 14 | assert_eq!(Frankly::FIELD_DOCS, [Some("     Delicious."), Some("I'm vegan.")]);
[INFO] [stdout]    |                     ^^^^^^^^^^ associated item not found in `Frankly`
[INFO] [stdout] 
[INFO] [stdout] error: aborting due to 4 previous errors
[INFO] [stdout] 
[INFO] [stdout] Some errors have detailed explanations: E0432, E0599.
[INFO] [stdout] For more information about an error, try `rustc --explain E0432`.
[INFO] [stdout] Couldn't compile the test.
[INFO] [stdout] ---- src/lib.rs - documented (line 22) stdout ----
[INFO] [stdout] error[E0432]: unresolved import `documented`
[INFO] [stdout]  --> src/lib.rs:23:5
[INFO] [stdout]   |
[INFO] [stdout] 3 | use documented::Documented;
[INFO] [stdout]   |     ^^^^^^^^^^ use of undeclared crate or module `documented`
[INFO] [stdout] 
[INFO] [stdout] error[E0599]: no associated item named `DOCS` found for struct `BornIn69` in the current scope
[INFO] [stdout]   --> src/lib.rs:44:22
[INFO] [stdout]    |
[INFO] [stdout] 14 | struct BornIn69;
[INFO] [stdout]    | --------------- associated item `DOCS` not found for this struct
[INFO] [stdout] ...
[INFO] [stdout] 24 | assert_eq!(BornIn69::DOCS, doc_str);
[INFO] [stdout]    |                      ^^^^ associated item not found in `BornIn69`
[INFO] [stdout] 
[INFO] [stdout] error: aborting due to 2 previous errors
[INFO] [stdout] 
[INFO] [stdout] Some errors have detailed explanations: E0432, E0599.
[INFO] [stdout] For more information about an error, try `rustc --explain E0432`.
[INFO] [stdout] Couldn't compile the test.
[INFO] [stdout] ---- src/lib.rs - documented_variants (line 302) stdout ----
[INFO] [stdout] error[E0432]: unresolved import `documented`
[INFO] [stdout]  --> src/lib.rs:303:5
[INFO] [stdout]   |
[INFO] [stdout] 3 | use documented::DocumentedVariants;
[INFO] [stdout]   |     ^^^^^^^^^^ use of undeclared crate or module `documented`
[INFO] [stdout] 
[INFO] [stdout] error: cannot find attribute `documented_variants` in this scope
[INFO] [stdout]  --> src/lib.rs:305:3
[INFO] [stdout]   |
[INFO] [stdout] 5 | #[documented_variants(trim = false)]
[INFO] [stdout]   |   ^^^^^^^^^^^^^^^^^^^
[INFO] [stdout] 
[INFO] [stdout] error: cannot find attribute `documented_variants` in this scope
[INFO] [stdout]   --> src/lib.rs:310:7
[INFO] [stdout]    |
[INFO] [stdout] 10 |     #[documented_variants(trim = true)]
[INFO] [stdout]    |       ^^^^^^^^^^^^^^^^^^^
[INFO] [stdout] 
[INFO] [stdout] error[E0599]: no method named `get_variant_docs` found for enum `Always` in the current scope
[INFO] [stdout]   --> src/lib.rs:314:28
[INFO] [stdout]    |
[INFO] [stdout] 6  | enum Always {
[INFO] [stdout]    | ----------- method `get_variant_docs` not found for this enum
[INFO] [stdout] ...
[INFO] [stdout] 14 |     Always::SacTheExchange.get_variant_docs(),
[INFO] [stdout]    |                            ^^^^^^^^^^^^^^^^ method not found in `Always`
[INFO] [stdout] 
[INFO] [stdout] error[E0599]: no method named `get_variant_docs` found for enum `Always` in the current scope
[INFO] [stdout]   --> src/lib.rs:317:28
[INFO] [stdout]    |
[INFO] [stdout] 6  | enum Always {
[INFO] [stdout]    | ----------- method `get_variant_docs` not found for this enum
[INFO] [stdout] ...
[INFO] [stdout] 17 | assert_eq!(Always::Retreat.get_variant_docs(), Ok("Like a Frenchman."));
[INFO] [stdout]    |                            ^^^^^^^^^^^^^^^^ method not found in `Always`
[INFO] [stdout] 
[INFO] [stdout] error: aborting due to 5 previous errors
[INFO] [stdout] 
[INFO] [stdout] Some errors have detailed explanations: E0432, E0599.
[INFO] [stdout] For more information about an error, try `rustc --explain E0432`.
[INFO] [stdout] Couldn't compile the test.
[INFO] [stdout] ---- src/lib.rs - documented_variants (line 272) stdout ----
[INFO] [stdout] error[E0432]: unresolved import `documented`
[INFO] [stdout]  --> src/lib.rs:273:5
[INFO] [stdout]   |
[INFO] [stdout] 3 | use documented::{DocumentedVariants, Error};
[INFO] [stdout]   |     ^^^^^^^^^^ use of undeclared crate or module `documented`
[INFO] [stdout] 
[INFO] [stdout] error[E0599]: no method named `get_variant_docs` found for enum `NeverPlay` in the current scope
[INFO] [stdout]   --> src/lib.rs:283:19
[INFO] [stdout]    |
[INFO] [stdout] 6  | enum NeverPlay {
[INFO] [stdout]    | -------------- method `get_variant_docs` not found for this enum
[INFO] [stdout] ...
[INFO] [stdout] 13 |     NeverPlay::F3.get_variant_docs(),
[INFO] [stdout]    |                   ^^^^^^^^^^^^^^^^ method not found in `NeverPlay`
[INFO] [stdout] 
[INFO] [stdout] error[E0599]: no method named `get_variant_docs` found for enum `NeverPlay` in the current scope
[INFO] [stdout]   --> src/lib.rs:287:19
[INFO] [stdout]    |
[INFO] [stdout] 6  | enum NeverPlay {
[INFO] [stdout]    | -------------- method `get_variant_docs` not found for this enum
[INFO] [stdout] ...
[INFO] [stdout] 17 |     NeverPlay::F6.get_variant_docs(),
[INFO] [stdout]    |                   ^^^^^^^^^^^^^^^^ method not found in `NeverPlay`
[INFO] [stdout] 
[INFO] [stdout] error: aborting due to 3 previous errors
[INFO] [stdout] 
[INFO] [stdout] Some errors have detailed explanations: E0432, E0599.
[INFO] [stdout] For more information about an error, try `rustc --explain E0432`.
[INFO] [stdout] Couldn't compile the test.
[INFO] [stdout] 
[INFO] [stdout] failures:
[INFO] [stdout]     src/lib.rs - documented (line 22)
[INFO] [stdout]     src/lib.rs - documented (line 54)
[INFO] [stdout]     src/lib.rs - documented_fields (line 109)
[INFO] [stdout]     src/lib.rs - documented_fields (line 125)
[INFO] [stdout]     src/lib.rs - documented_fields (line 156)
[INFO] [stdout]     src/lib.rs - documented_variants (line 272)
[INFO] [stdout]     src/lib.rs - documented_variants (line 302)
[INFO] [stdout] 
[INFO] [stdout] test result: FAILED. 0 passed; 7 failed; 0 ignored; 0 measured; 0 filtered out; finished in 0.08s
[INFO] [stdout] 
[INFO] [stderr] error: doctest failed, to rerun pass `--doc`
[INFO] running `Command { std: "docker" "inspect" "13912913283a5ff21f4c21d649b0d73c74b8f2ea483120daaa12ae14c1b1286e", kill_on_drop: false }`
[INFO] running `Command { std: "docker" "rm" "-f" "13912913283a5ff21f4c21d649b0d73c74b8f2ea483120daaa12ae14c1b1286e", kill_on_drop: false }`
[INFO] [stdout] 13912913283a5ff21f4c21d649b0d73c74b8f2ea483120daaa12ae14c1b1286e
