[INFO] fetching crate doc-type 0.1.2...
[INFO] testing doc-type-0.1.2 against nightly-2024-10-28 for randomize-layout
[INFO] extracting crate doc-type 0.1.2 into /workspace/builds/worker-6-tc1/source
[INFO] validating manifest of crates.io crate doc-type 0.1.2 on toolchain nightly-2024-10-28
[INFO] running `Command { std: CARGO_HOME="/workspace/cargo-home" RUSTUP_HOME="/workspace/rustup-home" "/workspace/cargo-home/bin/cargo" "+nightly-2024-10-28" "metadata" "--manifest-path" "Cargo.toml" "--no-deps", kill_on_drop: false }`
[INFO] started tweaking crates.io crate doc-type 0.1.2
[INFO] finished tweaking crates.io crate doc-type 0.1.2
[INFO] tweaked toml for crates.io crate doc-type 0.1.2 written to /workspace/builds/worker-6-tc1/source/Cargo.toml
[INFO] running `Command { std: CARGO_HOME="/workspace/cargo-home" RUSTUP_HOME="/workspace/rustup-home" "/workspace/cargo-home/bin/cargo" "+nightly-2024-10-28" "generate-lockfile" "--manifest-path" "Cargo.toml", kill_on_drop: false }`
[INFO] [stderr]     Updating crates.io index
[INFO] [stderr]      Locking 35 packages to latest compatible versions
[INFO] running `Command { std: CARGO_HOME="/workspace/cargo-home" RUSTUP_HOME="/workspace/rustup-home" "/workspace/cargo-home/bin/cargo" "+nightly-2024-10-28" "fetch" "--manifest-path" "Cargo.toml", kill_on_drop: false }`
[INFO] [stderr]  Downloading crates ...
[INFO] [stderr]   Downloaded specta-macros v1.0.5
[INFO] [stderr]   Downloaded specta v1.0.5
[INFO] running `Command { std: "docker" "create" "-v" "/var/lib/crater-agent-workspace/builds/worker-6-tc1/target:/opt/rustwide/target:rw,Z" "-v" "/var/lib/crater-agent-workspace/builds/worker-6-tc1/source:/opt/rustwide/workdir:ro,Z" "-v" "/var/lib/crater-agent-workspace/cargo-home:/opt/rustwide/cargo-home:ro,Z" "-v" "/var/lib/crater-agent-workspace/rustup-home:/opt/rustwide/rustup-home:ro,Z" "-e" "SOURCE_DIR=/opt/rustwide/workdir" "-e" "CARGO_TARGET_DIR=/opt/rustwide/target" "-e" "CARGO_HOME=/opt/rustwide/cargo-home" "-e" "RUSTUP_HOME=/opt/rustwide/rustup-home" "-w" "/opt/rustwide/workdir" "-m" "1610612736" "--user" "0:0" "--network" "none" "ghcr.io/rust-lang/crates-build-env/linux@sha256:4a844ea9eb2546a2d2c7022eacef16ef2e8229c7fbb2c7d4d55a9ceca922f72d" "/opt/rustwide/cargo-home/bin/cargo" "+nightly-2024-10-28" "metadata" "--no-deps" "--format-version=1", kill_on_drop: false }`
[INFO] [stdout] 77506897d018d540672fb7e08cff80980c2eb50c9991fe2ea787b1e2d42662d7
[INFO] running `Command { std: "docker" "start" "-a" "77506897d018d540672fb7e08cff80980c2eb50c9991fe2ea787b1e2d42662d7", kill_on_drop: false }`
[INFO] running `Command { std: "docker" "inspect" "77506897d018d540672fb7e08cff80980c2eb50c9991fe2ea787b1e2d42662d7", kill_on_drop: false }`
[INFO] running `Command { std: "docker" "rm" "-f" "77506897d018d540672fb7e08cff80980c2eb50c9991fe2ea787b1e2d42662d7", kill_on_drop: false }`
[INFO] [stdout] 77506897d018d540672fb7e08cff80980c2eb50c9991fe2ea787b1e2d42662d7
[INFO] running `Command { std: "docker" "create" "-v" "/var/lib/crater-agent-workspace/builds/worker-6-tc1/target:/opt/rustwide/target:rw,Z" "-v" "/var/lib/crater-agent-workspace/builds/worker-6-tc1/source:/opt/rustwide/workdir:ro,Z" "-v" "/var/lib/crater-agent-workspace/cargo-home:/opt/rustwide/cargo-home:ro,Z" "-v" "/var/lib/crater-agent-workspace/rustup-home:/opt/rustwide/rustup-home:ro,Z" "-e" "SOURCE_DIR=/opt/rustwide/workdir" "-e" "CARGO_TARGET_DIR=/opt/rustwide/target" "-e" "CARGO_INCREMENTAL=0" "-e" "RUST_BACKTRACE=full" "-e" "RUSTFLAGS=--cap-lints=forbid" "-e" "RUSTDOCFLAGS=--cap-lints=forbid" "-e" "CARGO_HOME=/opt/rustwide/cargo-home" "-e" "RUSTUP_HOME=/opt/rustwide/rustup-home" "-w" "/opt/rustwide/workdir" "-m" "1610612736" "--user" "0:0" "--network" "none" "ghcr.io/rust-lang/crates-build-env/linux@sha256:4a844ea9eb2546a2d2c7022eacef16ef2e8229c7fbb2c7d4d55a9ceca922f72d" "/opt/rustwide/cargo-home/bin/cargo" "+nightly-2024-10-28" "build" "--frozen" "--message-format=json", kill_on_drop: false }`
[INFO] [stdout] 255899e5a528c073aabfa48fb128ab34c1b4baf831569704a7d1b119c498987e
[INFO] running `Command { std: "docker" "start" "-a" "255899e5a528c073aabfa48fb128ab34c1b4baf831569704a7d1b119c498987e", kill_on_drop: false }`
[INFO] [stderr]    Compiling either v1.13.0
[INFO] [stderr]    Compiling paste v1.0.15
[INFO] [stderr]    Compiling ryu v1.0.18
[INFO] [stderr]    Compiling litrs v0.4.1
[INFO] [stderr]    Compiling memchr v2.7.4
[INFO] [stderr]    Compiling termcolor v1.4.1
[INFO] [stderr]    Compiling Inflector v0.11.4
[INFO] [stderr]    Compiling itoa v1.0.11
[INFO] [stderr]    Compiling once_cell v1.20.2
[INFO] [stderr]    Compiling indoc v1.0.9
[INFO] [stderr]    Compiling serde v1.0.214
[INFO] [stderr]    Compiling thiserror v1.0.66
[INFO] [stderr]    Compiling serde_json v1.0.132
[INFO] [stderr]    Compiling syn v1.0.109
[INFO] [stderr]    Compiling serde_derive v1.0.214
[INFO] [stderr]    Compiling itertools v0.10.5
[INFO] [stderr]    Compiling document-features v0.2.10
[INFO] [stderr]    Compiling specta-macros v1.0.5
[INFO] [stderr]    Compiling specta v1.0.5
[INFO] [stderr]    Compiling doc-type v0.1.2 (/opt/rustwide/workdir)
[INFO] [stdout] warning: trait `RustType` is never used
[INFO] [stdout]  --> src/rust/mod.rs:1:11
[INFO] [stdout]   |
[INFO] [stdout] 1 | pub trait RustType {
[INFO] [stdout]   |           ^^^^^^^^
[INFO] [stdout]   |
[INFO] [stdout]   = note: `#[warn(dead_code)]` on by default
[INFO] [stdout] 
[INFO] [stdout] 
[INFO] [stderr]     Finished `dev` profile [optimized + debuginfo] target(s) in 9.55s
[INFO] running `Command { std: "docker" "inspect" "255899e5a528c073aabfa48fb128ab34c1b4baf831569704a7d1b119c498987e", kill_on_drop: false }`
[INFO] running `Command { std: "docker" "rm" "-f" "255899e5a528c073aabfa48fb128ab34c1b4baf831569704a7d1b119c498987e", kill_on_drop: false }`
[INFO] [stdout] 255899e5a528c073aabfa48fb128ab34c1b4baf831569704a7d1b119c498987e
[INFO] running `Command { std: "docker" "create" "-v" "/var/lib/crater-agent-workspace/builds/worker-6-tc1/target:/opt/rustwide/target:rw,Z" "-v" "/var/lib/crater-agent-workspace/builds/worker-6-tc1/source:/opt/rustwide/workdir:ro,Z" "-v" "/var/lib/crater-agent-workspace/cargo-home:/opt/rustwide/cargo-home:ro,Z" "-v" "/var/lib/crater-agent-workspace/rustup-home:/opt/rustwide/rustup-home:ro,Z" "-e" "SOURCE_DIR=/opt/rustwide/workdir" "-e" "CARGO_TARGET_DIR=/opt/rustwide/target" "-e" "CARGO_INCREMENTAL=0" "-e" "RUST_BACKTRACE=full" "-e" "RUSTFLAGS=--cap-lints=forbid" "-e" "RUSTDOCFLAGS=--cap-lints=forbid" "-e" "CARGO_HOME=/opt/rustwide/cargo-home" "-e" "RUSTUP_HOME=/opt/rustwide/rustup-home" "-w" "/opt/rustwide/workdir" "-m" "1610612736" "--user" "0:0" "--network" "none" "ghcr.io/rust-lang/crates-build-env/linux@sha256:4a844ea9eb2546a2d2c7022eacef16ef2e8229c7fbb2c7d4d55a9ceca922f72d" "/opt/rustwide/cargo-home/bin/cargo" "+nightly-2024-10-28" "test" "--frozen" "--no-run" "--message-format=json", kill_on_drop: false }`
[INFO] [stdout] 2cf8995c83185ad8b0221b010e4c0c2eb103806f19fc9f32e2fafbef9c957056
[INFO] running `Command { std: "docker" "start" "-a" "2cf8995c83185ad8b0221b010e4c0c2eb103806f19fc9f32e2fafbef9c957056", kill_on_drop: false }`
[INFO] [stderr]    Compiling doc-type v0.1.2 (/opt/rustwide/workdir)
[INFO] [stdout] warning: trait `RustType` is never used
[INFO] [stdout]  --> src/rust/mod.rs:1:11
[INFO] [stdout]   |
[INFO] [stdout] 1 | pub trait RustType {
[INFO] [stdout]   |           ^^^^^^^^
[INFO] [stdout]   |
[INFO] [stdout]   = note: `#[warn(dead_code)]` on by default
[INFO] [stdout] 
[INFO] [stdout] 
[INFO] [stdout] warning: field `0` is never read
[INFO] [stdout]   --> src/ts/mod.rs:37:18
[INFO] [stdout]    |
[INFO] [stdout] 37 |     struct Tuple(i32);
[INFO] [stdout]    |            ----- ^^^
[INFO] [stdout]    |            |
[INFO] [stdout]    |            field in this struct
[INFO] [stdout]    |
[INFO] [stdout]    = help: consider removing this field
[INFO] [stdout]    = note: `#[warn(dead_code)]` on by default
[INFO] [stdout] 
[INFO] [stdout] 
[INFO] [stderr]     Finished `test` profile [optimized + debuginfo] target(s) in 0.72s
[INFO] running `Command { std: "docker" "inspect" "2cf8995c83185ad8b0221b010e4c0c2eb103806f19fc9f32e2fafbef9c957056", kill_on_drop: false }`
[INFO] running `Command { std: "docker" "rm" "-f" "2cf8995c83185ad8b0221b010e4c0c2eb103806f19fc9f32e2fafbef9c957056", kill_on_drop: false }`
[INFO] [stdout] 2cf8995c83185ad8b0221b010e4c0c2eb103806f19fc9f32e2fafbef9c957056
[INFO] running `Command { std: "docker" "create" "-v" "/var/lib/crater-agent-workspace/builds/worker-6-tc1/target:/opt/rustwide/target:rw,Z" "-v" "/var/lib/crater-agent-workspace/builds/worker-6-tc1/source:/opt/rustwide/workdir:ro,Z" "-v" "/var/lib/crater-agent-workspace/cargo-home:/opt/rustwide/cargo-home:ro,Z" "-v" "/var/lib/crater-agent-workspace/rustup-home:/opt/rustwide/rustup-home:ro,Z" "-e" "SOURCE_DIR=/opt/rustwide/workdir" "-e" "CARGO_TARGET_DIR=/opt/rustwide/target" "-e" "CARGO_INCREMENTAL=0" "-e" "RUST_BACKTRACE=full" "-e" "RUSTFLAGS=--cap-lints=forbid" "-e" "RUSTDOCFLAGS=--cap-lints=forbid" "-e" "CARGO_HOME=/opt/rustwide/cargo-home" "-e" "RUSTUP_HOME=/opt/rustwide/rustup-home" "-w" "/opt/rustwide/workdir" "-m" "1610612736" "--user" "0:0" "--network" "none" "ghcr.io/rust-lang/crates-build-env/linux@sha256:4a844ea9eb2546a2d2c7022eacef16ef2e8229c7fbb2c7d4d55a9ceca922f72d" "/opt/rustwide/cargo-home/bin/cargo" "+nightly-2024-10-28" "test" "--frozen", kill_on_drop: false }`
[INFO] [stdout] 1706cb9528065522ce0ba21ba4b6b5e1b502e156418fb3d8415d390f6c311625
[INFO] running `Command { std: "docker" "start" "-a" "1706cb9528065522ce0ba21ba4b6b5e1b502e156418fb3d8415d390f6c311625", kill_on_drop: false }`
[INFO] [stderr] warning: trait `RustType` is never used
[INFO] [stderr]  --> src/rust/mod.rs:1:11
[INFO] [stderr]   |
[INFO] [stderr] 1 | pub trait RustType {
[INFO] [stderr]   |           ^^^^^^^^
[INFO] [stderr]   |
[INFO] [stderr]   = note: `#[warn(dead_code)]` on by default
[INFO] [stderr] 
[INFO] [stderr] warning: field `0` is never read
[INFO] [stderr]   --> src/ts/mod.rs:37:18
[INFO] [stderr]    |
[INFO] [stderr] 37 |     struct Tuple(i32);
[INFO] [stderr]    |            ----- ^^^
[INFO] [stderr]    |            |
[INFO] [stderr]    |            field in this struct
[INFO] [stderr]    |
[INFO] [stderr]    = help: consider removing this field
[INFO] [stderr]    = note: `#[warn(dead_code)]` on by default
[INFO] [stderr] 
[INFO] [stderr] warning: `doc-type` (lib) generated 1 warning
[INFO] [stderr] warning: `doc-type` (lib test) generated 1 warning
[INFO] [stderr]     Finished `test` profile [optimized + debuginfo] target(s) in 0.04s
[INFO] [stderr]      Running unittests src/lib.rs (/opt/rustwide/target/debug/deps/doc_type-83c16aedfc9f7ea9)
[INFO] [stdout] 
[INFO] [stdout] running 2 tests
[INFO] [stdout] test rust::tests::rust_types ... ok
[INFO] [stdout] test ts::tests::tuple ... ok
[INFO] [stdout] 
[INFO] [stdout] test result: ok. 2 passed; 0 failed; 0 ignored; 0 measured; 0 filtered out; finished in 0.00s
[INFO] [stdout] 
[INFO] [stderr]    Doc-tests doc_type
[INFO] [stdout] 
[INFO] [stdout] running 2 tests
[INFO] [stdout] test src/ts/mod.rs - ts::generate_typedoc (line 13) ... FAILED
[INFO] [stdout] test src/ts/types.rs - ts::types::TrimFunctions (line 22) ... FAILED
[INFO] [stdout] 
[INFO] [stdout] failures:
[INFO] [stdout] 
[INFO] [stdout] ---- src/ts/mod.rs - ts::generate_typedoc (line 13) stdout ----
[INFO] [stdout] error[E0425]: cannot find function `generate_typedoc` in this scope
[INFO] [stdout]   --> src/ts/mod.rs:22:6
[INFO] [stdout]    |
[INFO] [stdout] 11 |      generate_typedoc::<Foo>(),
[INFO] [stdout]    |      ^^^^^^^^^^^^^^^^ not found in this scope
[INFO] [stdout]    |
[INFO] [stdout] help: consider importing this function
[INFO] [stdout]    |
[INFO] [stdout] 2  + use doc_type::generate_typedoc;
[INFO] [stdout]    |
[INFO] [stdout] 
[INFO] [stdout] error: aborting due to 1 previous error
[INFO] [stdout] 
[INFO] [stdout] For more information about this error, try `rustc --explain E0425`.
[INFO] [stdout] Couldn't compile the test.
[INFO] [stdout] ---- src/ts/types.rs - ts::types::TrimFunctions (line 22) stdout ----
[INFO] [stdout] error[E0432]: unresolved import `crate::generate_typedoc`
[INFO] [stdout]  --> src/ts/types.rs:23:5
[INFO] [stdout]   |
[INFO] [stdout] 3 | use crate::generate_typedoc;
[INFO] [stdout]   |     ^^^^^^^^^^^^^^^^^^^^^^^ no `generate_typedoc` in the root
[INFO] [stdout] 
[INFO] [stdout] error[E0432]: unresolved import `crate::TrimFunctions`
[INFO] [stdout]  --> src/ts/types.rs:24:5
[INFO] [stdout]   |
[INFO] [stdout] 4 | use crate::TrimFunctions;
[INFO] [stdout]   |     ^^^^^^^^^^^^^^^^^^^^ no `TrimFunctions` in the root
[INFO] [stdout]   |
[INFO] [stdout] help: consider importing this trait instead
[INFO] [stdout]   |
[INFO] [stdout] 4 | use doc_type::TrimFunctions;
[INFO] [stdout]   |     ~~~~~~~~~~~~~~~~~~~~~~~
[INFO] [stdout] 
[INFO] [stdout] error: aborting due to 2 previous errors
[INFO] [stdout] 
[INFO] [stdout] For more information about this error, try `rustc --explain E0432`.
[INFO] [stdout] Couldn't compile the test.
[INFO] [stdout] 
[INFO] [stdout] failures:
[INFO] [stdout]     src/ts/mod.rs - ts::generate_typedoc (line 13)
[INFO] [stdout]     src/ts/types.rs - ts::types::TrimFunctions (line 22)
[INFO] [stdout] 
[INFO] [stdout] test result: FAILED. 0 passed; 2 failed; 0 ignored; 0 measured; 0 filtered out; finished in 0.11s
[INFO] [stdout] 
[INFO] [stderr] error: doctest failed, to rerun pass `--doc`
[INFO] running `Command { std: "docker" "inspect" "1706cb9528065522ce0ba21ba4b6b5e1b502e156418fb3d8415d390f6c311625", kill_on_drop: false }`
[INFO] running `Command { std: "docker" "rm" "-f" "1706cb9528065522ce0ba21ba4b6b5e1b502e156418fb3d8415d390f6c311625", kill_on_drop: false }`
[INFO] [stdout] 1706cb9528065522ce0ba21ba4b6b5e1b502e156418fb3d8415d390f6c311625
