[INFO] fetching crate discovery-connect 1.0.0...
[INFO] testing discovery-connect-1.0.0 against nightly-2024-10-28 for randomize-layout
[INFO] extracting crate discovery-connect 1.0.0 into /workspace/builds/worker-6-tc1/source
[INFO] validating manifest of crates.io crate discovery-connect 1.0.0 on toolchain nightly-2024-10-28
[INFO] running `Command { std: CARGO_HOME="/workspace/cargo-home" RUSTUP_HOME="/workspace/rustup-home" "/workspace/cargo-home/bin/cargo" "+nightly-2024-10-28" "metadata" "--manifest-path" "Cargo.toml" "--no-deps", kill_on_drop: false }`
[INFO] started tweaking crates.io crate discovery-connect 1.0.0
[INFO] finished tweaking crates.io crate discovery-connect 1.0.0
[INFO] tweaked toml for crates.io crate discovery-connect 1.0.0 written to /workspace/builds/worker-6-tc1/source/Cargo.toml
[INFO] running `Command { std: CARGO_HOME="/workspace/cargo-home" RUSTUP_HOME="/workspace/rustup-home" "/workspace/cargo-home/bin/cargo" "+nightly-2024-10-28" "generate-lockfile" "--manifest-path" "Cargo.toml", kill_on_drop: false }`
[INFO] [stderr]     Updating crates.io index
[INFO] [stderr]      Locking 184 packages to latest compatible versions
[INFO] [stderr]       Adding base64-url v2.0.2 (available: v3.0.0)
[INFO] [stderr]       Adding graphql_client v0.13.0 (available: v0.14.0)
[INFO] [stderr]       Adding reqwest v0.11.27 (available: v0.12.9)
[INFO] [stderr]       Adding zip v0.6.6 (available: v2.2.0)
[INFO] running `Command { std: CARGO_HOME="/workspace/cargo-home" RUSTUP_HOME="/workspace/rustup-home" "/workspace/cargo-home/bin/cargo" "+nightly-2024-10-28" "fetch" "--manifest-path" "Cargo.toml", kill_on_drop: false }`
[INFO] [stderr] warning: `default_features` is deprecated in favor of `default-features` and will not work in the 2024 edition
[INFO] [stderr] (in the `reqwest` dependency)
[INFO] [stderr]  Downloading crates ...
[INFO] [stderr]   Downloaded graphql_client_codegen v0.13.0
[INFO] [stderr]   Downloaded base64-url v2.0.2
[INFO] [stderr]   Downloaded graphql-introspection-query v0.2.0
[INFO] [stderr]   Downloaded graphql_query_derive v0.13.0
[INFO] [stderr]   Downloaded graphql_client v0.13.0
[INFO] [stderr]   Downloaded async-compression v0.4.17
[INFO] [stderr]   Downloaded brotli v7.0.0
[INFO] running `Command { std: "docker" "create" "-v" "/var/lib/crater-agent-workspace/builds/worker-6-tc1/target:/opt/rustwide/target:rw,Z" "-v" "/var/lib/crater-agent-workspace/builds/worker-6-tc1/source:/opt/rustwide/workdir:ro,Z" "-v" "/var/lib/crater-agent-workspace/cargo-home:/opt/rustwide/cargo-home:ro,Z" "-v" "/var/lib/crater-agent-workspace/rustup-home:/opt/rustwide/rustup-home:ro,Z" "-e" "SOURCE_DIR=/opt/rustwide/workdir" "-e" "CARGO_TARGET_DIR=/opt/rustwide/target" "-e" "CARGO_HOME=/opt/rustwide/cargo-home" "-e" "RUSTUP_HOME=/opt/rustwide/rustup-home" "-w" "/opt/rustwide/workdir" "-m" "1610612736" "--user" "0:0" "--network" "none" "ghcr.io/rust-lang/crates-build-env/linux@sha256:4a844ea9eb2546a2d2c7022eacef16ef2e8229c7fbb2c7d4d55a9ceca922f72d" "/opt/rustwide/cargo-home/bin/cargo" "+nightly-2024-10-28" "metadata" "--no-deps" "--format-version=1", kill_on_drop: false }`
[INFO] [stdout] c6873dbd1f1a53527da9ee3c721941caab1b8d7223b32bea94b86f3af50ad25c
[INFO] running `Command { std: "docker" "start" "-a" "c6873dbd1f1a53527da9ee3c721941caab1b8d7223b32bea94b86f3af50ad25c", kill_on_drop: false }`
[INFO] running `Command { std: "docker" "inspect" "c6873dbd1f1a53527da9ee3c721941caab1b8d7223b32bea94b86f3af50ad25c", kill_on_drop: false }`
[INFO] running `Command { std: "docker" "rm" "-f" "c6873dbd1f1a53527da9ee3c721941caab1b8d7223b32bea94b86f3af50ad25c", kill_on_drop: false }`
[INFO] [stdout] c6873dbd1f1a53527da9ee3c721941caab1b8d7223b32bea94b86f3af50ad25c
[INFO] running `Command { std: "docker" "create" "-v" "/var/lib/crater-agent-workspace/builds/worker-6-tc1/target:/opt/rustwide/target:rw,Z" "-v" "/var/lib/crater-agent-workspace/builds/worker-6-tc1/source:/opt/rustwide/workdir:ro,Z" "-v" "/var/lib/crater-agent-workspace/cargo-home:/opt/rustwide/cargo-home:ro,Z" "-v" "/var/lib/crater-agent-workspace/rustup-home:/opt/rustwide/rustup-home:ro,Z" "-e" "SOURCE_DIR=/opt/rustwide/workdir" "-e" "CARGO_TARGET_DIR=/opt/rustwide/target" "-e" "CARGO_INCREMENTAL=0" "-e" "RUST_BACKTRACE=full" "-e" "RUSTFLAGS=--cap-lints=forbid" "-e" "RUSTDOCFLAGS=--cap-lints=forbid" "-e" "CARGO_HOME=/opt/rustwide/cargo-home" "-e" "RUSTUP_HOME=/opt/rustwide/rustup-home" "-w" "/opt/rustwide/workdir" "-m" "1610612736" "--user" "0:0" "--network" "none" "ghcr.io/rust-lang/crates-build-env/linux@sha256:4a844ea9eb2546a2d2c7022eacef16ef2e8229c7fbb2c7d4d55a9ceca922f72d" "/opt/rustwide/cargo-home/bin/cargo" "+nightly-2024-10-28" "build" "--frozen" "--message-format=json", kill_on_drop: false }`
[INFO] [stdout] b101e4c58e8cb848d288d171d0125f8ae05f26e14bc99dae3e6e080a3792720a
[INFO] running `Command { std: "docker" "start" "-a" "b101e4c58e8cb848d288d171d0125f8ae05f26e14bc99dae3e6e080a3792720a", kill_on_drop: false }`
[INFO] [stderr] warning: `default_features` is deprecated in favor of `default-features` and will not work in the 2024 edition
[INFO] [stderr] (in the `reqwest` dependency)
[INFO] [stderr]    Compiling bitflags v2.6.0
[INFO] [stderr]    Compiling void v1.0.2
[INFO] [stderr]    Compiling memchr v2.7.4
[INFO] [stderr]    Compiling thiserror v1.0.66
[INFO] [stderr]    Compiling tokio v1.41.0
[INFO] [stderr]    Compiling either v1.13.0
[INFO] [stderr]    Compiling alloc-no-stdlib v2.0.4
[INFO] [stderr]    Compiling byteorder v1.5.0
[INFO] [stderr]    Compiling ascii v0.9.3
[INFO] [stderr]    Compiling futures-task v0.3.31
[INFO] [stderr]    Compiling thiserror-impl v1.0.66
[INFO] [stderr]    Compiling syn v1.0.109
[INFO] [stderr]    Compiling graphql-introspection-query v0.2.0
[INFO] [stderr]    Compiling rustix v0.38.38
[INFO] [stderr]    Compiling lazy_static v1.5.0
[INFO] [stderr]    Compiling linux-raw-sys v0.4.14
[INFO] [stderr]    Compiling unreachable v1.0.0
[INFO] [stderr]    Compiling flate2 v1.0.34
[INFO] [stderr]    Compiling alloc-stdlib v0.2.2
[INFO] [stderr]    Compiling futures-util v0.3.31
[INFO] [stderr]    Compiling fastrand v2.1.1
[INFO] [stderr]    Compiling base64-url v2.0.2
[INFO] [stderr]    Compiling openssl v0.10.68
[INFO] [stderr]    Compiling brotli-decompressor v4.0.1
[INFO] [stderr]    Compiling zip v0.6.6
[INFO] [stderr]    Compiling combine v3.8.1
[INFO] [stderr]    Compiling serde_json v1.0.132
[INFO] [stderr]    Compiling brotli v7.0.0
[INFO] [stderr]    Compiling tempfile v3.13.0
[INFO] [stderr]    Compiling native-tls v0.2.12
[INFO] [stderr]    Compiling graphql-parser v0.4.0
[INFO] [stderr]    Compiling tokio-util v0.7.12
[INFO] [stderr]    Compiling tokio-native-tls v0.3.1
[INFO] [stderr]    Compiling async-compression v0.4.17
[INFO] [stderr]    Compiling h2 v0.3.26
[INFO] [stderr]    Compiling graphql_client_codegen v0.13.0
[INFO] [stderr]    Compiling hyper v0.14.31
[INFO] [stderr]    Compiling graphql_query_derive v0.13.0
[INFO] [stderr]    Compiling graphql_client v0.13.0
[INFO] [stderr]    Compiling hyper-tls v0.5.0
[INFO] [stderr]    Compiling reqwest v0.11.27
[INFO] [stderr]    Compiling discovery-connect v1.0.0 (/opt/rustwide/workdir)
[INFO] [stderr]     Finished `dev` profile [unoptimized + debuginfo] target(s) in 10.23s
[INFO] running `Command { std: "docker" "inspect" "b101e4c58e8cb848d288d171d0125f8ae05f26e14bc99dae3e6e080a3792720a", kill_on_drop: false }`
[INFO] running `Command { std: "docker" "rm" "-f" "b101e4c58e8cb848d288d171d0125f8ae05f26e14bc99dae3e6e080a3792720a", kill_on_drop: false }`
[INFO] [stdout] b101e4c58e8cb848d288d171d0125f8ae05f26e14bc99dae3e6e080a3792720a
[INFO] running `Command { std: "docker" "create" "-v" "/var/lib/crater-agent-workspace/builds/worker-6-tc1/target:/opt/rustwide/target:rw,Z" "-v" "/var/lib/crater-agent-workspace/builds/worker-6-tc1/source:/opt/rustwide/workdir:ro,Z" "-v" "/var/lib/crater-agent-workspace/cargo-home:/opt/rustwide/cargo-home:ro,Z" "-v" "/var/lib/crater-agent-workspace/rustup-home:/opt/rustwide/rustup-home:ro,Z" "-e" "SOURCE_DIR=/opt/rustwide/workdir" "-e" "CARGO_TARGET_DIR=/opt/rustwide/target" "-e" "CARGO_INCREMENTAL=0" "-e" "RUST_BACKTRACE=full" "-e" "RUSTFLAGS=--cap-lints=forbid" "-e" "RUSTDOCFLAGS=--cap-lints=forbid" "-e" "CARGO_HOME=/opt/rustwide/cargo-home" "-e" "RUSTUP_HOME=/opt/rustwide/rustup-home" "-w" "/opt/rustwide/workdir" "-m" "1610612736" "--user" "0:0" "--network" "none" "ghcr.io/rust-lang/crates-build-env/linux@sha256:4a844ea9eb2546a2d2c7022eacef16ef2e8229c7fbb2c7d4d55a9ceca922f72d" "/opt/rustwide/cargo-home/bin/cargo" "+nightly-2024-10-28" "test" "--frozen" "--no-run" "--message-format=json", kill_on_drop: false }`
[INFO] [stdout] 0fc33bc86f66e13c99de769a025fbea6b17fabfb6aa9101d8c9541b8f54e3f3c
[INFO] running `Command { std: "docker" "start" "-a" "0fc33bc86f66e13c99de769a025fbea6b17fabfb6aa9101d8c9541b8f54e3f3c", kill_on_drop: false }`
[INFO] [stderr] warning: `default_features` is deprecated in favor of `default-features` and will not work in the 2024 edition
[INFO] [stderr] (in the `reqwest` dependency)
[INFO] [stderr]    Compiling discovery-connect v1.0.0 (/opt/rustwide/workdir)
[INFO] [stderr]     Finished `test` profile [unoptimized + debuginfo] target(s) in 0.69s
[INFO] running `Command { std: "docker" "inspect" "0fc33bc86f66e13c99de769a025fbea6b17fabfb6aa9101d8c9541b8f54e3f3c", kill_on_drop: false }`
[INFO] running `Command { std: "docker" "rm" "-f" "0fc33bc86f66e13c99de769a025fbea6b17fabfb6aa9101d8c9541b8f54e3f3c", kill_on_drop: false }`
[INFO] [stdout] 0fc33bc86f66e13c99de769a025fbea6b17fabfb6aa9101d8c9541b8f54e3f3c
[INFO] running `Command { std: "docker" "create" "-v" "/var/lib/crater-agent-workspace/builds/worker-6-tc1/target:/opt/rustwide/target:rw,Z" "-v" "/var/lib/crater-agent-workspace/builds/worker-6-tc1/source:/opt/rustwide/workdir:ro,Z" "-v" "/var/lib/crater-agent-workspace/cargo-home:/opt/rustwide/cargo-home:ro,Z" "-v" "/var/lib/crater-agent-workspace/rustup-home:/opt/rustwide/rustup-home:ro,Z" "-e" "SOURCE_DIR=/opt/rustwide/workdir" "-e" "CARGO_TARGET_DIR=/opt/rustwide/target" "-e" "CARGO_INCREMENTAL=0" "-e" "RUST_BACKTRACE=full" "-e" "RUSTFLAGS=--cap-lints=forbid" "-e" "RUSTDOCFLAGS=--cap-lints=forbid" "-e" "CARGO_HOME=/opt/rustwide/cargo-home" "-e" "RUSTUP_HOME=/opt/rustwide/rustup-home" "-w" "/opt/rustwide/workdir" "-m" "1610612736" "--user" "0:0" "--network" "none" "ghcr.io/rust-lang/crates-build-env/linux@sha256:4a844ea9eb2546a2d2c7022eacef16ef2e8229c7fbb2c7d4d55a9ceca922f72d" "/opt/rustwide/cargo-home/bin/cargo" "+nightly-2024-10-28" "test" "--frozen", kill_on_drop: false }`
[INFO] [stdout] 1f934dc863f78cb84580621d8aa33cc614a933e494418758b311e99740f48b86
[INFO] running `Command { std: "docker" "start" "-a" "1f934dc863f78cb84580621d8aa33cc614a933e494418758b311e99740f48b86", kill_on_drop: false }`
[INFO] [stderr] warning: `default_features` is deprecated in favor of `default-features` and will not work in the 2024 edition
[INFO] [stderr] (in the `reqwest` dependency)
[INFO] [stderr]     Finished `test` profile [unoptimized + debuginfo] target(s) in 0.10s
[INFO] [stderr]      Running unittests src/lib.rs (/opt/rustwide/target/debug/deps/discovery_connect-b23545bcdfda3ad6)
[INFO] [stdout] 
[INFO] [stdout] running 0 tests
[INFO] [stdout] 
[INFO] [stdout] test result: ok. 0 passed; 0 failed; 0 ignored; 0 measured; 0 filtered out; finished in 0.00s
[INFO] [stdout] 
[INFO] [stderr]    Doc-tests discovery_connect
[INFO] [stdout] 
[INFO] [stdout] running 12 tests
[INFO] [stdout] test src/helpers/upload.rs - helpers::upload::upload_file (line 53) ... FAILED
[INFO] [stdout] test src/api/auth.rs - api::auth::access_token (line 57) ... FAILED
[INFO] [stdout] test src/api/file.rs - api::file::create_file (line 54) ... FAILED
[INFO] [stdout] test src/helpers/upload.rs - helpers::upload::upload_acquisition (line 145) ... FAILED
[INFO] [stdout] test src/api/query.rs - api::query::with_fresh_token (line 329) ... FAILED
[INFO] [stdout] test src/api/query.rs - api::query::disco_api (line 158) ... FAILED
[INFO] [stdout] test src/api/query.rs - api::query::QueryClient (line 251) ... FAILED
[INFO] [stdout] test src/api/query.rs - api::query::QueryConfig (line 216) ... FAILED
[INFO] [stdout] test src/api/auth.rs - api::auth::login (line 127) ... FAILED
[INFO] [stdout] test src/api/file.rs - api::file::stream_to_s3 (line 173) ... FAILED
[INFO] [stdout] test src/api/file.rs - api::file::register_uploaded_file (line 114) ... FAILED
[INFO] [stdout] test src/api/query.rs - api::query::post_query (line 42) ... FAILED
[INFO] [stdout] 
[INFO] [stdout] failures:
[INFO] [stdout] 
[INFO] [stdout] ---- src/helpers/upload.rs - helpers::upload::upload_file (line 53) stdout ----
[INFO] [stdout] error[E0432]: unresolved import `connect`
[INFO] [stdout]  --> src/helpers/upload.rs:54:5
[INFO] [stdout]   |
[INFO] [stdout] 3 | use connect::{upload_file, QueryClient, Region};
[INFO] [stdout]   |     ^^^^^^^ use of undeclared crate or module `connect`
[INFO] [stdout] 
[INFO] [stdout] error: aborting due to 1 previous error
[INFO] [stdout] 
[INFO] [stdout] For more information about this error, try `rustc --explain E0432`.
[INFO] [stdout] Couldn't compile the test.
[INFO] [stdout] ---- src/api/auth.rs - api::auth::access_token (line 57) stdout ----
[INFO] [stdout] error[E0433]: failed to resolve: use of undeclared crate or module `connect`
[INFO] [stdout]  --> src/api/auth.rs:58:5
[INFO] [stdout]   |
[INFO] [stdout] 3 | use connect::auth::{access_token, AuthResponse};
[INFO] [stdout]   |     ^^^^^^^ use of undeclared crate or module `connect`
[INFO] [stdout] 
[INFO] [stdout] error: aborting due to 1 previous error
[INFO] [stdout] 
[INFO] [stdout] For more information about this error, try `rustc --explain E0433`.
[INFO] [stdout] Couldn't compile the test.
[INFO] [stdout] ---- src/api/file.rs - api::file::create_file (line 54) stdout ----
[INFO] [stdout] error[E0433]: failed to resolve: use of undeclared crate or module `connect`
[INFO] [stdout]  --> src/api/file.rs:55:5
[INFO] [stdout]   |
[INFO] [stdout] 3 | use connect::file::{CreateFile, create_file};
[INFO] [stdout]   |     ^^^^^^^ use of undeclared crate or module `connect`
[INFO] [stdout] 
[INFO] [stdout] error[E0432]: unresolved import `connect`
[INFO] [stdout]  --> src/api/file.rs:56:5
[INFO] [stdout]   |
[INFO] [stdout] 4 | use connect::{QueryClient, Region};
[INFO] [stdout]   |     ^^^^^^^ use of undeclared crate or module `connect`
[INFO] [stdout] 
[INFO] [stdout] error: aborting due to 2 previous errors
[INFO] [stdout] 
[INFO] [stdout] Some errors have detailed explanations: E0432, E0433.
[INFO] [stdout] For more information about an error, try `rustc --explain E0432`.
[INFO] [stdout] Couldn't compile the test.
[INFO] [stdout] ---- src/helpers/upload.rs - helpers::upload::upload_acquisition (line 145) stdout ----
[INFO] [stdout] error[E0432]: unresolved import `connect`
[INFO] [stdout]  --> src/helpers/upload.rs:146:5
[INFO] [stdout]   |
[INFO] [stdout] 3 | use connect::{upload_acquisition, QueryClient, Region};
[INFO] [stdout]   |     ^^^^^^^ use of undeclared crate or module `connect`
[INFO] [stdout] 
[INFO] [stdout] error: aborting due to 1 previous error
[INFO] [stdout] 
[INFO] [stdout] For more information about this error, try `rustc --explain E0432`.
[INFO] [stdout] Couldn't compile the test.
[INFO] [stdout] ---- src/api/query.rs - api::query::with_fresh_token (line 329) stdout ----
[INFO] [stdout] error[E0432]: unresolved import `connect`
[INFO] [stdout]  --> src/api/query.rs:330:5
[INFO] [stdout]   |
[INFO] [stdout] 3 | use connect::{QueryConfig, QueryClient, with_fresh_token};
[INFO] [stdout]   |     ^^^^^^^ use of undeclared crate or module `connect`
[INFO] [stdout] 
[INFO] [stdout] error: aborting due to 1 previous error
[INFO] [stdout] 
[INFO] [stdout] For more information about this error, try `rustc --explain E0432`.
[INFO] [stdout] Couldn't compile the test.
[INFO] [stdout] ---- src/api/query.rs - api::query::disco_api (line 158) stdout ----
[INFO] [stdout] error[E0432]: unresolved import `connect`
[INFO] [stdout]  --> src/api/query.rs:161:5
[INFO] [stdout]   |
[INFO] [stdout] 5 | use connect::disco_api;
[INFO] [stdout]   |     ^^^^^^^ use of undeclared crate or module `connect`
[INFO] [stdout] 
[INFO] [stdout] error: aborting due to 1 previous error
[INFO] [stdout] 
[INFO] [stdout] For more information about this error, try `rustc --explain E0432`.
[INFO] [stdout] Couldn't compile the test.
[INFO] [stdout] ---- src/api/query.rs - api::query::QueryClient (line 251) stdout ----
[INFO] [stdout] error[E0432]: unresolved import `connect`
[INFO] [stdout]  --> src/api/query.rs:252:5
[INFO] [stdout]   |
[INFO] [stdout] 3 | use connect::{QueryClient, QueryConfig};
[INFO] [stdout]   |     ^^^^^^^ use of undeclared crate or module `connect`
[INFO] [stdout] 
[INFO] [stdout] error: aborting due to 1 previous error
[INFO] [stdout] 
[INFO] [stdout] For more information about this error, try `rustc --explain E0432`.
[INFO] [stdout] Couldn't compile the test.
[INFO] [stdout] ---- src/api/query.rs - api::query::QueryConfig (line 216) stdout ----
[INFO] [stdout] error[E0432]: unresolved import `connect`
[INFO] [stdout]  --> src/api/query.rs:217:5
[INFO] [stdout]   |
[INFO] [stdout] 3 | use connect::{QueryConfig};
[INFO] [stdout]   |     ^^^^^^^ use of undeclared crate or module `connect`
[INFO] [stdout] 
[INFO] [stdout] error: aborting due to 1 previous error
[INFO] [stdout] 
[INFO] [stdout] For more information about this error, try `rustc --explain E0432`.
[INFO] [stdout] Couldn't compile the test.
[INFO] [stdout] ---- src/api/auth.rs - api::auth::login (line 127) stdout ----
[INFO] [stdout] error[E0433]: failed to resolve: use of undeclared crate or module `connect`
[INFO] [stdout]  --> src/api/auth.rs:129:5
[INFO] [stdout]   |
[INFO] [stdout] 4 | use connect::auth::{login, AuthResponse};
[INFO] [stdout]   |     ^^^^^^^ use of undeclared crate or module `connect`
[INFO] [stdout] 
[INFO] [stdout] error[E0432]: unresolved import `connect`
[INFO] [stdout]  --> src/api/auth.rs:128:5
[INFO] [stdout]   |
[INFO] [stdout] 3 | use connect::{QueryClient};
[INFO] [stdout]   |     ^^^^^^^ use of undeclared crate or module `connect`
[INFO] [stdout] 
[INFO] [stdout] error: aborting due to 2 previous errors
[INFO] [stdout] 
[INFO] [stdout] Some errors have detailed explanations: E0432, E0433.
[INFO] [stdout] For more information about an error, try `rustc --explain E0432`.
[INFO] [stdout] Couldn't compile the test.
[INFO] [stdout] ---- src/api/file.rs - api::file::stream_to_s3 (line 173) stdout ----
[INFO] [stdout] error[E0433]: failed to resolve: use of undeclared crate or module `connect`
[INFO] [stdout]  --> src/api/file.rs:174:5
[INFO] [stdout]   |
[INFO] [stdout] 3 | use connect::file::{create_file, stream_to_s3};
[INFO] [stdout]   |     ^^^^^^^ use of undeclared crate or module `connect`
[INFO] [stdout] 
[INFO] [stdout] error[E0432]: unresolved import `connect`
[INFO] [stdout]  --> src/api/file.rs:175:5
[INFO] [stdout]   |
[INFO] [stdout] 4 | use connect::{QueryClient, Region};
[INFO] [stdout]   |     ^^^^^^^ use of undeclared crate or module `connect`
[INFO] [stdout] 
[INFO] [stdout] error: aborting due to 2 previous errors
[INFO] [stdout] 
[INFO] [stdout] Some errors have detailed explanations: E0432, E0433.
[INFO] [stdout] For more information about an error, try `rustc --explain E0432`.
[INFO] [stdout] Couldn't compile the test.
[INFO] [stdout] ---- src/api/file.rs - api::file::register_uploaded_file (line 114) stdout ----
[INFO] [stdout] error[E0433]: failed to resolve: use of undeclared crate or module `connect`
[INFO] [stdout]  --> src/api/file.rs:115:5
[INFO] [stdout]   |
[INFO] [stdout] 3 | use connect::file::{RegisterUploadedFile, register_uploaded_file};
[INFO] [stdout]   |     ^^^^^^^ use of undeclared crate or module `connect`
[INFO] [stdout] 
[INFO] [stdout] error[E0432]: unresolved import `connect`
[INFO] [stdout]  --> src/api/file.rs:116:5
[INFO] [stdout]   |
[INFO] [stdout] 4 | use connect::{QueryClient, Region};
[INFO] [stdout]   |     ^^^^^^^ use of undeclared crate or module `connect`
[INFO] [stdout] 
[INFO] [stdout] error: aborting due to 2 previous errors
[INFO] [stdout] 
[INFO] [stdout] Some errors have detailed explanations: E0432, E0433.
[INFO] [stdout] For more information about an error, try `rustc --explain E0432`.
[INFO] [stdout] Couldn't compile the test.
[INFO] [stdout] ---- src/api/query.rs - api::query::post_query (line 42) stdout ----
[INFO] [stdout] error[E0433]: failed to resolve: could not find `connect` in the crate root
[INFO] [stdout]  --> src/api/query.rs:45:12
[INFO] [stdout]   |
[INFO] [stdout] 5 | use crate::connect::file::{create_file, CreateFile};
[INFO] [stdout]   |            ^^^^^^^ could not find `connect` in the crate root
[INFO] [stdout] 
[INFO] [stdout] error[E0432]: unresolved import `crate::connect`
[INFO] [stdout]  --> src/api/query.rs:46:12
[INFO] [stdout]   |
[INFO] [stdout] 6 | use crate::connect::{post_query, QueryClient, Region};
[INFO] [stdout]   |            ^^^^^^^ could not find `connect` in the crate root
[INFO] [stdout] 
[INFO] [stdout] error: aborting due to 2 previous errors
[INFO] [stdout] 
[INFO] [stdout] Some errors have detailed explanations: E0432, E0433.
[INFO] [stdout] For more information about an error, try `rustc --explain E0432`.
[INFO] [stdout] Couldn't compile the test.
[INFO] [stdout] 
[INFO] [stdout] failures:
[INFO] [stdout]     src/api/auth.rs - api::auth::access_token (line 57)
[INFO] [stdout]     src/api/auth.rs - api::auth::login (line 127)
[INFO] [stdout]     src/api/file.rs - api::file::create_file (line 54)
[INFO] [stdout]     src/api/file.rs - api::file::register_uploaded_file (line 114)
[INFO] [stdout]     src/api/file.rs - api::file::stream_to_s3 (line 173)
[INFO] [stdout]     src/api/query.rs - api::query::QueryClient (line 251)
[INFO] [stdout]     src/api/query.rs - api::query::QueryConfig (line 216)
[INFO] [stdout]     src/api/query.rs - api::query::disco_api (line 158)
[INFO] [stdout]     src/api/query.rs - api::query::post_query (line 42)
[INFO] [stdout]     src/api/query.rs - api::query::with_fresh_token (line 329)
[INFO] [stdout]     src/helpers/upload.rs - helpers::upload::upload_acquisition (line 145)
[INFO] [stdout]     src/helpers/upload.rs - helpers::upload::upload_file (line 53)
[INFO] [stdout] 
[INFO] [stdout] test result: FAILED. 0 passed; 12 failed; 0 ignored; 0 measured; 0 filtered out; finished in 0.08s
[INFO] [stdout] 
[INFO] [stderr] error: doctest failed, to rerun pass `--doc`
[INFO] running `Command { std: "docker" "inspect" "1f934dc863f78cb84580621d8aa33cc614a933e494418758b311e99740f48b86", kill_on_drop: false }`
[INFO] running `Command { std: "docker" "rm" "-f" "1f934dc863f78cb84580621d8aa33cc614a933e494418758b311e99740f48b86", kill_on_drop: false }`
[INFO] [stdout] 1f934dc863f78cb84580621d8aa33cc614a933e494418758b311e99740f48b86
