[INFO] fetching crate dioxus-class 0.7.0...
[INFO] testing dioxus-class-0.7.0 against nightly-2024-10-28 for randomize-layout
[INFO] extracting crate dioxus-class 0.7.0 into /workspace/builds/worker-0-tc1/source
[INFO] validating manifest of crates.io crate dioxus-class 0.7.0 on toolchain nightly-2024-10-28
[INFO] running `Command { std: CARGO_HOME="/workspace/cargo-home" RUSTUP_HOME="/workspace/rustup-home" "/workspace/cargo-home/bin/cargo" "+nightly-2024-10-28" "metadata" "--manifest-path" "Cargo.toml" "--no-deps", kill_on_drop: false }`
[INFO] started tweaking crates.io crate dioxus-class 0.7.0
[INFO] finished tweaking crates.io crate dioxus-class 0.7.0
[INFO] tweaked toml for crates.io crate dioxus-class 0.7.0 written to /workspace/builds/worker-0-tc1/source/Cargo.toml
[INFO] running `Command { std: CARGO_HOME="/workspace/cargo-home" RUSTUP_HOME="/workspace/rustup-home" "/workspace/cargo-home/bin/cargo" "+nightly-2024-10-28" "generate-lockfile" "--manifest-path" "Cargo.toml", kill_on_drop: false }`
[INFO] [stderr]     Updating crates.io index
[INFO] [stderr]      Locking 137 packages to latest compatible versions
[INFO] running `Command { std: CARGO_HOME="/workspace/cargo-home" RUSTUP_HOME="/workspace/rustup-home" "/workspace/cargo-home/bin/cargo" "+nightly-2024-10-28" "fetch" "--manifest-path" "Cargo.toml", kill_on_drop: false }`
[INFO] [stderr]  Downloading crates ...
[INFO] [stderr]   Downloaded fehler-macros v1.0.0
[INFO] [stderr]   Downloaded generational-box v0.5.6
[INFO] [stderr]   Downloaded dioxus-class-internal v0.7.0
[INFO] [stderr]   Downloaded dioxus-signals v0.5.7
[INFO] [stderr]   Downloaded dioxus-config-macro v0.5.6
[INFO] [stderr]   Downloaded intmap v0.7.1
[INFO] [stderr]   Downloaded dioxus-html-internal-macro v0.5.6
[INFO] [stderr]   Downloaded fehler v1.0.0
[INFO] [stderr]   Downloaded dioxus-class-macro v0.7.0
[INFO] [stderr]   Downloaded dioxus-debug-cell v0.1.1
[INFO] [stderr]   Downloaded constcat v0.3.1
[INFO] [stderr]   Downloaded longest-increasing-subsequence v0.1.0
[INFO] [stderr]   Downloaded spinning v0.1.0
[INFO] [stderr]   Downloaded dioxus-core-macro v0.5.6
[INFO] [stderr]   Downloaded krates v0.16.10
[INFO] [stderr]   Downloaded dioxus-html v0.5.6
[INFO] [stderr]   Downloaded dioxus-rsx v0.5.6
[INFO] [stderr]   Downloaded interprocess-docfix v1.2.2
[INFO] [stderr]   Downloaded keyboard-types v0.7.0
[INFO] [stderr]   Downloaded dioxus-hooks v0.5.6
[INFO] [stderr]   Downloaded internment v0.7.5
[INFO] [stderr]   Downloaded dioxus-hot-reload v0.5.6
[INFO] [stderr]   Downloaded dioxus-core v0.5.6
[INFO] [stderr]   Downloaded dioxus v0.5.6
[INFO] [stderr]   Downloaded to_method v1.1.0
[INFO] running `Command { std: "docker" "create" "-v" "/var/lib/crater-agent-workspace/builds/worker-0-tc1/target:/opt/rustwide/target:rw,Z" "-v" "/var/lib/crater-agent-workspace/builds/worker-0-tc1/source:/opt/rustwide/workdir:ro,Z" "-v" "/var/lib/crater-agent-workspace/cargo-home:/opt/rustwide/cargo-home:ro,Z" "-v" "/var/lib/crater-agent-workspace/rustup-home:/opt/rustwide/rustup-home:ro,Z" "-e" "SOURCE_DIR=/opt/rustwide/workdir" "-e" "CARGO_TARGET_DIR=/opt/rustwide/target" "-e" "CARGO_HOME=/opt/rustwide/cargo-home" "-e" "RUSTUP_HOME=/opt/rustwide/rustup-home" "-w" "/opt/rustwide/workdir" "-m" "1610612736" "--user" "0:0" "--network" "none" "ghcr.io/rust-lang/crates-build-env/linux@sha256:4a844ea9eb2546a2d2c7022eacef16ef2e8229c7fbb2c7d4d55a9ceca922f72d" "/opt/rustwide/cargo-home/bin/cargo" "+nightly-2024-10-28" "metadata" "--no-deps" "--format-version=1", kill_on_drop: false }`
[INFO] [stdout] 530a69f13d97ec5d725289c8e9cc58ec80e4f98142cf827d721f75221ec31864
[INFO] running `Command { std: "docker" "start" "-a" "530a69f13d97ec5d725289c8e9cc58ec80e4f98142cf827d721f75221ec31864", kill_on_drop: false }`
[INFO] running `Command { std: "docker" "inspect" "530a69f13d97ec5d725289c8e9cc58ec80e4f98142cf827d721f75221ec31864", kill_on_drop: false }`
[INFO] running `Command { std: "docker" "rm" "-f" "530a69f13d97ec5d725289c8e9cc58ec80e4f98142cf827d721f75221ec31864", kill_on_drop: false }`
[INFO] [stdout] 530a69f13d97ec5d725289c8e9cc58ec80e4f98142cf827d721f75221ec31864
[INFO] running `Command { std: "docker" "create" "-v" "/var/lib/crater-agent-workspace/builds/worker-0-tc1/target:/opt/rustwide/target:rw,Z" "-v" "/var/lib/crater-agent-workspace/builds/worker-0-tc1/source:/opt/rustwide/workdir:ro,Z" "-v" "/var/lib/crater-agent-workspace/cargo-home:/opt/rustwide/cargo-home:ro,Z" "-v" "/var/lib/crater-agent-workspace/rustup-home:/opt/rustwide/rustup-home:ro,Z" "-e" "SOURCE_DIR=/opt/rustwide/workdir" "-e" "CARGO_TARGET_DIR=/opt/rustwide/target" "-e" "CARGO_INCREMENTAL=0" "-e" "RUST_BACKTRACE=full" "-e" "RUSTFLAGS=--cap-lints=forbid" "-e" "RUSTDOCFLAGS=--cap-lints=forbid" "-e" "CARGO_HOME=/opt/rustwide/cargo-home" "-e" "RUSTUP_HOME=/opt/rustwide/rustup-home" "-w" "/opt/rustwide/workdir" "-m" "1610612736" "--user" "0:0" "--network" "none" "ghcr.io/rust-lang/crates-build-env/linux@sha256:4a844ea9eb2546a2d2c7022eacef16ef2e8229c7fbb2c7d4d55a9ceca922f72d" "/opt/rustwide/cargo-home/bin/cargo" "+nightly-2024-10-28" "build" "--frozen" "--message-format=json", kill_on_drop: false }`
[INFO] [stdout] 6b287cb46f1412b9b0d39cf87a5f17e45c233a8b2bb5e925030f866dcb3b8136
[INFO] running `Command { std: "docker" "start" "-a" "6b287cb46f1412b9b0d39cf87a5f17e45c233a8b2bb5e925030f866dcb3b8136", kill_on_drop: false }`
[INFO] [stderr]    Compiling proc-macro2 v1.0.89
[INFO] [stderr]    Compiling unicode-ident v1.0.13
[INFO] [stderr]    Compiling serde v1.0.214
[INFO] [stderr]    Compiling libc v0.2.161
[INFO] [stderr]    Compiling semver v1.0.23
[INFO] [stderr]    Compiling tracing-core v0.1.32
[INFO] [stderr]    Compiling slotmap v1.0.7
[INFO] [stderr]    Compiling overload v0.1.1
[INFO] [stderr]    Compiling lazy_static v1.5.0
[INFO] [stderr]    Compiling log v0.4.22
[INFO] [stderr]    Compiling sharded-slab v0.1.7
[INFO] [stderr]    Compiling nu-ansi-term v0.46.0
[INFO] [stderr]    Compiling thread_local v1.1.8
[INFO] [stderr]    Compiling serde_json v1.0.132
[INFO] [stderr]    Compiling tracing-log v0.2.0
[INFO] [stderr]    Compiling crossbeam-utils v0.8.20
[INFO] [stderr]    Compiling futures-util v0.3.31
[INFO] [stderr]    Compiling ahash v0.8.11
[INFO] [stderr]    Compiling longest-increasing-subsequence v0.1.0
[INFO] [stderr]    Compiling rustc-hash v1.1.0
[INFO] [stderr]    Compiling camino v1.1.9
[INFO] [stderr]    Compiling num-traits v0.2.19
[INFO] [stderr]    Compiling fnv v1.0.7
[INFO] [stderr]    Compiling ident_case v1.0.1
[INFO] [stderr]    Compiling zerocopy v0.7.35
[INFO] [stderr]    Compiling fixedbitset v0.4.2
[INFO] [stderr]    Compiling quote v1.0.37
[INFO] [stderr]    Compiling concurrent-queue v2.5.0
[INFO] [stderr]    Compiling tracing-subscriber v0.3.18
[INFO] [stderr]    Compiling syn v2.0.86
[INFO] [stderr]    Compiling allocator-api2 v0.2.18
[INFO] [stderr]    Compiling parking v2.2.1
[INFO] [stderr]    Compiling unicode-segmentation v1.12.0
[INFO] [stderr]    Compiling event-listener v5.3.1
[INFO] [stderr]    Compiling hashbrown v0.14.5
[INFO] [stderr]    Compiling parking_lot_core v0.9.10
[INFO] [stderr]    Compiling petgraph v0.6.5
[INFO] [stderr]    Compiling parking_lot v0.12.3
[INFO] [stderr]    Compiling cfg-expr v0.15.8
[INFO] [stderr]    Compiling generational-box v0.5.6
[INFO] [stderr]    Compiling internment v0.7.5
[INFO] [stderr]    Compiling convert_case v0.6.0
[INFO] [stderr]    Compiling event-listener-strategy v0.5.2
[INFO] [stderr]    Compiling fastrand v2.1.1
[INFO] [stderr]    Compiling atomic-waker v1.1.2
[INFO] [stderr]    Compiling futures-io v0.3.31
[INFO] [stderr]    Compiling async-channel v2.3.1
[INFO] [stderr]    Compiling ordered-float v2.10.1
[INFO] [stderr]    Compiling piper v0.2.4
[INFO] [stderr]    Compiling futures-lite v2.4.0
[INFO] [stderr]    Compiling async-task v4.7.1
[INFO] [stderr]    Compiling spinning v0.1.0
[INFO] [stderr]    Compiling intmap v0.7.1
[INFO] [stderr]    Compiling to_method v1.1.0
[INFO] [stderr]    Compiling prettyplease v0.2.25
[INFO] [stderr]    Compiling dioxus v0.5.6
[INFO] [stderr]    Compiling constcat v0.3.1
[INFO] [stderr]    Compiling dioxus-debug-cell v0.1.1
[INFO] [stderr]    Compiling dioxus-config-macro v0.5.6
[INFO] [stderr]    Compiling syn v1.0.109
[INFO] [stderr]    Compiling blocking v1.6.1
[INFO] [stderr]    Compiling paste v1.0.15
[INFO] [stderr]    Compiling darling_core v0.20.10
[INFO] [stderr]    Compiling serde_derive v1.0.214
[INFO] [stderr]    Compiling tracing-attributes v0.1.27
[INFO] [stderr]    Compiling thiserror-impl v1.0.66
[INFO] [stderr]    Compiling serde_repr v0.1.19
[INFO] [stderr]    Compiling dioxus-html-internal-macro v0.5.6
[INFO] [stderr]    Compiling async-trait v0.1.83
[INFO] [stderr]    Compiling thiserror v1.0.66
[INFO] [stderr]    Compiling tracing v0.1.40
[INFO] [stderr]    Compiling darling_macro v0.20.10
[INFO] [stderr]    Compiling darling v0.20.10
[INFO] [stderr]    Compiling enumset_derive v0.10.0
[INFO] [stderr]    Compiling fehler-macros v1.0.0
[INFO] [stderr]    Compiling enumset v1.1.5
[INFO] [stderr]    Compiling fehler v1.0.0
[INFO] [stderr]    Compiling cargo-platform v0.1.8
[INFO] [stderr]    Compiling bitflags v2.6.0
[INFO] [stderr]    Compiling serde-value v0.7.0
[INFO] [stderr]    Compiling keyboard-types v0.7.0
[INFO] [stderr]    Compiling rustc_version v0.4.1
[INFO] [stderr]    Compiling euclid v0.22.11
[INFO] [stderr]    Compiling interprocess-docfix v1.2.2
[INFO] [stderr]    Compiling dioxus-core v0.5.6
[INFO] [stderr]    Compiling cargo_metadata v0.18.1
[INFO] [stderr]    Compiling krates v0.16.10
[INFO] [stderr]    Compiling dioxus-html v0.5.6
[INFO] [stderr]    Compiling dioxus-signals v0.5.7
[INFO] [stderr]    Compiling dioxus-rsx v0.5.6
[INFO] [stderr]    Compiling dioxus-hooks v0.5.6
[INFO] [stderr]    Compiling dioxus-core-macro v0.5.6
[INFO] [stderr]    Compiling dioxus-hot-reload v0.5.6
[INFO] [stderr]    Compiling dioxus-class-internal v0.7.0
[INFO] [stderr]    Compiling dioxus-class-macro v0.7.0
[INFO] [stderr]    Compiling dioxus-class v0.7.0 (/opt/rustwide/workdir)
[INFO] [stderr]     Finished `dev` profile [unoptimized + debuginfo] target(s) in 33.98s
[INFO] running `Command { std: "docker" "inspect" "6b287cb46f1412b9b0d39cf87a5f17e45c233a8b2bb5e925030f866dcb3b8136", kill_on_drop: false }`
[INFO] running `Command { std: "docker" "rm" "-f" "6b287cb46f1412b9b0d39cf87a5f17e45c233a8b2bb5e925030f866dcb3b8136", kill_on_drop: false }`
[INFO] [stdout] 6b287cb46f1412b9b0d39cf87a5f17e45c233a8b2bb5e925030f866dcb3b8136
[INFO] running `Command { std: "docker" "create" "-v" "/var/lib/crater-agent-workspace/builds/worker-0-tc1/target:/opt/rustwide/target:rw,Z" "-v" "/var/lib/crater-agent-workspace/builds/worker-0-tc1/source:/opt/rustwide/workdir:ro,Z" "-v" "/var/lib/crater-agent-workspace/cargo-home:/opt/rustwide/cargo-home:ro,Z" "-v" "/var/lib/crater-agent-workspace/rustup-home:/opt/rustwide/rustup-home:ro,Z" "-e" "SOURCE_DIR=/opt/rustwide/workdir" "-e" "CARGO_TARGET_DIR=/opt/rustwide/target" "-e" "CARGO_INCREMENTAL=0" "-e" "RUST_BACKTRACE=full" "-e" "RUSTFLAGS=--cap-lints=forbid" "-e" "RUSTDOCFLAGS=--cap-lints=forbid" "-e" "CARGO_HOME=/opt/rustwide/cargo-home" "-e" "RUSTUP_HOME=/opt/rustwide/rustup-home" "-w" "/opt/rustwide/workdir" "-m" "1610612736" "--user" "0:0" "--network" "none" "ghcr.io/rust-lang/crates-build-env/linux@sha256:4a844ea9eb2546a2d2c7022eacef16ef2e8229c7fbb2c7d4d55a9ceca922f72d" "/opt/rustwide/cargo-home/bin/cargo" "+nightly-2024-10-28" "test" "--frozen" "--no-run" "--message-format=json", kill_on_drop: false }`
[INFO] [stdout] 4817d07794c08954a9823801e2649073c6e0264b7392f007869b0f3e63c250c8
[INFO] running `Command { std: "docker" "start" "-a" "4817d07794c08954a9823801e2649073c6e0264b7392f007869b0f3e63c250c8", kill_on_drop: false }`
[INFO] [stderr]    Compiling dioxus-class v0.7.0 (/opt/rustwide/workdir)
[INFO] [stderr]     Finished `test` profile [unoptimized + debuginfo] target(s) in 0.34s
[INFO] running `Command { std: "docker" "inspect" "4817d07794c08954a9823801e2649073c6e0264b7392f007869b0f3e63c250c8", kill_on_drop: false }`
[INFO] running `Command { std: "docker" "rm" "-f" "4817d07794c08954a9823801e2649073c6e0264b7392f007869b0f3e63c250c8", kill_on_drop: false }`
[INFO] [stdout] 4817d07794c08954a9823801e2649073c6e0264b7392f007869b0f3e63c250c8
[INFO] running `Command { std: "docker" "create" "-v" "/var/lib/crater-agent-workspace/builds/worker-0-tc1/target:/opt/rustwide/target:rw,Z" "-v" "/var/lib/crater-agent-workspace/builds/worker-0-tc1/source:/opt/rustwide/workdir:ro,Z" "-v" "/var/lib/crater-agent-workspace/cargo-home:/opt/rustwide/cargo-home:ro,Z" "-v" "/var/lib/crater-agent-workspace/rustup-home:/opt/rustwide/rustup-home:ro,Z" "-e" "SOURCE_DIR=/opt/rustwide/workdir" "-e" "CARGO_TARGET_DIR=/opt/rustwide/target" "-e" "CARGO_INCREMENTAL=0" "-e" "RUST_BACKTRACE=full" "-e" "RUSTFLAGS=--cap-lints=forbid" "-e" "RUSTDOCFLAGS=--cap-lints=forbid" "-e" "CARGO_HOME=/opt/rustwide/cargo-home" "-e" "RUSTUP_HOME=/opt/rustwide/rustup-home" "-w" "/opt/rustwide/workdir" "-m" "1610612736" "--user" "0:0" "--network" "none" "ghcr.io/rust-lang/crates-build-env/linux@sha256:4a844ea9eb2546a2d2c7022eacef16ef2e8229c7fbb2c7d4d55a9ceca922f72d" "/opt/rustwide/cargo-home/bin/cargo" "+nightly-2024-10-28" "test" "--frozen", kill_on_drop: false }`
[INFO] [stdout] a06a00b343ce99cc0d81032d9cc9807aa7212d882cf245b8551b7504baa19ac9
[INFO] running `Command { std: "docker" "start" "-a" "a06a00b343ce99cc0d81032d9cc9807aa7212d882cf245b8551b7504baa19ac9", kill_on_drop: false }`
[INFO] [stderr]     Finished `test` profile [unoptimized + debuginfo] target(s) in 0.13s
[INFO] [stderr]      Running unittests src/lib.rs (/opt/rustwide/target/debug/deps/dioxus_class-01c14d507ced0bb8)
[INFO] [stdout] 
[INFO] [stdout] running 0 tests
[INFO] [stdout] 
[INFO] [stdout] test result: ok. 0 passed; 0 failed; 0 ignored; 0 measured; 0 filtered out; finished in 0.00s
[INFO] [stdout] 
[INFO] [stderr]    Doc-tests dioxus_class
[INFO] [stdout] 
[INFO] [stdout] running 6 tests
[INFO] [stdout] test src/../README.md - (line 19) ... FAILED
[INFO] [stdout] test src/../README.md - (line 5) ... FAILED
[INFO] [stdout] test src/../README.md - (line 42) ... FAILED
[INFO] [stdout] test src/../README.md - (line 49) ... ok
[INFO] [stdout] test src/../README.md - (line 94) ... FAILED
[INFO] [stdout] test src/../README.md - (line 58) ... ok
[INFO] [stdout] 
[INFO] [stdout] failures:
[INFO] [stdout] 
[INFO] [stdout] ---- src/../README.md - (line 19) stdout ----
[INFO] [stdout] error: expected identifier, found `"Button"`
[INFO] [stdout]  --> src/../README.md:22:9
[INFO] [stdout]   |
[INFO] [stdout] 3 | button {
[INFO] [stdout]   | ------ while parsing this struct
[INFO] [stdout] 4 |         class: class!(inline_flex border_0 py_1 px_3 focus(outline_none) hover(bg_gray_700)),
[INFO] [stdout] 5 |         "Button"
[INFO] [stdout]   |         ^^^^^^^^ expected identifier
[INFO] [stdout] 
[INFO] [stdout] error: cannot find macro `class` in this scope
[INFO] [stdout]  --> src/../README.md:21:16
[INFO] [stdout]   |
[INFO] [stdout] 4 |         class: class!(inline_flex border_0 py_1 px_3 focus(outline_none) hover(bg_gray_700)),
[INFO] [stdout]   |                ^^^^^
[INFO] [stdout]   |
[INFO] [stdout] help: consider importing one of these macros
[INFO] [stdout]   |
[INFO] [stdout] 2 + use dioxus_class::prelude::class;
[INFO] [stdout]   |
[INFO] [stdout] 2 + use dioxus_class_macro::class;
[INFO] [stdout]   |
[INFO] [stdout] 
[INFO] [stdout] error[E0422]: cannot find struct, variant or union type `button` in this scope
[INFO] [stdout]  --> src/../README.md:20:1
[INFO] [stdout]   |
[INFO] [stdout] 3 | button {
[INFO] [stdout]   | ^^^^^^ not found in this scope
[INFO] [stdout] 
[INFO] [stdout] error: aborting due to 3 previous errors
[INFO] [stdout] 
[INFO] [stdout] For more information about this error, try `rustc --explain E0422`.
[INFO] [stdout] Couldn't compile the test.
[INFO] [stdout] ---- src/../README.md - (line 5) stdout ----
[INFO] [stdout] error: expected identifier, found `"Button"`
[INFO] [stdout]  --> src/../README.md:8:9
[INFO] [stdout]   |
[INFO] [stdout] 3 | button {
[INFO] [stdout]   | ------ while parsing this struct
[INFO] [stdout] 4 |         class: "inline-flex border-0 py-1 px-3 focus:outline-none hover:bg-gray-700",
[INFO] [stdout] 5 |         "Button"
[INFO] [stdout]   |         ^^^^^^^^ expected identifier
[INFO] [stdout] 
[INFO] [stdout] error[E0422]: cannot find struct, variant or union type `button` in this scope
[INFO] [stdout]  --> src/../README.md:6:1
[INFO] [stdout]   |
[INFO] [stdout] 3 | button {
[INFO] [stdout]   | ^^^^^^ not found in this scope
[INFO] [stdout] 
[INFO] [stdout] error: aborting due to 2 previous errors
[INFO] [stdout] 
[INFO] [stdout] For more information about this error, try `rustc --explain E0422`.
[INFO] [stdout] Couldn't compile the test.
[INFO] [stdout] ---- src/../README.md - (line 42) stdout ----
[INFO] [stdout] error: cannot find macro `constant` in this scope
[INFO] [stdout]  --> src/../README.md:44:1
[INFO] [stdout]   |
[INFO] [stdout] 4 | constant!(btn warning);
[INFO] [stdout]   | ^^^^^^^^
[INFO] [stdout]   |
[INFO] [stdout] help: consider importing this macro
[INFO] [stdout]   |
[INFO] [stdout] 2 + use dioxus_class::constant;
[INFO] [stdout]   |
[INFO] [stdout] 
[INFO] [stdout] error: cannot find macro `constant` in this scope
[INFO] [stdout]  --> src/../README.md:43:1
[INFO] [stdout]   |
[INFO] [stdout] 3 | constant!(btn success);
[INFO] [stdout]   | ^^^^^^^^
[INFO] [stdout]   |
[INFO] [stdout] help: consider importing this macro
[INFO] [stdout]   |
[INFO] [stdout] 2 + use dioxus_class::constant;
[INFO] [stdout]   |
[INFO] [stdout] 
[INFO] [stdout] error: aborting due to 2 previous errors
[INFO] [stdout] 
[INFO] [stdout] Couldn't compile the test.
[INFO] [stdout] ---- src/../README.md - (line 94) stdout ----
[INFO] [stdout] error: cannot find macro `colors` in this scope
[INFO] [stdout]   --> src/../README.md:102:1
[INFO] [stdout]    |
[INFO] [stdout] 10 | colors!(border l);
[INFO] [stdout]    | ^^^^^^
[INFO] [stdout] 
[INFO] [stdout] error: cannot find macro `colors` in this scope
[INFO] [stdout]  --> src/../README.md:101:1
[INFO] [stdout]   |
[INFO] [stdout] 9 | colors!(border b);
[INFO] [stdout]   | ^^^^^^
[INFO] [stdout] 
[INFO] [stdout] error: cannot find macro `colors` in this scope
[INFO] [stdout]  --> src/../README.md:100:1
[INFO] [stdout]   |
[INFO] [stdout] 8 | colors!(border r);
[INFO] [stdout]   | ^^^^^^
[INFO] [stdout] 
[INFO] [stdout] error: cannot find macro `colors` in this scope
[INFO] [stdout]  --> src/../README.md:99:1
[INFO] [stdout]   |
[INFO] [stdout] 7 | colors!(border t);
[INFO] [stdout]   | ^^^^^^
[INFO] [stdout] 
[INFO] [stdout] error: cannot find macro `colors` in this scope
[INFO] [stdout]  --> src/../README.md:98:1
[INFO] [stdout]   |
[INFO] [stdout] 6 | colors!(border y);
[INFO] [stdout]   | ^^^^^^
[INFO] [stdout] 
[INFO] [stdout] error: cannot find macro `colors` in this scope
[INFO] [stdout]  --> src/../README.md:97:1
[INFO] [stdout]   |
[INFO] [stdout] 5 | colors!(border x);
[INFO] [stdout]   | ^^^^^^
[INFO] [stdout] 
[INFO] [stdout] error: cannot find macro `colors` in this scope
[INFO] [stdout]  --> src/../README.md:96:1
[INFO] [stdout]   |
[INFO] [stdout] 4 | colors!(border);
[INFO] [stdout]   | ^^^^^^
[INFO] [stdout] 
[INFO] [stdout] error: aborting due to 7 previous errors
[INFO] [stdout] 
[INFO] [stdout] Couldn't compile the test.
[INFO] [stdout] 
[INFO] [stdout] failures:
[INFO] [stdout]     src/../README.md - (line 19)
[INFO] [stdout]     src/../README.md - (line 42)
[INFO] [stdout]     src/../README.md - (line 5)
[INFO] [stdout]     src/../README.md - (line 94)
[INFO] [stdout] 
[INFO] [stdout] test result: FAILED. 2 passed; 4 failed; 0 ignored; 0 measured; 0 filtered out; finished in 0.22s
[INFO] [stdout] 
[INFO] [stderr] error: doctest failed, to rerun pass `--doc`
[INFO] running `Command { std: "docker" "inspect" "a06a00b343ce99cc0d81032d9cc9807aa7212d882cf245b8551b7504baa19ac9", kill_on_drop: false }`
[INFO] running `Command { std: "docker" "rm" "-f" "a06a00b343ce99cc0d81032d9cc9807aa7212d882cf245b8551b7504baa19ac9", kill_on_drop: false }`
[INFO] [stdout] a06a00b343ce99cc0d81032d9cc9807aa7212d882cf245b8551b7504baa19ac9
