[INFO] fetching crate dioxus-class-macro 0.7.0...
[INFO] testing dioxus-class-macro-0.7.0 against nightly-2024-10-28+rustflags=-Zrandomize-layout for randomize-layout
[INFO] extracting crate dioxus-class-macro 0.7.0 into /workspace/builds/worker-3-tc2/source
[INFO] validating manifest of crates.io crate dioxus-class-macro 0.7.0 on toolchain nightly-2024-10-28
[INFO] running `Command { std: CARGO_HOME="/workspace/cargo-home" RUSTUP_HOME="/workspace/rustup-home" "/workspace/cargo-home/bin/cargo" "+nightly-2024-10-28" "metadata" "--manifest-path" "Cargo.toml" "--no-deps", kill_on_drop: false }`
[INFO] started tweaking crates.io crate dioxus-class-macro 0.7.0
[INFO] finished tweaking crates.io crate dioxus-class-macro 0.7.0
[INFO] tweaked toml for crates.io crate dioxus-class-macro 0.7.0 written to /workspace/builds/worker-3-tc2/source/Cargo.toml
[INFO] running `Command { std: CARGO_HOME="/workspace/cargo-home" RUSTUP_HOME="/workspace/rustup-home" "/workspace/cargo-home/bin/cargo" "+nightly-2024-10-28" "generate-lockfile" "--manifest-path" "Cargo.toml", kill_on_drop: false }`
[INFO] [stderr]     Updating crates.io index
[INFO] [stderr]      Locking 135 packages to latest compatible versions
[INFO] [stderr]       Adding syn v1.0.109 (available: v2.0.86)
[INFO] running `Command { std: CARGO_HOME="/workspace/cargo-home" RUSTUP_HOME="/workspace/rustup-home" "/workspace/cargo-home/bin/cargo" "+nightly-2024-10-28" "fetch" "--manifest-path" "Cargo.toml", kill_on_drop: false }`
[INFO] running `Command { std: "docker" "create" "-v" "/var/lib/crater-agent-workspace/builds/worker-3-tc2/target:/opt/rustwide/target:rw,Z" "-v" "/var/lib/crater-agent-workspace/builds/worker-3-tc2/source:/opt/rustwide/workdir:ro,Z" "-v" "/var/lib/crater-agent-workspace/cargo-home:/opt/rustwide/cargo-home:ro,Z" "-v" "/var/lib/crater-agent-workspace/rustup-home:/opt/rustwide/rustup-home:ro,Z" "-e" "SOURCE_DIR=/opt/rustwide/workdir" "-e" "CARGO_TARGET_DIR=/opt/rustwide/target" "-e" "CARGO_HOME=/opt/rustwide/cargo-home" "-e" "RUSTUP_HOME=/opt/rustwide/rustup-home" "-w" "/opt/rustwide/workdir" "-m" "1610612736" "--user" "0:0" "--network" "none" "ghcr.io/rust-lang/crates-build-env/linux@sha256:4a844ea9eb2546a2d2c7022eacef16ef2e8229c7fbb2c7d4d55a9ceca922f72d" "/opt/rustwide/cargo-home/bin/cargo" "+nightly-2024-10-28" "metadata" "--no-deps" "--format-version=1", kill_on_drop: false }`
[INFO] [stdout] f08e68ae1b4f9ea62ec666c520856ad56ea53f2e803ec061adc93d91439f8729
[INFO] running `Command { std: "docker" "start" "-a" "f08e68ae1b4f9ea62ec666c520856ad56ea53f2e803ec061adc93d91439f8729", kill_on_drop: false }`
[INFO] running `Command { std: "docker" "inspect" "f08e68ae1b4f9ea62ec666c520856ad56ea53f2e803ec061adc93d91439f8729", kill_on_drop: false }`
[INFO] running `Command { std: "docker" "rm" "-f" "f08e68ae1b4f9ea62ec666c520856ad56ea53f2e803ec061adc93d91439f8729", kill_on_drop: false }`
[INFO] [stdout] f08e68ae1b4f9ea62ec666c520856ad56ea53f2e803ec061adc93d91439f8729
[INFO] running `Command { std: "docker" "create" "-v" "/var/lib/crater-agent-workspace/builds/worker-3-tc2/target:/opt/rustwide/target:rw,Z" "-v" "/var/lib/crater-agent-workspace/builds/worker-3-tc2/source:/opt/rustwide/workdir:ro,Z" "-v" "/var/lib/crater-agent-workspace/cargo-home:/opt/rustwide/cargo-home:ro,Z" "-v" "/var/lib/crater-agent-workspace/rustup-home:/opt/rustwide/rustup-home:ro,Z" "-e" "SOURCE_DIR=/opt/rustwide/workdir" "-e" "CARGO_TARGET_DIR=/opt/rustwide/target" "-e" "CARGO_INCREMENTAL=0" "-e" "RUST_BACKTRACE=full" "-e" "RUSTFLAGS=--cap-lints=forbid -Zrandomize-layout" "-e" "RUSTDOCFLAGS=--cap-lints=forbid" "-e" "CARGO_HOME=/opt/rustwide/cargo-home" "-e" "RUSTUP_HOME=/opt/rustwide/rustup-home" "-w" "/opt/rustwide/workdir" "-m" "1610612736" "--user" "0:0" "--network" "none" "ghcr.io/rust-lang/crates-build-env/linux@sha256:4a844ea9eb2546a2d2c7022eacef16ef2e8229c7fbb2c7d4d55a9ceca922f72d" "/opt/rustwide/cargo-home/bin/cargo" "+nightly-2024-10-28" "build" "--frozen" "--message-format=json", kill_on_drop: false }`
[INFO] [stdout] e27c041dbb4e833ff837c9e2dac95702aa97754e643d658c8ed019d5e8322ae6
[INFO] running `Command { std: "docker" "start" "-a" "e27c041dbb4e833ff837c9e2dac95702aa97754e643d658c8ed019d5e8322ae6", kill_on_drop: false }`
[INFO] [stderr]    Compiling proc-macro2 v1.0.89
[INFO] [stderr]    Compiling cfg-if v1.0.0
[INFO] [stderr]    Compiling once_cell v1.20.2
[INFO] [stderr]    Compiling pin-project-lite v0.2.15
[INFO] [stderr]    Compiling serde v1.0.214
[INFO] [stderr]    Compiling lock_api v0.4.12
[INFO] [stderr]    Compiling smallvec v1.13.2
[INFO] [stderr]    Compiling libc v0.2.161
[INFO] [stderr]    Compiling futures-core v0.3.31
[INFO] [stderr]    Compiling scopeguard v1.2.0
[INFO] [stderr]    Compiling parking_lot_core v0.9.10
[INFO] [stderr]    Compiling semver v1.0.23
[INFO] [stderr]    Compiling tracing-core v0.1.32
[INFO] [stderr]    Compiling slab v0.4.9
[INFO] [stderr]    Compiling slotmap v1.0.7
[INFO] [stderr]    Compiling lazy_static v1.5.0
[INFO] [stderr]    Compiling log v0.4.22
[INFO] [stderr]    Compiling overload v0.1.1
[INFO] [stderr]    Compiling crossbeam-utils v0.8.20
[INFO] [stderr]    Compiling nu-ansi-term v0.46.0
[INFO] [stderr]    Compiling sharded-slab v0.1.7
[INFO] [stderr]    Compiling tracing-log v0.2.0
[INFO] [stderr]    Compiling thiserror v1.0.66
[INFO] [stderr]    Compiling thread_local v1.1.8
[INFO] [stderr]    Compiling futures-task v0.3.31
[INFO] [stderr]    Compiling serde_json v1.0.132
[INFO] [stderr]    Compiling pin-utils v0.1.0
[INFO] [stderr]    Compiling futures-util v0.3.31
[INFO] [stderr]    Compiling futures-channel v0.3.31
[INFO] [stderr]    Compiling num-traits v0.2.19
[INFO] [stderr]    Compiling ahash v0.8.11
[INFO] [stderr]    Compiling quote v1.0.37
[INFO] [stderr]    Compiling tracing-subscriber v0.3.18
[INFO] [stderr]    Compiling memchr v2.7.4
[INFO] [stderr]    Compiling itoa v1.0.11
[INFO] [stderr]    Compiling rustc-hash v1.1.0
[INFO] [stderr]    Compiling longest-increasing-subsequence v0.1.0
[INFO] [stderr]    Compiling ryu v1.0.18
[INFO] [stderr]    Compiling camino v1.1.9
[INFO] [stderr]    Compiling syn v2.0.86
[INFO] [stderr]    Compiling concurrent-queue v2.5.0
[INFO] [stderr]    Compiling equivalent v1.0.1
[INFO] [stderr]    Compiling parking_lot v0.12.3
[INFO] [stderr]    Compiling hashbrown v0.15.0
[INFO] [stderr]    Compiling zerocopy v0.7.35
[INFO] [stderr]    Compiling parking v2.2.1
[INFO] [stderr]    Compiling unicode-segmentation v1.12.0
[INFO] [stderr]    Compiling generational-box v0.5.6
[INFO] [stderr]    Compiling event-listener v5.3.1
[INFO] [stderr]    Compiling fixedbitset v0.4.2
[INFO] [stderr]    Compiling indexmap v2.6.0
[INFO] [stderr]    Compiling allocator-api2 v0.2.18
[INFO] [stderr]    Compiling event-listener-strategy v0.5.2
[INFO] [stderr]    Compiling convert_case v0.6.0
[INFO] [stderr]    Compiling cfg-expr v0.15.8
[INFO] [stderr]    Compiling hashbrown v0.14.5
[INFO] [stderr]    Compiling fastrand v2.1.1
[INFO] [stderr]    Compiling atomic-waker v1.1.2
[INFO] [stderr]    Compiling futures-io v0.3.31
[INFO] [stderr]    Compiling ordered-float v2.10.1
[INFO] [stderr]    Compiling petgraph v0.6.5
[INFO] [stderr]    Compiling async-channel v2.3.1
[INFO] [stderr]    Compiling futures-lite v2.4.0
[INFO] [stderr]    Compiling piper v0.2.4
[INFO] [stderr]    Compiling async-task v4.7.1
[INFO] [stderr]    Compiling prettyplease v0.2.25
[INFO] [stderr]    Compiling spinning v0.1.0
[INFO] [stderr]    Compiling intmap v0.7.1
[INFO] [stderr]    Compiling syn v1.0.109
[INFO] [stderr]    Compiling to_method v1.1.0
[INFO] [stderr]    Compiling internment v0.7.5
[INFO] [stderr]    Compiling dioxus v0.5.6
[INFO] [stderr]    Compiling constcat v0.3.1
[INFO] [stderr]    Compiling blocking v1.6.1
[INFO] [stderr]    Compiling dioxus-debug-cell v0.1.1
[INFO] [stderr]    Compiling dioxus-config-macro v0.5.6
[INFO] [stderr]    Compiling darling_core v0.20.10
[INFO] [stderr]    Compiling serde_derive v1.0.214
[INFO] [stderr]    Compiling thiserror-impl v1.0.66
[INFO] [stderr]    Compiling tracing-attributes v0.1.27
[INFO] [stderr]    Compiling dioxus-html-internal-macro v0.5.6
[INFO] [stderr]    Compiling async-trait v0.1.83
[INFO] [stderr]    Compiling serde_repr v0.1.19
[INFO] [stderr]    Compiling fehler-macros v1.0.0
[INFO] [stderr]    Compiling tracing v0.1.40
[INFO] [stderr]    Compiling darling_macro v0.20.10
[INFO] [stderr]    Compiling darling v0.20.10
[INFO] [stderr]    Compiling enumset_derive v0.10.0
[INFO] [stderr]    Compiling fehler v1.0.0
[INFO] [stderr]    Compiling enumset v1.1.5
[INFO] [stderr]    Compiling cargo-platform v0.1.8
[INFO] [stderr]    Compiling bitflags v2.6.0
[INFO] [stderr]    Compiling serde-value v0.7.0
[INFO] [stderr]    Compiling euclid v0.22.11
[INFO] [stderr]    Compiling keyboard-types v0.7.0
[INFO] [stderr]    Compiling rustc_version v0.4.1
[INFO] [stderr]    Compiling interprocess-docfix v1.2.2
[INFO] [stderr]    Compiling dioxus-core v0.5.6
[INFO] [stderr]    Compiling cargo_metadata v0.18.1
[INFO] [stderr]    Compiling dioxus-signals v0.5.7
[INFO] [stderr]    Compiling dioxus-html v0.5.6
[INFO] [stderr]    Compiling krates v0.16.10
[INFO] [stderr]    Compiling dioxus-hooks v0.5.6
[INFO] [stderr]    Compiling dioxus-rsx v0.5.6
[INFO] [stderr]    Compiling dioxus-core-macro v0.5.6
[INFO] [stderr]    Compiling dioxus-hot-reload v0.5.6
[INFO] [stderr]    Compiling dioxus-class-internal v0.7.0
[INFO] [stderr]    Compiling dioxus-class-macro v0.7.0 (/opt/rustwide/workdir)
[INFO] [stdout] warning: fields `span` and `text` are never read
[INFO] [stdout]   --> src/class.rs:9:9
[INFO] [stdout]    |
[INFO] [stdout] 8  | pub struct Dsl {
[INFO] [stdout]    |            --- fields in this struct
[INFO] [stdout] 9  |     pub span: Span,
[INFO] [stdout]    |         ^^^^
[INFO] [stdout] 10 |     pub text: String,
[INFO] [stdout]    |         ^^^^
[INFO] [stdout]    |
[INFO] [stdout]    = note: `#[warn(dead_code)]` on by default
[INFO] [stdout] 
[INFO] [stdout] 
[INFO] [stderr]     Finished `dev` profile [unoptimized + debuginfo] target(s) in 25.08s
[INFO] running `Command { std: "docker" "inspect" "e27c041dbb4e833ff837c9e2dac95702aa97754e643d658c8ed019d5e8322ae6", kill_on_drop: false }`
[INFO] running `Command { std: "docker" "rm" "-f" "e27c041dbb4e833ff837c9e2dac95702aa97754e643d658c8ed019d5e8322ae6", kill_on_drop: false }`
[INFO] [stdout] e27c041dbb4e833ff837c9e2dac95702aa97754e643d658c8ed019d5e8322ae6
[INFO] running `Command { std: "docker" "create" "-v" "/var/lib/crater-agent-workspace/builds/worker-3-tc2/target:/opt/rustwide/target:rw,Z" "-v" "/var/lib/crater-agent-workspace/builds/worker-3-tc2/source:/opt/rustwide/workdir:ro,Z" "-v" "/var/lib/crater-agent-workspace/cargo-home:/opt/rustwide/cargo-home:ro,Z" "-v" "/var/lib/crater-agent-workspace/rustup-home:/opt/rustwide/rustup-home:ro,Z" "-e" "SOURCE_DIR=/opt/rustwide/workdir" "-e" "CARGO_TARGET_DIR=/opt/rustwide/target" "-e" "CARGO_INCREMENTAL=0" "-e" "RUST_BACKTRACE=full" "-e" "RUSTFLAGS=--cap-lints=forbid -Zrandomize-layout" "-e" "RUSTDOCFLAGS=--cap-lints=forbid" "-e" "CARGO_HOME=/opt/rustwide/cargo-home" "-e" "RUSTUP_HOME=/opt/rustwide/rustup-home" "-w" "/opt/rustwide/workdir" "-m" "1610612736" "--user" "0:0" "--network" "none" "ghcr.io/rust-lang/crates-build-env/linux@sha256:4a844ea9eb2546a2d2c7022eacef16ef2e8229c7fbb2c7d4d55a9ceca922f72d" "/opt/rustwide/cargo-home/bin/cargo" "+nightly-2024-10-28" "test" "--frozen" "--no-run" "--message-format=json", kill_on_drop: false }`
[INFO] [stdout] 541c910a967f0b586c14f811405f39beb5a9b25da8a87532899d5cbe4951ba34
[INFO] running `Command { std: "docker" "start" "-a" "541c910a967f0b586c14f811405f39beb5a9b25da8a87532899d5cbe4951ba34", kill_on_drop: false }`
[INFO] [stderr]    Compiling dioxus-class-macro v0.7.0 (/opt/rustwide/workdir)
[INFO] [stdout] warning: fields `span` and `text` are never read
[INFO] [stdout]   --> src/class.rs:9:9
[INFO] [stdout]    |
[INFO] [stdout] 8  | pub struct Dsl {
[INFO] [stdout]    |            --- fields in this struct
[INFO] [stdout] 9  |     pub span: Span,
[INFO] [stdout]    |         ^^^^
[INFO] [stdout] 10 |     pub text: String,
[INFO] [stdout]    |         ^^^^
[INFO] [stdout]    |
[INFO] [stdout]    = note: `#[warn(dead_code)]` on by default
[INFO] [stdout] 
[INFO] [stdout] 
[INFO] [stdout] warning: fields `span` and `text` are never read
[INFO] [stdout]   --> src/class.rs:9:9
[INFO] [stdout]    |
[INFO] [stdout] 8  | pub struct Dsl {
[INFO] [stdout]    |            --- fields in this struct
[INFO] [stdout] 9  |     pub span: Span,
[INFO] [stdout]    |         ^^^^
[INFO] [stdout] 10 |     pub text: String,
[INFO] [stdout]    |         ^^^^
[INFO] [stdout]    |
[INFO] [stdout]    = note: `#[warn(dead_code)]` on by default
[INFO] [stdout] 
[INFO] [stdout] 
[INFO] [stderr]     Finished `test` profile [unoptimized + debuginfo] target(s) in 0.56s
[INFO] running `Command { std: "docker" "inspect" "541c910a967f0b586c14f811405f39beb5a9b25da8a87532899d5cbe4951ba34", kill_on_drop: false }`
[INFO] running `Command { std: "docker" "rm" "-f" "541c910a967f0b586c14f811405f39beb5a9b25da8a87532899d5cbe4951ba34", kill_on_drop: false }`
[INFO] [stdout] 541c910a967f0b586c14f811405f39beb5a9b25da8a87532899d5cbe4951ba34
[INFO] running `Command { std: "docker" "create" "-v" "/var/lib/crater-agent-workspace/builds/worker-3-tc2/target:/opt/rustwide/target:rw,Z" "-v" "/var/lib/crater-agent-workspace/builds/worker-3-tc2/source:/opt/rustwide/workdir:ro,Z" "-v" "/var/lib/crater-agent-workspace/cargo-home:/opt/rustwide/cargo-home:ro,Z" "-v" "/var/lib/crater-agent-workspace/rustup-home:/opt/rustwide/rustup-home:ro,Z" "-e" "SOURCE_DIR=/opt/rustwide/workdir" "-e" "CARGO_TARGET_DIR=/opt/rustwide/target" "-e" "CARGO_INCREMENTAL=0" "-e" "RUST_BACKTRACE=full" "-e" "RUSTFLAGS=--cap-lints=forbid -Zrandomize-layout" "-e" "RUSTDOCFLAGS=--cap-lints=forbid" "-e" "CARGO_HOME=/opt/rustwide/cargo-home" "-e" "RUSTUP_HOME=/opt/rustwide/rustup-home" "-w" "/opt/rustwide/workdir" "-m" "1610612736" "--user" "0:0" "--network" "none" "ghcr.io/rust-lang/crates-build-env/linux@sha256:4a844ea9eb2546a2d2c7022eacef16ef2e8229c7fbb2c7d4d55a9ceca922f72d" "/opt/rustwide/cargo-home/bin/cargo" "+nightly-2024-10-28" "test" "--frozen", kill_on_drop: false }`
[INFO] [stdout] d5e3d4aa906e2e4428cf361ad7c18523267a4b3d19a4d7d5f9bbc7c7bb804898
[INFO] running `Command { std: "docker" "start" "-a" "d5e3d4aa906e2e4428cf361ad7c18523267a4b3d19a4d7d5f9bbc7c7bb804898", kill_on_drop: false }`
[INFO] [stderr] warning: fields `span` and `text` are never read
[INFO] [stderr]   --> src/class.rs:9:9
[INFO] [stderr]    |
[INFO] [stderr] 8  | pub struct Dsl {
[INFO] [stderr]    |            --- fields in this struct
[INFO] [stderr] 9  |     pub span: Span,
[INFO] [stderr]    |         ^^^^
[INFO] [stderr] 10 |     pub text: String,
[INFO] [stderr]    |         ^^^^
[INFO] [stderr]    |
[INFO] [stderr]    = note: `#[warn(dead_code)]` on by default
[INFO] [stderr] 
[INFO] [stderr] warning: `dioxus-class-macro` (lib) generated 1 warning
[INFO] [stderr] warning: `dioxus-class-macro` (lib test) generated 1 warning (1 duplicate)
[INFO] [stderr]     Finished `test` profile [unoptimized + debuginfo] target(s) in 0.17s
[INFO] [stderr]      Running unittests src/lib.rs (/opt/rustwide/target/debug/deps/dioxus_class_macro-5a8e9df7ad08313c)
[INFO] [stdout] 
[INFO] [stdout] running 0 tests
[INFO] [stdout] 
[INFO] [stdout] test result: ok. 0 passed; 0 failed; 0 ignored; 0 measured; 0 filtered out; finished in 0.00s
[INFO] [stdout] 
[INFO] [stderr]    Doc-tests dioxus_class_macro
[INFO] [stdout] 
[INFO] [stdout] running 2 tests
[INFO] [stdout] test src/lib.rs - class (line 19) ... FAILED
[INFO] [stdout] test src/../README.md - (line 6) ... FAILED
[INFO] [stdout] 
[INFO] [stdout] failures:
[INFO] [stdout] 
[INFO] [stdout] ---- src/lib.rs - class (line 19) stdout ----
[INFO] [stdout] error: struct literal body without path
[INFO] [stdout]  --> src/lib.rs:19:73
[INFO] [stdout]   |
[INFO] [stdout] 2 |   fn main() { #[allow(non_snake_case)] fn _doctest_main_src_lib_rs_19_0() {
[INFO] [stdout]   |  _________________________________________________________________________^
[INFO] [stdout] 3 | | class: class!(card card_compact w_64 h_64 bg_base_300 shadow_xl text_center hover(bg_base_200) hover(scale_105)),
[INFO] [stdout] 4 | | } _doctest_main_src_lib_rs_19_0() }
[INFO] [stdout]   | |_^
[INFO] [stdout]   |
[INFO] [stdout] help: you might have forgotten to add the struct literal inside the block
[INFO] [stdout]   |
[INFO] [stdout] 2 ~ fn main() { #[allow(non_snake_case)] fn _doctest_main_src_lib_rs_19_0() { SomeStruct {
[INFO] [stdout] 3 | class: class!(card card_compact w_64 h_64 bg_base_300 shadow_xl text_center hover(bg_base_200) hover(scale_105)),
[INFO] [stdout] 4 ~ } } _doctest_main_src_lib_rs_19_0() }
[INFO] [stdout]   |
[INFO] [stdout] 
[INFO] [stdout] error: aborting due to 1 previous error
[INFO] [stdout] 
[INFO] [stdout] Couldn't compile the test.
[INFO] [stdout] ---- src/../README.md - (line 6) stdout ----
[INFO] [stdout] error: cannot find macro `rsx` in this scope
[INFO] [stdout]  --> src/../README.md:7:1
[INFO] [stdout]   |
[INFO] [stdout] 3 | rsx! {
[INFO] [stdout]   | ^^^
[INFO] [stdout] 
[INFO] [stdout] error: aborting due to 1 previous error
[INFO] [stdout] 
[INFO] [stdout] Couldn't compile the test.
[INFO] [stdout] 
[INFO] [stdout] failures:
[INFO] [stdout]     src/../README.md - (line 6)
[INFO] [stdout]     src/lib.rs - class (line 19)
[INFO] [stdout] 
[INFO] [stdout] test result: FAILED. 0 passed; 2 failed; 0 ignored; 0 measured; 0 filtered out; finished in 0.14s
[INFO] [stdout] 
[INFO] [stderr] error: doctest failed, to rerun pass `--doc`
[INFO] running `Command { std: "docker" "inspect" "d5e3d4aa906e2e4428cf361ad7c18523267a4b3d19a4d7d5f9bbc7c7bb804898", kill_on_drop: false }`
[INFO] running `Command { std: "docker" "rm" "-f" "d5e3d4aa906e2e4428cf361ad7c18523267a4b3d19a4d7d5f9bbc7c7bb804898", kill_on_drop: false }`
[INFO] [stdout] d5e3d4aa906e2e4428cf361ad7c18523267a4b3d19a4d7d5f9bbc7c7bb804898
