[INFO] fetching crate diman_unit_system 0.5.1...
[INFO] testing diman_unit_system-0.5.1 against nightly-2024-10-28+rustflags=-Zrandomize-layout for randomize-layout
[INFO] extracting crate diman_unit_system 0.5.1 into /workspace/builds/worker-2-tc2/source
[INFO] validating manifest of crates.io crate diman_unit_system 0.5.1 on toolchain nightly-2024-10-28
[INFO] running `Command { std: CARGO_HOME="/workspace/cargo-home" RUSTUP_HOME="/workspace/rustup-home" "/workspace/cargo-home/bin/cargo" "+nightly-2024-10-28" "metadata" "--manifest-path" "Cargo.toml" "--no-deps", kill_on_drop: false }`
[INFO] started tweaking crates.io crate diman_unit_system 0.5.1
[INFO] removed 0 missing tests
[INFO] finished tweaking crates.io crate diman_unit_system 0.5.1
[INFO] tweaked toml for crates.io crate diman_unit_system 0.5.1 written to /workspace/builds/worker-2-tc2/source/Cargo.toml
[INFO] running `Command { std: CARGO_HOME="/workspace/cargo-home" RUSTUP_HOME="/workspace/rustup-home" "/workspace/cargo-home/bin/cargo" "+nightly-2024-10-28" "generate-lockfile" "--manifest-path" "Cargo.toml", kill_on_drop: false }`
[INFO] [stderr]     Updating crates.io index
[INFO] [stderr]      Locking 37 packages to latest compatible versions
[INFO] running `Command { std: CARGO_HOME="/workspace/cargo-home" RUSTUP_HOME="/workspace/rustup-home" "/workspace/cargo-home/bin/cargo" "+nightly-2024-10-28" "fetch" "--manifest-path" "Cargo.toml", kill_on_drop: false }`
[INFO] running `Command { std: "docker" "create" "-v" "/var/lib/crater-agent-workspace/builds/worker-2-tc2/target:/opt/rustwide/target:rw,Z" "-v" "/var/lib/crater-agent-workspace/builds/worker-2-tc2/source:/opt/rustwide/workdir:ro,Z" "-v" "/var/lib/crater-agent-workspace/cargo-home:/opt/rustwide/cargo-home:ro,Z" "-v" "/var/lib/crater-agent-workspace/rustup-home:/opt/rustwide/rustup-home:ro,Z" "-e" "SOURCE_DIR=/opt/rustwide/workdir" "-e" "CARGO_TARGET_DIR=/opt/rustwide/target" "-e" "CARGO_HOME=/opt/rustwide/cargo-home" "-e" "RUSTUP_HOME=/opt/rustwide/rustup-home" "-w" "/opt/rustwide/workdir" "-m" "1610612736" "--user" "0:0" "--network" "none" "ghcr.io/rust-lang/crates-build-env/linux@sha256:4a844ea9eb2546a2d2c7022eacef16ef2e8229c7fbb2c7d4d55a9ceca922f72d" "/opt/rustwide/cargo-home/bin/cargo" "+nightly-2024-10-28" "metadata" "--no-deps" "--format-version=1", kill_on_drop: false }`
[INFO] [stdout] 1c458e6cd6c6ada5af6899579ed25e35c6fd56b311360ee039354a562e4061fe
[INFO] running `Command { std: "docker" "start" "-a" "1c458e6cd6c6ada5af6899579ed25e35c6fd56b311360ee039354a562e4061fe", kill_on_drop: false }`
[INFO] running `Command { std: "docker" "inspect" "1c458e6cd6c6ada5af6899579ed25e35c6fd56b311360ee039354a562e4061fe", kill_on_drop: false }`
[INFO] running `Command { std: "docker" "rm" "-f" "1c458e6cd6c6ada5af6899579ed25e35c6fd56b311360ee039354a562e4061fe", kill_on_drop: false }`
[INFO] [stdout] 1c458e6cd6c6ada5af6899579ed25e35c6fd56b311360ee039354a562e4061fe
[INFO] running `Command { std: "docker" "create" "-v" "/var/lib/crater-agent-workspace/builds/worker-2-tc2/target:/opt/rustwide/target:rw,Z" "-v" "/var/lib/crater-agent-workspace/builds/worker-2-tc2/source:/opt/rustwide/workdir:ro,Z" "-v" "/var/lib/crater-agent-workspace/cargo-home:/opt/rustwide/cargo-home:ro,Z" "-v" "/var/lib/crater-agent-workspace/rustup-home:/opt/rustwide/rustup-home:ro,Z" "-e" "SOURCE_DIR=/opt/rustwide/workdir" "-e" "CARGO_TARGET_DIR=/opt/rustwide/target" "-e" "CARGO_INCREMENTAL=0" "-e" "RUST_BACKTRACE=full" "-e" "RUSTFLAGS=--cap-lints=forbid -Zrandomize-layout" "-e" "RUSTDOCFLAGS=--cap-lints=forbid" "-e" "CARGO_HOME=/opt/rustwide/cargo-home" "-e" "RUSTUP_HOME=/opt/rustwide/rustup-home" "-w" "/opt/rustwide/workdir" "-m" "1610612736" "--user" "0:0" "--network" "none" "ghcr.io/rust-lang/crates-build-env/linux@sha256:4a844ea9eb2546a2d2c7022eacef16ef2e8229c7fbb2c7d4d55a9ceca922f72d" "/opt/rustwide/cargo-home/bin/cargo" "+nightly-2024-10-28" "build" "--frozen" "--message-format=json", kill_on_drop: false }`
[INFO] [stdout] 49df102533c3806446f2166c0726322f18ec755d6384ec3fbb5ff3bb068f4046
[INFO] running `Command { std: "docker" "start" "-a" "49df102533c3806446f2166c0726322f18ec755d6384ec3fbb5ff3bb068f4046", kill_on_drop: false }`
[INFO] [stderr]    Compiling num-traits v0.2.19
[INFO] [stderr]    Compiling diman_lib v0.5.1
[INFO] [stderr]    Compiling diman_unit_system v0.5.1 (/opt/rustwide/workdir)
[INFO] [stderr]     Finished `dev` profile [unoptimized + debuginfo] target(s) in 2.29s
[INFO] running `Command { std: "docker" "inspect" "49df102533c3806446f2166c0726322f18ec755d6384ec3fbb5ff3bb068f4046", kill_on_drop: false }`
[INFO] running `Command { std: "docker" "rm" "-f" "49df102533c3806446f2166c0726322f18ec755d6384ec3fbb5ff3bb068f4046", kill_on_drop: false }`
[INFO] [stdout] 49df102533c3806446f2166c0726322f18ec755d6384ec3fbb5ff3bb068f4046
[INFO] running `Command { std: "docker" "create" "-v" "/var/lib/crater-agent-workspace/builds/worker-2-tc2/target:/opt/rustwide/target:rw,Z" "-v" "/var/lib/crater-agent-workspace/builds/worker-2-tc2/source:/opt/rustwide/workdir:ro,Z" "-v" "/var/lib/crater-agent-workspace/cargo-home:/opt/rustwide/cargo-home:ro,Z" "-v" "/var/lib/crater-agent-workspace/rustup-home:/opt/rustwide/rustup-home:ro,Z" "-e" "SOURCE_DIR=/opt/rustwide/workdir" "-e" "CARGO_TARGET_DIR=/opt/rustwide/target" "-e" "CARGO_INCREMENTAL=0" "-e" "RUST_BACKTRACE=full" "-e" "RUSTFLAGS=--cap-lints=forbid -Zrandomize-layout" "-e" "RUSTDOCFLAGS=--cap-lints=forbid" "-e" "CARGO_HOME=/opt/rustwide/cargo-home" "-e" "RUSTUP_HOME=/opt/rustwide/rustup-home" "-w" "/opt/rustwide/workdir" "-m" "1610612736" "--user" "0:0" "--network" "none" "ghcr.io/rust-lang/crates-build-env/linux@sha256:4a844ea9eb2546a2d2c7022eacef16ef2e8229c7fbb2c7d4d55a9ceca922f72d" "/opt/rustwide/cargo-home/bin/cargo" "+nightly-2024-10-28" "test" "--frozen" "--no-run" "--message-format=json", kill_on_drop: false }`
[INFO] [stdout] 3406439f1d444571318099ee6636f209b448729aac33aab76d97d5ff9bfce288
[INFO] running `Command { std: "docker" "start" "-a" "3406439f1d444571318099ee6636f209b448729aac33aab76d97d5ff9bfce288", kill_on_drop: false }`
[INFO] [stderr]    Compiling num-traits v0.2.19
[INFO] [stderr]    Compiling syn v2.0.86
[INFO] [stderr]    Compiling diman_lib v0.5.1
[INFO] [stderr]    Compiling serde_derive v1.0.214
[INFO] [stderr]    Compiling diman_unit_system v0.5.1 (/opt/rustwide/workdir)
[INFO] [stderr]    Compiling trybuild v1.0.101
[INFO] [stderr]     Finished `test` profile [unoptimized + debuginfo] target(s) in 9.47s
[INFO] running `Command { std: "docker" "inspect" "3406439f1d444571318099ee6636f209b448729aac33aab76d97d5ff9bfce288", kill_on_drop: false }`
[INFO] running `Command { std: "docker" "rm" "-f" "3406439f1d444571318099ee6636f209b448729aac33aab76d97d5ff9bfce288", kill_on_drop: false }`
[INFO] [stdout] 3406439f1d444571318099ee6636f209b448729aac33aab76d97d5ff9bfce288
[INFO] running `Command { std: "docker" "create" "-v" "/var/lib/crater-agent-workspace/builds/worker-2-tc2/target:/opt/rustwide/target:rw,Z" "-v" "/var/lib/crater-agent-workspace/builds/worker-2-tc2/source:/opt/rustwide/workdir:ro,Z" "-v" "/var/lib/crater-agent-workspace/cargo-home:/opt/rustwide/cargo-home:ro,Z" "-v" "/var/lib/crater-agent-workspace/rustup-home:/opt/rustwide/rustup-home:ro,Z" "-e" "SOURCE_DIR=/opt/rustwide/workdir" "-e" "CARGO_TARGET_DIR=/opt/rustwide/target" "-e" "CARGO_INCREMENTAL=0" "-e" "RUST_BACKTRACE=full" "-e" "RUSTFLAGS=--cap-lints=forbid -Zrandomize-layout" "-e" "RUSTDOCFLAGS=--cap-lints=forbid" "-e" "CARGO_HOME=/opt/rustwide/cargo-home" "-e" "RUSTUP_HOME=/opt/rustwide/rustup-home" "-w" "/opt/rustwide/workdir" "-m" "1610612736" "--user" "0:0" "--network" "none" "ghcr.io/rust-lang/crates-build-env/linux@sha256:4a844ea9eb2546a2d2c7022eacef16ef2e8229c7fbb2c7d4d55a9ceca922f72d" "/opt/rustwide/cargo-home/bin/cargo" "+nightly-2024-10-28" "test" "--frozen", kill_on_drop: false }`
[INFO] [stdout] 66323e251b3f29492533dcbcf4a068d093d6a47c8b169b5405cef2d3fc7683f5
[INFO] running `Command { std: "docker" "start" "-a" "66323e251b3f29492533dcbcf4a068d093d6a47c8b169b5405cef2d3fc7683f5", kill_on_drop: false }`
[INFO] [stderr]     Finished `test` profile [unoptimized + debuginfo] target(s) in 0.04s
[INFO] [stderr]      Running unittests src/lib.rs (/opt/rustwide/target/debug/deps/diman_unit_system-cf6acb87bd20bd45)
[INFO] [stdout] 
[INFO] [stdout] running 7 tests
[INFO] [stdout] test parse::tests::parse_expr_exponent ... ok
[INFO] [stdout] test parse::tests::parse_expr_left_associativity ... ok
[INFO] [stdout] test parse::tests::parse_exprs ... ok
[INFO] [stdout] test types::base_dimension::tests::str_to_snakecase ... ok
[INFO] [stdout] test parse::tests::parse_unit_entry ... ok
[INFO] [stdout] test parse::tests::parse_expr_with_multiple_factors ... ok
[INFO] [stdout] test types::expression::tests::mul_expr ... ok
[INFO] [stdout] 
[INFO] [stdout] test result: ok. 7 passed; 0 failed; 0 ignored; 0 measured; 0 filtered out; finished in 0.01s
[INFO] [stdout] 
[INFO] [stderr]      Running tests/mod.rs (/opt/rustwide/target/debug/deps/mod-d388d40713efb8c6)
[INFO] [stdout] 
[INFO] [stdout] running 5 tests
[INFO] [stderr]    Compiling autocfg v1.4.0
[INFO] [stderr]     Checking unicode-ident v1.0.13
[INFO] [stderr]    Compiling syn v2.0.86
[INFO] [stderr]     Checking proc-macro2 v1.0.89
[INFO] [stderr]    Compiling num-traits v0.2.19
[INFO] [stderr]     Checking quote v1.0.37
[INFO] [stderr]     Checking diman_lib v0.5.1
[INFO] [stderr]    Compiling diman_unit_system v0.5.1 (/opt/rustwide/workdir)
[INFO] [stderr]     Checking diman_unit_system-tests v0.0.0 (/opt/rustwide/target/tests/trybuild/diman_unit_system)
[INFO] [stderr]     Finished `dev` profile [unoptimized + debuginfo] target(s) in 8.32s
[INFO] [stderr] 
[INFO] [stderr] 
[INFO] [stderr] test tests/compile_fail/dimension_annotation_violated_constant.rs ... ok
[INFO] [stderr] test tests/compile_fail/dimension_annotation_violated_unit.rs ... ok
[INFO] [stderr] test tests/compile_fail/dimension_annotation_with_unit_not_allowed.rs ... ok
[INFO] [stderr] 
[INFO] [stderr] 
[INFO] [stdout] test tests::compile_fail_dimension_annotation ... ok
[INFO] [stderr]     Checking diman_unit_system-tests v0.0.0 (/opt/rustwide/target/tests/trybuild/diman_unit_system)
[INFO] [stderr]     Finished `dev` profile [unoptimized + debuginfo] target(s) in 0.33s
[INFO] [stderr] 
[INFO] [stderr] 
[INFO] [stderr] test tests/compile_fail/type_mismatch_add_type_quantity.rs ... mismatch
[INFO] [stderr] 
[INFO] [stderr] EXPECTED:
[INFO] [stderr] ┈┈┈┈┈┈┈┈┈┈┈┈┈┈┈┈┈┈┈┈┈┈┈┈┈┈┈┈┈┈┈┈┈┈┈┈┈┈┈┈┈┈┈┈┈┈┈┈┈┈┈┈┈┈┈┈┈┈┈┈
[INFO] [stderr] error[E0271]: type mismatch resolving `<f64 as Add<Quantity<f64, Dimension>>>::Output == ()`
[INFO] [stderr]  --> tests/compile_fail/type_mismatch_add_type_quantity.rs:7:21
[INFO] [stderr]   |
[INFO] [stderr] 7 |     let x: () = 1.0 + dimensionless.new(1.0);
[INFO] [stderr]   |                     ^ expected `Quantity<f64, Dimension>`, found `()`
[INFO] [stderr]   |
[INFO] [stderr]   = note: expected struct `Quantity<f64, Dimension>`
[INFO] [stderr]           found unit type `()`
[INFO] [stderr] ┈┈┈┈┈┈┈┈┈┈┈┈┈┈┈┈┈┈┈┈┈┈┈┈┈┈┈┈┈┈┈┈┈┈┈┈┈┈┈┈┈┈┈┈┈┈┈┈┈┈┈┈┈┈┈┈┈┈┈┈
[INFO] [stderr] 
[INFO] [stderr] ACTUAL OUTPUT:
[INFO] [stderr] ┈┈┈┈┈┈┈┈┈┈┈┈┈┈┈┈┈┈┈┈┈┈┈┈┈┈┈┈┈┈┈┈┈┈┈┈┈┈┈┈┈┈┈┈┈┈┈┈┈┈┈┈┈┈┈┈┈┈┈┈
[INFO] [stderr] error[E0271]: type mismatch resolving `<f64 as Add<Quantity<f64, Dimension>>>::Output == ()`
[INFO] [stderr]  --> tests/compile_fail/type_mismatch_add_type_quantity.rs:7:21
[INFO] [stderr]   |
[INFO] [stderr] 7 |     let x: () = 1.0 + dimensionless.new(1.0);
[INFO] [stderr]   |                     ^ expected `()`, found `Quantity<f64, Dimension>`
[INFO] [stderr]   |
[INFO] [stderr]   = note: expected unit type `()`
[INFO] [stderr]                 found struct `Quantity<f64, Dimension>`
[INFO] [stderr] ┈┈┈┈┈┈┈┈┈┈┈┈┈┈┈┈┈┈┈┈┈┈┈┈┈┈┈┈┈┈┈┈┈┈┈┈┈┈┈┈┈┈┈┈┈┈┈┈┈┈┈┈┈┈┈┈┈┈┈┈
[INFO] [stderr] note: If the actual output is the correct output you can bless it by rerunning
[INFO] [stderr]       your test with the environment variable TRYBUILD=overwrite
[INFO] [stderr] 
[INFO] [stderr] test tests/compile_fail/type_mismatch_dimension.rs ... ok
[INFO] [stderr] test tests/compile_fail/type_mismatch_div_quantity.rs ... ok
[INFO] [stderr] test tests/compile_fail/type_mismatch_div_quantity_type.rs ... mismatch
[INFO] [stderr] 
[INFO] [stderr] EXPECTED:
[INFO] [stderr] ┈┈┈┈┈┈┈┈┈┈┈┈┈┈┈┈┈┈┈┈┈┈┈┈┈┈┈┈┈┈┈┈┈┈┈┈┈┈┈┈┈┈┈┈┈┈┈┈┈┈┈┈┈┈┈┈┈┈┈┈
[INFO] [stderr] error[E0271]: type mismatch resolving `<f64 as Div<Quantity<f64, Dimension>>>::Output == ()`
[INFO] [stderr]  --> tests/compile_fail/type_mismatch_div_quantity_type.rs:7:21
[INFO] [stderr]   |
[INFO] [stderr] 7 |     let x: () = 1.0 / dimensionless.new(1.0);
[INFO] [stderr]   |                     ^ expected `Quantity<f64, Dimension>`, found `()`
[INFO] [stderr]   |
[INFO] [stderr]   = note: expected struct `Quantity<f64, Dimension>`
[INFO] [stderr]           found unit type `()`
[INFO] [stderr] ┈┈┈┈┈┈┈┈┈┈┈┈┈┈┈┈┈┈┈┈┈┈┈┈┈┈┈┈┈┈┈┈┈┈┈┈┈┈┈┈┈┈┈┈┈┈┈┈┈┈┈┈┈┈┈┈┈┈┈┈
[INFO] [stderr] 
[INFO] [stderr] ACTUAL OUTPUT:
[INFO] [stderr] ┈┈┈┈┈┈┈┈┈┈┈┈┈┈┈┈┈┈┈┈┈┈┈┈┈┈┈┈┈┈┈┈┈┈┈┈┈┈┈┈┈┈┈┈┈┈┈┈┈┈┈┈┈┈┈┈┈┈┈┈
[INFO] [stderr] error[E0271]: type mismatch resolving `<f64 as Div<Quantity<f64, Dimension>>>::Output == ()`
[INFO] [stderr]  --> tests/compile_fail/type_mismatch_div_quantity_type.rs:7:21
[INFO] [stderr]   |
[INFO] [stderr] 7 |     let x: () = 1.0 / dimensionless.new(1.0);
[INFO] [stderr]   |                     ^ expected `()`, found `Quantity<f64, Dimension>`
[INFO] [stderr]   |
[INFO] [stderr]   = note: expected unit type `()`
[INFO] [stderr]                 found struct `Quantity<f64, Dimension>`
[INFO] [stderr] ┈┈┈┈┈┈┈┈┈┈┈┈┈┈┈┈┈┈┈┈┈┈┈┈┈┈┈┈┈┈┈┈┈┈┈┈┈┈┈┈┈┈┈┈┈┈┈┈┈┈┈┈┈┈┈┈┈┈┈┈
[INFO] [stderr] note: If the actual output is the correct output you can bless it by rerunning
[INFO] [stderr]       your test with the environment variable TRYBUILD=overwrite
[INFO] [stderr] 
[INFO] [stderr] test tests/compile_fail/type_mismatch_div_type_quantity.rs ... mismatch
[INFO] [stderr] 
[INFO] [stderr] EXPECTED:
[INFO] [stderr] ┈┈┈┈┈┈┈┈┈┈┈┈┈┈┈┈┈┈┈┈┈┈┈┈┈┈┈┈┈┈┈┈┈┈┈┈┈┈┈┈┈┈┈┈┈┈┈┈┈┈┈┈┈┈┈┈┈┈┈┈
[INFO] [stderr] error[E0271]: type mismatch resolving `<Quantity<f64, Dimension> as Div<f64>>::Output == ()`
[INFO] [stderr]  --> tests/compile_fail/type_mismatch_div_type_quantity.rs:7:40
[INFO] [stderr]   |
[INFO] [stderr] 7 |     let x: () = dimensionless.new(1.0) / 1.0;
[INFO] [stderr]   |                                        ^ expected `Quantity<f64, Dimension>`, found `()`
[INFO] [stderr]   |
[INFO] [stderr]   = note: expected struct `Quantity<f64, Dimension>`
[INFO] [stderr]           found unit type `()`
[INFO] [stderr] ┈┈┈┈┈┈┈┈┈┈┈┈┈┈┈┈┈┈┈┈┈┈┈┈┈┈┈┈┈┈┈┈┈┈┈┈┈┈┈┈┈┈┈┈┈┈┈┈┈┈┈┈┈┈┈┈┈┈┈┈
[INFO] [stderr] 
[INFO] [stderr] ACTUAL OUTPUT:
[INFO] [stderr] ┈┈┈┈┈┈┈┈┈┈┈┈┈┈┈┈┈┈┈┈┈┈┈┈┈┈┈┈┈┈┈┈┈┈┈┈┈┈┈┈┈┈┈┈┈┈┈┈┈┈┈┈┈┈┈┈┈┈┈┈
[INFO] [stderr] error[E0271]: type mismatch resolving `<Quantity<f64, Dimension> as Div<f64>>::Output == ()`
[INFO] [stderr]  --> tests/compile_fail/type_mismatch_div_type_quantity.rs:7:40
[INFO] [stderr]   |
[INFO] [stderr] 7 |     let x: () = dimensionless.new(1.0) / 1.0;
[INFO] [stderr]   |                                        ^ expected `()`, found `Quantity<f64, Dimension>`
[INFO] [stderr]   |
[INFO] [stderr]   = note: expected unit type `()`
[INFO] [stderr]                 found struct `Quantity<f64, Dimension>`
[INFO] [stderr] ┈┈┈┈┈┈┈┈┈┈┈┈┈┈┈┈┈┈┈┈┈┈┈┈┈┈┈┈┈┈┈┈┈┈┈┈┈┈┈┈┈┈┈┈┈┈┈┈┈┈┈┈┈┈┈┈┈┈┈┈
[INFO] [stderr] note: If the actual output is the correct output you can bless it by rerunning
[INFO] [stderr]       your test with the environment variable TRYBUILD=overwrite
[INFO] [stderr] 
[INFO] [stderr] test tests/compile_fail/type_mismatch_function_call.rs ... ok
[INFO] [stderr] test tests/compile_fail/type_mismatch_mul_quantity.rs ... ok
[INFO] [stderr] test tests/compile_fail/type_mismatch_mul_quantity_type.rs ... mismatch
[INFO] [stderr] 
[INFO] [stderr] EXPECTED:
[INFO] [stderr] ┈┈┈┈┈┈┈┈┈┈┈┈┈┈┈┈┈┈┈┈┈┈┈┈┈┈┈┈┈┈┈┈┈┈┈┈┈┈┈┈┈┈┈┈┈┈┈┈┈┈┈┈┈┈┈┈┈┈┈┈
[INFO] [stderr] error[E0271]: type mismatch resolving `<f64 as Mul<Quantity<f64, Dimension>>>::Output == ()`
[INFO] [stderr]  --> tests/compile_fail/type_mismatch_mul_quantity_type.rs:7:21
[INFO] [stderr]   |
[INFO] [stderr] 7 |     let x: () = 1.0 * dimensionless.new(1.0);
[INFO] [stderr]   |                     ^ expected `Quantity<f64, Dimension>`, found `()`
[INFO] [stderr]   |
[INFO] [stderr]   = note: expected struct `Quantity<f64, Dimension>`
[INFO] [stderr]           found unit type `()`
[INFO] [stderr] ┈┈┈┈┈┈┈┈┈┈┈┈┈┈┈┈┈┈┈┈┈┈┈┈┈┈┈┈┈┈┈┈┈┈┈┈┈┈┈┈┈┈┈┈┈┈┈┈┈┈┈┈┈┈┈┈┈┈┈┈
[INFO] [stderr] 
[INFO] [stderr] ACTUAL OUTPUT:
[INFO] [stderr] ┈┈┈┈┈┈┈┈┈┈┈┈┈┈┈┈┈┈┈┈┈┈┈┈┈┈┈┈┈┈┈┈┈┈┈┈┈┈┈┈┈┈┈┈┈┈┈┈┈┈┈┈┈┈┈┈┈┈┈┈
[INFO] [stderr] error[E0271]: type mismatch resolving `<f64 as Mul<Quantity<f64, Dimension>>>::Output == ()`
[INFO] [stderr]  --> tests/compile_fail/type_mismatch_mul_quantity_type.rs:7:21
[INFO] [stderr]   |
[INFO] [stderr] 7 |     let x: () = 1.0 * dimensionless.new(1.0);
[INFO] [stderr]   |                     ^ expected `()`, found `Quantity<f64, Dimension>`
[INFO] [stderr]   |
[INFO] [stderr]   = note: expected unit type `()`
[INFO] [stderr]                 found struct `Quantity<f64, Dimension>`
[INFO] [stderr] ┈┈┈┈┈┈┈┈┈┈┈┈┈┈┈┈┈┈┈┈┈┈┈┈┈┈┈┈┈┈┈┈┈┈┈┈┈┈┈┈┈┈┈┈┈┈┈┈┈┈┈┈┈┈┈┈┈┈┈┈
[INFO] [stderr] note: If the actual output is the correct output you can bless it by rerunning
[INFO] [stderr]       your test with the environment variable TRYBUILD=overwrite
[INFO] [stderr] 
[INFO] [stderr] test tests/compile_fail/type_mismatch_mul_type_quantity.rs ... mismatch
[INFO] [stderr] 
[INFO] [stderr] EXPECTED:
[INFO] [stderr] ┈┈┈┈┈┈┈┈┈┈┈┈┈┈┈┈┈┈┈┈┈┈┈┈┈┈┈┈┈┈┈┈┈┈┈┈┈┈┈┈┈┈┈┈┈┈┈┈┈┈┈┈┈┈┈┈┈┈┈┈
[INFO] [stderr] error[E0271]: type mismatch resolving `<Quantity<f64, Dimension> as Mul<f64>>::Output == ()`
[INFO] [stderr]  --> tests/compile_fail/type_mismatch_mul_type_quantity.rs:7:40
[INFO] [stderr]   |
[INFO] [stderr] 7 |     let x: () = dimensionless.new(1.0) * 1.0;
[INFO] [stderr]   |                                        ^ expected `Quantity<f64, Dimension>`, found `()`
[INFO] [stderr]   |
[INFO] [stderr]   = note: expected struct `Quantity<f64, Dimension>`
[INFO] [stderr]           found unit type `()`
[INFO] [stderr] ┈┈┈┈┈┈┈┈┈┈┈┈┈┈┈┈┈┈┈┈┈┈┈┈┈┈┈┈┈┈┈┈┈┈┈┈┈┈┈┈┈┈┈┈┈┈┈┈┈┈┈┈┈┈┈┈┈┈┈┈
[INFO] [stderr] 
[INFO] [stderr] ACTUAL OUTPUT:
[INFO] [stderr] ┈┈┈┈┈┈┈┈┈┈┈┈┈┈┈┈┈┈┈┈┈┈┈┈┈┈┈┈┈┈┈┈┈┈┈┈┈┈┈┈┈┈┈┈┈┈┈┈┈┈┈┈┈┈┈┈┈┈┈┈
[INFO] [stderr] error[E0271]: type mismatch resolving `<Quantity<f64, Dimension> as Mul<f64>>::Output == ()`
[INFO] [stderr]  --> tests/compile_fail/type_mismatch_mul_type_quantity.rs:7:40
[INFO] [stderr]   |
[INFO] [stderr] 7 |     let x: () = dimensionless.new(1.0) * 1.0;
[INFO] [stderr]   |                                        ^ expected `()`, found `Quantity<f64, Dimension>`
[INFO] [stderr]   |
[INFO] [stderr]   = note: expected unit type `()`
[INFO] [stderr]                 found struct `Quantity<f64, Dimension>`
[INFO] [stderr] ┈┈┈┈┈┈┈┈┈┈┈┈┈┈┈┈┈┈┈┈┈┈┈┈┈┈┈┈┈┈┈┈┈┈┈┈┈┈┈┈┈┈┈┈┈┈┈┈┈┈┈┈┈┈┈┈┈┈┈┈
[INFO] [stderr] note: If the actual output is the correct output you can bless it by rerunning
[INFO] [stderr]       your test with the environment variable TRYBUILD=overwrite
[INFO] [stderr] 
[INFO] [stderr] 
[INFO] [stderr] 
[INFO] [stdout] test tests::compile_fail_type_mismatch ... FAILED
[INFO] [stderr]     Checking diman_unit_system-tests v0.0.0 (/opt/rustwide/target/tests/trybuild/diman_unit_system)
[INFO] [stderr]     Finished `dev` profile [unoptimized + debuginfo] target(s) in 0.06s
[INFO] [stderr] 
[INFO] [stderr] 
[INFO] [stderr] test tests/compile_fail/resolver_dimension_in_constant_expression_not_allowed.rs ... ok
[INFO] [stderr] test tests/compile_fail/resolver_dimension_in_unit_expression_not_allowed.rs ... ok
[INFO] [stderr] test tests/compile_fail/resolver_duplicate_base_unit.rs ... ok
[INFO] [stderr] test tests/compile_fail/resolver_duplicate_definition.rs ... ok
[INFO] [stderr] test tests/compile_fail/resolver_duplicate_symbol.rs ... ok
[INFO] [stderr] test tests/compile_fail/resolver_partial_resolution.rs ... ok
[INFO] [stderr] test tests/compile_fail/resolver_prefixed_or_aliased_units_dont_generate_multiple_errors.rs ... ok
[INFO] [stderr] test tests/compile_fail/resolver_undefined_identifier.rs ... ok
[INFO] [stderr] test tests/compile_fail/resolver_units_in_dimension_expression_not_allowed.rs ... ok
[INFO] [stderr] test tests/compile_fail/resolver_unresolvable.rs ... ok
[INFO] [stderr] 
[INFO] [stderr] 
[INFO] [stdout] test tests::compile_fail_resolver ... ok
[INFO] [stderr]     Checking diman_unit_system-tests v0.0.0 (/opt/rustwide/target/tests/trybuild/diman_unit_system)
[INFO] [stderr]     Finished `dev` profile [unoptimized + debuginfo] target(s) in 0.07s
[INFO] [stderr] 
[INFO] [stderr] 
[INFO] [stderr] test tests/compile_fail/dimension_definition_with_numeric_factor.rs ... ok
[INFO] [stderr] 
[INFO] [stderr] 
[INFO] [stdout] test tests::compile_fail_dimension_def_numeric_factor ... ok
[INFO] [stderr]     Checking diman_unit_system-tests v0.0.0 (/opt/rustwide/target/tests/trybuild/diman_unit_system)
[INFO] [stderr]     Finished `dev` profile [unoptimized + debuginfo] target(s) in 0.07s
[INFO] [stderr] 
[INFO] [stderr] 
[INFO] [stderr] test tests/compile_fail/float_unknown_method_on_quantity_type_alias.rs ... ok
[INFO] [stderr] 
[INFO] [stderr] 
[INFO] [stdout] test tests::compile_fail_float ... ok
[INFO] [stdout] 
[INFO] [stdout] failures:
[INFO] [stdout] 
[INFO] [stdout] ---- tests::compile_fail_type_mismatch stdout ----
[INFO] [stdout] thread 'tests::compile_fail_type_mismatch' panicked at /opt/rustwide/cargo-home/registry/src/index.crates.io-6f17d22bba15001f/trybuild-1.0.101/src/run.rs:101:13:
[INFO] [stdout] 5 of 9 tests failed
[INFO] [stdout] stack backtrace:
[INFO] [stdout]    0:     0x5f7d00f8c16a - std::backtrace_rs::backtrace::libunwind::trace::h207520d6e9873551
[INFO] [stdout]                                at /rustc/df4ca44d3fbc9301ee17f30f4d474e6ae4b05252/library/std/src/../../backtrace/src/backtrace/libunwind.rs:116:5
[INFO] [stdout]    1:     0x5f7d00f8c16a - std::backtrace_rs::backtrace::trace_unsynchronized::h2ed7433f370e3eca
[INFO] [stdout]                                at /rustc/df4ca44d3fbc9301ee17f30f4d474e6ae4b05252/library/std/src/../../backtrace/src/backtrace/mod.rs:66:5
[INFO] [stdout]    2:     0x5f7d00f8c16a - std::sys::backtrace::_print_fmt::h916fac51166b18d7
[INFO] [stdout]                                at /rustc/df4ca44d3fbc9301ee17f30f4d474e6ae4b05252/library/std/src/sys/backtrace.rs:66:9
[INFO] [stdout]    3:     0x5f7d00f8c16a - <std::sys::backtrace::BacktraceLock::print::DisplayBacktrace as core::fmt::Display>::fmt::ha0a4c9b8ce3802e6
[INFO] [stdout]                                at /rustc/df4ca44d3fbc9301ee17f30f4d474e6ae4b05252/library/std/src/sys/backtrace.rs:39:26
[INFO] [stdout]    4:     0x5f7d00fb6613 - core::fmt::rt::Argument::fmt::h4cfc8587d52b3eb5
[INFO] [stdout]                                at /rustc/df4ca44d3fbc9301ee17f30f4d474e6ae4b05252/library/core/src/fmt/rt.rs:177:76
[INFO] [stdout]    5:     0x5f7d00fb6613 - core::fmt::write::h522cc39e5b36ae9f
[INFO] [stdout]                                at /rustc/df4ca44d3fbc9301ee17f30f4d474e6ae4b05252/library/core/src/fmt/mod.rs:1190:21
[INFO] [stdout]    6:     0x5f7d00f881a3 - std::io::Write::write_fmt::h7d3c26752da97734
[INFO] [stdout]                                at /rustc/df4ca44d3fbc9301ee17f30f4d474e6ae4b05252/library/std/src/io/mod.rs:1839:15
[INFO] [stdout]    7:     0x5f7d00f8bfb2 - std::sys::backtrace::BacktraceLock::print::h4b9e00b29e9c0942
[INFO] [stdout]                                at /rustc/df4ca44d3fbc9301ee17f30f4d474e6ae4b05252/library/std/src/sys/backtrace.rs:42:9
[INFO] [stdout]    8:     0x5f7d00f8dbfa - std::panicking::default_hook::{{closure}}::hb59b88280d0324d9
[INFO] [stdout]                                at /rustc/df4ca44d3fbc9301ee17f30f4d474e6ae4b05252/library/std/src/panicking.rs:268:22
[INFO] [stdout]    9:     0x5f7d00f8da04 - std::panicking::default_hook::he1dd496665be4a29
[INFO] [stdout]                                at /rustc/df4ca44d3fbc9301ee17f30f4d474e6ae4b05252/library/std/src/panicking.rs:292:9
[INFO] [stdout]   10:     0x5f7d00f546f9 - <alloc::boxed::Box<F,A> as core::ops::function::Fn<Args>>::call::h4ff71de18744e1dc
[INFO] [stdout]                                at /rustc/df4ca44d3fbc9301ee17f30f4d474e6ae4b05252/library/alloc/src/boxed.rs:2468:9
[INFO] [stdout]   11:     0x5f7d00f546f9 - test::test_main::{{closure}}::hcf7c055ce117aa81
[INFO] [stdout]                                at /rustc/df4ca44d3fbc9301ee17f30f4d474e6ae4b05252/library/test/src/lib.rs:133:21
[INFO] [stdout]   12:     0x5f7d00f8e2f8 - <alloc::boxed::Box<F,A> as core::ops::function::Fn<Args>>::call::h1d66c6bbd60c9692
[INFO] [stdout]                                at /rustc/df4ca44d3fbc9301ee17f30f4d474e6ae4b05252/library/alloc/src/boxed.rs:2468:9
[INFO] [stdout]   13:     0x5f7d00f8e2f8 - std::panicking::rust_panic_with_hook::h2ff17fe8f26dfcf8
[INFO] [stdout]                                at /rustc/df4ca44d3fbc9301ee17f30f4d474e6ae4b05252/library/std/src/panicking.rs:809:13
[INFO] [stdout]   14:     0x5f7d00f8e0ba - std::panicking::begin_panic_handler::{{closure}}::h4fad77951c07e101
[INFO] [stdout]                                at /rustc/df4ca44d3fbc9301ee17f30f4d474e6ae4b05252/library/std/src/panicking.rs:674:13
[INFO] [stdout]   15:     0x5f7d00f8c649 - std::sys::backtrace::__rust_end_short_backtrace::hb1a25b3da5d0ea08
[INFO] [stdout]                                at /rustc/df4ca44d3fbc9301ee17f30f4d474e6ae4b05252/library/std/src/sys/backtrace.rs:170:18
[INFO] [stdout]   16:     0x5f7d00f8dd4c - rust_begin_unwind
[INFO] [stdout]                                at /rustc/df4ca44d3fbc9301ee17f30f4d474e6ae4b05252/library/std/src/panicking.rs:665:5
[INFO] [stdout]   17:     0x5f7d00fb49c0 - core::panicking::panic_fmt::ha9db07b529f9b256
[INFO] [stdout]                                at /rustc/df4ca44d3fbc9301ee17f30f4d474e6ae4b05252/library/core/src/panicking.rs:75:14
[INFO] [stdout]   18:     0x5f7d00c72d25 - trybuild::run::<impl trybuild::Runner>::run::ha9a6ce04b414555a
[INFO] [stdout]                                at /opt/rustwide/cargo-home/registry/src/index.crates.io-6f17d22bba15001f/trybuild-1.0.101/src/run.rs:101:13
[INFO] [stdout]   19:     0x5f7d00c78258 - <trybuild::TestCases as core::ops::drop::Drop>::drop::h4b001f2b1f9ccd7d
[INFO] [stdout]                                at /opt/rustwide/cargo-home/registry/src/index.crates.io-6f17d22bba15001f/trybuild-1.0.101/src/lib.rs:340:13
[INFO] [stdout]   20:     0x5f7d00c63b27 - core::ptr::drop_in_place<trybuild::TestCases>::h85fa03b78a69921a
[INFO] [stdout]                                at /rustc/df4ca44d3fbc9301ee17f30f4d474e6ae4b05252/library/core/src/ptr/mod.rs:521:1
[INFO] [stdout]   21:     0x5f7d00c643b3 - mod::tests::compile_fail_type_mismatch::h2ce8d72e81869f60
[INFO] [stdout]                                at /opt/rustwide/workdir/tests/mod.rs:35:5
[INFO] [stdout]   22:     0x5f7d00c64347 - mod::tests::compile_fail_type_mismatch::{{closure}}::hdf2ab12064e87295
[INFO] [stdout]                                at /opt/rustwide/workdir/tests/mod.rs:32:36
[INFO] [stdout]   23:     0x5f7d00c639d6 - core::ops::function::FnOnce::call_once::h7264cee43a4800c6
[INFO] [stdout]                                at /rustc/df4ca44d3fbc9301ee17f30f4d474e6ae4b05252/library/core/src/ops/function.rs:250:5
[INFO] [stdout]   24:     0x5f7d00f58fcb - core::ops::function::FnOnce::call_once::h22c3ba5715e93f05
[INFO] [stdout]                                at /rustc/df4ca44d3fbc9301ee17f30f4d474e6ae4b05252/library/core/src/ops/function.rs:250:5
[INFO] [stdout]   25:     0x5f7d00f58fcb - test::__rust_begin_short_backtrace::h8e82d8113d0da17f
[INFO] [stdout]                                at /rustc/df4ca44d3fbc9301ee17f30f4d474e6ae4b05252/library/test/src/lib.rs:621:18
[INFO] [stdout]   26:     0x5f7d00f58947 - test::run_test_in_process::{{closure}}::h33235f4f20b7b7c7
[INFO] [stdout]                                at /rustc/df4ca44d3fbc9301ee17f30f4d474e6ae4b05252/library/test/src/lib.rs:644:60
[INFO] [stdout]   27:     0x5f7d00f58947 - <core::panic::unwind_safe::AssertUnwindSafe<F> as core::ops::function::FnOnce<()>>::call_once::hb5043206310c586f
[INFO] [stdout]                                at /rustc/df4ca44d3fbc9301ee17f30f4d474e6ae4b05252/library/core/src/panic/unwind_safe.rs:272:9
[INFO] [stdout]   28:     0x5f7d00f58947 - std::panicking::try::do_call::h9ad4731a60ab23e2
[INFO] [stdout]                                at /rustc/df4ca44d3fbc9301ee17f30f4d474e6ae4b05252/library/std/src/panicking.rs:557:40
[INFO] [stdout]   29:     0x5f7d00f58947 - std::panicking::try::h3824d23db772a716
[INFO] [stdout]                                at /rustc/df4ca44d3fbc9301ee17f30f4d474e6ae4b05252/library/std/src/panicking.rs:520:19
[INFO] [stdout]   30:     0x5f7d00f58947 - std::panic::catch_unwind::h5afd514605fde46b
[INFO] [stdout]                                at /rustc/df4ca44d3fbc9301ee17f30f4d474e6ae4b05252/library/std/src/panic.rs:358:14
[INFO] [stdout]   31:     0x5f7d00f58947 - test::run_test_in_process::h0d5cbfa7067d1720
[INFO] [stdout]                                at /rustc/df4ca44d3fbc9301ee17f30f4d474e6ae4b05252/library/test/src/lib.rs:644:27
[INFO] [stdout]   32:     0x5f7d00f58947 - test::run_test::{{closure}}::h708eb8872708115d
[INFO] [stdout]                                at /rustc/df4ca44d3fbc9301ee17f30f4d474e6ae4b05252/library/test/src/lib.rs:565:43
[INFO] [stdout]   33:     0x5f7d00f1c064 - test::run_test::{{closure}}::h392c51cee94713ab
[INFO] [stdout]                                at /rustc/df4ca44d3fbc9301ee17f30f4d474e6ae4b05252/library/test/src/lib.rs:595:41
[INFO] [stdout]   34:     0x5f7d00f1c064 - std::sys::backtrace::__rust_begin_short_backtrace::h2f40290710935a8b
[INFO] [stdout]                                at /rustc/df4ca44d3fbc9301ee17f30f4d474e6ae4b05252/library/std/src/sys/backtrace.rs:154:18
[INFO] [stdout]   35:     0x5f7d00f1f80e - std::thread::Builder::spawn_unchecked_::{{closure}}::{{closure}}::h3fd968d89053a903
[INFO] [stdout]                                at /rustc/df4ca44d3fbc9301ee17f30f4d474e6ae4b05252/library/std/src/thread/mod.rs:541:17
[INFO] [stdout]   36:     0x5f7d00f1f80e - <core::panic::unwind_safe::AssertUnwindSafe<F> as core::ops::function::FnOnce<()>>::call_once::h743f637ba4229880
[INFO] [stdout]                                at /rustc/df4ca44d3fbc9301ee17f30f4d474e6ae4b05252/library/core/src/panic/unwind_safe.rs:272:9
[INFO] [stdout]   37:     0x5f7d00f1f80e - std::panicking::try::do_call::h07440897322525a6
[INFO] [stdout]                                at /rustc/df4ca44d3fbc9301ee17f30f4d474e6ae4b05252/library/std/src/panicking.rs:557:40
[INFO] [stdout]   38:     0x5f7d00f1f80e - std::panicking::try::he5a2e00188156637
[INFO] [stdout]                                at /rustc/df4ca44d3fbc9301ee17f30f4d474e6ae4b05252/library/std/src/panicking.rs:520:19
[INFO] [stdout]   39:     0x5f7d00f1f80e - std::panic::catch_unwind::hbaf3cae49b3c6433
[INFO] [stdout]                                at /rustc/df4ca44d3fbc9301ee17f30f4d474e6ae4b05252/library/std/src/panic.rs:358:14
[INFO] [stdout]   40:     0x5f7d00f1f80e - std::thread::Builder::spawn_unchecked_::{{closure}}::h8e141ea224820bce
[INFO] [stdout]                                at /rustc/df4ca44d3fbc9301ee17f30f4d474e6ae4b05252/library/std/src/thread/mod.rs:540:30
[INFO] [stdout]   41:     0x5f7d00f1f80e - core::ops::function::FnOnce::call_once{{vtable.shim}}::h90d312fedd7b8ea8
[INFO] [stdout]                                at /rustc/df4ca44d3fbc9301ee17f30f4d474e6ae4b05252/library/core/src/ops/function.rs:250:5
[INFO] [stdout]   42:     0x5f7d00f930bb - <alloc::boxed::Box<F,A> as core::ops::function::FnOnce<Args>>::call_once::h69aa08ddb6adb8b6
[INFO] [stdout]                                at /rustc/df4ca44d3fbc9301ee17f30f4d474e6ae4b05252/library/alloc/src/boxed.rs:2454:9
[INFO] [stdout]   43:     0x5f7d00f930bb - <alloc::boxed::Box<F,A> as core::ops::function::FnOnce<Args>>::call_once::h5aa36efdb79c806f
[INFO] [stdout]                                at /rustc/df4ca44d3fbc9301ee17f30f4d474e6ae4b05252/library/alloc/src/boxed.rs:2454:9
[INFO] [stdout]   44:     0x5f7d00f930bb - std::sys::pal::unix::thread::Thread::new::thread_start::h6cd80a1b4be5158d
[INFO] [stdout]                                at /rustc/df4ca44d3fbc9301ee17f30f4d474e6ae4b05252/library/std/src/sys/pal/unix/thread.rs:105:17
[INFO] [stdout]   45:     0x7aeec8bcaac3 - <unknown>
[INFO] [stdout]   46:     0x7aeec8c5ba04 - clone
[INFO] [stdout]   47:                0x0 - <unknown>
[INFO] [stdout] 
[INFO] [stdout] 
[INFO] [stdout] failures:
[INFO] [stdout]     tests::compile_fail_type_mismatch
[INFO] [stdout] 
[INFO] [stdout] test result: FAILED. 4 passed; 1 failed; 0 ignored; 0 measured; 0 filtered out; finished in 11.98s
[INFO] [stdout] 
[INFO] [stderr] error: test failed, to rerun pass `--test mod`
[INFO] running `Command { std: "docker" "inspect" "66323e251b3f29492533dcbcf4a068d093d6a47c8b169b5405cef2d3fc7683f5", kill_on_drop: false }`
[INFO] running `Command { std: "docker" "rm" "-f" "66323e251b3f29492533dcbcf4a068d093d6a47c8b169b5405cef2d3fc7683f5", kill_on_drop: false }`
[INFO] [stdout] 66323e251b3f29492533dcbcf4a068d093d6a47c8b169b5405cef2d3fc7683f5
