[INFO] fetching crate diffimg 2.1.0...
[INFO] testing diffimg-2.1.0 against nightly-2024-10-28 for randomize-layout
[INFO] extracting crate diffimg 2.1.0 into /workspace/builds/worker-7-tc1/source
[INFO] validating manifest of crates.io crate diffimg 2.1.0 on toolchain nightly-2024-10-28
[INFO] running `Command { std: CARGO_HOME="/workspace/cargo-home" RUSTUP_HOME="/workspace/rustup-home" "/workspace/cargo-home/bin/cargo" "+nightly-2024-10-28" "metadata" "--manifest-path" "Cargo.toml" "--no-deps", kill_on_drop: false }`
[INFO] started tweaking crates.io crate diffimg 2.1.0
[INFO] finished tweaking crates.io crate diffimg 2.1.0
[INFO] tweaked toml for crates.io crate diffimg 2.1.0 written to /workspace/builds/worker-7-tc1/source/Cargo.toml
[INFO] running `Command { std: CARGO_HOME="/workspace/cargo-home" RUSTUP_HOME="/workspace/rustup-home" "/workspace/cargo-home/bin/cargo" "+nightly-2024-10-28" "generate-lockfile" "--manifest-path" "Cargo.toml", kill_on_drop: false }`
[INFO] [stderr]     Updating crates.io index
[INFO] [stderr]      Locking 18 packages to latest compatible versions
[INFO] [stderr]       Adding base64 v0.12.3 (available: v0.22.1)
[INFO] [stderr]       Adding image v0.23.14 (available: v0.25.4)
[INFO] running `Command { std: CARGO_HOME="/workspace/cargo-home" RUSTUP_HOME="/workspace/rustup-home" "/workspace/cargo-home/bin/cargo" "+nightly-2024-10-28" "fetch" "--manifest-path" "Cargo.toml", kill_on_drop: false }`
[INFO] [stderr]  Downloading crates ...
[INFO] [stderr]   Downloaded lcs-diff v0.1.1
[INFO] running `Command { std: "docker" "create" "-v" "/var/lib/crater-agent-workspace/builds/worker-7-tc1/target:/opt/rustwide/target:rw,Z" "-v" "/var/lib/crater-agent-workspace/builds/worker-7-tc1/source:/opt/rustwide/workdir:ro,Z" "-v" "/var/lib/crater-agent-workspace/cargo-home:/opt/rustwide/cargo-home:ro,Z" "-v" "/var/lib/crater-agent-workspace/rustup-home:/opt/rustwide/rustup-home:ro,Z" "-e" "SOURCE_DIR=/opt/rustwide/workdir" "-e" "CARGO_TARGET_DIR=/opt/rustwide/target" "-e" "CARGO_HOME=/opt/rustwide/cargo-home" "-e" "RUSTUP_HOME=/opt/rustwide/rustup-home" "-w" "/opt/rustwide/workdir" "-m" "1610612736" "--user" "0:0" "--network" "none" "ghcr.io/rust-lang/crates-build-env/linux@sha256:4a844ea9eb2546a2d2c7022eacef16ef2e8229c7fbb2c7d4d55a9ceca922f72d" "/opt/rustwide/cargo-home/bin/cargo" "+nightly-2024-10-28" "metadata" "--no-deps" "--format-version=1", kill_on_drop: false }`
[INFO] [stdout] 17261ef659965b48ab80a12a811b9e4a7fe331dc9bff89bd2537176a6fa71be7
[INFO] running `Command { std: "docker" "start" "-a" "17261ef659965b48ab80a12a811b9e4a7fe331dc9bff89bd2537176a6fa71be7", kill_on_drop: false }`
[INFO] running `Command { std: "docker" "inspect" "17261ef659965b48ab80a12a811b9e4a7fe331dc9bff89bd2537176a6fa71be7", kill_on_drop: false }`
[INFO] running `Command { std: "docker" "rm" "-f" "17261ef659965b48ab80a12a811b9e4a7fe331dc9bff89bd2537176a6fa71be7", kill_on_drop: false }`
[INFO] [stdout] 17261ef659965b48ab80a12a811b9e4a7fe331dc9bff89bd2537176a6fa71be7
[INFO] running `Command { std: "docker" "create" "-v" "/var/lib/crater-agent-workspace/builds/worker-7-tc1/target:/opt/rustwide/target:rw,Z" "-v" "/var/lib/crater-agent-workspace/builds/worker-7-tc1/source:/opt/rustwide/workdir:ro,Z" "-v" "/var/lib/crater-agent-workspace/cargo-home:/opt/rustwide/cargo-home:ro,Z" "-v" "/var/lib/crater-agent-workspace/rustup-home:/opt/rustwide/rustup-home:ro,Z" "-e" "SOURCE_DIR=/opt/rustwide/workdir" "-e" "CARGO_TARGET_DIR=/opt/rustwide/target" "-e" "CARGO_INCREMENTAL=0" "-e" "RUST_BACKTRACE=full" "-e" "RUSTFLAGS=--cap-lints=forbid" "-e" "RUSTDOCFLAGS=--cap-lints=forbid" "-e" "CARGO_HOME=/opt/rustwide/cargo-home" "-e" "RUSTUP_HOME=/opt/rustwide/rustup-home" "-w" "/opt/rustwide/workdir" "-m" "1610612736" "--user" "0:0" "--network" "none" "ghcr.io/rust-lang/crates-build-env/linux@sha256:4a844ea9eb2546a2d2c7022eacef16ef2e8229c7fbb2c7d4d55a9ceca922f72d" "/opt/rustwide/cargo-home/bin/cargo" "+nightly-2024-10-28" "build" "--frozen" "--message-format=json", kill_on_drop: false }`
[INFO] [stdout] 6a3e3274031cacf62eb9cc0fb8e117755237b5315fd04ebb0ef6d9dcc42f5232
[INFO] running `Command { std: "docker" "start" "-a" "6a3e3274031cacf62eb9cc0fb8e117755237b5315fd04ebb0ef6d9dcc42f5232", kill_on_drop: false }`
[INFO] [stderr]    Compiling lcs-diff v0.1.1
[INFO] [stderr]    Compiling base64 v0.12.3
[INFO] [stderr]    Compiling diffimg v2.1.0 (/opt/rustwide/workdir)
[INFO] [stderr]     Finished `dev` profile [unoptimized + debuginfo] target(s) in 0.25s
[INFO] running `Command { std: "docker" "inspect" "6a3e3274031cacf62eb9cc0fb8e117755237b5315fd04ebb0ef6d9dcc42f5232", kill_on_drop: false }`
[INFO] running `Command { std: "docker" "rm" "-f" "6a3e3274031cacf62eb9cc0fb8e117755237b5315fd04ebb0ef6d9dcc42f5232", kill_on_drop: false }`
[INFO] [stdout] 6a3e3274031cacf62eb9cc0fb8e117755237b5315fd04ebb0ef6d9dcc42f5232
[INFO] running `Command { std: "docker" "create" "-v" "/var/lib/crater-agent-workspace/builds/worker-7-tc1/target:/opt/rustwide/target:rw,Z" "-v" "/var/lib/crater-agent-workspace/builds/worker-7-tc1/source:/opt/rustwide/workdir:ro,Z" "-v" "/var/lib/crater-agent-workspace/cargo-home:/opt/rustwide/cargo-home:ro,Z" "-v" "/var/lib/crater-agent-workspace/rustup-home:/opt/rustwide/rustup-home:ro,Z" "-e" "SOURCE_DIR=/opt/rustwide/workdir" "-e" "CARGO_TARGET_DIR=/opt/rustwide/target" "-e" "CARGO_INCREMENTAL=0" "-e" "RUST_BACKTRACE=full" "-e" "RUSTFLAGS=--cap-lints=forbid" "-e" "RUSTDOCFLAGS=--cap-lints=forbid" "-e" "CARGO_HOME=/opt/rustwide/cargo-home" "-e" "RUSTUP_HOME=/opt/rustwide/rustup-home" "-w" "/opt/rustwide/workdir" "-m" "1610612736" "--user" "0:0" "--network" "none" "ghcr.io/rust-lang/crates-build-env/linux@sha256:4a844ea9eb2546a2d2c7022eacef16ef2e8229c7fbb2c7d4d55a9ceca922f72d" "/opt/rustwide/cargo-home/bin/cargo" "+nightly-2024-10-28" "test" "--frozen" "--no-run" "--message-format=json", kill_on_drop: false }`
[INFO] [stdout] ca50ff90adb4afa05753b1d7fc5aa6f0537ec5de838c659f824d6341174abb93
[INFO] running `Command { std: "docker" "start" "-a" "ca50ff90adb4afa05753b1d7fc5aa6f0537ec5de838c659f824d6341174abb93", kill_on_drop: false }`
[INFO] [stderr]    Compiling adler32 v1.2.0
[INFO] [stderr]    Compiling num-rational v0.3.2
[INFO] [stderr]    Compiling bitflags v1.3.2
[INFO] [stderr]    Compiling color_quant v1.1.0
[INFO] [stderr]    Compiling crc32fast v1.4.2
[INFO] [stderr]    Compiling num-iter v0.1.45
[INFO] [stderr]    Compiling deflate v0.8.6
[INFO] [stderr]    Compiling miniz_oxide v0.3.7
[INFO] [stderr]    Compiling png v0.16.8
[INFO] [stderr]    Compiling image v0.23.14
[INFO] [stderr]    Compiling diffimg v2.1.0 (/opt/rustwide/workdir)
[INFO] [stderr]     Finished `test` profile [unoptimized + debuginfo] target(s) in 2.48s
[INFO] running `Command { std: "docker" "inspect" "ca50ff90adb4afa05753b1d7fc5aa6f0537ec5de838c659f824d6341174abb93", kill_on_drop: false }`
[INFO] running `Command { std: "docker" "rm" "-f" "ca50ff90adb4afa05753b1d7fc5aa6f0537ec5de838c659f824d6341174abb93", kill_on_drop: false }`
[INFO] [stdout] ca50ff90adb4afa05753b1d7fc5aa6f0537ec5de838c659f824d6341174abb93
[INFO] running `Command { std: "docker" "create" "-v" "/var/lib/crater-agent-workspace/builds/worker-7-tc1/target:/opt/rustwide/target:rw,Z" "-v" "/var/lib/crater-agent-workspace/builds/worker-7-tc1/source:/opt/rustwide/workdir:ro,Z" "-v" "/var/lib/crater-agent-workspace/cargo-home:/opt/rustwide/cargo-home:ro,Z" "-v" "/var/lib/crater-agent-workspace/rustup-home:/opt/rustwide/rustup-home:ro,Z" "-e" "SOURCE_DIR=/opt/rustwide/workdir" "-e" "CARGO_TARGET_DIR=/opt/rustwide/target" "-e" "CARGO_INCREMENTAL=0" "-e" "RUST_BACKTRACE=full" "-e" "RUSTFLAGS=--cap-lints=forbid" "-e" "RUSTDOCFLAGS=--cap-lints=forbid" "-e" "CARGO_HOME=/opt/rustwide/cargo-home" "-e" "RUSTUP_HOME=/opt/rustwide/rustup-home" "-w" "/opt/rustwide/workdir" "-m" "1610612736" "--user" "0:0" "--network" "none" "ghcr.io/rust-lang/crates-build-env/linux@sha256:4a844ea9eb2546a2d2c7022eacef16ef2e8229c7fbb2c7d4d55a9ceca922f72d" "/opt/rustwide/cargo-home/bin/cargo" "+nightly-2024-10-28" "test" "--frozen", kill_on_drop: false }`
[INFO] [stdout] fc385cbfecf27edd1b373070ebce4358c8a33a3fb7a4440d25eceb9acc590821
[INFO] running `Command { std: "docker" "start" "-a" "fc385cbfecf27edd1b373070ebce4358c8a33a3fb7a4440d25eceb9acc590821", kill_on_drop: false }`
[INFO] [stderr]     Finished `test` profile [unoptimized + debuginfo] target(s) in 0.01s
[INFO] [stderr]      Running unittests src/lib.rs (/opt/rustwide/target/debug/deps/diffimg-d9094639e2d5ca82)
[INFO] [stdout] 
[INFO] [stdout] running 1 test
[INFO] [stdout] test tests::diff_images ... ok
[INFO] [stdout] 
[INFO] [stdout] test result: ok. 1 passed; 0 failed; 0 ignored; 0 measured; 0 filtered out; finished in 0.36s
[INFO] [stdout] 
[INFO] [stderr]    Doc-tests diffimg
[INFO] [stdout] 
[INFO] [stdout] running 1 test
[INFO] [stdout] test src/lib.rs - diff (line 28) - compile ... FAILED
[INFO] [stdout] 
[INFO] [stdout] failures:
[INFO] [stdout] 
[INFO] [stdout] ---- src/lib.rs - diff (line 28) stdout ----
[INFO] [stdout] error[E0061]: this function takes 3 arguments but 2 arguments were supplied
[INFO] [stdout]   --> src/lib.rs:36:12
[INFO] [stdout]    |
[INFO] [stdout] 11 | let diff = diffimg::diff(&image1.to_bytes(), &image2.to_bytes());
[INFO] [stdout]    |            ^^^^^^^^^^^^^---------------------------------------- argument #3 of type `f64` is missing
[INFO] [stdout]    |
[INFO] [stdout] note: function defined here
[INFO] [stdout]   --> /opt/rustwide/workdir/src/lib.rs:37:8
[INFO] [stdout]    |
[INFO] [stdout] 37 | pub fn diff(image_a: &[u8], image_b: &[u8], precision: f64) -> f64 {
[INFO] [stdout]    |        ^^^^
[INFO] [stdout] help: provide the argument
[INFO] [stdout]    |
[INFO] [stdout] 11 | let diff = diffimg::diff(&image1.to_bytes(), &image2.to_bytes(), /* f64 */);
[INFO] [stdout]    |                         ~~~~~~~~~~~~~~~~~~~~~~~~~~~~~~~~~~~~~~~~~~~~~~~~~~~
[INFO] [stdout] 
[INFO] [stdout] error: aborting due to 1 previous error
[INFO] [stdout] 
[INFO] [stdout] For more information about this error, try `rustc --explain E0061`.
[INFO] [stdout] Couldn't compile the test.
[INFO] [stdout] 
[INFO] [stdout] failures:
[INFO] [stdout]     src/lib.rs - diff (line 28)
[INFO] [stdout] 
[INFO] [stdout] test result: FAILED. 0 passed; 1 failed; 0 ignored; 0 measured; 0 filtered out; finished in 0.06s
[INFO] [stdout] 
[INFO] [stderr] error: doctest failed, to rerun pass `--doc`
[INFO] running `Command { std: "docker" "inspect" "fc385cbfecf27edd1b373070ebce4358c8a33a3fb7a4440d25eceb9acc590821", kill_on_drop: false }`
[INFO] running `Command { std: "docker" "rm" "-f" "fc385cbfecf27edd1b373070ebce4358c8a33a3fb7a4440d25eceb9acc590821", kill_on_drop: false }`
[INFO] [stdout] fc385cbfecf27edd1b373070ebce4358c8a33a3fb7a4440d25eceb9acc590821
