[INFO] fetching crate diesel_json 0.2.1...
[INFO] testing diesel_json-0.2.1 against nightly-2024-10-28 for randomize-layout
[INFO] extracting crate diesel_json 0.2.1 into /workspace/builds/worker-0-tc1/source
[INFO] validating manifest of crates.io crate diesel_json 0.2.1 on toolchain nightly-2024-10-28
[INFO] running `Command { std: CARGO_HOME="/workspace/cargo-home" RUSTUP_HOME="/workspace/rustup-home" "/workspace/cargo-home/bin/cargo" "+nightly-2024-10-28" "metadata" "--manifest-path" "Cargo.toml" "--no-deps", kill_on_drop: false }`
[INFO] started tweaking crates.io crate diesel_json 0.2.1
[INFO] finished tweaking crates.io crate diesel_json 0.2.1
[INFO] tweaked toml for crates.io crate diesel_json 0.2.1 written to /workspace/builds/worker-0-tc1/source/Cargo.toml
[INFO] running `Command { std: CARGO_HOME="/workspace/cargo-home" RUSTUP_HOME="/workspace/rustup-home" "/workspace/cargo-home/bin/cargo" "+nightly-2024-10-28" "generate-lockfile" "--manifest-path" "Cargo.toml", kill_on_drop: false }`
[INFO] [stderr]     Blocking waiting for file lock on package cache
[INFO] [stderr]     Updating crates.io index
[INFO] [stderr]     Blocking waiting for file lock on package cache
[INFO] [stderr]      Locking 38 packages to latest compatible versions
[INFO] running `Command { std: CARGO_HOME="/workspace/cargo-home" RUSTUP_HOME="/workspace/rustup-home" "/workspace/cargo-home/bin/cargo" "+nightly-2024-10-28" "fetch" "--manifest-path" "Cargo.toml", kill_on_drop: false }`
[INFO] [stderr]     Blocking waiting for file lock on package cache
[INFO] running `Command { std: "docker" "create" "-v" "/var/lib/crater-agent-workspace/builds/worker-0-tc1/target:/opt/rustwide/target:rw,Z" "-v" "/var/lib/crater-agent-workspace/builds/worker-0-tc1/source:/opt/rustwide/workdir:ro,Z" "-v" "/var/lib/crater-agent-workspace/cargo-home:/opt/rustwide/cargo-home:ro,Z" "-v" "/var/lib/crater-agent-workspace/rustup-home:/opt/rustwide/rustup-home:ro,Z" "-e" "SOURCE_DIR=/opt/rustwide/workdir" "-e" "CARGO_TARGET_DIR=/opt/rustwide/target" "-e" "CARGO_HOME=/opt/rustwide/cargo-home" "-e" "RUSTUP_HOME=/opt/rustwide/rustup-home" "-w" "/opt/rustwide/workdir" "-m" "1610612736" "--user" "0:0" "--network" "none" "ghcr.io/rust-lang/crates-build-env/linux@sha256:4a844ea9eb2546a2d2c7022eacef16ef2e8229c7fbb2c7d4d55a9ceca922f72d" "/opt/rustwide/cargo-home/bin/cargo" "+nightly-2024-10-28" "metadata" "--no-deps" "--format-version=1", kill_on_drop: false }`
[INFO] [stdout] f027292fbbeeeb72fe9630a3b3f05bc16cad261641ca6bd940f9b886b95732ec
[INFO] running `Command { std: "docker" "start" "-a" "f027292fbbeeeb72fe9630a3b3f05bc16cad261641ca6bd940f9b886b95732ec", kill_on_drop: false }`
[INFO] running `Command { std: "docker" "inspect" "f027292fbbeeeb72fe9630a3b3f05bc16cad261641ca6bd940f9b886b95732ec", kill_on_drop: false }`
[INFO] running `Command { std: "docker" "rm" "-f" "f027292fbbeeeb72fe9630a3b3f05bc16cad261641ca6bd940f9b886b95732ec", kill_on_drop: false }`
[INFO] [stdout] f027292fbbeeeb72fe9630a3b3f05bc16cad261641ca6bd940f9b886b95732ec
[INFO] running `Command { std: "docker" "create" "-v" "/var/lib/crater-agent-workspace/builds/worker-0-tc1/target:/opt/rustwide/target:rw,Z" "-v" "/var/lib/crater-agent-workspace/builds/worker-0-tc1/source:/opt/rustwide/workdir:ro,Z" "-v" "/var/lib/crater-agent-workspace/cargo-home:/opt/rustwide/cargo-home:ro,Z" "-v" "/var/lib/crater-agent-workspace/rustup-home:/opt/rustwide/rustup-home:ro,Z" "-e" "SOURCE_DIR=/opt/rustwide/workdir" "-e" "CARGO_TARGET_DIR=/opt/rustwide/target" "-e" "CARGO_INCREMENTAL=0" "-e" "RUST_BACKTRACE=full" "-e" "RUSTFLAGS=--cap-lints=forbid" "-e" "RUSTDOCFLAGS=--cap-lints=forbid" "-e" "CARGO_HOME=/opt/rustwide/cargo-home" "-e" "RUSTUP_HOME=/opt/rustwide/rustup-home" "-w" "/opt/rustwide/workdir" "-m" "1610612736" "--user" "0:0" "--network" "none" "ghcr.io/rust-lang/crates-build-env/linux@sha256:4a844ea9eb2546a2d2c7022eacef16ef2e8229c7fbb2c7d4d55a9ceca922f72d" "/opt/rustwide/cargo-home/bin/cargo" "+nightly-2024-10-28" "build" "--frozen" "--message-format=json", kill_on_drop: false }`
[INFO] [stdout] 360640f6c8b474e033e6f44a4047290edf0a9b76bb7a996dbb930f62c1a46ed6
[INFO] running `Command { std: "docker" "start" "-a" "360640f6c8b474e033e6f44a4047290edf0a9b76bb7a996dbb930f62c1a46ed6", kill_on_drop: false }`
[INFO] [stderr]    Compiling strsim v0.11.1
[INFO] [stderr]    Compiling fnv v1.0.7
[INFO] [stderr]    Compiling ident_case v1.0.1
[INFO] [stderr]    Compiling heck v0.5.0
[INFO] [stderr]    Compiling either v1.13.0
[INFO] [stderr]    Compiling pq-sys v0.6.3
[INFO] [stderr]    Compiling byteorder v1.5.0
[INFO] [stderr]    Compiling syn v2.0.86
[INFO] [stderr]    Compiling darling_core v0.20.10
[INFO] [stderr]    Compiling diesel_table_macro_syntax v0.2.0
[INFO] [stderr]    Compiling serde_derive v1.0.214
[INFO] [stderr]    Compiling darling_macro v0.20.10
[INFO] [stderr]    Compiling darling v0.20.10
[INFO] [stderr]    Compiling dsl_auto_type v0.1.2
[INFO] [stderr]    Compiling diesel_derives v2.2.3
[INFO] [stderr]    Compiling serde v1.0.214
[INFO] [stderr]    Compiling serde_json v1.0.132
[INFO] [stderr]    Compiling diesel v2.2.4
[INFO] [stderr]    Compiling diesel_json v0.2.1 (/opt/rustwide/workdir)
[INFO] [stderr]     Finished `dev` profile [unoptimized + debuginfo] target(s) in 13.83s
[INFO] running `Command { std: "docker" "inspect" "360640f6c8b474e033e6f44a4047290edf0a9b76bb7a996dbb930f62c1a46ed6", kill_on_drop: false }`
[INFO] running `Command { std: "docker" "rm" "-f" "360640f6c8b474e033e6f44a4047290edf0a9b76bb7a996dbb930f62c1a46ed6", kill_on_drop: false }`
[INFO] [stdout] 360640f6c8b474e033e6f44a4047290edf0a9b76bb7a996dbb930f62c1a46ed6
[INFO] running `Command { std: "docker" "create" "-v" "/var/lib/crater-agent-workspace/builds/worker-0-tc1/target:/opt/rustwide/target:rw,Z" "-v" "/var/lib/crater-agent-workspace/builds/worker-0-tc1/source:/opt/rustwide/workdir:ro,Z" "-v" "/var/lib/crater-agent-workspace/cargo-home:/opt/rustwide/cargo-home:ro,Z" "-v" "/var/lib/crater-agent-workspace/rustup-home:/opt/rustwide/rustup-home:ro,Z" "-e" "SOURCE_DIR=/opt/rustwide/workdir" "-e" "CARGO_TARGET_DIR=/opt/rustwide/target" "-e" "CARGO_INCREMENTAL=0" "-e" "RUST_BACKTRACE=full" "-e" "RUSTFLAGS=--cap-lints=forbid" "-e" "RUSTDOCFLAGS=--cap-lints=forbid" "-e" "CARGO_HOME=/opt/rustwide/cargo-home" "-e" "RUSTUP_HOME=/opt/rustwide/rustup-home" "-w" "/opt/rustwide/workdir" "-m" "1610612736" "--user" "0:0" "--network" "none" "ghcr.io/rust-lang/crates-build-env/linux@sha256:4a844ea9eb2546a2d2c7022eacef16ef2e8229c7fbb2c7d4d55a9ceca922f72d" "/opt/rustwide/cargo-home/bin/cargo" "+nightly-2024-10-28" "test" "--frozen" "--no-run" "--message-format=json", kill_on_drop: false }`
[INFO] [stdout] 3943de54e8320f60309121d30b9c6dea5f32605455603de1d53a3fdfb44e2d5b
[INFO] running `Command { std: "docker" "start" "-a" "3943de54e8320f60309121d30b9c6dea5f32605455603de1d53a3fdfb44e2d5b", kill_on_drop: false }`
[INFO] [stderr]    Compiling winnow v0.6.20
[INFO] [stderr]    Compiling dotenv v0.15.0
[INFO] [stderr]    Compiling toml_datetime v0.6.8
[INFO] [stderr]    Compiling serde_spanned v0.6.8
[INFO] [stderr]    Compiling toml_edit v0.22.22
[INFO] [stderr]    Compiling toml v0.8.19
[INFO] [stderr]    Compiling migrations_internals v2.2.0
[INFO] [stderr]    Compiling migrations_macros v2.2.0
[INFO] [stderr]    Compiling diesel_migrations v2.2.0
[INFO] [stderr]    Compiling diesel_json v0.2.1 (/opt/rustwide/workdir)
[INFO] [stderr]     Finished `test` profile [unoptimized + debuginfo] target(s) in 4.18s
[INFO] running `Command { std: "docker" "inspect" "3943de54e8320f60309121d30b9c6dea5f32605455603de1d53a3fdfb44e2d5b", kill_on_drop: false }`
[INFO] running `Command { std: "docker" "rm" "-f" "3943de54e8320f60309121d30b9c6dea5f32605455603de1d53a3fdfb44e2d5b", kill_on_drop: false }`
[INFO] [stdout] 3943de54e8320f60309121d30b9c6dea5f32605455603de1d53a3fdfb44e2d5b
[INFO] running `Command { std: "docker" "create" "-v" "/var/lib/crater-agent-workspace/builds/worker-0-tc1/target:/opt/rustwide/target:rw,Z" "-v" "/var/lib/crater-agent-workspace/builds/worker-0-tc1/source:/opt/rustwide/workdir:ro,Z" "-v" "/var/lib/crater-agent-workspace/cargo-home:/opt/rustwide/cargo-home:ro,Z" "-v" "/var/lib/crater-agent-workspace/rustup-home:/opt/rustwide/rustup-home:ro,Z" "-e" "SOURCE_DIR=/opt/rustwide/workdir" "-e" "CARGO_TARGET_DIR=/opt/rustwide/target" "-e" "CARGO_INCREMENTAL=0" "-e" "RUST_BACKTRACE=full" "-e" "RUSTFLAGS=--cap-lints=forbid" "-e" "RUSTDOCFLAGS=--cap-lints=forbid" "-e" "CARGO_HOME=/opt/rustwide/cargo-home" "-e" "RUSTUP_HOME=/opt/rustwide/rustup-home" "-w" "/opt/rustwide/workdir" "-m" "1610612736" "--user" "0:0" "--network" "none" "ghcr.io/rust-lang/crates-build-env/linux@sha256:4a844ea9eb2546a2d2c7022eacef16ef2e8229c7fbb2c7d4d55a9ceca922f72d" "/opt/rustwide/cargo-home/bin/cargo" "+nightly-2024-10-28" "test" "--frozen", kill_on_drop: false }`
[INFO] [stdout] d2a4ef620c81f37ea5708862e23b25fb7338cd2f1b8c546f7a08ee52ee416902
[INFO] running `Command { std: "docker" "start" "-a" "d2a4ef620c81f37ea5708862e23b25fb7338cd2f1b8c546f7a08ee52ee416902", kill_on_drop: false }`
[INFO] [stderr]     Finished `test` profile [unoptimized + debuginfo] target(s) in 0.03s
[INFO] [stderr]      Running unittests src/lib.rs (/opt/rustwide/target/debug/deps/diesel_json-5049adbf724d2200)
[INFO] [stdout] 
[INFO] [stdout] running 0 tests
[INFO] [stdout] 
[INFO] [stdout] test result: ok. 0 passed; 0 failed; 0 ignored; 0 measured; 0 filtered out; finished in 0.00s
[INFO] [stdout] 
[INFO] [stderr]      Running tests/postgresql.rs (/opt/rustwide/target/debug/deps/postgresql-ad2d3d6fe2a9c64f)
[INFO] [stdout] 
[INFO] [stdout] running 1 test
[INFO] [stdout] test test_insert_and_select ... FAILED
[INFO] [stdout] 
[INFO] [stdout] failures:
[INFO] [stdout] 
[INFO] [stdout] ---- test_insert_and_select stdout ----
[INFO] [stdout] thread 'test_insert_and_select' panicked at tests/setup/mod.rs:14:29:
[INFO] [stdout] Error connecting to postgres://diesel_test:diesel_test@localhost:5432/diesel_test connection to server at "localhost" (127.0.0.1), port 5432 failed: Connection refused
[INFO] [stdout] 	Is the server running on that host and accepting TCP/IP connections?
[INFO] [stdout] connection to server at "localhost" (::1), port 5432 failed: Cannot assign requested address
[INFO] [stdout] 	Is the server running on that host and accepting TCP/IP connections?
[INFO] [stdout] 
[INFO] [stdout] stack backtrace:
[INFO] [stdout]    0:     0x5c685f57521a - std::backtrace_rs::backtrace::libunwind::trace::h207520d6e9873551
[INFO] [stdout]                                at /rustc/df4ca44d3fbc9301ee17f30f4d474e6ae4b05252/library/std/src/../../backtrace/src/backtrace/libunwind.rs:116:5
[INFO] [stdout]    1:     0x5c685f57521a - std::backtrace_rs::backtrace::trace_unsynchronized::h2ed7433f370e3eca
[INFO] [stdout]                                at /rustc/df4ca44d3fbc9301ee17f30f4d474e6ae4b05252/library/std/src/../../backtrace/src/backtrace/mod.rs:66:5
[INFO] [stdout]    2:     0x5c685f57521a - std::sys::backtrace::_print_fmt::h916fac51166b18d7
[INFO] [stdout]                                at /rustc/df4ca44d3fbc9301ee17f30f4d474e6ae4b05252/library/std/src/sys/backtrace.rs:66:9
[INFO] [stdout]    3:     0x5c685f57521a - <std::sys::backtrace::BacktraceLock::print::DisplayBacktrace as core::fmt::Display>::fmt::ha0a4c9b8ce3802e6
[INFO] [stdout]                                at /rustc/df4ca44d3fbc9301ee17f30f4d474e6ae4b05252/library/std/src/sys/backtrace.rs:39:26
[INFO] [stdout]    4:     0x5c685f59dc23 - core::fmt::rt::Argument::fmt::h4cfc8587d52b3eb5
[INFO] [stdout]                                at /rustc/df4ca44d3fbc9301ee17f30f4d474e6ae4b05252/library/core/src/fmt/rt.rs:177:76
[INFO] [stdout]    5:     0x5c685f59dc23 - core::fmt::write::h522cc39e5b36ae9f
[INFO] [stdout]                                at /rustc/df4ca44d3fbc9301ee17f30f4d474e6ae4b05252/library/core/src/fmt/mod.rs:1190:21
[INFO] [stdout]    6:     0x5c685f571ac3 - std::io::Write::write_fmt::h7d3c26752da97734
[INFO] [stdout]                                at /rustc/df4ca44d3fbc9301ee17f30f4d474e6ae4b05252/library/std/src/io/mod.rs:1839:15
[INFO] [stdout]    7:     0x5c685f575062 - std::sys::backtrace::BacktraceLock::print::h4b9e00b29e9c0942
[INFO] [stdout]                                at /rustc/df4ca44d3fbc9301ee17f30f4d474e6ae4b05252/library/std/src/sys/backtrace.rs:42:9
[INFO] [stdout]    8:     0x5c685f5766aa - std::panicking::default_hook::{{closure}}::hb59b88280d0324d9
[INFO] [stdout]                                at /rustc/df4ca44d3fbc9301ee17f30f4d474e6ae4b05252/library/std/src/panicking.rs:268:22
[INFO] [stdout]    9:     0x5c685f5764b4 - std::panicking::default_hook::he1dd496665be4a29
[INFO] [stdout]                                at /rustc/df4ca44d3fbc9301ee17f30f4d474e6ae4b05252/library/std/src/panicking.rs:292:9
[INFO] [stdout]   10:     0x5c685f3e2bf9 - <alloc::boxed::Box<F,A> as core::ops::function::Fn<Args>>::call::h4ff71de18744e1dc
[INFO] [stdout]                                at /rustc/df4ca44d3fbc9301ee17f30f4d474e6ae4b05252/library/alloc/src/boxed.rs:2468:9
[INFO] [stdout]   11:     0x5c685f3e2bf9 - test::test_main::{{closure}}::hcf7c055ce117aa81
[INFO] [stdout]                                at /rustc/df4ca44d3fbc9301ee17f30f4d474e6ae4b05252/library/test/src/lib.rs:133:21
[INFO] [stdout]   12:     0x5c685f576da8 - <alloc::boxed::Box<F,A> as core::ops::function::Fn<Args>>::call::h1d66c6bbd60c9692
[INFO] [stdout]                                at /rustc/df4ca44d3fbc9301ee17f30f4d474e6ae4b05252/library/alloc/src/boxed.rs:2468:9
[INFO] [stdout]   13:     0x5c685f576da8 - std::panicking::rust_panic_with_hook::h2ff17fe8f26dfcf8
[INFO] [stdout]                                at /rustc/df4ca44d3fbc9301ee17f30f4d474e6ae4b05252/library/std/src/panicking.rs:809:13
[INFO] [stdout]   14:     0x5c685f576b6a - std::panicking::begin_panic_handler::{{closure}}::h4fad77951c07e101
[INFO] [stdout]                                at /rustc/df4ca44d3fbc9301ee17f30f4d474e6ae4b05252/library/std/src/panicking.rs:674:13
[INFO] [stdout]   15:     0x5c685f5756f9 - std::sys::backtrace::__rust_end_short_backtrace::hb1a25b3da5d0ea08
[INFO] [stdout]                                at /rustc/df4ca44d3fbc9301ee17f30f4d474e6ae4b05252/library/std/src/sys/backtrace.rs:170:18
[INFO] [stdout]   16:     0x5c685f5767fc - rust_begin_unwind
[INFO] [stdout]                                at /rustc/df4ca44d3fbc9301ee17f30f4d474e6ae4b05252/library/std/src/panicking.rs:665:5
[INFO] [stdout]   17:     0x5c685f59c2d0 - core::panicking::panic_fmt::ha9db07b529f9b256
[INFO] [stdout]                                at /rustc/df4ca44d3fbc9301ee17f30f4d474e6ae4b05252/library/core/src/panicking.rs:75:14
[INFO] [stdout]   18:     0x5c685f376feb - postgresql::setup::establish_connection::{{closure}}::h0270b96fb8f87858
[INFO] [stdout]                                at /opt/rustwide/workdir/tests/setup/mod.rs:14:29
[INFO] [stdout]   19:     0x5c685f364288 - core::result::Result<T,E>::unwrap_or_else::h81fea5431f99af0f
[INFO] [stdout]                                at /rustc/df4ca44d3fbc9301ee17f30f4d474e6ae4b05252/library/core/src/result.rs:1457:23
[INFO] [stdout]   20:     0x5c685f376e83 - postgresql::setup::establish_connection::hcd99804f1e436a5d
[INFO] [stdout]                                at /opt/rustwide/workdir/tests/setup/mod.rs:13:5
[INFO] [stdout]   21:     0x5c685f377108 - postgresql::setup::setup::{{closure}}::hdb136746fe9ca5e9
[INFO] [stdout]                                at /opt/rustwide/workdir/tests/setup/mod.rs:21:30
[INFO] [stdout]   22:     0x5c685f37fd81 - std::sync::once::Once::call_once::{{closure}}::h9288cc0fb117fedd
[INFO] [stdout]                                at /rustc/df4ca44d3fbc9301ee17f30f4d474e6ae4b05252/library/std/src/sync/once.rs:158:41
[INFO] [stdout]   23:     0x5c685f57f4f3 - std::sys::sync::once::futex::Once::call::h71269da0f72c5b8f
[INFO] [stdout]                                at /rustc/df4ca44d3fbc9301ee17f30f4d474e6ae4b05252/library/std/src/sys/sync/once/futex.rs:176:21
[INFO] [stdout]   24:     0x5c685f37fcf7 - std::sync::once::Once::call_once::h0a00d11468555230
[INFO] [stdout]                                at /rustc/df4ca44d3fbc9301ee17f30f4d474e6ae4b05252/library/std/src/sync/once.rs:158:9
[INFO] [stdout]   25:     0x5c685f377024 - postgresql::setup::setup::h7b6642f5905b09d5
[INFO] [stdout]                                at /opt/rustwide/workdir/tests/setup/mod.rs:19:5
[INFO] [stdout]   26:     0x5c685f36922c - postgresql::test_insert_and_select::h3b7c0740ea8d160a
[INFO] [stdout]                                at /opt/rustwide/workdir/tests/postgresql.rs:48:5
[INFO] [stdout]   27:     0x5c685f369207 - postgresql::test_insert_and_select::{{closure}}::he7e95204c53a1546
[INFO] [stdout]                                at /opt/rustwide/workdir/tests/postgresql.rs:47:28
[INFO] [stdout]   28:     0x5c685f379126 - core::ops::function::FnOnce::call_once::h9e296e3ff8fad4df
[INFO] [stdout]                                at /rustc/df4ca44d3fbc9301ee17f30f4d474e6ae4b05252/library/core/src/ops/function.rs:250:5
[INFO] [stdout]   29:     0x5c685f3e74cb - core::ops::function::FnOnce::call_once::h22c3ba5715e93f05
[INFO] [stdout]                                at /rustc/df4ca44d3fbc9301ee17f30f4d474e6ae4b05252/library/core/src/ops/function.rs:250:5
[INFO] [stdout]   30:     0x5c685f3e74cb - test::__rust_begin_short_backtrace::h8e82d8113d0da17f
[INFO] [stdout]                                at /rustc/df4ca44d3fbc9301ee17f30f4d474e6ae4b05252/library/test/src/lib.rs:621:18
[INFO] [stdout]   31:     0x5c685f3e6e47 - test::run_test_in_process::{{closure}}::h33235f4f20b7b7c7
[INFO] [stdout]                                at /rustc/df4ca44d3fbc9301ee17f30f4d474e6ae4b05252/library/test/src/lib.rs:644:60
[INFO] [stdout]   32:     0x5c685f3e6e47 - <core::panic::unwind_safe::AssertUnwindSafe<F> as core::ops::function::FnOnce<()>>::call_once::hb5043206310c586f
[INFO] [stdout]                                at /rustc/df4ca44d3fbc9301ee17f30f4d474e6ae4b05252/library/core/src/panic/unwind_safe.rs:272:9
[INFO] [stdout]   33:     0x5c685f3e6e47 - std::panicking::try::do_call::h9ad4731a60ab23e2
[INFO] [stdout]                                at /rustc/df4ca44d3fbc9301ee17f30f4d474e6ae4b05252/library/std/src/panicking.rs:557:40
[INFO] [stdout]   34:     0x5c685f3e6e47 - std::panicking::try::h3824d23db772a716
[INFO] [stdout]                                at /rustc/df4ca44d3fbc9301ee17f30f4d474e6ae4b05252/library/std/src/panicking.rs:520:19
[INFO] [stdout]   35:     0x5c685f3e6e47 - std::panic::catch_unwind::h5afd514605fde46b
[INFO] [stdout]                                at /rustc/df4ca44d3fbc9301ee17f30f4d474e6ae4b05252/library/std/src/panic.rs:358:14
[INFO] [stdout]   36:     0x5c685f3e6e47 - test::run_test_in_process::h0d5cbfa7067d1720
[INFO] [stdout]                                at /rustc/df4ca44d3fbc9301ee17f30f4d474e6ae4b05252/library/test/src/lib.rs:644:27
[INFO] [stdout]   37:     0x5c685f3e6e47 - test::run_test::{{closure}}::h708eb8872708115d
[INFO] [stdout]                                at /rustc/df4ca44d3fbc9301ee17f30f4d474e6ae4b05252/library/test/src/lib.rs:565:43
[INFO] [stdout]   38:     0x5c685f3aa564 - test::run_test::{{closure}}::h392c51cee94713ab
[INFO] [stdout]                                at /rustc/df4ca44d3fbc9301ee17f30f4d474e6ae4b05252/library/test/src/lib.rs:595:41
[INFO] [stdout]   39:     0x5c685f3aa564 - std::sys::backtrace::__rust_begin_short_backtrace::h2f40290710935a8b
[INFO] [stdout]                                at /rustc/df4ca44d3fbc9301ee17f30f4d474e6ae4b05252/library/std/src/sys/backtrace.rs:154:18
[INFO] [stdout]   40:     0x5c685f3add0e - std::thread::Builder::spawn_unchecked_::{{closure}}::{{closure}}::h3fd968d89053a903
[INFO] [stdout]                                at /rustc/df4ca44d3fbc9301ee17f30f4d474e6ae4b05252/library/std/src/thread/mod.rs:541:17
[INFO] [stdout]   41:     0x5c685f3add0e - <core::panic::unwind_safe::AssertUnwindSafe<F> as core::ops::function::FnOnce<()>>::call_once::h743f637ba4229880
[INFO] [stdout]                                at /rustc/df4ca44d3fbc9301ee17f30f4d474e6ae4b05252/library/core/src/panic/unwind_safe.rs:272:9
[INFO] [stdout]   42:     0x5c685f3add0e - std::panicking::try::do_call::h07440897322525a6
[INFO] [stdout]                                at /rustc/df4ca44d3fbc9301ee17f30f4d474e6ae4b05252/library/std/src/panicking.rs:557:40
[INFO] [stdout]   43:     0x5c685f3add0e - std::panicking::try::he5a2e00188156637
[INFO] [stdout]                                at /rustc/df4ca44d3fbc9301ee17f30f4d474e6ae4b05252/library/std/src/panicking.rs:520:19
[INFO] [stdout]   44:     0x5c685f3add0e - std::panic::catch_unwind::hbaf3cae49b3c6433
[INFO] [stdout]                                at /rustc/df4ca44d3fbc9301ee17f30f4d474e6ae4b05252/library/std/src/panic.rs:358:14
[INFO] [stdout]   45:     0x5c685f3add0e - std::thread::Builder::spawn_unchecked_::{{closure}}::h8e141ea224820bce
[INFO] [stdout]                                at /rustc/df4ca44d3fbc9301ee17f30f4d474e6ae4b05252/library/std/src/thread/mod.rs:540:30
[INFO] [stdout]   46:     0x5c685f3add0e - core::ops::function::FnOnce::call_once{{vtable.shim}}::h90d312fedd7b8ea8
[INFO] [stdout]                                at /rustc/df4ca44d3fbc9301ee17f30f4d474e6ae4b05252/library/core/src/ops/function.rs:250:5
[INFO] [stdout]   47:     0x5c685f57b47b - <alloc::boxed::Box<F,A> as core::ops::function::FnOnce<Args>>::call_once::h69aa08ddb6adb8b6
[INFO] [stdout]                                at /rustc/df4ca44d3fbc9301ee17f30f4d474e6ae4b05252/library/alloc/src/boxed.rs:2454:9
[INFO] [stdout]   48:     0x5c685f57b47b - <alloc::boxed::Box<F,A> as core::ops::function::FnOnce<Args>>::call_once::h5aa36efdb79c806f
[INFO] [stdout]                                at /rustc/df4ca44d3fbc9301ee17f30f4d474e6ae4b05252/library/alloc/src/boxed.rs:2454:9
[INFO] [stdout]   49:     0x5c685f57b47b - std::sys::pal::unix::thread::Thread::new::thread_start::h6cd80a1b4be5158d
[INFO] [stdout]                                at /rustc/df4ca44d3fbc9301ee17f30f4d474e6ae4b05252/library/std/src/sys/pal/unix/thread.rs:105:17
[INFO] [stdout]   50:     0x78205320bac3 - <unknown>
[INFO] [stdout]   51:     0x78205329ca04 - clone
[INFO] [stdout]   52:                0x0 - <unknown>
[INFO] [stdout] 
[INFO] [stdout] 
[INFO] [stdout] failures:
[INFO] [stdout]     test_insert_and_select
[INFO] [stdout] 
[INFO] [stdout] test result: FAILED. 0 passed; 1 failed; 0 ignored; 0 measured; 0 filtered out; finished in 0.02s
[INFO] [stdout] 
[INFO] [stderr] error: test failed, to rerun pass `--test postgresql`
[INFO] running `Command { std: "docker" "inspect" "d2a4ef620c81f37ea5708862e23b25fb7338cd2f1b8c546f7a08ee52ee416902", kill_on_drop: false }`
[INFO] running `Command { std: "docker" "rm" "-f" "d2a4ef620c81f37ea5708862e23b25fb7338cd2f1b8c546f7a08ee52ee416902", kill_on_drop: false }`
[INFO] [stdout] d2a4ef620c81f37ea5708862e23b25fb7338cd2f1b8c546f7a08ee52ee416902
