[INFO] fetching crate diesel-rocket-pg 0.1.0...
[INFO] testing diesel-rocket-pg-0.1.0 against nightly-2024-10-28 for randomize-layout
[INFO] extracting crate diesel-rocket-pg 0.1.0 into /workspace/builds/worker-1-tc1/source
[INFO] validating manifest of crates.io crate diesel-rocket-pg 0.1.0 on toolchain nightly-2024-10-28
[INFO] running `Command { std: CARGO_HOME="/workspace/cargo-home" RUSTUP_HOME="/workspace/rustup-home" "/workspace/cargo-home/bin/cargo" "+nightly-2024-10-28" "metadata" "--manifest-path" "Cargo.toml" "--no-deps", kill_on_drop: false }`
[INFO] started tweaking crates.io crate diesel-rocket-pg 0.1.0
[INFO] finished tweaking crates.io crate diesel-rocket-pg 0.1.0
[INFO] tweaked toml for crates.io crate diesel-rocket-pg 0.1.0 written to /workspace/builds/worker-1-tc1/source/Cargo.toml
[INFO] running `Command { std: CARGO_HOME="/workspace/cargo-home" RUSTUP_HOME="/workspace/rustup-home" "/workspace/cargo-home/bin/cargo" "+nightly-2024-10-28" "generate-lockfile" "--manifest-path" "Cargo.toml", kill_on_drop: false }`
[INFO] [stderr]     Updating crates.io index
[INFO] [stderr]      Locking 52 packages to latest compatible versions
[INFO] running `Command { std: CARGO_HOME="/workspace/cargo-home" RUSTUP_HOME="/workspace/rustup-home" "/workspace/cargo-home/bin/cargo" "+nightly-2024-10-28" "fetch" "--manifest-path" "Cargo.toml", kill_on_drop: false }`
[INFO] [stderr]  Downloading crates ...
[INFO] [stderr]   Downloaded dsl_auto_type v0.1.2
[INFO] [stderr]   Downloaded diesel_table_macro_syntax v0.2.0
[INFO] [stderr]   Downloaded diesel_derives v2.2.3
[INFO] [stderr]   Downloaded pq-sys v0.6.3
[INFO] [stderr]   Downloaded diesel v2.2.4
[INFO] running `Command { std: "docker" "create" "-v" "/var/lib/crater-agent-workspace/builds/worker-1-tc1/target:/opt/rustwide/target:rw,Z" "-v" "/var/lib/crater-agent-workspace/builds/worker-1-tc1/source:/opt/rustwide/workdir:ro,Z" "-v" "/var/lib/crater-agent-workspace/cargo-home:/opt/rustwide/cargo-home:ro,Z" "-v" "/var/lib/crater-agent-workspace/rustup-home:/opt/rustwide/rustup-home:ro,Z" "-e" "SOURCE_DIR=/opt/rustwide/workdir" "-e" "CARGO_TARGET_DIR=/opt/rustwide/target" "-e" "CARGO_HOME=/opt/rustwide/cargo-home" "-e" "RUSTUP_HOME=/opt/rustwide/rustup-home" "-w" "/opt/rustwide/workdir" "-m" "1610612736" "--user" "0:0" "--network" "none" "ghcr.io/rust-lang/crates-build-env/linux@sha256:4a844ea9eb2546a2d2c7022eacef16ef2e8229c7fbb2c7d4d55a9ceca922f72d" "/opt/rustwide/cargo-home/bin/cargo" "+nightly-2024-10-28" "metadata" "--no-deps" "--format-version=1", kill_on_drop: false }`
[INFO] [stdout] 95f9c2521956c9fae0c4676e6031a81c84c16c32e3f7d2feb3702389e9b23cbe
[INFO] running `Command { std: "docker" "start" "-a" "95f9c2521956c9fae0c4676e6031a81c84c16c32e3f7d2feb3702389e9b23cbe", kill_on_drop: false }`
[INFO] running `Command { std: "docker" "inspect" "95f9c2521956c9fae0c4676e6031a81c84c16c32e3f7d2feb3702389e9b23cbe", kill_on_drop: false }`
[INFO] running `Command { std: "docker" "rm" "-f" "95f9c2521956c9fae0c4676e6031a81c84c16c32e3f7d2feb3702389e9b23cbe", kill_on_drop: false }`
[INFO] [stdout] 95f9c2521956c9fae0c4676e6031a81c84c16c32e3f7d2feb3702389e9b23cbe
[INFO] running `Command { std: "docker" "create" "-v" "/var/lib/crater-agent-workspace/builds/worker-1-tc1/target:/opt/rustwide/target:rw,Z" "-v" "/var/lib/crater-agent-workspace/builds/worker-1-tc1/source:/opt/rustwide/workdir:ro,Z" "-v" "/var/lib/crater-agent-workspace/cargo-home:/opt/rustwide/cargo-home:ro,Z" "-v" "/var/lib/crater-agent-workspace/rustup-home:/opt/rustwide/rustup-home:ro,Z" "-e" "SOURCE_DIR=/opt/rustwide/workdir" "-e" "CARGO_TARGET_DIR=/opt/rustwide/target" "-e" "CARGO_INCREMENTAL=0" "-e" "RUST_BACKTRACE=full" "-e" "RUSTFLAGS=--cap-lints=forbid" "-e" "RUSTDOCFLAGS=--cap-lints=forbid" "-e" "CARGO_HOME=/opt/rustwide/cargo-home" "-e" "RUSTUP_HOME=/opt/rustwide/rustup-home" "-w" "/opt/rustwide/workdir" "-m" "1610612736" "--user" "0:0" "--network" "none" "ghcr.io/rust-lang/crates-build-env/linux@sha256:4a844ea9eb2546a2d2c7022eacef16ef2e8229c7fbb2c7d4d55a9ceca922f72d" "/opt/rustwide/cargo-home/bin/cargo" "+nightly-2024-10-28" "build" "--frozen" "--message-format=json", kill_on_drop: false }`
[INFO] [stdout] e0db27c3734fcde646a3548287e96042f9ada62c66715fa68bfbca1792e45e78
[INFO] running `Command { std: "docker" "start" "-a" "e0db27c3734fcde646a3548287e96042f9ada62c66715fa68bfbca1792e45e78", kill_on_drop: false }`
[INFO] [stderr]    Compiling strsim v0.11.1
[INFO] [stderr]    Compiling smallvec v1.13.2
[INFO] [stderr]    Compiling pq-sys v0.6.3
[INFO] [stderr]    Compiling syn v2.0.86
[INFO] [stderr]    Compiling log v0.4.22
[INFO] [stderr]    Compiling bitflags v2.6.0
[INFO] [stderr]    Compiling tokio v1.41.0
[INFO] [stderr]    Compiling parking_lot_core v0.9.10
[INFO] [stderr]    Compiling parking_lot v0.12.3
[INFO] [stderr]    Compiling scheduled-thread-pool v0.2.7
[INFO] [stderr]    Compiling r2d2 v0.8.10
[INFO] [stderr]    Compiling darling_core v0.20.10
[INFO] [stderr]    Compiling diesel_table_macro_syntax v0.2.0
[INFO] [stderr]    Compiling darling_macro v0.20.10
[INFO] [stderr]    Compiling darling v0.20.10
[INFO] [stderr]    Compiling dsl_auto_type v0.1.2
[INFO] [stderr]    Compiling diesel_derives v2.2.3
[INFO] [stderr]    Compiling diesel v2.2.4
[INFO] [stderr]    Compiling diesel-rocket-pg v0.1.0 (/opt/rustwide/workdir)
[INFO] [stderr]     Finished `dev` profile [unoptimized + debuginfo] target(s) in 36.35s
[INFO] running `Command { std: "docker" "inspect" "e0db27c3734fcde646a3548287e96042f9ada62c66715fa68bfbca1792e45e78", kill_on_drop: false }`
[INFO] running `Command { std: "docker" "rm" "-f" "e0db27c3734fcde646a3548287e96042f9ada62c66715fa68bfbca1792e45e78", kill_on_drop: false }`
[INFO] [stdout] e0db27c3734fcde646a3548287e96042f9ada62c66715fa68bfbca1792e45e78
[INFO] running `Command { std: "docker" "create" "-v" "/var/lib/crater-agent-workspace/builds/worker-1-tc1/target:/opt/rustwide/target:rw,Z" "-v" "/var/lib/crater-agent-workspace/builds/worker-1-tc1/source:/opt/rustwide/workdir:ro,Z" "-v" "/var/lib/crater-agent-workspace/cargo-home:/opt/rustwide/cargo-home:ro,Z" "-v" "/var/lib/crater-agent-workspace/rustup-home:/opt/rustwide/rustup-home:ro,Z" "-e" "SOURCE_DIR=/opt/rustwide/workdir" "-e" "CARGO_TARGET_DIR=/opt/rustwide/target" "-e" "CARGO_INCREMENTAL=0" "-e" "RUST_BACKTRACE=full" "-e" "RUSTFLAGS=--cap-lints=forbid" "-e" "RUSTDOCFLAGS=--cap-lints=forbid" "-e" "CARGO_HOME=/opt/rustwide/cargo-home" "-e" "RUSTUP_HOME=/opt/rustwide/rustup-home" "-w" "/opt/rustwide/workdir" "-m" "1610612736" "--user" "0:0" "--network" "none" "ghcr.io/rust-lang/crates-build-env/linux@sha256:4a844ea9eb2546a2d2c7022eacef16ef2e8229c7fbb2c7d4d55a9ceca922f72d" "/opt/rustwide/cargo-home/bin/cargo" "+nightly-2024-10-28" "test" "--frozen" "--no-run" "--message-format=json", kill_on_drop: false }`
[INFO] [stdout] 4708c231d5d4d24ea1bef51345ab65dad86643c2ec6ba60b9ac72f7496af6434
[INFO] running `Command { std: "docker" "start" "-a" "4708c231d5d4d24ea1bef51345ab65dad86643c2ec6ba60b9ac72f7496af6434", kill_on_drop: false }`
[INFO] [stderr]    Compiling diesel-rocket-pg v0.1.0 (/opt/rustwide/workdir)
[INFO] [stderr]     Finished `test` profile [unoptimized + debuginfo] target(s) in 0.41s
[INFO] running `Command { std: "docker" "inspect" "4708c231d5d4d24ea1bef51345ab65dad86643c2ec6ba60b9ac72f7496af6434", kill_on_drop: false }`
[INFO] running `Command { std: "docker" "rm" "-f" "4708c231d5d4d24ea1bef51345ab65dad86643c2ec6ba60b9ac72f7496af6434", kill_on_drop: false }`
[INFO] [stdout] 4708c231d5d4d24ea1bef51345ab65dad86643c2ec6ba60b9ac72f7496af6434
[INFO] running `Command { std: "docker" "create" "-v" "/var/lib/crater-agent-workspace/builds/worker-1-tc1/target:/opt/rustwide/target:rw,Z" "-v" "/var/lib/crater-agent-workspace/builds/worker-1-tc1/source:/opt/rustwide/workdir:ro,Z" "-v" "/var/lib/crater-agent-workspace/cargo-home:/opt/rustwide/cargo-home:ro,Z" "-v" "/var/lib/crater-agent-workspace/rustup-home:/opt/rustwide/rustup-home:ro,Z" "-e" "SOURCE_DIR=/opt/rustwide/workdir" "-e" "CARGO_TARGET_DIR=/opt/rustwide/target" "-e" "CARGO_INCREMENTAL=0" "-e" "RUST_BACKTRACE=full" "-e" "RUSTFLAGS=--cap-lints=forbid" "-e" "RUSTDOCFLAGS=--cap-lints=forbid" "-e" "CARGO_HOME=/opt/rustwide/cargo-home" "-e" "RUSTUP_HOME=/opt/rustwide/rustup-home" "-w" "/opt/rustwide/workdir" "-m" "1610612736" "--user" "0:0" "--network" "none" "ghcr.io/rust-lang/crates-build-env/linux@sha256:4a844ea9eb2546a2d2c7022eacef16ef2e8229c7fbb2c7d4d55a9ceca922f72d" "/opt/rustwide/cargo-home/bin/cargo" "+nightly-2024-10-28" "test" "--frozen", kill_on_drop: false }`
[INFO] [stdout] f5c421c478f1e7e5f23bae9390468b513f9605d832f05f9fc449e27b46c6e7db
[INFO] running `Command { std: "docker" "start" "-a" "f5c421c478f1e7e5f23bae9390468b513f9605d832f05f9fc449e27b46c6e7db", kill_on_drop: false }`
[INFO] [stderr]     Finished `test` profile [unoptimized + debuginfo] target(s) in 0.05s
[INFO] [stdout] 
[INFO] [stdout] running 0 tests
[INFO] [stdout] 
[INFO] [stdout] test result: ok. 0 passed; 0 failed; 0 ignored; 0 measured; 0 filtered out; finished in 0.00s
[INFO] [stdout] 
[INFO] [stderr]      Running unittests src/lib.rs (/opt/rustwide/target/debug/deps/diesel_rocket_pg-1c4a1ae7cd79d1ea)
[INFO] [stderr]    Doc-tests diesel_rocket_pg
[INFO] [stdout] 
[INFO] [stdout] running 4 tests
[INFO] [stdout] test src/lib.rs - PgPool::create_custom (line 96) - compile ... FAILED
[INFO] [stdout] test src/lib.rs - PgPool::create (line 76) - compile ... ok
[INFO] [stdout] test src/lib.rs - PgPool::run (line 123) - compile ... FAILED
[INFO] [stdout] test src/lib.rs - PgPool (line 16) - compile ... FAILED
[INFO] [stdout] 
[INFO] [stdout] failures:
[INFO] [stdout] 
[INFO] [stdout] ---- src/lib.rs - PgPool::create_custom (line 96) stdout ----
[INFO] [stdout] error[E0433]: failed to resolve: use of undeclared type `Duration`
[INFO] [stdout]   --> src/lib.rs:106:28
[INFO] [stdout]    |
[INFO] [stdout] 12 |         .max_lifetime(Some(Duration::from_secs(5)));
[INFO] [stdout]    |                            ^^^^^^^^ use of undeclared type `Duration`
[INFO] [stdout]    |
[INFO] [stdout] help: consider importing this struct
[INFO] [stdout]    |
[INFO] [stdout] 4  + use std::time::Duration;
[INFO] [stdout]    |
[INFO] [stdout] 
[INFO] [stdout] error: aborting due to 1 previous error
[INFO] [stdout] 
[INFO] [stdout] For more information about this error, try `rustc --explain E0433`.
[INFO] [stdout] Couldn't compile the test.
[INFO] [stdout] ---- src/lib.rs - PgPool::run (line 123) stdout ----
[INFO] [stdout] error: cannot find attribute `get` in this scope
[INFO] [stdout]  --> src/lib.rs:124:3
[INFO] [stdout]   |
[INFO] [stdout] 3 | #[get("/user/<mail>")]
[INFO] [stdout]   |   ^^^
[INFO] [stdout] 
[INFO] [stdout] error[E0433]: failed to resolve: use of undeclared crate or module `user`
[INFO] [stdout]  --> src/lib.rs:127:9
[INFO] [stdout]   |
[INFO] [stdout] 6 |         user::dsl::user.filter(
[INFO] [stdout]   |         ^^^^ use of undeclared crate or module `user`
[INFO] [stdout] 
[INFO] [stdout] error[E0433]: failed to resolve: use of undeclared crate or module `user`
[INFO] [stdout]  --> src/lib.rs:128:13
[INFO] [stdout]   |
[INFO] [stdout] 7 |             user::dsl::email.eq(mail)
[INFO] [stdout]   |             ^^^^ use of undeclared crate or module `user`
[INFO] [stdout] 
[INFO] [stdout] error[E0412]: cannot find type `State` in this scope
[INFO] [stdout]  --> src/lib.rs:125:40
[INFO] [stdout]   |
[INFO] [stdout] 4 | async fn get_user(mail: String, pool: &State<PgPool>) -> AuthUser {
[INFO] [stdout]   |                                        ^^^^^ not found in this scope
[INFO] [stdout]   |
[INFO] [stdout] help: consider importing one of these structs
[INFO] [stdout]   |
[INFO] [stdout] 2 + use diesel::r2d2::State;
[INFO] [stdout]   |
[INFO] [stdout] 2 + use r2d2::State;
[INFO] [stdout]   |
[INFO] [stdout] 
[INFO] [stdout] error[E0412]: cannot find type `PgPool` in this scope
[INFO] [stdout]  --> src/lib.rs:125:46
[INFO] [stdout]   |
[INFO] [stdout] 4 | async fn get_user(mail: String, pool: &State<PgPool>) -> AuthUser {
[INFO] [stdout]   |                                              ^^^^^^ not found in this scope
[INFO] [stdout]   |
[INFO] [stdout] help: consider importing this struct
[INFO] [stdout]   |
[INFO] [stdout] 2 + use diesel_rocket_pg::PgPool;
[INFO] [stdout]   |
[INFO] [stdout] 
[INFO] [stdout] error[E0412]: cannot find type `AuthUser` in this scope
[INFO] [stdout]  --> src/lib.rs:125:58
[INFO] [stdout]   |
[INFO] [stdout] 4 | async fn get_user(mail: String, pool: &State<PgPool>) -> AuthUser {
[INFO] [stdout]   |                                                          ^^^^^^^^ not found in this scope
[INFO] [stdout] 
[INFO] [stdout] error[E0412]: cannot find type `AuthUser` in this scope
[INFO] [stdout]  --> src/lib.rs:129:19
[INFO] [stdout]   |
[INFO] [stdout] 8 |         ).first::<AuthUser>(conn).unwrap()
[INFO] [stdout]   |                   ^^^^^^^^ not found in this scope
[INFO] [stdout]   |
[INFO] [stdout] help: you might be missing a type parameter
[INFO] [stdout]   |
[INFO] [stdout] 4 | async fn get_user<AuthUser>(mail: String, pool: &State<PgPool>) -> AuthUser {
[INFO] [stdout]   |                  ++++++++++
[INFO] [stdout] 
[INFO] [stdout] error: aborting due to 7 previous errors
[INFO] [stdout] 
[INFO] [stdout] Some errors have detailed explanations: E0412, E0433.
[INFO] [stdout] For more information about an error, try `rustc --explain E0412`.
[INFO] [stdout] Couldn't compile the test.
[INFO] [stdout] ---- src/lib.rs - PgPool (line 16) stdout ----
[INFO] [stdout] error[E0463]: can't find crate for `rocket`
[INFO] [stdout]   --> src/lib.rs:23:14
[INFO] [stdout]    |
[INFO] [stdout] 10 | #[macro_use] extern crate rocket;
[INFO] [stdout]    |              ^^^^^^^^^^^^^^^^^^^^ can't find crate
[INFO] [stdout] 
[INFO] [stdout] error[E0432]: unresolved import `serde`
[INFO] [stdout]  --> src/lib.rs:21:5
[INFO] [stdout]   |
[INFO] [stdout] 8 | use serde::Serialize;
[INFO] [stdout]   |     ^^^^^ use of undeclared crate or module `serde`
[INFO] [stdout] 
[INFO] [stdout] error: cannot find attribute `launch` in this scope
[INFO] [stdout]   --> src/lib.rs:56:3
[INFO] [stdout]    |
[INFO] [stdout] 43 | #[launch]
[INFO] [stdout]    |   ^^^^^^
[INFO] [stdout] 
[INFO] [stdout] error: cannot find macro `routes` in this scope
[INFO] [stdout]   --> src/lib.rs:61:45
[INFO] [stdout]    |
[INFO] [stdout] 48 |     rocket::build().manage(pool).mount("/", routes![get_user])
[INFO] [stdout]    |                                             ^^^^^^
[INFO] [stdout] 
[INFO] [stdout] error: cannot find attribute `get` in this scope
[INFO] [stdout]   --> src/lib.rs:40:3
[INFO] [stdout]    |
[INFO] [stdout] 27 | #[get("/user/<mail>")]
[INFO] [stdout]    |   ^^^
[INFO] [stdout] 
[INFO] [stdout] error[E0121]: the placeholder `_` is not allowed within types on item signatures for return types
[INFO] [stdout]   --> src/lib.rs:57:16
[INFO] [stdout]    |
[INFO] [stdout] 44 | fn rocket() -> _ {
[INFO] [stdout]    |                ^ not allowed in type signatures
[INFO] [stdout] 
[INFO] [stdout] error: aborting due to 6 previous errors
[INFO] [stdout] 
[INFO] [stdout] Some errors have detailed explanations: E0121, E0432, E0463.
[INFO] [stdout] For more information about an error, try `rustc --explain E0121`.
[INFO] [stdout] Couldn't compile the test.
[INFO] [stdout] 
[INFO] [stdout] failures:
[INFO] [stdout]     src/lib.rs - PgPool (line 16)
[INFO] [stdout]     src/lib.rs - PgPool::create_custom (line 96)
[INFO] [stdout]     src/lib.rs - PgPool::run (line 123)
[INFO] [stdout] 
[INFO] [stdout] test result: FAILED. 1 passed; 3 failed; 0 ignored; 0 measured; 0 filtered out; finished in 0.35s
[INFO] [stdout] 
[INFO] [stderr] error: doctest failed, to rerun pass `--doc`
[INFO] running `Command { std: "docker" "inspect" "f5c421c478f1e7e5f23bae9390468b513f9605d832f05f9fc449e27b46c6e7db", kill_on_drop: false }`
[INFO] running `Command { std: "docker" "rm" "-f" "f5c421c478f1e7e5f23bae9390468b513f9605d832f05f9fc449e27b46c6e7db", kill_on_drop: false }`
[INFO] [stdout] f5c421c478f1e7e5f23bae9390468b513f9605d832f05f9fc449e27b46c6e7db
