[INFO] fetching crate dict_derive 0.6.0...
[INFO] testing dict_derive-0.6.0 against nightly-2024-10-28 for randomize-layout
[INFO] extracting crate dict_derive 0.6.0 into /workspace/builds/worker-2-tc1/source
[INFO] validating manifest of crates.io crate dict_derive 0.6.0 on toolchain nightly-2024-10-28
[INFO] running `Command { std: CARGO_HOME="/workspace/cargo-home" RUSTUP_HOME="/workspace/rustup-home" "/workspace/cargo-home/bin/cargo" "+nightly-2024-10-28" "metadata" "--manifest-path" "Cargo.toml" "--no-deps", kill_on_drop: false }`
[INFO] started tweaking crates.io crate dict_derive 0.6.0
[INFO] removed 0 missing tests
[INFO] finished tweaking crates.io crate dict_derive 0.6.0
[INFO] tweaked toml for crates.io crate dict_derive 0.6.0 written to /workspace/builds/worker-2-tc1/source/Cargo.toml
[INFO] running `Command { std: CARGO_HOME="/workspace/cargo-home" RUSTUP_HOME="/workspace/rustup-home" "/workspace/cargo-home/bin/cargo" "+nightly-2024-10-28" "generate-lockfile" "--manifest-path" "Cargo.toml", kill_on_drop: false }`
[INFO] [stderr]     Updating crates.io index
[INFO] [stderr]      Locking 49 packages to latest compatible versions
[INFO] [stderr]       Adding syn v1.0.109 (available: v2.0.86)
[INFO] running `Command { std: CARGO_HOME="/workspace/cargo-home" RUSTUP_HOME="/workspace/rustup-home" "/workspace/cargo-home/bin/cargo" "+nightly-2024-10-28" "fetch" "--manifest-path" "Cargo.toml", kill_on_drop: false }`
[INFO] [stderr]  Downloading crates ...
[INFO] [stderr]   Downloaded pyo3-macros-backend v0.22.5
[INFO] [stderr]   Downloaded pyo3-macros v0.22.5
[INFO] [stderr]   Downloaded pyo3-build-config v0.22.5
[INFO] [stderr]   Downloaded pyo3-ffi v0.22.5
[INFO] [stderr]   Downloaded pyo3 v0.22.5
[INFO] running `Command { std: "docker" "create" "-v" "/var/lib/crater-agent-workspace/builds/worker-2-tc1/target:/opt/rustwide/target:rw,Z" "-v" "/var/lib/crater-agent-workspace/builds/worker-2-tc1/source:/opt/rustwide/workdir:ro,Z" "-v" "/var/lib/crater-agent-workspace/cargo-home:/opt/rustwide/cargo-home:ro,Z" "-v" "/var/lib/crater-agent-workspace/rustup-home:/opt/rustwide/rustup-home:ro,Z" "-e" "SOURCE_DIR=/opt/rustwide/workdir" "-e" "CARGO_TARGET_DIR=/opt/rustwide/target" "-e" "CARGO_HOME=/opt/rustwide/cargo-home" "-e" "RUSTUP_HOME=/opt/rustwide/rustup-home" "-w" "/opt/rustwide/workdir" "-m" "1610612736" "--user" "0:0" "--network" "none" "ghcr.io/rust-lang/crates-build-env/linux@sha256:4a844ea9eb2546a2d2c7022eacef16ef2e8229c7fbb2c7d4d55a9ceca922f72d" "/opt/rustwide/cargo-home/bin/cargo" "+nightly-2024-10-28" "metadata" "--no-deps" "--format-version=1", kill_on_drop: false }`
[INFO] [stdout] 9181376e67715d5e44a84dca98f979ac204a8a14121e594edcfb063de568eff2
[INFO] running `Command { std: "docker" "start" "-a" "9181376e67715d5e44a84dca98f979ac204a8a14121e594edcfb063de568eff2", kill_on_drop: false }`
[INFO] running `Command { std: "docker" "inspect" "9181376e67715d5e44a84dca98f979ac204a8a14121e594edcfb063de568eff2", kill_on_drop: false }`
[INFO] running `Command { std: "docker" "rm" "-f" "9181376e67715d5e44a84dca98f979ac204a8a14121e594edcfb063de568eff2", kill_on_drop: false }`
[INFO] [stdout] 9181376e67715d5e44a84dca98f979ac204a8a14121e594edcfb063de568eff2
[INFO] running `Command { std: "docker" "create" "-v" "/var/lib/crater-agent-workspace/builds/worker-2-tc1/target:/opt/rustwide/target:rw,Z" "-v" "/var/lib/crater-agent-workspace/builds/worker-2-tc1/source:/opt/rustwide/workdir:ro,Z" "-v" "/var/lib/crater-agent-workspace/cargo-home:/opt/rustwide/cargo-home:ro,Z" "-v" "/var/lib/crater-agent-workspace/rustup-home:/opt/rustwide/rustup-home:ro,Z" "-e" "SOURCE_DIR=/opt/rustwide/workdir" "-e" "CARGO_TARGET_DIR=/opt/rustwide/target" "-e" "CARGO_INCREMENTAL=0" "-e" "RUST_BACKTRACE=full" "-e" "RUSTFLAGS=--cap-lints=forbid" "-e" "RUSTDOCFLAGS=--cap-lints=forbid" "-e" "CARGO_HOME=/opt/rustwide/cargo-home" "-e" "RUSTUP_HOME=/opt/rustwide/rustup-home" "-w" "/opt/rustwide/workdir" "-m" "1610612736" "--user" "0:0" "--network" "none" "ghcr.io/rust-lang/crates-build-env/linux@sha256:4a844ea9eb2546a2d2c7022eacef16ef2e8229c7fbb2c7d4d55a9ceca922f72d" "/opt/rustwide/cargo-home/bin/cargo" "+nightly-2024-10-28" "build" "--frozen" "--message-format=json", kill_on_drop: false }`
[INFO] [stdout] 77d47168ea1fdbd0dbde8235cdb4bbf1935e050809615ba7d160fb5ee3bea4d9
[INFO] running `Command { std: "docker" "start" "-a" "77d47168ea1fdbd0dbde8235cdb4bbf1935e050809615ba7d160fb5ee3bea4d9", kill_on_drop: false }`
[INFO] [stderr]    Compiling dict_derive v0.6.0 (/opt/rustwide/workdir)
[INFO] [stderr]     Finished `dev` profile [unoptimized + debuginfo] target(s) in 0.26s
[INFO] running `Command { std: "docker" "inspect" "77d47168ea1fdbd0dbde8235cdb4bbf1935e050809615ba7d160fb5ee3bea4d9", kill_on_drop: false }`
[INFO] running `Command { std: "docker" "rm" "-f" "77d47168ea1fdbd0dbde8235cdb4bbf1935e050809615ba7d160fb5ee3bea4d9", kill_on_drop: false }`
[INFO] [stdout] 77d47168ea1fdbd0dbde8235cdb4bbf1935e050809615ba7d160fb5ee3bea4d9
[INFO] running `Command { std: "docker" "create" "-v" "/var/lib/crater-agent-workspace/builds/worker-2-tc1/target:/opt/rustwide/target:rw,Z" "-v" "/var/lib/crater-agent-workspace/builds/worker-2-tc1/source:/opt/rustwide/workdir:ro,Z" "-v" "/var/lib/crater-agent-workspace/cargo-home:/opt/rustwide/cargo-home:ro,Z" "-v" "/var/lib/crater-agent-workspace/rustup-home:/opt/rustwide/rustup-home:ro,Z" "-e" "SOURCE_DIR=/opt/rustwide/workdir" "-e" "CARGO_TARGET_DIR=/opt/rustwide/target" "-e" "CARGO_INCREMENTAL=0" "-e" "RUST_BACKTRACE=full" "-e" "RUSTFLAGS=--cap-lints=forbid" "-e" "RUSTDOCFLAGS=--cap-lints=forbid" "-e" "CARGO_HOME=/opt/rustwide/cargo-home" "-e" "RUSTUP_HOME=/opt/rustwide/rustup-home" "-w" "/opt/rustwide/workdir" "-m" "1610612736" "--user" "0:0" "--network" "none" "ghcr.io/rust-lang/crates-build-env/linux@sha256:4a844ea9eb2546a2d2c7022eacef16ef2e8229c7fbb2c7d4d55a9ceca922f72d" "/opt/rustwide/cargo-home/bin/cargo" "+nightly-2024-10-28" "test" "--frozen" "--no-run" "--message-format=json", kill_on_drop: false }`
[INFO] [stdout] a1454ebf813f70157bc89b4b0e826e9d0398c2d22db636d1ed9910871daf35dd
[INFO] running `Command { std: "docker" "start" "-a" "a1454ebf813f70157bc89b4b0e826e9d0398c2d22db636d1ed9910871daf35dd", kill_on_drop: false }`
[INFO] [stderr]    Compiling target-lexicon v0.12.16
[INFO] [stderr]    Compiling memoffset v0.9.1
[INFO] [stderr]    Compiling target-triple v0.1.3
[INFO] [stderr]    Compiling winnow v0.6.20
[INFO] [stderr]    Compiling serde_spanned v0.6.8
[INFO] [stderr]    Compiling toml_datetime v0.6.8
[INFO] [stderr]    Compiling syn v1.0.109
[INFO] [stderr]    Compiling serde_json v1.0.132
[INFO] [stderr]    Compiling serde_derive v1.0.214
[INFO] [stderr]    Compiling indoc v2.0.5
[INFO] [stderr]    Compiling glob v0.3.1
[INFO] [stderr]    Compiling unindent v0.2.3
[INFO] [stderr]    Compiling pyo3-build-config v0.22.5
[INFO] [stderr]    Compiling pyo3-ffi v0.22.5
[INFO] [stderr]    Compiling pyo3-macros-backend v0.22.5
[INFO] [stderr]    Compiling pyo3 v0.22.5
[INFO] [stderr]    Compiling toml_edit v0.22.22
[INFO] [stderr]    Compiling dict_derive v0.6.0 (/opt/rustwide/workdir)
[INFO] [stderr]    Compiling toml v0.8.19
[INFO] [stderr]    Compiling trybuild v1.0.101
[INFO] [stderr]    Compiling pyo3-macros v0.22.5
[INFO] [stdout] warning: use of deprecated method `pyo3::Python::<'py>::checked_cast_as`: use `obj.downcast_bound::<T>(py)` instead of `py.checked_cast_as::<T>(obj)`
[INFO] [stdout]   --> tests/intopyobject.rs:31:36
[INFO] [stdout]    |
[INFO] [stdout] 31 |             let dict: &PyDict = py.checked_cast_as(obj)?;
[INFO] [stdout]    |                                    ^^^^^^^^^^^^^^^
[INFO] [stdout]    |
[INFO] [stdout]    = note: `#[warn(deprecated)]` on by default
[INFO] [stdout] 
[INFO] [stdout] 
[INFO] [stdout] warning: use of deprecated method `pyo3::Python::<'py>::checked_cast_as`: use `obj.downcast_bound::<T>(py)` instead of `py.checked_cast_as::<T>(obj)`
[INFO] [stdout]   --> tests/intopyobject.rs:54:36
[INFO] [stdout]    |
[INFO] [stdout] 54 |             let dict: &PyDict = py.checked_cast_as(obj)?;
[INFO] [stdout]    |                                    ^^^^^^^^^^^^^^^
[INFO] [stdout] 
[INFO] [stdout] 
[INFO] [stdout] warning: use of deprecated method `pyo3::Python::<'py>::checked_cast_as`: use `obj.downcast_bound::<T>(py)` instead of `py.checked_cast_as::<T>(obj)`
[INFO] [stdout]   --> tests/intopyobject.rs:68:36
[INFO] [stdout]    |
[INFO] [stdout] 68 |             let dict: &PyDict = py.checked_cast_as(obj)?;
[INFO] [stdout]    |                                    ^^^^^^^^^^^^^^^
[INFO] [stdout] 
[INFO] [stdout] 
[INFO] [stdout] warning: use of deprecated associated function `pyo3::types::PyDict::new`: `PyDict::new` will be replaced by `PyDict::new_bound` in a future PyO3 version
[INFO] [stdout]   --> tests/frompyobject.rs:31:24
[INFO] [stdout]    |
[INFO] [stdout] 31 |     let dict = PyDict::new(*py);
[INFO] [stdout]    |                        ^^^
[INFO] [stdout]    |
[INFO] [stdout]    = note: `#[warn(deprecated)]` on by default
[INFO] [stdout] 
[INFO] [stdout] 
[INFO] [stdout] warning: use of deprecated method `pyo3::PyErr::value`: `PyErr::value` will be replaced by `PyErr::value_bound` in a future PyO3 version
[INFO] [stdout]    --> tests/frompyobject.rs:113:26
[INFO] [stdout]     |
[INFO] [stdout] 113 |         let result = err.value(py).to_string();
[INFO] [stdout]     |                          ^^^^^
[INFO] [stdout] 
[INFO] [stdout] 
[INFO] [stdout] warning: use of deprecated method `pyo3::PyErr::value`: `PyErr::value` will be replaced by `PyErr::value_bound` in a future PyO3 version
[INFO] [stdout]    --> tests/frompyobject.rs:132:26
[INFO] [stdout]     |
[INFO] [stdout] 132 |         let result = err.value(py).to_string();
[INFO] [stdout]     |                          ^^^^^
[INFO] [stdout] 
[INFO] [stdout] 
[INFO] [stdout] warning: use of deprecated associated function `pyo3::types::PyList::new`: `PyList::new` will be replaced by `PyList::new_bound` in a future PyO3 version
[INFO] [stdout]    --> tests/frompyobject.rs:143:28
[INFO] [stdout]     |
[INFO] [stdout] 143 |         let list = PyList::new(py, vec![1, 2, 3]);
[INFO] [stdout]     |                            ^^^
[INFO] [stdout] 
[INFO] [stdout] 
[INFO] [stdout] warning: use of deprecated method `pyo3::PyErr::value`: `PyErr::value` will be replaced by `PyErr::value_bound` in a future PyO3 version
[INFO] [stdout]    --> tests/frompyobject.rs:151:26
[INFO] [stdout]     |
[INFO] [stdout] 151 |         let result = err.value(py).to_string();
[INFO] [stdout]     |                          ^^^^^
[INFO] [stdout] 
[INFO] [stdout] 
[INFO] [stdout] warning: use of deprecated associated function `pyo3::types::PyDict::new`: `PyDict::new` will be replaced by `PyDict::new_bound` in a future PyO3 version
[INFO] [stdout]    --> tests/frompyobject.rs:172:28
[INFO] [stdout]     |
[INFO] [stdout] 172 |         let dict = PyDict::new(py);
[INFO] [stdout]     |                            ^^^
[INFO] [stdout] 
[INFO] [stdout] 
[INFO] [stderr]     Finished `test` profile [unoptimized + debuginfo] target(s) in 7.53s
[INFO] running `Command { std: "docker" "inspect" "a1454ebf813f70157bc89b4b0e826e9d0398c2d22db636d1ed9910871daf35dd", kill_on_drop: false }`
[INFO] running `Command { std: "docker" "rm" "-f" "a1454ebf813f70157bc89b4b0e826e9d0398c2d22db636d1ed9910871daf35dd", kill_on_drop: false }`
[INFO] [stdout] a1454ebf813f70157bc89b4b0e826e9d0398c2d22db636d1ed9910871daf35dd
[INFO] running `Command { std: "docker" "create" "-v" "/var/lib/crater-agent-workspace/builds/worker-2-tc1/target:/opt/rustwide/target:rw,Z" "-v" "/var/lib/crater-agent-workspace/builds/worker-2-tc1/source:/opt/rustwide/workdir:ro,Z" "-v" "/var/lib/crater-agent-workspace/cargo-home:/opt/rustwide/cargo-home:ro,Z" "-v" "/var/lib/crater-agent-workspace/rustup-home:/opt/rustwide/rustup-home:ro,Z" "-e" "SOURCE_DIR=/opt/rustwide/workdir" "-e" "CARGO_TARGET_DIR=/opt/rustwide/target" "-e" "CARGO_INCREMENTAL=0" "-e" "RUST_BACKTRACE=full" "-e" "RUSTFLAGS=--cap-lints=forbid" "-e" "RUSTDOCFLAGS=--cap-lints=forbid" "-e" "CARGO_HOME=/opt/rustwide/cargo-home" "-e" "RUSTUP_HOME=/opt/rustwide/rustup-home" "-w" "/opt/rustwide/workdir" "-m" "1610612736" "--user" "0:0" "--network" "none" "ghcr.io/rust-lang/crates-build-env/linux@sha256:4a844ea9eb2546a2d2c7022eacef16ef2e8229c7fbb2c7d4d55a9ceca922f72d" "/opt/rustwide/cargo-home/bin/cargo" "+nightly-2024-10-28" "test" "--frozen", kill_on_drop: false }`
[INFO] [stdout] d79e268d1c2489122d313f14753a49b115b1303186d60e0d87ce5e96547f36cb
[INFO] running `Command { std: "docker" "start" "-a" "d79e268d1c2489122d313f14753a49b115b1303186d60e0d87ce5e96547f36cb", kill_on_drop: false }`
[INFO] [stderr] warning: use of deprecated method `pyo3::Python::<'py>::checked_cast_as`: use `obj.downcast_bound::<T>(py)` instead of `py.checked_cast_as::<T>(obj)`
[INFO] [stderr]   --> tests/intopyobject.rs:31:36
[INFO] [stderr]    |
[INFO] [stderr] 31 |             let dict: &PyDict = py.checked_cast_as(obj)?;
[INFO] [stderr]    |                                    ^^^^^^^^^^^^^^^
[INFO] [stderr]    |
[INFO] [stderr]    = note: `#[warn(deprecated)]` on by default
[INFO] [stderr] 
[INFO] [stderr] warning: use of deprecated method `pyo3::Python::<'py>::checked_cast_as`: use `obj.downcast_bound::<T>(py)` instead of `py.checked_cast_as::<T>(obj)`
[INFO] [stderr]   --> tests/intopyobject.rs:54:36
[INFO] [stderr]    |
[INFO] [stderr] 54 |             let dict: &PyDict = py.checked_cast_as(obj)?;
[INFO] [stderr]    |                                    ^^^^^^^^^^^^^^^
[INFO] [stderr] 
[INFO] [stderr] warning: use of deprecated method `pyo3::Python::<'py>::checked_cast_as`: use `obj.downcast_bound::<T>(py)` instead of `py.checked_cast_as::<T>(obj)`
[INFO] [stderr]   --> tests/intopyobject.rs:68:36
[INFO] [stderr]    |
[INFO] [stderr] 68 |             let dict: &PyDict = py.checked_cast_as(obj)?;
[INFO] [stderr]    |                                    ^^^^^^^^^^^^^^^
[INFO] [stderr] 
[INFO] [stderr] warning: use of deprecated associated function `pyo3::types::PyDict::new`: `PyDict::new` will be replaced by `PyDict::new_bound` in a future PyO3 version
[INFO] [stderr]   --> tests/frompyobject.rs:31:24
[INFO] [stderr]    |
[INFO] [stderr] 31 |     let dict = PyDict::new(*py);
[INFO] [stderr]    |                        ^^^
[INFO] [stderr]    |
[INFO] [stderr]    = note: `#[warn(deprecated)]` on by default
[INFO] [stderr] 
[INFO] [stderr] warning: use of deprecated method `pyo3::PyErr::value`: `PyErr::value` will be replaced by `PyErr::value_bound` in a future PyO3 version
[INFO] [stderr]    --> tests/frompyobject.rs:113:26
[INFO] [stderr]     |
[INFO] [stderr] 113 |         let result = err.value(py).to_string();
[INFO] [stderr]     |                          ^^^^^
[INFO] [stderr] 
[INFO] [stderr] warning: use of deprecated method `pyo3::PyErr::value`: `PyErr::value` will be replaced by `PyErr::value_bound` in a future PyO3 version
[INFO] [stderr]    --> tests/frompyobject.rs:132:26
[INFO] [stderr]     |
[INFO] [stderr] 132 |         let result = err.value(py).to_string();
[INFO] [stderr]     |                          ^^^^^
[INFO] [stderr] 
[INFO] [stderr] warning: use of deprecated associated function `pyo3::types::PyList::new`: `PyList::new` will be replaced by `PyList::new_bound` in a future PyO3 version
[INFO] [stderr]    --> tests/frompyobject.rs:143:28
[INFO] [stderr]     |
[INFO] [stderr] 143 |         let list = PyList::new(py, vec![1, 2, 3]);
[INFO] [stderr]     |                            ^^^
[INFO] [stderr] 
[INFO] [stderr] warning: use of deprecated method `pyo3::PyErr::value`: `PyErr::value` will be replaced by `PyErr::value_bound` in a future PyO3 version
[INFO] [stderr]    --> tests/frompyobject.rs:151:26
[INFO] [stderr]     |
[INFO] [stderr] 151 |         let result = err.value(py).to_string();
[INFO] [stderr]     |                          ^^^^^
[INFO] [stderr] 
[INFO] [stderr] warning: use of deprecated associated function `pyo3::types::PyDict::new`: `PyDict::new` will be replaced by `PyDict::new_bound` in a future PyO3 version
[INFO] [stderr]    --> tests/frompyobject.rs:172:28
[INFO] [stderr]     |
[INFO] [stderr] 172 |         let dict = PyDict::new(py);
[INFO] [stderr]     |                            ^^^
[INFO] [stderr] 
[INFO] [stderr] warning: `dict_derive` (test "intopyobject") generated 3 warnings
[INFO] [stderr] warning: `dict_derive` (test "frompyobject") generated 6 warnings
[INFO] [stderr]     Finished `test` profile [unoptimized + debuginfo] target(s) in 0.04s
[INFO] [stderr]      Running unittests src/lib.rs (/opt/rustwide/target/debug/deps/dict_derive-829a72a825004fd5)
[INFO] [stdout] 
[INFO] [stdout] running 0 tests
[INFO] [stdout] 
[INFO] [stdout] test result: ok. 0 passed; 0 failed; 0 ignored; 0 measured; 0 filtered out; finished in 0.00s
[INFO] [stdout] 
[INFO] [stderr]      Running tests/frompyobject.rs (/opt/rustwide/target/debug/deps/frompyobject-bd4b0b7bfc718e4e)
[INFO] [stdout] 
[INFO] [stdout] running 5 tests
[INFO] [stdout] test test_conversion ... ok
[INFO] [stdout] test test_missing_key ... ok
[INFO] [stdout] test test_type_error ... ok
[INFO] [stdout] test test_wrong_type ... ok
[INFO] [stdout] test test_optionals ... ok
[INFO] [stdout] 
[INFO] [stdout] test result: ok. 5 passed; 0 failed; 0 ignored; 0 measured; 0 filtered out; finished in 0.04s
[INFO] [stdout] 
[INFO] [stderr]      Running tests/intopyobject.rs (/opt/rustwide/target/debug/deps/intopyobject-963071346459e303)
[INFO] [stdout] 
[INFO] [stdout] running 1 test
[INFO] [stdout] test test_conversion ... ok
[INFO] [stdout] 
[INFO] [stdout] test result: ok. 1 passed; 0 failed; 0 ignored; 0 measured; 0 filtered out; finished in 0.01s
[INFO] [stdout] 
[INFO] [stderr]      Running tests/ui.rs (/opt/rustwide/target/debug/deps/ui-4fa1b04cac5c4980)
[INFO] [stdout] 
[INFO] [stdout] running 1 test
[INFO] [stderr]    Compiling target-lexicon v0.12.16
[INFO] [stderr]    Compiling proc-macro2 v1.0.89
[INFO] [stderr]    Compiling once_cell v1.20.2
[INFO] [stderr]    Compiling unicode-ident v1.0.13
[INFO] [stderr]    Compiling syn v1.0.109
[INFO] [stderr]    Compiling autocfg v1.4.0
[INFO] [stderr]    Compiling libc v0.2.161
[INFO] [stderr]    Compiling heck v0.5.0
[INFO] [stderr]    Compiling cfg-if v1.0.0
[INFO] [stderr]    Compiling unindent v0.2.3
[INFO] [stderr]    Compiling indoc v2.0.5
[INFO] [stderr]    Compiling memoffset v0.9.1
[INFO] [stderr]    Compiling quote v1.0.37
[INFO] [stderr]    Compiling pyo3-build-config v0.22.5
[INFO] [stderr]    Compiling syn v2.0.86
[INFO] [stderr]    Compiling pyo3-macros-backend v0.22.5
[INFO] [stderr]    Compiling pyo3-ffi v0.22.5
[INFO] [stderr]    Compiling pyo3 v0.22.5
[INFO] [stderr]    Compiling dict_derive v0.6.0 (/opt/rustwide/workdir)
[INFO] [stderr]    Compiling pyo3-macros v0.22.5
[INFO] [stderr]    Compiling dict_derive-tests v0.0.0 (/opt/rustwide/target/tests/trybuild/dict_derive)
[INFO] [stderr]     Finished `dev` profile [unoptimized + debuginfo] target(s) in 18.59s
[INFO] [stderr] 
[INFO] [stderr] 
[INFO] [stderr] test tests/build/parse_from.rs [should pass] ... ok
[INFO] [stderr] test tests/build/enum_from.rs [should fail to compile] ... ok
[INFO] [stderr] test tests/build/unsupported_from.rs [should fail to compile] ... mismatch
[INFO] [stderr] 
[INFO] [stderr] EXPECTED:
[INFO] [stderr] ┈┈┈┈┈┈┈┈┈┈┈┈┈┈┈┈┈┈┈┈┈┈┈┈┈┈┈┈┈┈┈┈┈┈┈┈┈┈┈┈┈┈┈┈┈┈┈┈┈┈┈┈┈┈┈┈┈┈┈┈
[INFO] [stderr] error[E0277]: the trait bound `Test: FromPyObject<'_>` is not satisfied
[INFO] [stderr]  --> tests/build/unsupported_from.rs:9:5
[INFO] [stderr]   |
[INFO] [stderr] 9 |     test: Test,
[INFO] [stderr]   |     ^^^^^^^^^^ the trait `PyClass` is not implemented for `Test`, which is required by `Test: FromPyObject<'_>`
[INFO] [stderr]   |
[INFO] [stderr]   = help: the following other types implement trait `FromPyObject<'py>`:
[INFO] [stderr]             <&'py CancelledError as FromPyObject<'py>>
[INFO] [stderr]             <&'py IncompleteReadError as FromPyObject<'py>>
[INFO] [stderr]             <&'py InvalidStateError as FromPyObject<'py>>
[INFO] [stderr]             <&'py LimitOverrunError as FromPyObject<'py>>
[INFO] [stderr]             <&'py PanicException as FromPyObject<'py>>
[INFO] [stderr]             <&'py PyAny as FromPyObject<'py>>
[INFO] [stderr]             <&'py PyArithmeticError as FromPyObject<'py>>
[INFO] [stderr]             <&'py PyAssertionError as FromPyObject<'py>>
[INFO] [stderr]           and $N others
[INFO] [stderr]   = note: required for `Test` to implement `FromPyObject<'_>`
[INFO] [stderr] note: required by a bound in `extract_required`
[INFO] [stderr]  --> tests/build/unsupported_from.rs:7:10
[INFO] [stderr]   |
[INFO] [stderr] 7 | #[derive(FromPyObject)]
[INFO] [stderr]   |          ^^^^^^^^^^^^ required by this bound in `extract_required`
[INFO] [stderr]   = note: this error originates in the derive macro `FromPyObject` (in Nightly builds, run with -Z macro-backtrace for more info)
[INFO] [stderr] 
[INFO] [stderr] error[E0277]: the trait bound `Test: FromPyObject<'_>` is not satisfied
[INFO] [stderr]  --> tests/build/unsupported_from.rs:9:5
[INFO] [stderr]   |
[INFO] [stderr] 9 |     test: Test,
[INFO] [stderr]   |     ^^^^^^^^^^ the trait `Clone` is not implemented for `Test`, which is required by `Test: FromPyObject<'_>`
[INFO] [stderr]   |
[INFO] [stderr]   = help: the following other types implement trait `FromPyObject<'py>`:
[INFO] [stderr]             <&'py CancelledError as FromPyObject<'py>>
[INFO] [stderr]             <&'py IncompleteReadError as FromPyObject<'py>>
[INFO] [stderr]             <&'py InvalidStateError as FromPyObject<'py>>
[INFO] [stderr]             <&'py LimitOverrunError as FromPyObject<'py>>
[INFO] [stderr]             <&'py PanicException as FromPyObject<'py>>
[INFO] [stderr]             <&'py PyAny as FromPyObject<'py>>
[INFO] [stderr]             <&'py PyArithmeticError as FromPyObject<'py>>
[INFO] [stderr]             <&'py PyAssertionError as FromPyObject<'py>>
[INFO] [stderr]           and $N others
[INFO] [stderr]   = note: required for `Test` to implement `FromPyObject<'_>`
[INFO] [stderr] note: required by a bound in `extract_required`
[INFO] [stderr]  --> tests/build/unsupported_from.rs:7:10
[INFO] [stderr]   |
[INFO] [stderr] 7 | #[derive(FromPyObject)]
[INFO] [stderr]   |          ^^^^^^^^^^^^ required by this bound in `extract_required`
[INFO] [stderr]   = note: this error originates in the derive macro `FromPyObject` (in Nightly builds, run with -Z macro-backtrace for more info)
[INFO] [stderr] help: consider annotating `Test` with `#[derive(Clone)]`
[INFO] [stderr]   |
[INFO] [stderr] 3 + #[derive(Clone)]
[INFO] [stderr] 4 | struct Test {
[INFO] [stderr]   |
[INFO] [stderr] ┈┈┈┈┈┈┈┈┈┈┈┈┈┈┈┈┈┈┈┈┈┈┈┈┈┈┈┈┈┈┈┈┈┈┈┈┈┈┈┈┈┈┈┈┈┈┈┈┈┈┈┈┈┈┈┈┈┈┈┈
[INFO] [stderr] 
[INFO] [stderr] ACTUAL OUTPUT:
[INFO] [stderr] ┈┈┈┈┈┈┈┈┈┈┈┈┈┈┈┈┈┈┈┈┈┈┈┈┈┈┈┈┈┈┈┈┈┈┈┈┈┈┈┈┈┈┈┈┈┈┈┈┈┈┈┈┈┈┈┈┈┈┈┈
[INFO] [stderr] error[E0277]: the trait bound `Test: FromPyObject<'_>` is not satisfied
[INFO] [stderr]  --> tests/build/unsupported_from.rs:9:5
[INFO] [stderr]   |
[INFO] [stderr] 9 |     test: Test,
[INFO] [stderr]   |     ^^^^^^^^^^ the trait `PyClass` is not implemented for `Test`, which is required by `Test: FromPyObject<'_>`
[INFO] [stderr]   |
[INFO] [stderr]   = help: the following other types implement trait `FromPyObject<'py>`:
[INFO] [stderr]             `&'py CancelledError` implements `FromPyObject<'py>`
[INFO] [stderr]             `&'py IncompleteReadError` implements `FromPyObject<'py>`
[INFO] [stderr]             `&'py InvalidStateError` implements `FromPyObject<'py>`
[INFO] [stderr]             `&'py LimitOverrunError` implements `FromPyObject<'py>`
[INFO] [stderr]             `&'py PanicException` implements `FromPyObject<'py>`
[INFO] [stderr]             `&'py PyAny` implements `FromPyObject<'py>`
[INFO] [stderr]             `&'py PyArithmeticError` implements `FromPyObject<'py>`
[INFO] [stderr]             `&'py PyAssertionError` implements `FromPyObject<'py>`
[INFO] [stderr]           and $N others
[INFO] [stderr]   = note: required for `Test` to implement `FromPyObject<'_>`
[INFO] [stderr] note: required by a bound in `extract_required`
[INFO] [stderr]  --> tests/build/unsupported_from.rs:7:10
[INFO] [stderr]   |
[INFO] [stderr] 7 | #[derive(FromPyObject)]
[INFO] [stderr]   |          ^^^^^^^^^^^^ required by this bound in `extract_required`
[INFO] [stderr]   = note: this error originates in the derive macro `FromPyObject` (in Nightly builds, run with -Z macro-backtrace for more info)
[INFO] [stderr] 
[INFO] [stderr] error[E0277]: the trait bound `Test: FromPyObject<'_>` is not satisfied
[INFO] [stderr]  --> tests/build/unsupported_from.rs:9:5
[INFO] [stderr]   |
[INFO] [stderr] 9 |     test: Test,
[INFO] [stderr]   |     ^^^^^^^^^^ the trait `Clone` is not implemented for `Test`, which is required by `Test: FromPyObject<'_>`
[INFO] [stderr]   |
[INFO] [stderr]   = help: the following other types implement trait `FromPyObject<'py>`:
[INFO] [stderr]             `&'py CancelledError` implements `FromPyObject<'py>`
[INFO] [stderr]             `&'py IncompleteReadError` implements `FromPyObject<'py>`
[INFO] [stderr]             `&'py InvalidStateError` implements `FromPyObject<'py>`
[INFO] [stderr]             `&'py LimitOverrunError` implements `FromPyObject<'py>`
[INFO] [stderr]             `&'py PanicException` implements `FromPyObject<'py>`
[INFO] [stderr]             `&'py PyAny` implements `FromPyObject<'py>`
[INFO] [stderr]             `&'py PyArithmeticError` implements `FromPyObject<'py>`
[INFO] [stderr]             `&'py PyAssertionError` implements `FromPyObject<'py>`
[INFO] [stderr]           and $N others
[INFO] [stderr]   = note: required for `Test` to implement `FromPyObject<'_>`
[INFO] [stderr] note: required by a bound in `extract_required`
[INFO] [stderr]  --> tests/build/unsupported_from.rs:7:10
[INFO] [stderr]   |
[INFO] [stderr] 7 | #[derive(FromPyObject)]
[INFO] [stderr]   |          ^^^^^^^^^^^^ required by this bound in `extract_required`
[INFO] [stderr]   = note: this error originates in the derive macro `FromPyObject` (in Nightly builds, run with -Z macro-backtrace for more info)
[INFO] [stderr] help: consider annotating `Test` with `#[derive(Clone)]`
[INFO] [stderr]   |
[INFO] [stderr] 3 + #[derive(Clone)]
[INFO] [stderr] 4 | struct Test {
[INFO] [stderr]   |
[INFO] [stderr] ┈┈┈┈┈┈┈┈┈┈┈┈┈┈┈┈┈┈┈┈┈┈┈┈┈┈┈┈┈┈┈┈┈┈┈┈┈┈┈┈┈┈┈┈┈┈┈┈┈┈┈┈┈┈┈┈┈┈┈┈
[INFO] [stderr] note: If the actual output is the correct output you can bless it by rerunning
[INFO] [stderr]       your test with the environment variable TRYBUILD=overwrite
[INFO] [stderr] 
[INFO] [stderr] test tests/build/parse_into.rs [should pass] ... ok
[INFO] [stderr] test tests/build/enum_into.rs [should fail to compile] ... ok
[INFO] [stderr] test tests/build/unsupported_into.rs [should fail to compile] ... mismatch
[INFO] [stderr] 
[INFO] [stderr] EXPECTED:
[INFO] [stderr] ┈┈┈┈┈┈┈┈┈┈┈┈┈┈┈┈┈┈┈┈┈┈┈┈┈┈┈┈┈┈┈┈┈┈┈┈┈┈┈┈┈┈┈┈┈┈┈┈┈┈┈┈┈┈┈┈┈┈┈┈
[INFO] [stderr] error[E0277]: `Test` cannot be converted to a Python object
[INFO] [stderr]  --> tests/build/unsupported_into.rs:9:5
[INFO] [stderr]   |
[INFO] [stderr] 9 |     test: Test,
[INFO] [stderr]   |     ^^^^^^----
[INFO] [stderr]   |     |     |
[INFO] [stderr]   |     |     required by a bound introduced by this call
[INFO] [stderr]   |     the trait `IntoPy<Py<PyAny>>` is not implemented for `Test`
[INFO] [stderr]   |
[INFO] [stderr]   = note: `IntoPy` is automatically implemented by the `#[pyclass]` macro
[INFO] [stderr]   = note: if you do not wish to have a corresponding Python type, implement it manually
[INFO] [stderr]   = note: if you do not own `Test` you can perform a manual conversion to one of the types in `pyo3::types::*`
[INFO] [stderr]   = help: the following other types implement trait `IntoPy<T>`:
[INFO] [stderr]             <&'a OsString as IntoPy<Py<PyAny>>>
[INFO] [stderr]             <&'a Path as IntoPy<Py<PyAny>>>
[INFO] [stderr]             <&'a PathBuf as IntoPy<Py<PyAny>>>
[INFO] [stderr]             <&'a PyErr as IntoPy<Py<PyAny>>>
[INFO] [stderr]             <&'a String as IntoPy<Py<PyAny>>>
[INFO] [stderr]             <&'a [u8] as IntoPy<Py<PyAny>>>
[INFO] [stderr]             <&'a str as IntoPy<Py<PyAny>>>
[INFO] [stderr]             <&'a str as IntoPy<Py<PyString>>>
[INFO] [stderr]           and $N others
[INFO] [stderr] ┈┈┈┈┈┈┈┈┈┈┈┈┈┈┈┈┈┈┈┈┈┈┈┈┈┈┈┈┈┈┈┈┈┈┈┈┈┈┈┈┈┈┈┈┈┈┈┈┈┈┈┈┈┈┈┈┈┈┈┈
[INFO] [stderr] 
[INFO] [stderr] ACTUAL OUTPUT:
[INFO] [stderr] ┈┈┈┈┈┈┈┈┈┈┈┈┈┈┈┈┈┈┈┈┈┈┈┈┈┈┈┈┈┈┈┈┈┈┈┈┈┈┈┈┈┈┈┈┈┈┈┈┈┈┈┈┈┈┈┈┈┈┈┈
[INFO] [stderr] error[E0277]: `Test` cannot be converted to a Python object
[INFO] [stderr]  --> tests/build/unsupported_into.rs:9:5
[INFO] [stderr]   |
[INFO] [stderr] 9 |     test: Test,
[INFO] [stderr]   |     ^^^^^^----
[INFO] [stderr]   |     |     |
[INFO] [stderr]   |     |     required by a bound introduced by this call
[INFO] [stderr]   |     the trait `IntoPy<Py<PyAny>>` is not implemented for `Test`
[INFO] [stderr]   |
[INFO] [stderr]   = note: `IntoPy` is automatically implemented by the `#[pyclass]` macro
[INFO] [stderr]   = note: if you do not wish to have a corresponding Python type, implement it manually
[INFO] [stderr]   = note: if you do not own `Test` you can perform a manual conversion to one of the types in `pyo3::types::*`
[INFO] [stderr]   = help: the following other types implement trait `IntoPy<T>`:
[INFO] [stderr]             `&'a OsString` implements `IntoPy<Py<PyAny>>`
[INFO] [stderr]             `&'a Path` implements `IntoPy<Py<PyAny>>`
[INFO] [stderr]             `&'a PathBuf` implements `IntoPy<Py<PyAny>>`
[INFO] [stderr]             `&'a PyErr` implements `IntoPy<Py<PyAny>>`
[INFO] [stderr]             `&'a String` implements `IntoPy<Py<PyAny>>`
[INFO] [stderr]             `&'a [u8]` implements `IntoPy<Py<PyAny>>`
[INFO] [stderr]             `&'a str` implements `IntoPy<Py<PyAny>>`
[INFO] [stderr]             `&'a str` implements `IntoPy<Py<PyString>>`
[INFO] [stderr]           and $N others
[INFO] [stderr] ┈┈┈┈┈┈┈┈┈┈┈┈┈┈┈┈┈┈┈┈┈┈┈┈┈┈┈┈┈┈┈┈┈┈┈┈┈┈┈┈┈┈┈┈┈┈┈┈┈┈┈┈┈┈┈┈┈┈┈┈
[INFO] [stderr] note: If the actual output is the correct output you can bless it by rerunning
[INFO] [stderr]       your test with the environment variable TRYBUILD=overwrite
[INFO] [stderr] 
[INFO] [stderr] test tests/build/fromlifetimes.rs [should fail to compile] ... mismatch
[INFO] [stderr] 
[INFO] [stderr] EXPECTED:
[INFO] [stderr] ┈┈┈┈┈┈┈┈┈┈┈┈┈┈┈┈┈┈┈┈┈┈┈┈┈┈┈┈┈┈┈┈┈┈┈┈┈┈┈┈┈┈┈┈┈┈┈┈┈┈┈┈┈┈┈┈┈┈┈┈
[INFO] [stderr] error: Deriving structs with more than one lifetime is not supported
[INFO] [stderr]  --> tests/build/fromlifetimes.rs:4:15
[INFO] [stderr]   |
[INFO] [stderr] 4 | struct Derived<'a, 'b> {
[INFO] [stderr]   |               ^
[INFO] [stderr] ┈┈┈┈┈┈┈┈┈┈┈┈┈┈┈┈┈┈┈┈┈┈┈┈┈┈┈┈┈┈┈┈┈┈┈┈┈┈┈┈┈┈┈┈┈┈┈┈┈┈┈┈┈┈┈┈┈┈┈┈
[INFO] [stderr] 
[INFO] [stderr] ACTUAL OUTPUT:
[INFO] [stderr] ┈┈┈┈┈┈┈┈┈┈┈┈┈┈┈┈┈┈┈┈┈┈┈┈┈┈┈┈┈┈┈┈┈┈┈┈┈┈┈┈┈┈┈┈┈┈┈┈┈┈┈┈┈┈┈┈┈┈┈┈
[INFO] [stderr] error: Deriving structs with more than one lifetime is not supported
[INFO] [stderr]  --> tests/build/fromlifetimes.rs:4:15
[INFO] [stderr]   |
[INFO] [stderr] 4 | struct Derived<'a, 'b> {
[INFO] [stderr]   |               ^^^^^^^^
[INFO] [stderr] ┈┈┈┈┈┈┈┈┈┈┈┈┈┈┈┈┈┈┈┈┈┈┈┈┈┈┈┈┈┈┈┈┈┈┈┈┈┈┈┈┈┈┈┈┈┈┈┈┈┈┈┈┈┈┈┈┈┈┈┈
[INFO] [stderr] note: If the actual output is the correct output you can bless it by rerunning
[INFO] [stderr]       your test with the environment variable TRYBUILD=overwrite
[INFO] [stderr] 
[INFO] [stderr] 
[INFO] [stderr] 
[INFO] [stdout] test tests ... FAILED
[INFO] [stdout] 
[INFO] [stdout] failures:
[INFO] [stdout] 
[INFO] [stdout] ---- tests stdout ----
[INFO] [stdout] thread 'tests' panicked at /opt/rustwide/cargo-home/registry/src/index.crates.io-6f17d22bba15001f/trybuild-1.0.101/src/run.rs:101:13:
[INFO] [stdout] 3 of 7 tests failed
[INFO] [stdout] stack backtrace:
[INFO] [stdout]    0:     0x5e00298be5da - std::backtrace_rs::backtrace::libunwind::trace::h207520d6e9873551
[INFO] [stdout]                                at /rustc/df4ca44d3fbc9301ee17f30f4d474e6ae4b05252/library/std/src/../../backtrace/src/backtrace/libunwind.rs:116:5
[INFO] [stdout]    1:     0x5e00298be5da - std::backtrace_rs::backtrace::trace_unsynchronized::h2ed7433f370e3eca
[INFO] [stdout]                                at /rustc/df4ca44d3fbc9301ee17f30f4d474e6ae4b05252/library/std/src/../../backtrace/src/backtrace/mod.rs:66:5
[INFO] [stdout]    2:     0x5e00298be5da - std::sys::backtrace::_print_fmt::h916fac51166b18d7
[INFO] [stdout]                                at /rustc/df4ca44d3fbc9301ee17f30f4d474e6ae4b05252/library/std/src/sys/backtrace.rs:66:9
[INFO] [stdout]    3:     0x5e00298be5da - <std::sys::backtrace::BacktraceLock::print::DisplayBacktrace as core::fmt::Display>::fmt::ha0a4c9b8ce3802e6
[INFO] [stdout]                                at /rustc/df4ca44d3fbc9301ee17f30f4d474e6ae4b05252/library/std/src/sys/backtrace.rs:39:26
[INFO] [stdout]    4:     0x5e00298e8a83 - core::fmt::rt::Argument::fmt::h4cfc8587d52b3eb5
[INFO] [stdout]                                at /rustc/df4ca44d3fbc9301ee17f30f4d474e6ae4b05252/library/core/src/fmt/rt.rs:177:76
[INFO] [stdout]    5:     0x5e00298e8a83 - core::fmt::write::h522cc39e5b36ae9f
[INFO] [stdout]                                at /rustc/df4ca44d3fbc9301ee17f30f4d474e6ae4b05252/library/core/src/fmt/mod.rs:1190:21
[INFO] [stdout]    6:     0x5e00298ba613 - std::io::Write::write_fmt::h7d3c26752da97734
[INFO] [stdout]                                at /rustc/df4ca44d3fbc9301ee17f30f4d474e6ae4b05252/library/std/src/io/mod.rs:1839:15
[INFO] [stdout]    7:     0x5e00298be422 - std::sys::backtrace::BacktraceLock::print::h4b9e00b29e9c0942
[INFO] [stdout]                                at /rustc/df4ca44d3fbc9301ee17f30f4d474e6ae4b05252/library/std/src/sys/backtrace.rs:42:9
[INFO] [stdout]    8:     0x5e00298c006a - std::panicking::default_hook::{{closure}}::hb59b88280d0324d9
[INFO] [stdout]                                at /rustc/df4ca44d3fbc9301ee17f30f4d474e6ae4b05252/library/std/src/panicking.rs:268:22
[INFO] [stdout]    9:     0x5e00298bfe74 - std::panicking::default_hook::he1dd496665be4a29
[INFO] [stdout]                                at /rustc/df4ca44d3fbc9301ee17f30f4d474e6ae4b05252/library/std/src/panicking.rs:292:9
[INFO] [stdout]   10:     0x5e0029886b69 - <alloc::boxed::Box<F,A> as core::ops::function::Fn<Args>>::call::h4ff71de18744e1dc
[INFO] [stdout]                                at /rustc/df4ca44d3fbc9301ee17f30f4d474e6ae4b05252/library/alloc/src/boxed.rs:2468:9
[INFO] [stdout]   11:     0x5e0029886b69 - test::test_main::{{closure}}::hcf7c055ce117aa81
[INFO] [stdout]                                at /rustc/df4ca44d3fbc9301ee17f30f4d474e6ae4b05252/library/test/src/lib.rs:133:21
[INFO] [stdout]   12:     0x5e00298c0768 - <alloc::boxed::Box<F,A> as core::ops::function::Fn<Args>>::call::h1d66c6bbd60c9692
[INFO] [stdout]                                at /rustc/df4ca44d3fbc9301ee17f30f4d474e6ae4b05252/library/alloc/src/boxed.rs:2468:9
[INFO] [stdout]   13:     0x5e00298c0768 - std::panicking::rust_panic_with_hook::h2ff17fe8f26dfcf8
[INFO] [stdout]                                at /rustc/df4ca44d3fbc9301ee17f30f4d474e6ae4b05252/library/std/src/panicking.rs:809:13
[INFO] [stdout]   14:     0x5e00298c052a - std::panicking::begin_panic_handler::{{closure}}::h4fad77951c07e101
[INFO] [stdout]                                at /rustc/df4ca44d3fbc9301ee17f30f4d474e6ae4b05252/library/std/src/panicking.rs:674:13
[INFO] [stdout]   15:     0x5e00298beab9 - std::sys::backtrace::__rust_end_short_backtrace::hb1a25b3da5d0ea08
[INFO] [stdout]                                at /rustc/df4ca44d3fbc9301ee17f30f4d474e6ae4b05252/library/std/src/sys/backtrace.rs:170:18
[INFO] [stdout]   16:     0x5e00298c01bc - rust_begin_unwind
[INFO] [stdout]                                at /rustc/df4ca44d3fbc9301ee17f30f4d474e6ae4b05252/library/std/src/panicking.rs:665:5
[INFO] [stdout]   17:     0x5e00298e6e30 - core::panicking::panic_fmt::ha9db07b529f9b256
[INFO] [stdout]                                at /rustc/df4ca44d3fbc9301ee17f30f4d474e6ae4b05252/library/core/src/panicking.rs:75:14
[INFO] [stdout]   18:     0x5e0029665b2f - trybuild::run::<impl trybuild::Runner>::run::ha2a43883dc6fe06d
[INFO] [stdout]                                at /opt/rustwide/cargo-home/registry/src/index.crates.io-6f17d22bba15001f/trybuild-1.0.101/src/run.rs:101:13
[INFO] [stdout]   19:     0x5e002966b048 - <trybuild::TestCases as core::ops::drop::Drop>::drop::h73b863c65869fef5
[INFO] [stdout]                                at /opt/rustwide/cargo-home/registry/src/index.crates.io-6f17d22bba15001f/trybuild-1.0.101/src/lib.rs:340:13
[INFO] [stdout]   20:     0x5e0029597517 - core::ptr::drop_in_place<trybuild::TestCases>::h5ac53dd8020d0e5a
[INFO] [stdout]                                at /rustc/df4ca44d3fbc9301ee17f30f4d474e6ae4b05252/library/core/src/ptr/mod.rs:521:1
[INFO] [stdout]   21:     0x5e0029597e36 - ui::tests::hba5edade4e14ad8e
[INFO] [stdout]                                at /opt/rustwide/workdir/tests/ui.rs:11:1
[INFO] [stdout]   22:     0x5e0029597d37 - ui::tests::{{closure}}::h41d4dee991dfbe69
[INFO] [stdout]                                at /opt/rustwide/workdir/tests/ui.rs:2:11
[INFO] [stdout]   23:     0x5e0029597486 - core::ops::function::FnOnce::call_once::hba2f7940670de33f
[INFO] [stdout]                                at /rustc/df4ca44d3fbc9301ee17f30f4d474e6ae4b05252/library/core/src/ops/function.rs:250:5
[INFO] [stdout]   24:     0x5e002988b43b - core::ops::function::FnOnce::call_once::h22c3ba5715e93f05
[INFO] [stdout]                                at /rustc/df4ca44d3fbc9301ee17f30f4d474e6ae4b05252/library/core/src/ops/function.rs:250:5
[INFO] [stdout]   25:     0x5e002988b43b - test::__rust_begin_short_backtrace::h8e82d8113d0da17f
[INFO] [stdout]                                at /rustc/df4ca44d3fbc9301ee17f30f4d474e6ae4b05252/library/test/src/lib.rs:621:18
[INFO] [stdout]   26:     0x5e002988adb7 - test::run_test_in_process::{{closure}}::h33235f4f20b7b7c7
[INFO] [stdout]                                at /rustc/df4ca44d3fbc9301ee17f30f4d474e6ae4b05252/library/test/src/lib.rs:644:60
[INFO] [stdout]   27:     0x5e002988adb7 - <core::panic::unwind_safe::AssertUnwindSafe<F> as core::ops::function::FnOnce<()>>::call_once::hb5043206310c586f
[INFO] [stdout]                                at /rustc/df4ca44d3fbc9301ee17f30f4d474e6ae4b05252/library/core/src/panic/unwind_safe.rs:272:9
[INFO] [stdout]   28:     0x5e002988adb7 - std::panicking::try::do_call::h9ad4731a60ab23e2
[INFO] [stdout]                                at /rustc/df4ca44d3fbc9301ee17f30f4d474e6ae4b05252/library/std/src/panicking.rs:557:40
[INFO] [stdout]   29:     0x5e002988adb7 - std::panicking::try::h3824d23db772a716
[INFO] [stdout]                                at /rustc/df4ca44d3fbc9301ee17f30f4d474e6ae4b05252/library/std/src/panicking.rs:520:19
[INFO] [stdout]   30:     0x5e002988adb7 - std::panic::catch_unwind::h5afd514605fde46b
[INFO] [stdout]                                at /rustc/df4ca44d3fbc9301ee17f30f4d474e6ae4b05252/library/std/src/panic.rs:358:14
[INFO] [stdout]   31:     0x5e002988adb7 - test::run_test_in_process::h0d5cbfa7067d1720
[INFO] [stdout]                                at /rustc/df4ca44d3fbc9301ee17f30f4d474e6ae4b05252/library/test/src/lib.rs:644:27
[INFO] [stdout]   32:     0x5e002988adb7 - test::run_test::{{closure}}::h708eb8872708115d
[INFO] [stdout]                                at /rustc/df4ca44d3fbc9301ee17f30f4d474e6ae4b05252/library/test/src/lib.rs:565:43
[INFO] [stdout]   33:     0x5e002984e4d4 - test::run_test::{{closure}}::h392c51cee94713ab
[INFO] [stdout]                                at /rustc/df4ca44d3fbc9301ee17f30f4d474e6ae4b05252/library/test/src/lib.rs:595:41
[INFO] [stdout]   34:     0x5e002984e4d4 - std::sys::backtrace::__rust_begin_short_backtrace::h2f40290710935a8b
[INFO] [stdout]                                at /rustc/df4ca44d3fbc9301ee17f30f4d474e6ae4b05252/library/std/src/sys/backtrace.rs:154:18
[INFO] [stdout]   35:     0x5e0029851c7e - std::thread::Builder::spawn_unchecked_::{{closure}}::{{closure}}::h3fd968d89053a903
[INFO] [stdout]                                at /rustc/df4ca44d3fbc9301ee17f30f4d474e6ae4b05252/library/std/src/thread/mod.rs:541:17
[INFO] [stdout]   36:     0x5e0029851c7e - <core::panic::unwind_safe::AssertUnwindSafe<F> as core::ops::function::FnOnce<()>>::call_once::h743f637ba4229880
[INFO] [stdout]                                at /rustc/df4ca44d3fbc9301ee17f30f4d474e6ae4b05252/library/core/src/panic/unwind_safe.rs:272:9
[INFO] [stdout]   37:     0x5e0029851c7e - std::panicking::try::do_call::h07440897322525a6
[INFO] [stdout]                                at /rustc/df4ca44d3fbc9301ee17f30f4d474e6ae4b05252/library/std/src/panicking.rs:557:40
[INFO] [stdout]   38:     0x5e0029851c7e - std::panicking::try::he5a2e00188156637
[INFO] [stdout]                                at /rustc/df4ca44d3fbc9301ee17f30f4d474e6ae4b05252/library/std/src/panicking.rs:520:19
[INFO] [stdout]   39:     0x5e0029851c7e - std::panic::catch_unwind::hbaf3cae49b3c6433
[INFO] [stdout]                                at /rustc/df4ca44d3fbc9301ee17f30f4d474e6ae4b05252/library/std/src/panic.rs:358:14
[INFO] [stdout]   40:     0x5e0029851c7e - std::thread::Builder::spawn_unchecked_::{{closure}}::h8e141ea224820bce
[INFO] [stdout]                                at /rustc/df4ca44d3fbc9301ee17f30f4d474e6ae4b05252/library/std/src/thread/mod.rs:540:30
[INFO] [stdout]   41:     0x5e0029851c7e - core::ops::function::FnOnce::call_once{{vtable.shim}}::h90d312fedd7b8ea8
[INFO] [stdout]                                at /rustc/df4ca44d3fbc9301ee17f30f4d474e6ae4b05252/library/core/src/ops/function.rs:250:5
[INFO] [stdout]   42:     0x5e00298c552b - <alloc::boxed::Box<F,A> as core::ops::function::FnOnce<Args>>::call_once::h69aa08ddb6adb8b6
[INFO] [stdout]                                at /rustc/df4ca44d3fbc9301ee17f30f4d474e6ae4b05252/library/alloc/src/boxed.rs:2454:9
[INFO] [stdout]   43:     0x5e00298c552b - <alloc::boxed::Box<F,A> as core::ops::function::FnOnce<Args>>::call_once::h5aa36efdb79c806f
[INFO] [stdout]                                at /rustc/df4ca44d3fbc9301ee17f30f4d474e6ae4b05252/library/alloc/src/boxed.rs:2454:9
[INFO] [stdout]   44:     0x5e00298c552b - std::sys::pal::unix::thread::Thread::new::thread_start::h6cd80a1b4be5158d
[INFO] [stdout]                                at /rustc/df4ca44d3fbc9301ee17f30f4d474e6ae4b05252/library/std/src/sys/pal/unix/thread.rs:105:17
[INFO] [stdout]   45:     0x7637c330cac3 - <unknown>
[INFO] [stdout]   46:     0x7637c339da04 - clone
[INFO] [stdout]   47:                0x0 - <unknown>
[INFO] [stdout] 
[INFO] [stdout] 
[INFO] [stdout] failures:
[INFO] [stdout]     tests
[INFO] [stdout] 
[INFO] [stdout] test result: FAILED. 0 passed; 1 failed; 0 ignored; 0 measured; 0 filtered out; finished in 20.61s
[INFO] [stdout] 
[INFO] [stderr] error: test failed, to rerun pass `--test ui`
[INFO] running `Command { std: "docker" "inspect" "d79e268d1c2489122d313f14753a49b115b1303186d60e0d87ce5e96547f36cb", kill_on_drop: false }`
[INFO] running `Command { std: "docker" "rm" "-f" "d79e268d1c2489122d313f14753a49b115b1303186d60e0d87ce5e96547f36cb", kill_on_drop: false }`
[INFO] [stdout] d79e268d1c2489122d313f14753a49b115b1303186d60e0d87ce5e96547f36cb
