[INFO] fetching crate dharvya_api 0.1.0...
[INFO] testing dharvya_api-0.1.0 against nightly-2024-10-28+rustflags=-Zrandomize-layout for randomize-layout
[INFO] extracting crate dharvya_api 0.1.0 into /workspace/builds/worker-4-tc2/source
[INFO] validating manifest of crates.io crate dharvya_api 0.1.0 on toolchain nightly-2024-10-28
[INFO] running `Command { std: CARGO_HOME="/workspace/cargo-home" RUSTUP_HOME="/workspace/rustup-home" "/workspace/cargo-home/bin/cargo" "+nightly-2024-10-28" "metadata" "--manifest-path" "Cargo.toml" "--no-deps", kill_on_drop: false }`
[INFO] started tweaking crates.io crate dharvya_api 0.1.0
[INFO] finished tweaking crates.io crate dharvya_api 0.1.0
[INFO] tweaked toml for crates.io crate dharvya_api 0.1.0 written to /workspace/builds/worker-4-tc2/source/Cargo.toml
[INFO] running `Command { std: CARGO_HOME="/workspace/cargo-home" RUSTUP_HOME="/workspace/rustup-home" "/workspace/cargo-home/bin/cargo" "+nightly-2024-10-28" "generate-lockfile" "--manifest-path" "Cargo.toml", kill_on_drop: false }`
[INFO] [stderr]     Updating crates.io index
[INFO] [stderr]      Locking 126 packages to latest compatible versions
[INFO] [stderr]       Adding reqwest v0.11.27 (available: v0.12.9)
[INFO] running `Command { std: CARGO_HOME="/workspace/cargo-home" RUSTUP_HOME="/workspace/rustup-home" "/workspace/cargo-home/bin/cargo" "+nightly-2024-10-28" "fetch" "--manifest-path" "Cargo.toml", kill_on_drop: false }`
[INFO] running `Command { std: "docker" "create" "-v" "/var/lib/crater-agent-workspace/builds/worker-4-tc2/target:/opt/rustwide/target:rw,Z" "-v" "/var/lib/crater-agent-workspace/builds/worker-4-tc2/source:/opt/rustwide/workdir:ro,Z" "-v" "/var/lib/crater-agent-workspace/cargo-home:/opt/rustwide/cargo-home:ro,Z" "-v" "/var/lib/crater-agent-workspace/rustup-home:/opt/rustwide/rustup-home:ro,Z" "-e" "SOURCE_DIR=/opt/rustwide/workdir" "-e" "CARGO_TARGET_DIR=/opt/rustwide/target" "-e" "CARGO_HOME=/opt/rustwide/cargo-home" "-e" "RUSTUP_HOME=/opt/rustwide/rustup-home" "-w" "/opt/rustwide/workdir" "-m" "1610612736" "--user" "0:0" "--network" "none" "ghcr.io/rust-lang/crates-build-env/linux@sha256:4a844ea9eb2546a2d2c7022eacef16ef2e8229c7fbb2c7d4d55a9ceca922f72d" "/opt/rustwide/cargo-home/bin/cargo" "+nightly-2024-10-28" "metadata" "--no-deps" "--format-version=1", kill_on_drop: false }`
[INFO] [stdout] da9ccb2c63928fbade935b8973df0df3dbdfbd2846b315fa8df096c5a22a4d80
[INFO] running `Command { std: "docker" "start" "-a" "da9ccb2c63928fbade935b8973df0df3dbdfbd2846b315fa8df096c5a22a4d80", kill_on_drop: false }`
[INFO] running `Command { std: "docker" "inspect" "da9ccb2c63928fbade935b8973df0df3dbdfbd2846b315fa8df096c5a22a4d80", kill_on_drop: false }`
[INFO] running `Command { std: "docker" "rm" "-f" "da9ccb2c63928fbade935b8973df0df3dbdfbd2846b315fa8df096c5a22a4d80", kill_on_drop: false }`
[INFO] [stdout] da9ccb2c63928fbade935b8973df0df3dbdfbd2846b315fa8df096c5a22a4d80
[INFO] running `Command { std: "docker" "create" "-v" "/var/lib/crater-agent-workspace/builds/worker-4-tc2/target:/opt/rustwide/target:rw,Z" "-v" "/var/lib/crater-agent-workspace/builds/worker-4-tc2/source:/opt/rustwide/workdir:ro,Z" "-v" "/var/lib/crater-agent-workspace/cargo-home:/opt/rustwide/cargo-home:ro,Z" "-v" "/var/lib/crater-agent-workspace/rustup-home:/opt/rustwide/rustup-home:ro,Z" "-e" "SOURCE_DIR=/opt/rustwide/workdir" "-e" "CARGO_TARGET_DIR=/opt/rustwide/target" "-e" "CARGO_INCREMENTAL=0" "-e" "RUST_BACKTRACE=full" "-e" "RUSTFLAGS=--cap-lints=forbid -Zrandomize-layout" "-e" "RUSTDOCFLAGS=--cap-lints=forbid" "-e" "CARGO_HOME=/opt/rustwide/cargo-home" "-e" "RUSTUP_HOME=/opt/rustwide/rustup-home" "-w" "/opt/rustwide/workdir" "-m" "1610612736" "--user" "0:0" "--network" "none" "ghcr.io/rust-lang/crates-build-env/linux@sha256:4a844ea9eb2546a2d2c7022eacef16ef2e8229c7fbb2c7d4d55a9ceca922f72d" "/opt/rustwide/cargo-home/bin/cargo" "+nightly-2024-10-28" "build" "--frozen" "--message-format=json", kill_on_drop: false }`
[INFO] [stdout] e0a73c7fd7c34e043e169bcf52bbb16f06d071be42a49d4dbf325f31c6a36ab2
[INFO] running `Command { std: "docker" "start" "-a" "e0a73c7fd7c34e043e169bcf52bbb16f06d071be42a49d4dbf325f31c6a36ab2", kill_on_drop: false }`
[INFO] [stderr]    Compiling futures-core v0.3.31
[INFO] [stderr]    Compiling openssl-sys v0.9.104
[INFO] [stderr]    Compiling tokio v1.41.0
[INFO] [stderr]    Compiling openssl v0.10.68
[INFO] [stderr]    Compiling http v0.2.12
[INFO] [stderr]    Compiling openssl-macros v0.1.1
[INFO] [stderr]    Compiling tracing-core v0.1.32
[INFO] [stderr]    Compiling futures-sink v0.3.31
[INFO] [stderr]    Compiling httparse v1.9.5
[INFO] [stderr]    Compiling futures-util v0.3.31
[INFO] [stderr]    Compiling unicode-normalization v0.1.24
[INFO] [stderr]    Compiling futures-channel v0.3.31
[INFO] [stderr]    Compiling tracing v0.1.40
[INFO] [stderr]    Compiling native-tls v0.2.12
[INFO] [stderr]    Compiling unicode-bidi v0.3.17
[INFO] [stderr]    Compiling tower-service v0.3.3
[INFO] [stderr]    Compiling http-body v0.4.6
[INFO] [stderr]    Compiling httpdate v1.0.3
[INFO] [stderr]    Compiling base64 v0.21.7
[INFO] [stderr]    Compiling serde_urlencoded v0.7.1
[INFO] [stderr]    Compiling encoding_rs v0.8.35
[INFO] [stderr]    Compiling idna v0.5.0
[INFO] [stderr]    Compiling rustls-pemfile v1.0.4
[INFO] [stderr]    Compiling ipnet v2.10.1
[INFO] [stderr]    Compiling sync_wrapper v0.1.2
[INFO] [stderr]    Compiling url v2.5.2
[INFO] [stderr]    Compiling tokio-util v0.7.12
[INFO] [stderr]    Compiling h2 v0.3.26
[INFO] [stderr]    Compiling tokio-native-tls v0.3.1
[INFO] [stderr]    Compiling hyper v0.14.31
[INFO] [stderr]    Compiling hyper-tls v0.5.0
[INFO] [stderr]    Compiling reqwest v0.11.27
[INFO] [stderr]    Compiling dharvya_api v0.1.0 (/opt/rustwide/workdir)
[INFO] [stderr]     Finished `dev` profile [unoptimized + debuginfo] target(s) in 12.30s
[INFO] running `Command { std: "docker" "inspect" "e0a73c7fd7c34e043e169bcf52bbb16f06d071be42a49d4dbf325f31c6a36ab2", kill_on_drop: false }`
[INFO] running `Command { std: "docker" "rm" "-f" "e0a73c7fd7c34e043e169bcf52bbb16f06d071be42a49d4dbf325f31c6a36ab2", kill_on_drop: false }`
[INFO] [stdout] e0a73c7fd7c34e043e169bcf52bbb16f06d071be42a49d4dbf325f31c6a36ab2
[INFO] running `Command { std: "docker" "create" "-v" "/var/lib/crater-agent-workspace/builds/worker-4-tc2/target:/opt/rustwide/target:rw,Z" "-v" "/var/lib/crater-agent-workspace/builds/worker-4-tc2/source:/opt/rustwide/workdir:ro,Z" "-v" "/var/lib/crater-agent-workspace/cargo-home:/opt/rustwide/cargo-home:ro,Z" "-v" "/var/lib/crater-agent-workspace/rustup-home:/opt/rustwide/rustup-home:ro,Z" "-e" "SOURCE_DIR=/opt/rustwide/workdir" "-e" "CARGO_TARGET_DIR=/opt/rustwide/target" "-e" "CARGO_INCREMENTAL=0" "-e" "RUST_BACKTRACE=full" "-e" "RUSTFLAGS=--cap-lints=forbid -Zrandomize-layout" "-e" "RUSTDOCFLAGS=--cap-lints=forbid" "-e" "CARGO_HOME=/opt/rustwide/cargo-home" "-e" "RUSTUP_HOME=/opt/rustwide/rustup-home" "-w" "/opt/rustwide/workdir" "-m" "1610612736" "--user" "0:0" "--network" "none" "ghcr.io/rust-lang/crates-build-env/linux@sha256:4a844ea9eb2546a2d2c7022eacef16ef2e8229c7fbb2c7d4d55a9ceca922f72d" "/opt/rustwide/cargo-home/bin/cargo" "+nightly-2024-10-28" "test" "--frozen" "--no-run" "--message-format=json", kill_on_drop: false }`
[INFO] [stdout] 1b869cd74f69205a8b84e2b9dfcfcedfa67051811cf3af1b612fc1a9a5eb3c30
[INFO] running `Command { std: "docker" "start" "-a" "1b869cd74f69205a8b84e2b9dfcfcedfa67051811cf3af1b612fc1a9a5eb3c30", kill_on_drop: false }`
[INFO] [stderr]    Compiling dharvya_api v0.1.0 (/opt/rustwide/workdir)
[INFO] [stderr]     Finished `test` profile [unoptimized + debuginfo] target(s) in 0.41s
[INFO] running `Command { std: "docker" "inspect" "1b869cd74f69205a8b84e2b9dfcfcedfa67051811cf3af1b612fc1a9a5eb3c30", kill_on_drop: false }`
[INFO] running `Command { std: "docker" "rm" "-f" "1b869cd74f69205a8b84e2b9dfcfcedfa67051811cf3af1b612fc1a9a5eb3c30", kill_on_drop: false }`
[INFO] [stdout] 1b869cd74f69205a8b84e2b9dfcfcedfa67051811cf3af1b612fc1a9a5eb3c30
[INFO] running `Command { std: "docker" "create" "-v" "/var/lib/crater-agent-workspace/builds/worker-4-tc2/target:/opt/rustwide/target:rw,Z" "-v" "/var/lib/crater-agent-workspace/builds/worker-4-tc2/source:/opt/rustwide/workdir:ro,Z" "-v" "/var/lib/crater-agent-workspace/cargo-home:/opt/rustwide/cargo-home:ro,Z" "-v" "/var/lib/crater-agent-workspace/rustup-home:/opt/rustwide/rustup-home:ro,Z" "-e" "SOURCE_DIR=/opt/rustwide/workdir" "-e" "CARGO_TARGET_DIR=/opt/rustwide/target" "-e" "CARGO_INCREMENTAL=0" "-e" "RUST_BACKTRACE=full" "-e" "RUSTFLAGS=--cap-lints=forbid -Zrandomize-layout" "-e" "RUSTDOCFLAGS=--cap-lints=forbid" "-e" "CARGO_HOME=/opt/rustwide/cargo-home" "-e" "RUSTUP_HOME=/opt/rustwide/rustup-home" "-w" "/opt/rustwide/workdir" "-m" "1610612736" "--user" "0:0" "--network" "none" "ghcr.io/rust-lang/crates-build-env/linux@sha256:4a844ea9eb2546a2d2c7022eacef16ef2e8229c7fbb2c7d4d55a9ceca922f72d" "/opt/rustwide/cargo-home/bin/cargo" "+nightly-2024-10-28" "test" "--frozen", kill_on_drop: false }`
[INFO] [stdout] f9e2100009289183ecdab2875db234a9ade07b0c3b2e9a5021b454ee0d2b0d68
[INFO] running `Command { std: "docker" "start" "-a" "f9e2100009289183ecdab2875db234a9ade07b0c3b2e9a5021b454ee0d2b0d68", kill_on_drop: false }`
[INFO] [stderr]     Finished `test` profile [unoptimized + debuginfo] target(s) in 0.06s
[INFO] [stderr]      Running unittests src/lib.rs (/opt/rustwide/target/debug/deps/dharvya_api-08aed82a07a37772)
[INFO] [stdout] 
[INFO] [stdout] running 1 test
[INFO] [stdout] test tests::it_works ... ok
[INFO] [stdout] 
[INFO] [stdout] test result: ok. 1 passed; 0 failed; 0 ignored; 0 measured; 0 filtered out; finished in 0.00s
[INFO] [stdout] 
[INFO] [stderr]    Doc-tests dharvya_api
[INFO] [stdout] 
[INFO] [stdout] running 17 tests
[INFO] [stdout] test src/core.rs - core::compliment (line 266) ... FAILED
[INFO] [stdout] test src/core.rs - core::dare (line 174) ... FAILED
[INFO] [stdout] test src/core.rs - core::eightball (line 104) ... FAILED
[INFO] [stdout] test src/core.rs - core::Trivia::get (line 228) ... FAILED
[INFO] [stdout] test src/core.rs - core::get_random_meme (line 86) ... FAILED
[INFO] [stdout] test src/core.rs - core::Image::save_as_new (line 18) ... FAILED
[INFO] [stdout] test src/core.rs - core::Image::save_as_existing (line 32) ... FAILED
[INFO] [stdout] test src/core.rs - core::fact (line 189) ... FAILED
[INFO] [stdout] test src/core.rs - core::roast (line 205) ... FAILED
[INFO] [stdout] test src/core.rs - core::joke (line 250) ... FAILED
[INFO] [stdout] test src/core.rs - core::neverhaveiever (line 282) ... FAILED
[INFO] [stdout] test src/core.rs - core::truth_or_dare (line 139) ... FAILED
[INFO] [stdout] test src/core.rs - core::topic (line 297) ... FAILED
[INFO] [stdout] test src/lib.rs - _request (line 39) ... FAILED
[INFO] [stdout] test src/core.rs - core::would_you_rather (line 119) ... FAILED
[INFO] [stdout] test src/lib.rs - request (line 15) ... FAILED
[INFO] [stdout] test src/core.rs - core::truth (line 159) ... FAILED
[INFO] [stdout] 
[INFO] [stdout] failures:
[INFO] [stdout] 
[INFO] [stdout] ---- src/core.rs - core::compliment (line 266) stdout ----
[INFO] [stdout] error[E0425]: cannot find function `compliment` in this scope
[INFO] [stdout]  --> src/core.rs:267:18
[INFO] [stdout]   |
[INFO] [stdout] 3 | let compliment = compliment().unwrap();
[INFO] [stdout]   |                  ^^^^^^^^^^ not found in this scope
[INFO] [stdout]   |
[INFO] [stdout] help: consider importing this function
[INFO] [stdout]   |
[INFO] [stdout] 2 + use dharvya_api::compliment;
[INFO] [stdout]   |
[INFO] [stdout] 
[INFO] [stdout] error: aborting due to 1 previous error
[INFO] [stdout] 
[INFO] [stdout] For more information about this error, try `rustc --explain E0425`.
[INFO] [stdout] Couldn't compile the test.
[INFO] [stdout] ---- src/core.rs - core::dare (line 174) stdout ----
[INFO] [stdout] error[E0425]: cannot find function `dare` in this scope
[INFO] [stdout]  --> src/core.rs:175:14
[INFO] [stdout]   |
[INFO] [stdout] 3 | let answer = dare().unwrap();
[INFO] [stdout]   |              ^^^^ not found in this scope
[INFO] [stdout]   |
[INFO] [stdout] help: consider importing this function
[INFO] [stdout]   |
[INFO] [stdout] 2 + use dharvya_api::dare;
[INFO] [stdout]   |
[INFO] [stdout] 
[INFO] [stdout] error: aborting due to 1 previous error
[INFO] [stdout] 
[INFO] [stdout] For more information about this error, try `rustc --explain E0425`.
[INFO] [stdout] Couldn't compile the test.
[INFO] [stdout] ---- src/core.rs - core::eightball (line 104) stdout ----
[INFO] [stdout] error[E0425]: cannot find function `eighball` in this scope
[INFO] [stdout]  --> src/core.rs:105:14
[INFO] [stdout]   |
[INFO] [stdout] 3 | let answer = eighball().unwrap();
[INFO] [stdout]   |              ^^^^^^^^ not found in this scope
[INFO] [stdout] 
[INFO] [stdout] error: aborting due to 1 previous error
[INFO] [stdout] 
[INFO] [stdout] For more information about this error, try `rustc --explain E0425`.
[INFO] [stdout] Couldn't compile the test.
[INFO] [stdout] ---- src/core.rs - core::Trivia::get (line 228) stdout ----
[INFO] [stdout] error[E0433]: failed to resolve: use of undeclared type `Trivia`
[INFO] [stdout]  --> src/core.rs:229:14
[INFO] [stdout]   |
[INFO] [stdout] 3 | let trivia = Trivia::get().unwrap();
[INFO] [stdout]   |              ^^^^^^ use of undeclared type `Trivia`
[INFO] [stdout]   |
[INFO] [stdout] help: consider importing this struct
[INFO] [stdout]   |
[INFO] [stdout] 2 + use dharvya_api::Trivia;
[INFO] [stdout]   |
[INFO] [stdout] 
[INFO] [stdout] error: aborting due to 1 previous error
[INFO] [stdout] 
[INFO] [stdout] For more information about this error, try `rustc --explain E0433`.
[INFO] [stdout] Couldn't compile the test.
[INFO] [stdout] ---- src/core.rs - core::get_random_meme (line 86) stdout ----
[INFO] [stdout] error[E0425]: cannot find function `get_random_meme` in this scope
[INFO] [stdout]  --> src/core.rs:87:12
[INFO] [stdout]   |
[INFO] [stdout] 3 | let meme = get_random_meme().unwrap();
[INFO] [stdout]   |            ^^^^^^^^^^^^^^^ not found in this scope
[INFO] [stdout]   |
[INFO] [stdout] help: consider importing this function
[INFO] [stdout]   |
[INFO] [stdout] 2 + use dharvya_api::get_random_meme;
[INFO] [stdout]   |
[INFO] [stdout] 
[INFO] [stdout] error: aborting due to 1 previous error
[INFO] [stdout] 
[INFO] [stdout] For more information about this error, try `rustc --explain E0425`.
[INFO] [stdout] Couldn't compile the test.
[INFO] [stdout] ---- src/core.rs - core::Image::save_as_new (line 18) stdout ----
[INFO] [stdout] error[E0433]: failed to resolve: use of undeclared type `Meme`
[INFO] [stdout]  --> src/core.rs:19:12
[INFO] [stdout]   |
[INFO] [stdout] 3 | let meme = Meme::get("minecraft").unwrap();
[INFO] [stdout]   |            ^^^^ use of undeclared type `Meme`
[INFO] [stdout]   |
[INFO] [stdout] help: consider importing this struct
[INFO] [stdout]   |
[INFO] [stdout] 2 + use dharvya_api::Meme;
[INFO] [stdout]   |
[INFO] [stdout] 
[INFO] [stdout] error: aborting due to 1 previous error
[INFO] [stdout] 
[INFO] [stdout] For more information about this error, try `rustc --explain E0433`.
[INFO] [stdout] Couldn't compile the test.
[INFO] [stdout] ---- src/core.rs - core::Image::save_as_existing (line 32) stdout ----
[INFO] [stdout] error[E0433]: failed to resolve: use of undeclared type `Meme`
[INFO] [stdout]  --> src/core.rs:33:12
[INFO] [stdout]   |
[INFO] [stdout] 3 | let meme = Meme::get("minecraft").unwrap();
[INFO] [stdout]   |            ^^^^ use of undeclared type `Meme`
[INFO] [stdout]   |
[INFO] [stdout] help: consider importing this struct
[INFO] [stdout]   |
[INFO] [stdout] 2 + use dharvya_api::Meme;
[INFO] [stdout]   |
[INFO] [stdout] 
[INFO] [stdout] error: aborting due to 1 previous error
[INFO] [stdout] 
[INFO] [stdout] For more information about this error, try `rustc --explain E0433`.
[INFO] [stdout] Couldn't compile the test.
[INFO] [stdout] ---- src/core.rs - core::fact (line 189) stdout ----
[INFO] [stdout] error[E0425]: cannot find function `fact` in this scope
[INFO] [stdout]  --> src/core.rs:190:12
[INFO] [stdout]   |
[INFO] [stdout] 3 | let fact = fact().unwrap();
[INFO] [stdout]   |            ^^^^ not found in this scope
[INFO] [stdout]   |
[INFO] [stdout] help: consider importing this function
[INFO] [stdout]   |
[INFO] [stdout] 2 + use dharvya_api::fact;
[INFO] [stdout]   |
[INFO] [stdout] 
[INFO] [stdout] error: aborting due to 1 previous error
[INFO] [stdout] 
[INFO] [stdout] For more information about this error, try `rustc --explain E0425`.
[INFO] [stdout] Couldn't compile the test.
[INFO] [stdout] ---- src/core.rs - core::roast (line 205) stdout ----
[INFO] [stdout] error[E0425]: cannot find function `roast` in this scope
[INFO] [stdout]  --> src/core.rs:206:13
[INFO] [stdout]   |
[INFO] [stdout] 3 | let roast = roast().unwrap();
[INFO] [stdout]   |             ^^^^^ not found in this scope
[INFO] [stdout]   |
[INFO] [stdout] help: consider importing this function
[INFO] [stdout]   |
[INFO] [stdout] 2 + use dharvya_api::roast;
[INFO] [stdout]   |
[INFO] [stdout] 
[INFO] [stdout] error: aborting due to 1 previous error
[INFO] [stdout] 
[INFO] [stdout] For more information about this error, try `rustc --explain E0425`.
[INFO] [stdout] Couldn't compile the test.
[INFO] [stdout] ---- src/core.rs - core::joke (line 250) stdout ----
[INFO] [stdout] error[E0425]: cannot find function `joke` in this scope
[INFO] [stdout]  --> src/core.rs:251:12
[INFO] [stdout]   |
[INFO] [stdout] 3 | let joke = joke().unwrap();
[INFO] [stdout]   |            ^^^^ not found in this scope
[INFO] [stdout]   |
[INFO] [stdout] help: consider importing this function
[INFO] [stdout]   |
[INFO] [stdout] 2 + use dharvya_api::joke;
[INFO] [stdout]   |
[INFO] [stdout] 
[INFO] [stdout] error: aborting due to 1 previous error
[INFO] [stdout] 
[INFO] [stdout] For more information about this error, try `rustc --explain E0425`.
[INFO] [stdout] Couldn't compile the test.
[INFO] [stdout] ---- src/core.rs - core::neverhaveiever (line 282) stdout ----
[INFO] [stdout] error[E0425]: cannot find function `neverhaveiever` in this scope
[INFO] [stdout]  --> src/core.rs:283:22
[INFO] [stdout]   |
[INFO] [stdout] 3 | let neverhaveiever = neverhaveiever().unwrap();
[INFO] [stdout]   |                      ^^^^^^^^^^^^^^ not found in this scope
[INFO] [stdout]   |
[INFO] [stdout] help: consider importing this function
[INFO] [stdout]   |
[INFO] [stdout] 2 + use dharvya_api::neverhaveiever;
[INFO] [stdout]   |
[INFO] [stdout] 
[INFO] [stdout] error: aborting due to 1 previous error
[INFO] [stdout] 
[INFO] [stdout] For more information about this error, try `rustc --explain E0425`.
[INFO] [stdout] Couldn't compile the test.
[INFO] [stdout] ---- src/core.rs - core::truth_or_dare (line 139) stdout ----
[INFO] [stdout] error[E0425]: cannot find function `truth_or_dare` in this scope
[INFO] [stdout]  --> src/core.rs:140:14
[INFO] [stdout]   |
[INFO] [stdout] 3 | let answer = truth_or_dare().unwrap();
[INFO] [stdout]   |              ^^^^^^^^^^^^^ not found in this scope
[INFO] [stdout]   |
[INFO] [stdout] help: consider importing this function
[INFO] [stdout]   |
[INFO] [stdout] 2 + use dharvya_api::truth_or_dare;
[INFO] [stdout]   |
[INFO] [stdout] 
[INFO] [stdout] error: aborting due to 1 previous error
[INFO] [stdout] 
[INFO] [stdout] For more information about this error, try `rustc --explain E0425`.
[INFO] [stdout] Couldn't compile the test.
[INFO] [stdout] ---- src/core.rs - core::topic (line 297) stdout ----
[INFO] [stdout] error[E0425]: cannot find function `topic` in this scope
[INFO] [stdout]  --> src/core.rs:298:13
[INFO] [stdout]   |
[INFO] [stdout] 3 | let topic = topic().unwrap();
[INFO] [stdout]   |             ^^^^^ not found in this scope
[INFO] [stdout]   |
[INFO] [stdout] help: consider importing this function
[INFO] [stdout]   |
[INFO] [stdout] 2 + use dharvya_api::topic;
[INFO] [stdout]   |
[INFO] [stdout] 
[INFO] [stdout] error: aborting due to 1 previous error
[INFO] [stdout] 
[INFO] [stdout] For more information about this error, try `rustc --explain E0425`.
[INFO] [stdout] Couldn't compile the test.
[INFO] [stdout] ---- src/lib.rs - _request (line 39) stdout ----
[INFO] [stdout] error[E0425]: cannot find function `_request` in this scope
[INFO] [stdout]  --> src/lib.rs:40:13
[INFO] [stdout]   |
[INFO] [stdout] 3 | let bytes = _request("https://rust-lan.org").unwrap();
[INFO] [stdout]   |             ^^^^^^^^ not found in this scope
[INFO] [stdout]   |
[INFO] [stdout] help: consider importing this function
[INFO] [stdout]   |
[INFO] [stdout] 2 + use dharvya_api::_request;
[INFO] [stdout]   |
[INFO] [stdout] 
[INFO] [stdout] error: aborting due to 1 previous error
[INFO] [stdout] 
[INFO] [stdout] For more information about this error, try `rustc --explain E0425`.
[INFO] [stdout] Couldn't compile the test.
[INFO] [stdout] ---- src/core.rs - core::would_you_rather (line 119) stdout ----
[INFO] [stdout] error[E0425]: cannot find function `would_you_rather` in this scope
[INFO] [stdout]  --> src/core.rs:120:14
[INFO] [stdout]   |
[INFO] [stdout] 3 | let answer = would_you_rather().unwrap();
[INFO] [stdout]   |              ^^^^^^^^^^^^^^^^ not found in this scope
[INFO] [stdout]   |
[INFO] [stdout] help: consider importing this function
[INFO] [stdout]   |
[INFO] [stdout] 2 + use dharvya_api::would_you_rather;
[INFO] [stdout]   |
[INFO] [stdout] 
[INFO] [stdout] error: aborting due to 1 previous error
[INFO] [stdout] 
[INFO] [stdout] For more information about this error, try `rustc --explain E0425`.
[INFO] [stdout] Couldn't compile the test.
[INFO] [stdout] ---- src/lib.rs - request (line 15) stdout ----
[INFO] [stdout] error[E0425]: cannot find function `request` in this scope
[INFO] [stdout]  --> src/lib.rs:16:13
[INFO] [stdout]   |
[INFO] [stdout] 3 | let bytes = request("meme/minecraft").unwrap();
[INFO] [stdout]   |             ^^^^^^^ not found in this scope
[INFO] [stdout]   |
[INFO] [stdout] help: consider importing this function
[INFO] [stdout]   |
[INFO] [stdout] 2 + use dharvya_api::request;
[INFO] [stdout]   |
[INFO] [stdout] 
[INFO] [stdout] error: aborting due to 1 previous error
[INFO] [stdout] 
[INFO] [stdout] For more information about this error, try `rustc --explain E0425`.
[INFO] [stdout] Couldn't compile the test.
[INFO] [stdout] ---- src/core.rs - core::truth (line 159) stdout ----
[INFO] [stdout] error[E0425]: cannot find function `truth` in this scope
[INFO] [stdout]  --> src/core.rs:160:14
[INFO] [stdout]   |
[INFO] [stdout] 3 | let answer = truth().unwrap();
[INFO] [stdout]   |              ^^^^^ not found in this scope
[INFO] [stdout]   |
[INFO] [stdout] help: consider importing this function
[INFO] [stdout]   |
[INFO] [stdout] 2 + use dharvya_api::truth;
[INFO] [stdout]   |
[INFO] [stdout] 
[INFO] [stdout] error: aborting due to 1 previous error
[INFO] [stdout] 
[INFO] [stdout] For more information about this error, try `rustc --explain E0425`.
[INFO] [stdout] Couldn't compile the test.
[INFO] [stdout] 
[INFO] [stdout] failures:
[INFO] [stdout]     src/core.rs - core::Image::save_as_existing (line 32)
[INFO] [stdout]     src/core.rs - core::Image::save_as_new (line 18)
[INFO] [stdout]     src/core.rs - core::Trivia::get (line 228)
[INFO] [stdout]     src/core.rs - core::compliment (line 266)
[INFO] [stdout]     src/core.rs - core::dare (line 174)
[INFO] [stdout]     src/core.rs - core::eightball (line 104)
[INFO] [stdout]     src/core.rs - core::fact (line 189)
[INFO] [stdout]     src/core.rs - core::get_random_meme (line 86)
[INFO] [stdout]     src/core.rs - core::joke (line 250)
[INFO] [stdout]     src/core.rs - core::neverhaveiever (line 282)
[INFO] [stdout]     src/core.rs - core::roast (line 205)
[INFO] [stdout]     src/core.rs - core::topic (line 297)
[INFO] [stdout]     src/core.rs - core::truth (line 159)
[INFO] [stdout]     src/core.rs - core::truth_or_dare (line 139)
[INFO] [stdout]     src/core.rs - core::would_you_rather (line 119)
[INFO] [stdout]     src/lib.rs - _request (line 39)
[INFO] [stdout]     src/lib.rs - request (line 15)
[INFO] [stdout] 
[INFO] [stdout] test result: FAILED. 0 passed; 17 failed; 0 ignored; 0 measured; 0 filtered out; finished in 0.24s
[INFO] [stdout] 
[INFO] [stderr] error: doctest failed, to rerun pass `--doc`
[INFO] running `Command { std: "docker" "inspect" "f9e2100009289183ecdab2875db234a9ade07b0c3b2e9a5021b454ee0d2b0d68", kill_on_drop: false }`
[INFO] running `Command { std: "docker" "rm" "-f" "f9e2100009289183ecdab2875db234a9ade07b0c3b2e9a5021b454ee0d2b0d68", kill_on_drop: false }`
[INFO] [stdout] f9e2100009289183ecdab2875db234a9ade07b0c3b2e9a5021b454ee0d2b0d68
