[INFO] fetching crate df_rocket_okapi 0.4.1...
[INFO] testing df_rocket_okapi-0.4.1 against nightly-2024-10-28+rustflags=-Zrandomize-layout for randomize-layout
[INFO] extracting crate df_rocket_okapi 0.4.1 into /workspace/builds/worker-6-tc2/source
[INFO] validating manifest of crates.io crate df_rocket_okapi 0.4.1 on toolchain nightly-2024-10-28
[INFO] running `Command { std: CARGO_HOME="/workspace/cargo-home" RUSTUP_HOME="/workspace/rustup-home" "/workspace/cargo-home/bin/cargo" "+nightly-2024-10-28" "metadata" "--manifest-path" "Cargo.toml" "--no-deps", kill_on_drop: false }`
[INFO] started tweaking crates.io crate df_rocket_okapi 0.4.1
[INFO] finished tweaking crates.io crate df_rocket_okapi 0.4.1
[INFO] tweaked toml for crates.io crate df_rocket_okapi 0.4.1 written to /workspace/builds/worker-6-tc2/source/Cargo.toml
[INFO] running `Command { std: CARGO_HOME="/workspace/cargo-home" RUSTUP_HOME="/workspace/rustup-home" "/workspace/cargo-home/bin/cargo" "+nightly-2024-10-28" "generate-lockfile" "--manifest-path" "Cargo.toml", kill_on_drop: false }`
[INFO] [stderr]     Updating crates.io index
[INFO] [stderr]      Locking 117 packages to latest compatible versions
[INFO] [stderr]       Adding okapi v0.5.0-alpha-1 (available: v0.7.0)
[INFO] [stderr]       Adding rocket v0.4.11 (available: v0.5.1)
[INFO] [stderr]       Adding wasi v0.10.0+wasi-snapshot-preview1 (available: v0.10.2+wasi-snapshot-preview1)
[INFO] running `Command { std: CARGO_HOME="/workspace/cargo-home" RUSTUP_HOME="/workspace/rustup-home" "/workspace/cargo-home/bin/cargo" "+nightly-2024-10-28" "fetch" "--manifest-path" "Cargo.toml", kill_on_drop: false }`
[INFO] running `Command { std: "docker" "create" "-v" "/var/lib/crater-agent-workspace/builds/worker-6-tc2/target:/opt/rustwide/target:rw,Z" "-v" "/var/lib/crater-agent-workspace/builds/worker-6-tc2/source:/opt/rustwide/workdir:ro,Z" "-v" "/var/lib/crater-agent-workspace/cargo-home:/opt/rustwide/cargo-home:ro,Z" "-v" "/var/lib/crater-agent-workspace/rustup-home:/opt/rustwide/rustup-home:ro,Z" "-e" "SOURCE_DIR=/opt/rustwide/workdir" "-e" "CARGO_TARGET_DIR=/opt/rustwide/target" "-e" "CARGO_HOME=/opt/rustwide/cargo-home" "-e" "RUSTUP_HOME=/opt/rustwide/rustup-home" "-w" "/opt/rustwide/workdir" "-m" "1610612736" "--user" "0:0" "--network" "none" "ghcr.io/rust-lang/crates-build-env/linux@sha256:4a844ea9eb2546a2d2c7022eacef16ef2e8229c7fbb2c7d4d55a9ceca922f72d" "/opt/rustwide/cargo-home/bin/cargo" "+nightly-2024-10-28" "metadata" "--no-deps" "--format-version=1", kill_on_drop: false }`
[INFO] [stdout] dc3c65a0e259ba5b99e7921f9aa70df6b6d23776329fa506e46826ccfb50cfb9
[INFO] running `Command { std: "docker" "start" "-a" "dc3c65a0e259ba5b99e7921f9aa70df6b6d23776329fa506e46826ccfb50cfb9", kill_on_drop: false }`
[INFO] running `Command { std: "docker" "inspect" "dc3c65a0e259ba5b99e7921f9aa70df6b6d23776329fa506e46826ccfb50cfb9", kill_on_drop: false }`
[INFO] running `Command { std: "docker" "rm" "-f" "dc3c65a0e259ba5b99e7921f9aa70df6b6d23776329fa506e46826ccfb50cfb9", kill_on_drop: false }`
[INFO] [stdout] dc3c65a0e259ba5b99e7921f9aa70df6b6d23776329fa506e46826ccfb50cfb9
[INFO] running `Command { std: "docker" "create" "-v" "/var/lib/crater-agent-workspace/builds/worker-6-tc2/target:/opt/rustwide/target:rw,Z" "-v" "/var/lib/crater-agent-workspace/builds/worker-6-tc2/source:/opt/rustwide/workdir:ro,Z" "-v" "/var/lib/crater-agent-workspace/cargo-home:/opt/rustwide/cargo-home:ro,Z" "-v" "/var/lib/crater-agent-workspace/rustup-home:/opt/rustwide/rustup-home:ro,Z" "-e" "SOURCE_DIR=/opt/rustwide/workdir" "-e" "CARGO_TARGET_DIR=/opt/rustwide/target" "-e" "CARGO_INCREMENTAL=0" "-e" "RUST_BACKTRACE=full" "-e" "RUSTFLAGS=--cap-lints=forbid -Zrandomize-layout" "-e" "RUSTDOCFLAGS=--cap-lints=forbid" "-e" "CARGO_HOME=/opt/rustwide/cargo-home" "-e" "RUSTUP_HOME=/opt/rustwide/rustup-home" "-w" "/opt/rustwide/workdir" "-m" "1610612736" "--user" "0:0" "--network" "none" "ghcr.io/rust-lang/crates-build-env/linux@sha256:4a844ea9eb2546a2d2c7022eacef16ef2e8229c7fbb2c7d4d55a9ceca922f72d" "/opt/rustwide/cargo-home/bin/cargo" "+nightly-2024-10-28" "build" "--frozen" "--message-format=json", kill_on_drop: false }`
[INFO] [stdout] d9dd4295e98d163660fad70ab6795e1e1795847a519ffacdf7e99522693da6fa
[INFO] running `Command { std: "docker" "start" "-a" "d9dd4295e98d163660fad70ab6795e1e1795847a519ffacdf7e99522693da6fa", kill_on_drop: false }`
[INFO] [stderr]    Compiling proc-macro2 v0.4.30
[INFO] [stderr]    Compiling yansi v0.5.1
[INFO] [stderr]    Compiling unicode-xid v0.1.0
[INFO] [stderr]    Compiling syn v0.15.44
[INFO] [stderr]    Compiling log v0.4.22
[INFO] [stderr]    Compiling version_check v0.1.5
[INFO] [stderr]    Compiling unicode-bidi v0.3.17
[INFO] [stderr]    Compiling matches v0.1.10
[INFO] [stderr]    Compiling indexmap v1.9.3
[INFO] [stderr]    Compiling percent-encoding v1.0.1
[INFO] [stderr]    Compiling unicode-normalization v0.1.24
[INFO] [stderr]    Compiling time v0.1.45
[INFO] [stderr]    Compiling safemem v0.3.3
[INFO] [stderr]    Compiling num_cpus v1.16.0
[INFO] [stderr]    Compiling serde_derive v1.0.214
[INFO] [stderr]    Compiling hashbrown v0.12.3
[INFO] [stderr]    Compiling traitobject v0.1.0
[INFO] [stderr]    Compiling language-tags v0.2.2
[INFO] [stderr]    Compiling base64 v0.9.3
[INFO] [stderr]    Compiling typeable v0.1.2
[INFO] [stderr]    Compiling state v0.4.2
[INFO] [stderr]    Compiling cfg-if v0.1.10
[INFO] [stderr]    Compiling log v0.3.9
[INFO] [stderr]    Compiling pear_codegen v0.1.5
[INFO] [stderr]    Compiling rocket_codegen v0.4.11
[INFO] [stderr]    Compiling cookie v0.11.5
[INFO] [stderr]    Compiling net2 v0.2.39
[INFO] [stderr]    Compiling unicase v1.4.2
[INFO] [stderr]    Compiling mime v0.2.6
[INFO] [stderr]    Compiling iovec v0.1.4
[INFO] [stderr]    Compiling fnv v1.0.7
[INFO] [stderr]    Compiling idna v0.1.5
[INFO] [stderr]    Compiling strsim v0.9.3
[INFO] [stderr]    Compiling ident_case v1.0.1
[INFO] [stderr]    Compiling mio v0.6.23
[INFO] [stderr]    Compiling rocket v0.4.11
[INFO] [stderr]    Compiling serde_derive_internals v0.29.1
[INFO] [stderr]    Compiling inotify-sys v0.1.5
[INFO] [stderr]    Compiling schemars v0.8.21
[INFO] [stderr]    Compiling lazycell v1.3.0
[INFO] [stderr]    Compiling darling_core v0.10.2
[INFO] [stderr]    Compiling same-file v1.0.6
[INFO] [stderr]    Compiling filetime v0.2.25
[INFO] [stderr]    Compiling inotify v0.7.1
[INFO] [stderr]    Compiling atty v0.2.14
[INFO] [stderr]    Compiling quote v0.6.13
[INFO] [stderr]    Compiling walkdir v2.5.0
[INFO] [stderr]    Compiling base64 v0.13.1
[INFO] [stderr]    Compiling dyn-clone v1.0.17
[INFO] [stderr]    Compiling url v1.7.2
[INFO] [stderr]    Compiling mio-extras v2.0.6
[INFO] [stderr]    Compiling notify v4.0.18
[INFO] [stderr]    Compiling schemars_derive v0.8.21
[INFO] [stderr]    Compiling hyper v0.10.16
[INFO] [stderr]    Compiling darling_macro v0.10.2
[INFO] [stderr]    Compiling serde v1.0.214
[INFO] [stderr]    Compiling darling v0.10.2
[INFO] [stderr]    Compiling devise_core v0.2.1
[INFO] [stderr]    Compiling devise_codegen v0.2.1
[INFO] [stderr]    Compiling serde_json v1.0.132
[INFO] [stderr]    Compiling toml v0.4.10
[INFO] [stderr]    Compiling devise v0.2.1
[INFO] [stderr]    Compiling pear v0.1.5
[INFO] [stderr]    Compiling rocket_http v0.4.11
[INFO] [stderr]    Compiling df_rocket_okapi_codegen v0.4.1
[INFO] [stderr]    Compiling okapi v0.5.0-alpha-1
[INFO] [stderr]    Compiling rocket_contrib v0.4.11
[INFO] [stderr]    Compiling df_rocket_okapi v0.4.1 (/opt/rustwide/workdir)
[INFO] [stdout] warning: field `settings` is never read
[INFO] [stdout]   --> src/gen.rs:15:5
[INFO] [stdout]    |
[INFO] [stdout] 14 | pub struct OpenApiGenerator {
[INFO] [stdout]    |            ---------------- field in this struct
[INFO] [stdout] 15 |     settings: OpenApiSettings,
[INFO] [stdout]    |     ^^^^^^^^
[INFO] [stdout]    |
[INFO] [stdout]    = note: `OpenApiGenerator` has derived impls for the traits `Clone` and `Debug`, but these are intentionally ignored during dead code analysis
[INFO] [stdout]    = note: `#[warn(dead_code)]` on by default
[INFO] [stdout] 
[INFO] [stdout] 
[INFO] [stderr]     Finished `dev` profile [unoptimized + debuginfo] target(s) in 12.55s
[INFO] [stderr] warning: the following packages contain code that will be rejected by a future version of Rust: traitobject v0.1.0
[INFO] [stderr] note: to see what the problems were, use the option `--future-incompat-report`, or run `cargo report future-incompatibilities --id 1`
[INFO] running `Command { std: "docker" "inspect" "d9dd4295e98d163660fad70ab6795e1e1795847a519ffacdf7e99522693da6fa", kill_on_drop: false }`
[INFO] running `Command { std: "docker" "rm" "-f" "d9dd4295e98d163660fad70ab6795e1e1795847a519ffacdf7e99522693da6fa", kill_on_drop: false }`
[INFO] [stdout] d9dd4295e98d163660fad70ab6795e1e1795847a519ffacdf7e99522693da6fa
[INFO] running `Command { std: "docker" "create" "-v" "/var/lib/crater-agent-workspace/builds/worker-6-tc2/target:/opt/rustwide/target:rw,Z" "-v" "/var/lib/crater-agent-workspace/builds/worker-6-tc2/source:/opt/rustwide/workdir:ro,Z" "-v" "/var/lib/crater-agent-workspace/cargo-home:/opt/rustwide/cargo-home:ro,Z" "-v" "/var/lib/crater-agent-workspace/rustup-home:/opt/rustwide/rustup-home:ro,Z" "-e" "SOURCE_DIR=/opt/rustwide/workdir" "-e" "CARGO_TARGET_DIR=/opt/rustwide/target" "-e" "CARGO_INCREMENTAL=0" "-e" "RUST_BACKTRACE=full" "-e" "RUSTFLAGS=--cap-lints=forbid -Zrandomize-layout" "-e" "RUSTDOCFLAGS=--cap-lints=forbid" "-e" "CARGO_HOME=/opt/rustwide/cargo-home" "-e" "RUSTUP_HOME=/opt/rustwide/rustup-home" "-w" "/opt/rustwide/workdir" "-m" "1610612736" "--user" "0:0" "--network" "none" "ghcr.io/rust-lang/crates-build-env/linux@sha256:4a844ea9eb2546a2d2c7022eacef16ef2e8229c7fbb2c7d4d55a9ceca922f72d" "/opt/rustwide/cargo-home/bin/cargo" "+nightly-2024-10-28" "test" "--frozen" "--no-run" "--message-format=json", kill_on_drop: false }`
[INFO] [stdout] a45d3e3ddfe108c594033eb4b154aa43e059c3bc00d0971b18c1968d1609d01b
[INFO] running `Command { std: "docker" "start" "-a" "a45d3e3ddfe108c594033eb4b154aa43e059c3bc00d0971b18c1968d1609d01b", kill_on_drop: false }`
[INFO] [stderr]    Compiling df_rocket_okapi v0.4.1 (/opt/rustwide/workdir)
[INFO] [stdout] warning: field `settings` is never read
[INFO] [stdout]   --> src/gen.rs:15:5
[INFO] [stdout]    |
[INFO] [stdout] 14 | pub struct OpenApiGenerator {
[INFO] [stdout]    |            ---------------- field in this struct
[INFO] [stdout] 15 |     settings: OpenApiSettings,
[INFO] [stdout]    |     ^^^^^^^^
[INFO] [stdout]    |
[INFO] [stdout]    = note: `OpenApiGenerator` has derived impls for the traits `Clone` and `Debug`, but these are intentionally ignored during dead code analysis
[INFO] [stdout]    = note: `#[warn(dead_code)]` on by default
[INFO] [stdout] 
[INFO] [stdout] 
[INFO] [stdout] warning: field `settings` is never read
[INFO] [stdout]   --> src/gen.rs:15:5
[INFO] [stdout]    |
[INFO] [stdout] 14 | pub struct OpenApiGenerator {
[INFO] [stdout]    |            ---------------- field in this struct
[INFO] [stdout] 15 |     settings: OpenApiSettings,
[INFO] [stdout]    |     ^^^^^^^^
[INFO] [stdout]    |
[INFO] [stdout]    = note: `OpenApiGenerator` has derived impls for the traits `Clone` and `Debug`, but these are intentionally ignored during dead code analysis
[INFO] [stdout]    = note: `#[warn(dead_code)]` on by default
[INFO] [stdout] 
[INFO] [stdout] 
[INFO] [stderr]     Finished `test` profile [unoptimized + debuginfo] target(s) in 0.66s
[INFO] [stderr] warning: the following packages contain code that will be rejected by a future version of Rust: traitobject v0.1.0
[INFO] [stderr] note: to see what the problems were, use the option `--future-incompat-report`, or run `cargo report future-incompatibilities --id 1`
[INFO] running `Command { std: "docker" "inspect" "a45d3e3ddfe108c594033eb4b154aa43e059c3bc00d0971b18c1968d1609d01b", kill_on_drop: false }`
[INFO] running `Command { std: "docker" "rm" "-f" "a45d3e3ddfe108c594033eb4b154aa43e059c3bc00d0971b18c1968d1609d01b", kill_on_drop: false }`
[INFO] [stdout] a45d3e3ddfe108c594033eb4b154aa43e059c3bc00d0971b18c1968d1609d01b
[INFO] running `Command { std: "docker" "create" "-v" "/var/lib/crater-agent-workspace/builds/worker-6-tc2/target:/opt/rustwide/target:rw,Z" "-v" "/var/lib/crater-agent-workspace/builds/worker-6-tc2/source:/opt/rustwide/workdir:ro,Z" "-v" "/var/lib/crater-agent-workspace/cargo-home:/opt/rustwide/cargo-home:ro,Z" "-v" "/var/lib/crater-agent-workspace/rustup-home:/opt/rustwide/rustup-home:ro,Z" "-e" "SOURCE_DIR=/opt/rustwide/workdir" "-e" "CARGO_TARGET_DIR=/opt/rustwide/target" "-e" "CARGO_INCREMENTAL=0" "-e" "RUST_BACKTRACE=full" "-e" "RUSTFLAGS=--cap-lints=forbid -Zrandomize-layout" "-e" "RUSTDOCFLAGS=--cap-lints=forbid" "-e" "CARGO_HOME=/opt/rustwide/cargo-home" "-e" "RUSTUP_HOME=/opt/rustwide/rustup-home" "-w" "/opt/rustwide/workdir" "-m" "1610612736" "--user" "0:0" "--network" "none" "ghcr.io/rust-lang/crates-build-env/linux@sha256:4a844ea9eb2546a2d2c7022eacef16ef2e8229c7fbb2c7d4d55a9ceca922f72d" "/opt/rustwide/cargo-home/bin/cargo" "+nightly-2024-10-28" "test" "--frozen", kill_on_drop: false }`
[INFO] [stdout] 2a2305096e1126051105b839b5c5b07c88aaddfe51430806743c9773c6d653e7
[INFO] running `Command { std: "docker" "start" "-a" "2a2305096e1126051105b839b5c5b07c88aaddfe51430806743c9773c6d653e7", kill_on_drop: false }`
[INFO] [stderr] warning: field `settings` is never read
[INFO] [stderr]   --> src/gen.rs:15:5
[INFO] [stderr]    |
[INFO] [stderr] 14 | pub struct OpenApiGenerator {
[INFO] [stderr]    |            ---------------- field in this struct
[INFO] [stderr] 15 |     settings: OpenApiSettings,
[INFO] [stderr]    |     ^^^^^^^^
[INFO] [stderr]    |
[INFO] [stderr]    = note: `OpenApiGenerator` has derived impls for the traits `Clone` and `Debug`, but these are intentionally ignored during dead code analysis
[INFO] [stderr]    = note: `#[warn(dead_code)]` on by default
[INFO] [stderr] 
[INFO] [stderr] warning: `df_rocket_okapi` (lib) generated 1 warning
[INFO] [stderr] warning: `df_rocket_okapi` (lib test) generated 1 warning (1 duplicate)
[INFO] [stderr]     Finished `test` profile [unoptimized + debuginfo] target(s) in 0.09s
[INFO] [stderr] warning: the following packages contain code that will be rejected by a future version of Rust: traitobject v0.1.0
[INFO] [stderr] note: to see what the problems were, use the option `--future-incompat-report`, or run `cargo report future-incompatibilities --id 1`
[INFO] [stderr]      Running unittests src/lib.rs (/opt/rustwide/target/debug/deps/df_rocket_okapi-fd1ac17862c16db6)
[INFO] [stdout] 
[INFO] [stdout] running 0 tests
[INFO] [stdout] 
[INFO] [stdout] test result: ok. 0 passed; 0 failed; 0 ignored; 0 measured; 0 filtered out; finished in 0.00s
[INFO] [stdout] 
[INFO] [stderr]    Doc-tests df_rocket_okapi
[INFO] [stdout] 
[INFO] [stdout] running 2 tests
[INFO] [stdout] test src/lib.rs - (line 24) - compile ... FAILED
[INFO] [stdout] test src/request/from_query_multi_param_impls.rs - request::from_query_multi_param_impls::get_nested_query_parameters (line 15) ... FAILED
[INFO] [stdout] 
[INFO] [stdout] failures:
[INFO] [stdout] 
[INFO] [stdout] ---- src/lib.rs - (line 24) stdout ----
[INFO] [stdout] error[E0433]: failed to resolve: use of undeclared crate or module `rocket_okapi`
[INFO] [stdout]  --> src/lib.rs:30:5
[INFO] [stdout]   |
[INFO] [stdout] 7 | use rocket_okapi::swagger_ui::{make_swagger_ui, SwaggerUIConfig};
[INFO] [stdout]   |     ^^^^^^^^^^^^ use of undeclared crate or module `rocket_okapi`
[INFO] [stdout]   |
[INFO] [stdout] help: there is a crate or module with a similar name
[INFO] [stdout]   |
[INFO] [stdout] 7 | use df_rocket_okapi::swagger_ui::{make_swagger_ui, SwaggerUIConfig};
[INFO] [stdout]   |     ~~~~~~~~~~~~~~~
[INFO] [stdout] 
[INFO] [stdout] error[E0433]: failed to resolve: use of undeclared crate or module `rocket_okapi`
[INFO] [stdout]   --> src/lib.rs:53:9
[INFO] [stdout]    |
[INFO] [stdout] 30 |     use rocket_okapi::swagger_ui::UrlObject;
[INFO] [stdout]    |         ^^^^^^^^^^^^ use of undeclared crate or module `rocket_okapi`
[INFO] [stdout]    |
[INFO] [stdout] help: there is a crate or module with a similar name
[INFO] [stdout]    |
[INFO] [stdout] 30 |     use df_rocket_okapi::swagger_ui::UrlObject;
[INFO] [stdout]    |         ~~~~~~~~~~~~~~~
[INFO] [stdout] 
[INFO] [stdout] error[E0432]: unresolved import `rocket_okapi`
[INFO] [stdout]  --> src/lib.rs:29:5
[INFO] [stdout]   |
[INFO] [stdout] 6 | use rocket_okapi::{openapi, routes_with_openapi, JsonSchema};
[INFO] [stdout]   |     ^^^^^^^^^^^^ use of undeclared crate or module `rocket_okapi`
[INFO] [stdout]   |
[INFO] [stdout] help: there is a crate or module with a similar name
[INFO] [stdout]   |
[INFO] [stdout] 6 | use df_rocket_okapi::{openapi, routes_with_openapi, JsonSchema};
[INFO] [stdout]   |     ~~~~~~~~~~~~~~~
[INFO] [stdout] 
[INFO] [stdout] error: aborting due to 3 previous errors
[INFO] [stdout] 
[INFO] [stdout] Some errors have detailed explanations: E0432, E0433.
[INFO] [stdout] For more information about an error, try `rustc --explain E0432`.
[INFO] [stdout] Couldn't compile the test.
[INFO] [stdout] ---- src/request/from_query_multi_param_impls.rs - request::from_query_multi_param_impls::get_nested_query_parameters (line 15) stdout ----
[INFO] [stdout] error[E0433]: failed to resolve: use of undeclared crate or module `rocket_okapi`
[INFO] [stdout]  --> src/request/from_query_multi_param_impls.rs:19:5
[INFO] [stdout]   |
[INFO] [stdout] 6 | use rocket_okapi::{
[INFO] [stdout]   |     ^^^^^^^^^^^^ use of undeclared crate or module `rocket_okapi`
[INFO] [stdout]   |
[INFO] [stdout] help: there is a crate or module with a similar name
[INFO] [stdout]   |
[INFO] [stdout] 6 | use df_rocket_okapi::{
[INFO] [stdout]   |     ~~~~~~~~~~~~~~~
[INFO] [stdout] 
[INFO] [stdout] error[E0433]: failed to resolve: use of undeclared crate or module `rocket_okapi`
[INFO] [stdout]   --> src/request/from_query_multi_param_impls.rs:41:8
[INFO] [stdout]    |
[INFO] [stdout] 28 |     -> rocket_okapi::Result<Vec<okapi::openapi3::Parameter>> {
[INFO] [stdout]    |        ^^^^^^^^^^^^ use of undeclared crate or module `rocket_okapi`
[INFO] [stdout]    |
[INFO] [stdout] help: there is a crate or module with a similar name
[INFO] [stdout]    |
[INFO] [stdout] 28 |     -> df_rocket_okapi::Result<Vec<okapi::openapi3::Parameter>> {
[INFO] [stdout]    |        ~~~~~~~~~~~~~~~
[INFO] [stdout] 
[INFO] [stdout] error: aborting due to 2 previous errors
[INFO] [stdout] 
[INFO] [stdout] For more information about this error, try `rustc --explain E0433`.
[INFO] [stdout] Couldn't compile the test.
[INFO] [stdout] 
[INFO] [stdout] failures:
[INFO] [stdout]     src/lib.rs - (line 24)
[INFO] [stdout]     src/request/from_query_multi_param_impls.rs - request::from_query_multi_param_impls::get_nested_query_parameters (line 15)
[INFO] [stdout] 
[INFO] [stdout] test result: FAILED. 0 passed; 2 failed; 0 ignored; 0 measured; 0 filtered out; finished in 0.10s
[INFO] [stdout] 
[INFO] [stderr] error: doctest failed, to rerun pass `--doc`
[INFO] running `Command { std: "docker" "inspect" "2a2305096e1126051105b839b5c5b07c88aaddfe51430806743c9773c6d653e7", kill_on_drop: false }`
[INFO] running `Command { std: "docker" "rm" "-f" "2a2305096e1126051105b839b5c5b07c88aaddfe51430806743c9773c6d653e7", kill_on_drop: false }`
[INFO] [stdout] 2a2305096e1126051105b839b5c5b07c88aaddfe51430806743c9773c6d653e7
