[INFO] fetching crate detect-desktop-environment 1.1.0...
[INFO] testing detect-desktop-environment-1.1.0 against nightly-2024-10-28+rustflags=-Zrandomize-layout for randomize-layout
[INFO] extracting crate detect-desktop-environment 1.1.0 into /workspace/builds/worker-6-tc2/source
[INFO] validating manifest of crates.io crate detect-desktop-environment 1.1.0 on toolchain nightly-2024-10-28
[INFO] running `Command { std: CARGO_HOME="/workspace/cargo-home" RUSTUP_HOME="/workspace/rustup-home" "/workspace/cargo-home/bin/cargo" "+nightly-2024-10-28" "metadata" "--manifest-path" "Cargo.toml" "--no-deps", kill_on_drop: false }`
[INFO] started tweaking crates.io crate detect-desktop-environment 1.1.0
[INFO] finished tweaking crates.io crate detect-desktop-environment 1.1.0
[INFO] tweaked toml for crates.io crate detect-desktop-environment 1.1.0 written to /workspace/builds/worker-6-tc2/source/Cargo.toml
[INFO] crate crates.io crate detect-desktop-environment 1.1.0 already has a lockfile, it will not be regenerated
[INFO] running `Command { std: CARGO_HOME="/workspace/cargo-home" RUSTUP_HOME="/workspace/rustup-home" "/workspace/cargo-home/bin/cargo" "+nightly-2024-10-28" "fetch" "--manifest-path" "Cargo.toml", kill_on_drop: false }`
[INFO] running `Command { std: "docker" "create" "-v" "/var/lib/crater-agent-workspace/builds/worker-6-tc2/target:/opt/rustwide/target:rw,Z" "-v" "/var/lib/crater-agent-workspace/builds/worker-6-tc2/source:/opt/rustwide/workdir:ro,Z" "-v" "/var/lib/crater-agent-workspace/cargo-home:/opt/rustwide/cargo-home:ro,Z" "-v" "/var/lib/crater-agent-workspace/rustup-home:/opt/rustwide/rustup-home:ro,Z" "-e" "SOURCE_DIR=/opt/rustwide/workdir" "-e" "CARGO_TARGET_DIR=/opt/rustwide/target" "-e" "CARGO_HOME=/opt/rustwide/cargo-home" "-e" "RUSTUP_HOME=/opt/rustwide/rustup-home" "-w" "/opt/rustwide/workdir" "-m" "1610612736" "--user" "0:0" "--network" "none" "ghcr.io/rust-lang/crates-build-env/linux@sha256:4a844ea9eb2546a2d2c7022eacef16ef2e8229c7fbb2c7d4d55a9ceca922f72d" "/opt/rustwide/cargo-home/bin/cargo" "+nightly-2024-10-28" "metadata" "--no-deps" "--format-version=1", kill_on_drop: false }`
[INFO] [stdout] e6b7c22512b7a0006ccbbfcb7abe4f6a40e92efdbb6f9532149e1e8805179503
[INFO] running `Command { std: "docker" "start" "-a" "e6b7c22512b7a0006ccbbfcb7abe4f6a40e92efdbb6f9532149e1e8805179503", kill_on_drop: false }`
[INFO] running `Command { std: "docker" "inspect" "e6b7c22512b7a0006ccbbfcb7abe4f6a40e92efdbb6f9532149e1e8805179503", kill_on_drop: false }`
[INFO] running `Command { std: "docker" "rm" "-f" "e6b7c22512b7a0006ccbbfcb7abe4f6a40e92efdbb6f9532149e1e8805179503", kill_on_drop: false }`
[INFO] [stdout] e6b7c22512b7a0006ccbbfcb7abe4f6a40e92efdbb6f9532149e1e8805179503
[INFO] running `Command { std: "docker" "create" "-v" "/var/lib/crater-agent-workspace/builds/worker-6-tc2/target:/opt/rustwide/target:rw,Z" "-v" "/var/lib/crater-agent-workspace/builds/worker-6-tc2/source:/opt/rustwide/workdir:ro,Z" "-v" "/var/lib/crater-agent-workspace/cargo-home:/opt/rustwide/cargo-home:ro,Z" "-v" "/var/lib/crater-agent-workspace/rustup-home:/opt/rustwide/rustup-home:ro,Z" "-e" "SOURCE_DIR=/opt/rustwide/workdir" "-e" "CARGO_TARGET_DIR=/opt/rustwide/target" "-e" "CARGO_INCREMENTAL=0" "-e" "RUST_BACKTRACE=full" "-e" "RUSTFLAGS=--cap-lints=forbid -Zrandomize-layout" "-e" "RUSTDOCFLAGS=--cap-lints=forbid" "-e" "CARGO_HOME=/opt/rustwide/cargo-home" "-e" "RUSTUP_HOME=/opt/rustwide/rustup-home" "-w" "/opt/rustwide/workdir" "-m" "1610612736" "--user" "0:0" "--network" "none" "ghcr.io/rust-lang/crates-build-env/linux@sha256:4a844ea9eb2546a2d2c7022eacef16ef2e8229c7fbb2c7d4d55a9ceca922f72d" "/opt/rustwide/cargo-home/bin/cargo" "+nightly-2024-10-28" "build" "--frozen" "--message-format=json", kill_on_drop: false }`
[INFO] [stdout] 526576321a31e24f4c0d06215b139f8ab0bc901d72e5de5e7a7945fa6f23ead5
[INFO] running `Command { std: "docker" "start" "-a" "526576321a31e24f4c0d06215b139f8ab0bc901d72e5de5e7a7945fa6f23ead5", kill_on_drop: false }`
[INFO] [stderr]    Compiling detect-desktop-environment v1.1.0 (/opt/rustwide/workdir)
[INFO] [stderr]     Finished `dev` profile [unoptimized + debuginfo] target(s) in 0.51s
[INFO] running `Command { std: "docker" "inspect" "526576321a31e24f4c0d06215b139f8ab0bc901d72e5de5e7a7945fa6f23ead5", kill_on_drop: false }`
[INFO] running `Command { std: "docker" "rm" "-f" "526576321a31e24f4c0d06215b139f8ab0bc901d72e5de5e7a7945fa6f23ead5", kill_on_drop: false }`
[INFO] [stdout] 526576321a31e24f4c0d06215b139f8ab0bc901d72e5de5e7a7945fa6f23ead5
[INFO] running `Command { std: "docker" "create" "-v" "/var/lib/crater-agent-workspace/builds/worker-6-tc2/target:/opt/rustwide/target:rw,Z" "-v" "/var/lib/crater-agent-workspace/builds/worker-6-tc2/source:/opt/rustwide/workdir:ro,Z" "-v" "/var/lib/crater-agent-workspace/cargo-home:/opt/rustwide/cargo-home:ro,Z" "-v" "/var/lib/crater-agent-workspace/rustup-home:/opt/rustwide/rustup-home:ro,Z" "-e" "SOURCE_DIR=/opt/rustwide/workdir" "-e" "CARGO_TARGET_DIR=/opt/rustwide/target" "-e" "CARGO_INCREMENTAL=0" "-e" "RUST_BACKTRACE=full" "-e" "RUSTFLAGS=--cap-lints=forbid -Zrandomize-layout" "-e" "RUSTDOCFLAGS=--cap-lints=forbid" "-e" "CARGO_HOME=/opt/rustwide/cargo-home" "-e" "RUSTUP_HOME=/opt/rustwide/rustup-home" "-w" "/opt/rustwide/workdir" "-m" "1610612736" "--user" "0:0" "--network" "none" "ghcr.io/rust-lang/crates-build-env/linux@sha256:4a844ea9eb2546a2d2c7022eacef16ef2e8229c7fbb2c7d4d55a9ceca922f72d" "/opt/rustwide/cargo-home/bin/cargo" "+nightly-2024-10-28" "test" "--frozen" "--no-run" "--message-format=json", kill_on_drop: false }`
[INFO] [stdout] 53cdfe7b330c485ed98d99192d5e9e8c33004b0e294d9235901a6add1454a71f
[INFO] running `Command { std: "docker" "start" "-a" "53cdfe7b330c485ed98d99192d5e9e8c33004b0e294d9235901a6add1454a71f", kill_on_drop: false }`
[INFO] [stderr]    Compiling detect-desktop-environment v1.1.0 (/opt/rustwide/workdir)
[INFO] [stderr]     Finished `test` profile [unoptimized + debuginfo] target(s) in 0.64s
[INFO] running `Command { std: "docker" "inspect" "53cdfe7b330c485ed98d99192d5e9e8c33004b0e294d9235901a6add1454a71f", kill_on_drop: false }`
[INFO] running `Command { std: "docker" "rm" "-f" "53cdfe7b330c485ed98d99192d5e9e8c33004b0e294d9235901a6add1454a71f", kill_on_drop: false }`
[INFO] [stdout] 53cdfe7b330c485ed98d99192d5e9e8c33004b0e294d9235901a6add1454a71f
[INFO] running `Command { std: "docker" "create" "-v" "/var/lib/crater-agent-workspace/builds/worker-6-tc2/target:/opt/rustwide/target:rw,Z" "-v" "/var/lib/crater-agent-workspace/builds/worker-6-tc2/source:/opt/rustwide/workdir:ro,Z" "-v" "/var/lib/crater-agent-workspace/cargo-home:/opt/rustwide/cargo-home:ro,Z" "-v" "/var/lib/crater-agent-workspace/rustup-home:/opt/rustwide/rustup-home:ro,Z" "-e" "SOURCE_DIR=/opt/rustwide/workdir" "-e" "CARGO_TARGET_DIR=/opt/rustwide/target" "-e" "CARGO_INCREMENTAL=0" "-e" "RUST_BACKTRACE=full" "-e" "RUSTFLAGS=--cap-lints=forbid -Zrandomize-layout" "-e" "RUSTDOCFLAGS=--cap-lints=forbid" "-e" "CARGO_HOME=/opt/rustwide/cargo-home" "-e" "RUSTUP_HOME=/opt/rustwide/rustup-home" "-w" "/opt/rustwide/workdir" "-m" "1610612736" "--user" "0:0" "--network" "none" "ghcr.io/rust-lang/crates-build-env/linux@sha256:4a844ea9eb2546a2d2c7022eacef16ef2e8229c7fbb2c7d4d55a9ceca922f72d" "/opt/rustwide/cargo-home/bin/cargo" "+nightly-2024-10-28" "test" "--frozen", kill_on_drop: false }`
[INFO] [stdout] 21262e968066f2477c5ea9fdd5e9999c09f3f54995c7e598c8bc865737e227e2
[INFO] running `Command { std: "docker" "start" "-a" "21262e968066f2477c5ea9fdd5e9999c09f3f54995c7e598c8bc865737e227e2", kill_on_drop: false }`
[INFO] [stderr]     Finished `test` profile [unoptimized + debuginfo] target(s) in 0.01s
[INFO] [stderr]      Running unittests src/lib.rs (/opt/rustwide/target/debug/deps/detect_desktop_environment-ad09e2a12d425466)
[INFO] [stdout] 
[INFO] [stdout] running 1 test
[INFO] [stdout] test tests::linux_tests ... ok
[INFO] [stdout] 
[INFO] [stdout] test result: ok. 1 passed; 0 failed; 0 ignored; 0 measured; 0 filtered out; finished in 0.00s
[INFO] [stdout] 
[INFO] [stderr]      Running unittests src/main.rs (/opt/rustwide/target/debug/deps/detect_desktop_environment-6e5c8a546efb7395)
[INFO] [stdout] 
[INFO] [stdout] running 0 tests
[INFO] [stdout] 
[INFO] [stdout] test result: ok. 0 passed; 0 failed; 0 ignored; 0 measured; 0 filtered out; finished in 0.00s
[INFO] [stdout] 
[INFO] [stderr]    Doc-tests detect_desktop_environment
[INFO] [stdout] 
[INFO] [stdout] running 5 tests
[INFO] [stdout] test src/lib.rs - DesktopEnvironment::from_freedesktop (line 198) ... FAILED
[INFO] [stdout] test src/lib.rs - DesktopEnvironment::from_xdg_name (line 239) ... FAILED
[INFO] [stdout] test src/lib.rs - (line 10) ... ok
[INFO] [stdout] test src/lib.rs - DesktopEnvironment::gtk (line 130) ... ok
[INFO] [stdout] test src/lib.rs - DesktopEnvironment::qt (line 155) ... ok
[INFO] [stdout] 
[INFO] [stdout] failures:
[INFO] [stdout] 
[INFO] [stdout] ---- src/lib.rs - DesktopEnvironment::from_freedesktop (line 198) stdout ----
[INFO] [stdout] error[E0277]: can't compare `&str` with `Option<DesktopEnvironment>`
[INFO] [stdout]  --> src/lib.rs:202:1
[INFO] [stdout]   |
[INFO] [stdout] 7 | assert_eq!("KDE", Some(DesktopEnvironment::Kde));
[INFO] [stdout]   | ^^^^^^^^^^^^^^^^^^^^^^^^^^^^^^^^^^^^^^^^^^^^^^^^ no implementation for `&str == Option<DesktopEnvironment>`
[INFO] [stdout]   |
[INFO] [stdout]   = help: the trait `PartialEq<Option<DesktopEnvironment>>` is not implemented for `&str`
[INFO] [stdout]   = help: the following other types implement trait `PartialEq<Rhs>`:
[INFO] [stdout]             `&str` implements `PartialEq<Cow<'_, str>>`
[INFO] [stdout]             `&str` implements `PartialEq<OsString>`
[INFO] [stdout]             `&str` implements `PartialEq<String>`
[INFO] [stdout]             `str` implements `PartialEq<Cow<'_, str>>`
[INFO] [stdout]             `str` implements `PartialEq<OsStr>`
[INFO] [stdout]             `str` implements `PartialEq<OsString>`
[INFO] [stdout]             `str` implements `PartialEq<String>`
[INFO] [stdout]             `str` implements `PartialEq`
[INFO] [stdout]   = note: this error originates in the macro `assert_eq` (in Nightly builds, run with -Z macro-backtrace for more info)
[INFO] [stdout] 
[INFO] [stdout] error[E0277]: can't compare `&str` with `Option<_>`
[INFO] [stdout]  --> src/lib.rs:203:1
[INFO] [stdout]   |
[INFO] [stdout] 8 | assert_eq!("kde", None); // must be uppercase
[INFO] [stdout]   | ^^^^^^^^^^^^^^^^^^^^^^^ no implementation for `&str == Option<_>`
[INFO] [stdout]   |
[INFO] [stdout]   = help: the trait `PartialEq<Option<_>>` is not implemented for `&str`
[INFO] [stdout]   = help: the following other types implement trait `PartialEq<Rhs>`:
[INFO] [stdout]             `&str` implements `PartialEq<Cow<'_, str>>`
[INFO] [stdout]             `&str` implements `PartialEq<OsString>`
[INFO] [stdout]             `&str` implements `PartialEq<String>`
[INFO] [stdout]             `str` implements `PartialEq<Cow<'_, str>>`
[INFO] [stdout]             `str` implements `PartialEq<OsStr>`
[INFO] [stdout]             `str` implements `PartialEq<OsString>`
[INFO] [stdout]             `str` implements `PartialEq<String>`
[INFO] [stdout]             `str` implements `PartialEq`
[INFO] [stdout]   = note: this error originates in the macro `assert_eq` (in Nightly builds, run with -Z macro-backtrace for more info)
[INFO] [stdout] 
[INFO] [stdout] error[E0277]: can't compare `&str` with `Option<_>`
[INFO] [stdout]  --> src/lib.rs:204:1
[INFO] [stdout]   |
[INFO] [stdout] 9 | assert_eq!("SWAY", None); // not registered
[INFO] [stdout]   | ^^^^^^^^^^^^^^^^^^^^^^^^ no implementation for `&str == Option<_>`
[INFO] [stdout]   |
[INFO] [stdout]   = help: the trait `PartialEq<Option<_>>` is not implemented for `&str`
[INFO] [stdout]   = help: the following other types implement trait `PartialEq<Rhs>`:
[INFO] [stdout]             `&str` implements `PartialEq<Cow<'_, str>>`
[INFO] [stdout]             `&str` implements `PartialEq<OsString>`
[INFO] [stdout]             `&str` implements `PartialEq<String>`
[INFO] [stdout]             `str` implements `PartialEq<Cow<'_, str>>`
[INFO] [stdout]             `str` implements `PartialEq<OsStr>`
[INFO] [stdout]             `str` implements `PartialEq<OsString>`
[INFO] [stdout]             `str` implements `PartialEq<String>`
[INFO] [stdout]             `str` implements `PartialEq`
[INFO] [stdout]   = note: this error originates in the macro `assert_eq` (in Nightly builds, run with -Z macro-backtrace for more info)
[INFO] [stdout] 
[INFO] [stdout] error[E0277]: can't compare `&str` with `Option<_>`
[INFO] [stdout]   --> src/lib.rs:205:1
[INFO] [stdout]    |
[INFO] [stdout] 10 | assert_eq!("unknown_de", None);
[INFO] [stdout]    | ^^^^^^^^^^^^^^^^^^^^^^^^^^^^^^ no implementation for `&str == Option<_>`
[INFO] [stdout]    |
[INFO] [stdout]    = help: the trait `PartialEq<Option<_>>` is not implemented for `&str`
[INFO] [stdout]    = help: the following other types implement trait `PartialEq<Rhs>`:
[INFO] [stdout]              `&str` implements `PartialEq<Cow<'_, str>>`
[INFO] [stdout]              `&str` implements `PartialEq<OsString>`
[INFO] [stdout]              `&str` implements `PartialEq<String>`
[INFO] [stdout]              `str` implements `PartialEq<Cow<'_, str>>`
[INFO] [stdout]              `str` implements `PartialEq<OsStr>`
[INFO] [stdout]              `str` implements `PartialEq<OsString>`
[INFO] [stdout]              `str` implements `PartialEq<String>`
[INFO] [stdout]              `str` implements `PartialEq`
[INFO] [stdout]    = note: this error originates in the macro `assert_eq` (in Nightly builds, run with -Z macro-backtrace for more info)
[INFO] [stdout] 
[INFO] [stdout] error: aborting due to 4 previous errors
[INFO] [stdout] 
[INFO] [stdout] For more information about this error, try `rustc --explain E0277`.
[INFO] [stdout] Couldn't compile the test.
[INFO] [stdout] ---- src/lib.rs - DesktopEnvironment::from_xdg_name (line 239) stdout ----
[INFO] [stdout] error[E0277]: can't compare `&str` with `Option<DesktopEnvironment>`
[INFO] [stdout]  --> src/lib.rs:243:1
[INFO] [stdout]   |
[INFO] [stdout] 7 | assert_eq!("KDE", Some(DesktopEnvironment::Kde)); // freedesktop DE
[INFO] [stdout]   | ^^^^^^^^^^^^^^^^^^^^^^^^^^^^^^^^^^^^^^^^^^^^^^^^ no implementation for `&str == Option<DesktopEnvironment>`
[INFO] [stdout]   |
[INFO] [stdout]   = help: the trait `PartialEq<Option<DesktopEnvironment>>` is not implemented for `&str`
[INFO] [stdout]   = help: the following other types implement trait `PartialEq<Rhs>`:
[INFO] [stdout]             `&str` implements `PartialEq<Cow<'_, str>>`
[INFO] [stdout]             `&str` implements `PartialEq<OsString>`
[INFO] [stdout]             `&str` implements `PartialEq<String>`
[INFO] [stdout]             `str` implements `PartialEq<Cow<'_, str>>`
[INFO] [stdout]             `str` implements `PartialEq<OsStr>`
[INFO] [stdout]             `str` implements `PartialEq<OsString>`
[INFO] [stdout]             `str` implements `PartialEq<String>`
[INFO] [stdout]             `str` implements `PartialEq`
[INFO] [stdout]   = note: this error originates in the macro `assert_eq` (in Nightly builds, run with -Z macro-backtrace for more info)
[INFO] [stdout] 
[INFO] [stdout] error[E0277]: can't compare `&str` with `Option<_>`
[INFO] [stdout]  --> src/lib.rs:244:1
[INFO] [stdout]   |
[INFO] [stdout] 8 | assert_eq!("kde", None); // must be uppercase
[INFO] [stdout]   | ^^^^^^^^^^^^^^^^^^^^^^^ no implementation for `&str == Option<_>`
[INFO] [stdout]   |
[INFO] [stdout]   = help: the trait `PartialEq<Option<_>>` is not implemented for `&str`
[INFO] [stdout]   = help: the following other types implement trait `PartialEq<Rhs>`:
[INFO] [stdout]             `&str` implements `PartialEq<Cow<'_, str>>`
[INFO] [stdout]             `&str` implements `PartialEq<OsString>`
[INFO] [stdout]             `&str` implements `PartialEq<String>`
[INFO] [stdout]             `str` implements `PartialEq<Cow<'_, str>>`
[INFO] [stdout]             `str` implements `PartialEq<OsStr>`
[INFO] [stdout]             `str` implements `PartialEq<OsString>`
[INFO] [stdout]             `str` implements `PartialEq<String>`
[INFO] [stdout]             `str` implements `PartialEq`
[INFO] [stdout]   = note: this error originates in the macro `assert_eq` (in Nightly builds, run with -Z macro-backtrace for more info)
[INFO] [stdout] 
[INFO] [stdout] error[E0277]: can't compare `&str` with `Option<DesktopEnvironment>`
[INFO] [stdout]  --> src/lib.rs:245:1
[INFO] [stdout]   |
[INFO] [stdout] 9 | assert_eq!("SWAY", Some(DesktopEnvironment::Sway)); // not registered
[INFO] [stdout]   | ^^^^^^^^^^^^^^^^^^^^^^^^^^^^^^^^^^^^^^^^^^^^^^^^^^ no implementation for `&str == Option<DesktopEnvironment>`
[INFO] [stdout]   |
[INFO] [stdout]   = help: the trait `PartialEq<Option<DesktopEnvironment>>` is not implemented for `&str`
[INFO] [stdout]   = help: the following other types implement trait `PartialEq<Rhs>`:
[INFO] [stdout]             `&str` implements `PartialEq<Cow<'_, str>>`
[INFO] [stdout]             `&str` implements `PartialEq<OsString>`
[INFO] [stdout]             `&str` implements `PartialEq<String>`
[INFO] [stdout]             `str` implements `PartialEq<Cow<'_, str>>`
[INFO] [stdout]             `str` implements `PartialEq<OsStr>`
[INFO] [stdout]             `str` implements `PartialEq<OsString>`
[INFO] [stdout]             `str` implements `PartialEq<String>`
[INFO] [stdout]             `str` implements `PartialEq`
[INFO] [stdout]   = note: this error originates in the macro `assert_eq` (in Nightly builds, run with -Z macro-backtrace for more info)
[INFO] [stdout] 
[INFO] [stdout] error[E0277]: can't compare `&str` with `Option<_>`
[INFO] [stdout]   --> src/lib.rs:246:1
[INFO] [stdout]    |
[INFO] [stdout] 10 | assert_eq!("unknown_de", None);
[INFO] [stdout]    | ^^^^^^^^^^^^^^^^^^^^^^^^^^^^^^ no implementation for `&str == Option<_>`
[INFO] [stdout]    |
[INFO] [stdout]    = help: the trait `PartialEq<Option<_>>` is not implemented for `&str`
[INFO] [stdout]    = help: the following other types implement trait `PartialEq<Rhs>`:
[INFO] [stdout]              `&str` implements `PartialEq<Cow<'_, str>>`
[INFO] [stdout]              `&str` implements `PartialEq<OsString>`
[INFO] [stdout]              `&str` implements `PartialEq<String>`
[INFO] [stdout]              `str` implements `PartialEq<Cow<'_, str>>`
[INFO] [stdout]              `str` implements `PartialEq<OsStr>`
[INFO] [stdout]              `str` implements `PartialEq<OsString>`
[INFO] [stdout]              `str` implements `PartialEq<String>`
[INFO] [stdout]              `str` implements `PartialEq`
[INFO] [stdout]    = note: this error originates in the macro `assert_eq` (in Nightly builds, run with -Z macro-backtrace for more info)
[INFO] [stdout] 
[INFO] [stdout] error: aborting due to 4 previous errors
[INFO] [stdout] 
[INFO] [stdout] For more information about this error, try `rustc --explain E0277`.
[INFO] [stdout] Couldn't compile the test.
[INFO] [stdout] 
[INFO] [stdout] failures:
[INFO] [stdout]     src/lib.rs - DesktopEnvironment::from_freedesktop (line 198)
[INFO] [stdout]     src/lib.rs - DesktopEnvironment::from_xdg_name (line 239)
[INFO] [stdout] 
[INFO] [stdout] test result: FAILED. 3 passed; 2 failed; 0 ignored; 0 measured; 0 filtered out; finished in 0.53s
[INFO] [stdout] 
[INFO] [stderr] error: doctest failed, to rerun pass `--doc`
[INFO] running `Command { std: "docker" "inspect" "21262e968066f2477c5ea9fdd5e9999c09f3f54995c7e598c8bc865737e227e2", kill_on_drop: false }`
[INFO] running `Command { std: "docker" "rm" "-f" "21262e968066f2477c5ea9fdd5e9999c09f3f54995c7e598c8bc865737e227e2", kill_on_drop: false }`
[INFO] [stdout] 21262e968066f2477c5ea9fdd5e9999c09f3f54995c7e598c8bc865737e227e2
