[INFO] fetching crate deslite 0.1.1...
[INFO] testing deslite-0.1.1 against nightly-2024-10-28+rustflags=-Zrandomize-layout for randomize-layout
[INFO] extracting crate deslite 0.1.1 into /workspace/builds/worker-4-tc2/source
[INFO] validating manifest of crates.io crate deslite 0.1.1 on toolchain nightly-2024-10-28
[INFO] running `Command { std: CARGO_HOME="/workspace/cargo-home" RUSTUP_HOME="/workspace/rustup-home" "/workspace/cargo-home/bin/cargo" "+nightly-2024-10-28" "metadata" "--manifest-path" "Cargo.toml" "--no-deps", kill_on_drop: false }`
[INFO] started tweaking crates.io crate deslite 0.1.1
[INFO] finished tweaking crates.io crate deslite 0.1.1
[INFO] tweaked toml for crates.io crate deslite 0.1.1 written to /workspace/builds/worker-4-tc2/source/Cargo.toml
[INFO] running `Command { std: CARGO_HOME="/workspace/cargo-home" RUSTUP_HOME="/workspace/rustup-home" "/workspace/cargo-home/bin/cargo" "+nightly-2024-10-28" "generate-lockfile" "--manifest-path" "Cargo.toml", kill_on_drop: false }`
[INFO] [stderr]     Updating crates.io index
[INFO] [stderr]      Locking 3 packages to latest compatible versions
[INFO] [stderr]       Adding libsqlite3-sys v0.13.0 (available: v0.30.1)
[INFO] running `Command { std: CARGO_HOME="/workspace/cargo-home" RUSTUP_HOME="/workspace/rustup-home" "/workspace/cargo-home/bin/cargo" "+nightly-2024-10-28" "fetch" "--manifest-path" "Cargo.toml", kill_on_drop: false }`
[INFO] [stderr] warning: no edition set: defaulting to the 2015 edition while the latest is 2021
[INFO] running `Command { std: "docker" "create" "-v" "/var/lib/crater-agent-workspace/builds/worker-4-tc2/target:/opt/rustwide/target:rw,Z" "-v" "/var/lib/crater-agent-workspace/builds/worker-4-tc2/source:/opt/rustwide/workdir:ro,Z" "-v" "/var/lib/crater-agent-workspace/cargo-home:/opt/rustwide/cargo-home:ro,Z" "-v" "/var/lib/crater-agent-workspace/rustup-home:/opt/rustwide/rustup-home:ro,Z" "-e" "SOURCE_DIR=/opt/rustwide/workdir" "-e" "CARGO_TARGET_DIR=/opt/rustwide/target" "-e" "CARGO_HOME=/opt/rustwide/cargo-home" "-e" "RUSTUP_HOME=/opt/rustwide/rustup-home" "-w" "/opt/rustwide/workdir" "-m" "1610612736" "--user" "0:0" "--network" "none" "ghcr.io/rust-lang/crates-build-env/linux@sha256:4a844ea9eb2546a2d2c7022eacef16ef2e8229c7fbb2c7d4d55a9ceca922f72d" "/opt/rustwide/cargo-home/bin/cargo" "+nightly-2024-10-28" "metadata" "--no-deps" "--format-version=1", kill_on_drop: false }`
[INFO] [stdout] 9cb6002d95442c5d2cd58430edd7c051b26d79531da3ae16b6d70e628b0c24cd
[INFO] running `Command { std: "docker" "start" "-a" "9cb6002d95442c5d2cd58430edd7c051b26d79531da3ae16b6d70e628b0c24cd", kill_on_drop: false }`
[INFO] running `Command { std: "docker" "inspect" "9cb6002d95442c5d2cd58430edd7c051b26d79531da3ae16b6d70e628b0c24cd", kill_on_drop: false }`
[INFO] running `Command { std: "docker" "rm" "-f" "9cb6002d95442c5d2cd58430edd7c051b26d79531da3ae16b6d70e628b0c24cd", kill_on_drop: false }`
[INFO] [stdout] 9cb6002d95442c5d2cd58430edd7c051b26d79531da3ae16b6d70e628b0c24cd
[INFO] running `Command { std: "docker" "create" "-v" "/var/lib/crater-agent-workspace/builds/worker-4-tc2/target:/opt/rustwide/target:rw,Z" "-v" "/var/lib/crater-agent-workspace/builds/worker-4-tc2/source:/opt/rustwide/workdir:ro,Z" "-v" "/var/lib/crater-agent-workspace/cargo-home:/opt/rustwide/cargo-home:ro,Z" "-v" "/var/lib/crater-agent-workspace/rustup-home:/opt/rustwide/rustup-home:ro,Z" "-e" "SOURCE_DIR=/opt/rustwide/workdir" "-e" "CARGO_TARGET_DIR=/opt/rustwide/target" "-e" "CARGO_INCREMENTAL=0" "-e" "RUST_BACKTRACE=full" "-e" "RUSTFLAGS=--cap-lints=forbid -Zrandomize-layout" "-e" "RUSTDOCFLAGS=--cap-lints=forbid" "-e" "CARGO_HOME=/opt/rustwide/cargo-home" "-e" "RUSTUP_HOME=/opt/rustwide/rustup-home" "-w" "/opt/rustwide/workdir" "-m" "1610612736" "--user" "0:0" "--network" "none" "ghcr.io/rust-lang/crates-build-env/linux@sha256:4a844ea9eb2546a2d2c7022eacef16ef2e8229c7fbb2c7d4d55a9ceca922f72d" "/opt/rustwide/cargo-home/bin/cargo" "+nightly-2024-10-28" "build" "--frozen" "--message-format=json", kill_on_drop: false }`
[INFO] [stdout] 4e5991d8737a09734fc93bb335562231fb44828b24f51d3f1e1b01a9568ed74d
[INFO] running `Command { std: "docker" "start" "-a" "4e5991d8737a09734fc93bb335562231fb44828b24f51d3f1e1b01a9568ed74d", kill_on_drop: false }`
[INFO] [stderr] warning: no edition set: defaulting to the 2015 edition while the latest is 2021
[INFO] [stderr]    Compiling pkg-config v0.3.31
[INFO] [stderr]    Compiling libsqlite3-sys v0.13.0
[INFO] [stderr]    Compiling deslite v0.1.1 (/opt/rustwide/workdir)
[INFO] [stdout] warning: use of deprecated function `std::mem::uninitialized`: use `mem::MaybeUninit` instead
[INFO] [stdout]   --> src/lib.rs:71:40
[INFO] [stdout]    |
[INFO] [stdout] 71 |         let mut a = unsafe { std::mem::uninitialized() };
[INFO] [stdout]    |                                        ^^^^^^^^^^^^^
[INFO] [stdout]    |
[INFO] [stdout]    = note: `#[warn(deprecated)]` on by default
[INFO] [stdout] 
[INFO] [stdout] 
[INFO] [stdout] warning: use of deprecated function `std::mem::uninitialized`: use `mem::MaybeUninit` instead
[INFO] [stdout]   --> src/stmt.rs:27:38
[INFO] [stdout]    |
[INFO] [stdout] 27 |             stmt: unsafe { std::mem::uninitialized() },
[INFO] [stdout]    |                                      ^^^^^^^^^^^^^
[INFO] [stdout] 
[INFO] [stdout] 
[INFO] [stdout] warning: fields `con`, `affected_rows`, `last_insert_id`, and `rows` are never read
[INFO] [stdout]   --> src/lib.rs:58:5
[INFO] [stdout]    |
[INFO] [stdout] 57 | pub struct QueryResult<'a> {
[INFO] [stdout]    |            ----------- fields in this struct
[INFO] [stdout] 58 |     con: &'a SqliteCon,
[INFO] [stdout]    |     ^^^
[INFO] [stdout] 59 |     affected_rows: Option<usize>,
[INFO] [stdout]    |     ^^^^^^^^^^^^^
[INFO] [stdout] 60 |     last_insert_id: Option<u64>,
[INFO] [stdout]    |     ^^^^^^^^^^^^^^
[INFO] [stdout] 61 |     rows: Rows<'a>,
[INFO] [stdout]    |     ^^^^
[INFO] [stdout]    |
[INFO] [stdout]    = note: `QueryResult` has a derived impl for the trait `Debug`, but this is intentionally ignored during dead code analysis
[INFO] [stdout]    = note: `#[warn(dead_code)]` on by default
[INFO] [stdout] 
[INFO] [stdout] 
[INFO] [stdout] warning: the type `*mut sqlite3` does not permit being left uninitialized
[INFO] [stdout]   --> src/lib.rs:71:30
[INFO] [stdout]    |
[INFO] [stdout] 71 |         let mut a = unsafe { std::mem::uninitialized() };
[INFO] [stdout]    |                              ^^^^^^^^^^^^^^^^^^^^^^^^^
[INFO] [stdout]    |                              |
[INFO] [stdout]    |                              this code causes undefined behavior when executed
[INFO] [stdout]    |                              help: use `MaybeUninit<T>` instead, and only call `assume_init` after initialization is done
[INFO] [stdout]    |
[INFO] [stdout]    = note: raw pointers must be initialized
[INFO] [stdout]    = note: `#[warn(invalid_value)]` on by default
[INFO] [stdout] 
[INFO] [stdout] 
[INFO] [stdout] warning: calls to `std::mem::drop` with a reference instead of an owned value does nothing
[INFO] [stdout]   --> src/stmt.rs:19:9
[INFO] [stdout]    |
[INFO] [stdout] 19 |         drop(self.con);
[INFO] [stdout]    |         ^^^^^--------^
[INFO] [stdout]    |              |
[INFO] [stdout]    |              argument has type `&SqliteCon`
[INFO] [stdout]    |
[INFO] [stdout]    = note: `#[warn(dropping_references)]` on by default
[INFO] [stdout] help: use `let _ = ...` to ignore the expression or result
[INFO] [stdout]    |
[INFO] [stdout] 19 -         drop(self.con);
[INFO] [stdout] 19 +         let _ = self.con;
[INFO] [stdout]    |
[INFO] [stdout] 
[INFO] [stdout] 
[INFO] [stdout] warning: the type `*mut sqlite3_stmt` does not permit being left uninitialized
[INFO] [stdout]   --> src/stmt.rs:27:28
[INFO] [stdout]    |
[INFO] [stdout] 27 |             stmt: unsafe { std::mem::uninitialized() },
[INFO] [stdout]    |                            ^^^^^^^^^^^^^^^^^^^^^^^^^
[INFO] [stdout]    |                            |
[INFO] [stdout]    |                            this code causes undefined behavior when executed
[INFO] [stdout]    |                            help: use `MaybeUninit<T>` instead, and only call `assume_init` after initialization is done
[INFO] [stdout]    |
[INFO] [stdout]    = note: raw pointers must be initialized
[INFO] [stdout] 
[INFO] [stdout] 
[INFO] [stderr]     Finished `dev` profile [unoptimized + debuginfo] target(s) in 0.54s
[INFO] running `Command { std: "docker" "inspect" "4e5991d8737a09734fc93bb335562231fb44828b24f51d3f1e1b01a9568ed74d", kill_on_drop: false }`
[INFO] running `Command { std: "docker" "rm" "-f" "4e5991d8737a09734fc93bb335562231fb44828b24f51d3f1e1b01a9568ed74d", kill_on_drop: false }`
[INFO] [stdout] 4e5991d8737a09734fc93bb335562231fb44828b24f51d3f1e1b01a9568ed74d
[INFO] running `Command { std: "docker" "create" "-v" "/var/lib/crater-agent-workspace/builds/worker-4-tc2/target:/opt/rustwide/target:rw,Z" "-v" "/var/lib/crater-agent-workspace/builds/worker-4-tc2/source:/opt/rustwide/workdir:ro,Z" "-v" "/var/lib/crater-agent-workspace/cargo-home:/opt/rustwide/cargo-home:ro,Z" "-v" "/var/lib/crater-agent-workspace/rustup-home:/opt/rustwide/rustup-home:ro,Z" "-e" "SOURCE_DIR=/opt/rustwide/workdir" "-e" "CARGO_TARGET_DIR=/opt/rustwide/target" "-e" "CARGO_INCREMENTAL=0" "-e" "RUST_BACKTRACE=full" "-e" "RUSTFLAGS=--cap-lints=forbid -Zrandomize-layout" "-e" "RUSTDOCFLAGS=--cap-lints=forbid" "-e" "CARGO_HOME=/opt/rustwide/cargo-home" "-e" "RUSTUP_HOME=/opt/rustwide/rustup-home" "-w" "/opt/rustwide/workdir" "-m" "1610612736" "--user" "0:0" "--network" "none" "ghcr.io/rust-lang/crates-build-env/linux@sha256:4a844ea9eb2546a2d2c7022eacef16ef2e8229c7fbb2c7d4d55a9ceca922f72d" "/opt/rustwide/cargo-home/bin/cargo" "+nightly-2024-10-28" "test" "--frozen" "--no-run" "--message-format=json", kill_on_drop: false }`
[INFO] [stdout] 041d17fa1b2f57661a94c48ca9301b9ed8b0bfb618c812660d1401db83c477de
[INFO] running `Command { std: "docker" "start" "-a" "041d17fa1b2f57661a94c48ca9301b9ed8b0bfb618c812660d1401db83c477de", kill_on_drop: false }`
[INFO] [stderr] warning: no edition set: defaulting to the 2015 edition while the latest is 2021
[INFO] [stdout] warning: use of deprecated function `std::mem::uninitialized`: use `mem::MaybeUninit` instead
[INFO] [stdout]   --> src/lib.rs:71:40
[INFO] [stdout]    |
[INFO] [stdout] 71 |         let mut a = unsafe { std::mem::uninitialized() };
[INFO] [stdout]    |                                        ^^^^^^^^^^^^^
[INFO] [stdout]    |
[INFO] [stdout]    = note: `#[warn(deprecated)]` on by default
[INFO] [stdout] 
[INFO] [stdout] 
[INFO] [stdout] warning: use of deprecated function `std::mem::uninitialized`: use `mem::MaybeUninit` instead
[INFO] [stdout]   --> src/stmt.rs:27:38
[INFO] [stdout]    |
[INFO] [stdout] 27 |             stmt: unsafe { std::mem::uninitialized() },
[INFO] [stdout]    |                                      ^^^^^^^^^^^^^
[INFO] [stdout] 
[INFO] [stdout] 
[INFO] [stdout] warning: fields `con`, `affected_rows`, `last_insert_id`, and `rows` are never read
[INFO] [stdout]   --> src/lib.rs:58:5
[INFO] [stdout]    |
[INFO] [stdout] 57 | pub struct QueryResult<'a> {
[INFO] [stdout]    |            ----------- fields in this struct
[INFO] [stdout] 58 |     con: &'a SqliteCon,
[INFO] [stdout]    |     ^^^
[INFO] [stdout] 59 |     affected_rows: Option<usize>,
[INFO] [stdout]    |     ^^^^^^^^^^^^^
[INFO] [stdout] 60 |     last_insert_id: Option<u64>,
[INFO] [stdout]    |     ^^^^^^^^^^^^^^
[INFO] [stdout] 61 |     rows: Rows<'a>,
[INFO] [stdout]    |     ^^^^
[INFO] [stdout]    |
[INFO] [stdout]    = note: `QueryResult` has a derived impl for the trait `Debug`, but this is intentionally ignored during dead code analysis
[INFO] [stdout]    = note: `#[warn(dead_code)]` on by default
[INFO] [stdout] 
[INFO] [stdout] 
[INFO] [stderr]    Compiling deslite v0.1.1 (/opt/rustwide/workdir)
[INFO] [stdout] warning: the type `*mut sqlite3` does not permit being left uninitialized
[INFO] [stdout]   --> src/lib.rs:71:30
[INFO] [stdout]    |
[INFO] [stdout] 71 |         let mut a = unsafe { std::mem::uninitialized() };
[INFO] [stdout]    |                              ^^^^^^^^^^^^^^^^^^^^^^^^^
[INFO] [stdout]    |                              |
[INFO] [stdout]    |                              this code causes undefined behavior when executed
[INFO] [stdout]    |                              help: use `MaybeUninit<T>` instead, and only call `assume_init` after initialization is done
[INFO] [stdout]    |
[INFO] [stdout]    = note: raw pointers must be initialized
[INFO] [stdout]    = note: `#[warn(invalid_value)]` on by default
[INFO] [stdout] 
[INFO] [stdout] 
[INFO] [stdout] warning: calls to `std::mem::drop` with a reference instead of an owned value does nothing
[INFO] [stdout]   --> src/stmt.rs:19:9
[INFO] [stdout]    |
[INFO] [stdout] 19 |         drop(self.con);
[INFO] [stdout]    |         ^^^^^--------^
[INFO] [stdout]    |              |
[INFO] [stdout]    |              argument has type `&SqliteCon`
[INFO] [stdout]    |
[INFO] [stdout]    = note: `#[warn(dropping_references)]` on by default
[INFO] [stdout] help: use `let _ = ...` to ignore the expression or result
[INFO] [stdout]    |
[INFO] [stdout] 19 -         drop(self.con);
[INFO] [stdout] 19 +         let _ = self.con;
[INFO] [stdout]    |
[INFO] [stdout] 
[INFO] [stdout] 
[INFO] [stdout] warning: the type `*mut sqlite3_stmt` does not permit being left uninitialized
[INFO] [stdout]   --> src/stmt.rs:27:28
[INFO] [stdout]    |
[INFO] [stdout] 27 |             stmt: unsafe { std::mem::uninitialized() },
[INFO] [stdout]    |                            ^^^^^^^^^^^^^^^^^^^^^^^^^
[INFO] [stdout]    |                            |
[INFO] [stdout]    |                            this code causes undefined behavior when executed
[INFO] [stdout]    |                            help: use `MaybeUninit<T>` instead, and only call `assume_init` after initialization is done
[INFO] [stdout]    |
[INFO] [stdout]    = note: raw pointers must be initialized
[INFO] [stdout] 
[INFO] [stdout] 
[INFO] [stdout] warning: use of deprecated function `std::mem::uninitialized`: use `mem::MaybeUninit` instead
[INFO] [stdout]   --> src/lib.rs:71:40
[INFO] [stdout]    |
[INFO] [stdout] 71 |         let mut a = unsafe { std::mem::uninitialized() };
[INFO] [stdout]    |                                        ^^^^^^^^^^^^^
[INFO] [stdout]    |
[INFO] [stdout]    = note: `#[warn(deprecated)]` on by default
[INFO] [stdout] 
[INFO] [stdout] 
[INFO] [stdout] warning: use of deprecated function `std::mem::uninitialized`: use `mem::MaybeUninit` instead
[INFO] [stdout]   --> src/stmt.rs:27:38
[INFO] [stdout]    |
[INFO] [stdout] 27 |             stmt: unsafe { std::mem::uninitialized() },
[INFO] [stdout]    |                                      ^^^^^^^^^^^^^
[INFO] [stdout] 
[INFO] [stdout] 
[INFO] [stdout] warning: fields `con`, `affected_rows`, `last_insert_id`, and `rows` are never read
[INFO] [stdout]   --> src/lib.rs:58:5
[INFO] [stdout]    |
[INFO] [stdout] 57 | pub struct QueryResult<'a> {
[INFO] [stdout]    |            ----------- fields in this struct
[INFO] [stdout] 58 |     con: &'a SqliteCon,
[INFO] [stdout]    |     ^^^
[INFO] [stdout] 59 |     affected_rows: Option<usize>,
[INFO] [stdout]    |     ^^^^^^^^^^^^^
[INFO] [stdout] 60 |     last_insert_id: Option<u64>,
[INFO] [stdout]    |     ^^^^^^^^^^^^^^
[INFO] [stdout] 61 |     rows: Rows<'a>,
[INFO] [stdout]    |     ^^^^
[INFO] [stdout]    |
[INFO] [stdout]    = note: `QueryResult` has a derived impl for the trait `Debug`, but this is intentionally ignored during dead code analysis
[INFO] [stdout]    = note: `#[warn(dead_code)]` on by default
[INFO] [stdout] 
[INFO] [stdout] 
[INFO] [stdout] warning: the type `*mut sqlite3` does not permit being left uninitialized
[INFO] [stdout]   --> src/lib.rs:71:30
[INFO] [stdout]    |
[INFO] [stdout] 71 |         let mut a = unsafe { std::mem::uninitialized() };
[INFO] [stdout]    |                              ^^^^^^^^^^^^^^^^^^^^^^^^^
[INFO] [stdout]    |                              |
[INFO] [stdout]    |                              this code causes undefined behavior when executed
[INFO] [stdout]    |                              help: use `MaybeUninit<T>` instead, and only call `assume_init` after initialization is done
[INFO] [stdout]    |
[INFO] [stdout]    = note: raw pointers must be initialized
[INFO] [stdout]    = note: `#[warn(invalid_value)]` on by default
[INFO] [stdout] 
[INFO] [stdout] 
[INFO] [stdout] warning: calls to `std::mem::drop` with a reference instead of an owned value does nothing
[INFO] [stdout]   --> src/stmt.rs:19:9
[INFO] [stdout]    |
[INFO] [stdout] 19 |         drop(self.con);
[INFO] [stdout]    |         ^^^^^--------^
[INFO] [stdout]    |              |
[INFO] [stdout]    |              argument has type `&SqliteCon`
[INFO] [stdout]    |
[INFO] [stdout]    = note: `#[warn(dropping_references)]` on by default
[INFO] [stdout] help: use `let _ = ...` to ignore the expression or result
[INFO] [stdout]    |
[INFO] [stdout] 19 -         drop(self.con);
[INFO] [stdout] 19 +         let _ = self.con;
[INFO] [stdout]    |
[INFO] [stdout] 
[INFO] [stdout] 
[INFO] [stdout] warning: the type `*mut sqlite3_stmt` does not permit being left uninitialized
[INFO] [stdout]   --> src/stmt.rs:27:28
[INFO] [stdout]    |
[INFO] [stdout] 27 |             stmt: unsafe { std::mem::uninitialized() },
[INFO] [stdout]    |                            ^^^^^^^^^^^^^^^^^^^^^^^^^
[INFO] [stdout]    |                            |
[INFO] [stdout]    |                            this code causes undefined behavior when executed
[INFO] [stdout]    |                            help: use `MaybeUninit<T>` instead, and only call `assume_init` after initialization is done
[INFO] [stdout]    |
[INFO] [stdout]    = note: raw pointers must be initialized
[INFO] [stdout] 
[INFO] [stdout] 
[INFO] [stderr]     Finished `test` profile [unoptimized + debuginfo] target(s) in 0.18s
[INFO] running `Command { std: "docker" "inspect" "041d17fa1b2f57661a94c48ca9301b9ed8b0bfb618c812660d1401db83c477de", kill_on_drop: false }`
[INFO] running `Command { std: "docker" "rm" "-f" "041d17fa1b2f57661a94c48ca9301b9ed8b0bfb618c812660d1401db83c477de", kill_on_drop: false }`
[INFO] [stdout] 041d17fa1b2f57661a94c48ca9301b9ed8b0bfb618c812660d1401db83c477de
[INFO] running `Command { std: "docker" "create" "-v" "/var/lib/crater-agent-workspace/builds/worker-4-tc2/target:/opt/rustwide/target:rw,Z" "-v" "/var/lib/crater-agent-workspace/builds/worker-4-tc2/source:/opt/rustwide/workdir:ro,Z" "-v" "/var/lib/crater-agent-workspace/cargo-home:/opt/rustwide/cargo-home:ro,Z" "-v" "/var/lib/crater-agent-workspace/rustup-home:/opt/rustwide/rustup-home:ro,Z" "-e" "SOURCE_DIR=/opt/rustwide/workdir" "-e" "CARGO_TARGET_DIR=/opt/rustwide/target" "-e" "CARGO_INCREMENTAL=0" "-e" "RUST_BACKTRACE=full" "-e" "RUSTFLAGS=--cap-lints=forbid -Zrandomize-layout" "-e" "RUSTDOCFLAGS=--cap-lints=forbid" "-e" "CARGO_HOME=/opt/rustwide/cargo-home" "-e" "RUSTUP_HOME=/opt/rustwide/rustup-home" "-w" "/opt/rustwide/workdir" "-m" "1610612736" "--user" "0:0" "--network" "none" "ghcr.io/rust-lang/crates-build-env/linux@sha256:4a844ea9eb2546a2d2c7022eacef16ef2e8229c7fbb2c7d4d55a9ceca922f72d" "/opt/rustwide/cargo-home/bin/cargo" "+nightly-2024-10-28" "test" "--frozen", kill_on_drop: false }`
[INFO] [stdout] 35cd827cabdd6baf5249bd5725c00840696e4eaa310941c454a6622fbca1a845
[INFO] running `Command { std: "docker" "start" "-a" "35cd827cabdd6baf5249bd5725c00840696e4eaa310941c454a6622fbca1a845", kill_on_drop: false }`
[INFO] [stderr] warning: no edition set: defaulting to the 2015 edition while the latest is 2021
[INFO] [stderr] warning: use of deprecated function `std::mem::uninitialized`: use `mem::MaybeUninit` instead
[INFO] [stderr]   --> src/lib.rs:71:40
[INFO] [stderr]    |
[INFO] [stderr] 71 |         let mut a = unsafe { std::mem::uninitialized() };
[INFO] [stderr]    |                                        ^^^^^^^^^^^^^
[INFO] [stderr]    |
[INFO] [stderr]    = note: `#[warn(deprecated)]` on by default
[INFO] [stderr] 
[INFO] [stderr] warning: use of deprecated function `std::mem::uninitialized`: use `mem::MaybeUninit` instead
[INFO] [stderr]   --> src/stmt.rs:27:38
[INFO] [stderr]    |
[INFO] [stderr] 27 |             stmt: unsafe { std::mem::uninitialized() },
[INFO] [stderr]    |                                      ^^^^^^^^^^^^^
[INFO] [stderr] 
[INFO] [stderr] warning: fields `con`, `affected_rows`, `last_insert_id`, and `rows` are never read
[INFO] [stderr]   --> src/lib.rs:58:5
[INFO] [stderr]    |
[INFO] [stderr] 57 | pub struct QueryResult<'a> {
[INFO] [stderr]    |            ----------- fields in this struct
[INFO] [stderr] 58 |     con: &'a SqliteCon,
[INFO] [stderr]    |     ^^^
[INFO] [stderr] 59 |     affected_rows: Option<usize>,
[INFO] [stderr]    |     ^^^^^^^^^^^^^
[INFO] [stderr] 60 |     last_insert_id: Option<u64>,
[INFO] [stderr]    |     ^^^^^^^^^^^^^^
[INFO] [stderr] 61 |     rows: Rows<'a>,
[INFO] [stderr]    |     ^^^^
[INFO] [stderr]    |
[INFO] [stderr]    = note: `QueryResult` has a derived impl for the trait `Debug`, but this is intentionally ignored during dead code analysis
[INFO] [stderr]    = note: `#[warn(dead_code)]` on by default
[INFO] [stderr] 
[INFO] [stderr] warning: the type `*mut sqlite3` does not permit being left uninitialized
[INFO] [stderr]   --> src/lib.rs:71:30
[INFO] [stderr]    |
[INFO] [stderr] 71 |         let mut a = unsafe { std::mem::uninitialized() };
[INFO] [stderr]    |                              ^^^^^^^^^^^^^^^^^^^^^^^^^
[INFO] [stderr]    |                              |
[INFO] [stderr]    |                              this code causes undefined behavior when executed
[INFO] [stderr]    |                              help: use `MaybeUninit<T>` instead, and only call `assume_init` after initialization is done
[INFO] [stderr]    |
[INFO] [stderr]    = note: raw pointers must be initialized
[INFO] [stderr]    = note: `#[warn(invalid_value)]` on by default
[INFO] [stderr] 
[INFO] [stderr] warning: calls to `std::mem::drop` with a reference instead of an owned value does nothing
[INFO] [stderr]   --> src/stmt.rs:19:9
[INFO] [stderr]    |
[INFO] [stderr] 19 |         drop(self.con);
[INFO] [stderr]    |         ^^^^^--------^
[INFO] [stderr]    |              |
[INFO] [stderr]    |              argument has type `&SqliteCon`
[INFO] [stderr]    |
[INFO] [stderr]    = note: `#[warn(dropping_references)]` on by default
[INFO] [stderr] help: use `let _ = ...` to ignore the expression or result
[INFO] [stderr]    |
[INFO] [stderr] 19 -         drop(self.con);
[INFO] [stderr] 19 +         let _ = self.con;
[INFO] [stderr]    |
[INFO] [stderr] 
[INFO] [stderr] warning: the type `*mut sqlite3_stmt` does not permit being left uninitialized
[INFO] [stderr]   --> src/stmt.rs:27:28
[INFO] [stderr]    |
[INFO] [stderr] 27 |             stmt: unsafe { std::mem::uninitialized() },
[INFO] [stderr]    |                            ^^^^^^^^^^^^^^^^^^^^^^^^^
[INFO] [stderr]    |                            |
[INFO] [stderr]    |                            this code causes undefined behavior when executed
[INFO] [stderr]    |                            help: use `MaybeUninit<T>` instead, and only call `assume_init` after initialization is done
[INFO] [stderr]    |
[INFO] [stderr]    = note: raw pointers must be initialized
[INFO] [stderr] 
[INFO] [stderr] warning: `deslite` (lib) generated 6 warnings
[INFO] [stderr] warning: `deslite` (lib test) generated 6 warnings (6 duplicates)
[INFO] [stderr]     Finished `test` profile [unoptimized + debuginfo] target(s) in 0.00s
[INFO] [stderr]      Running unittests src/lib.rs (/opt/rustwide/target/debug/deps/deslite-1896adc7af4aeeab)
[INFO] [stdout] 
[INFO] [stdout] running 2 tests
[INFO] [stdout] test tests::it_works ... ok
[INFO] [stdout] test tests::data_test ... FAILED
[INFO] [stdout] 
[INFO] [stdout] failures:
[INFO] [stdout] 
[INFO] [stdout] ---- tests::data_test stdout ----
[INFO] [stdout] thread 'tests::data_test' panicked at src/lib.rs:138:45:
[INFO] [stdout] Failed to create Sqlite db: ConnectionErr("Failed to open database")
[INFO] [stdout] stack backtrace:
[INFO] [stdout]    0:     0x6183514a023a - std::backtrace_rs::backtrace::libunwind::trace::h207520d6e9873551
[INFO] [stdout]                                at /rustc/df4ca44d3fbc9301ee17f30f4d474e6ae4b05252/library/std/src/../../backtrace/src/backtrace/libunwind.rs:116:5
[INFO] [stdout]    1:     0x6183514a023a - std::backtrace_rs::backtrace::trace_unsynchronized::h2ed7433f370e3eca
[INFO] [stdout]                                at /rustc/df4ca44d3fbc9301ee17f30f4d474e6ae4b05252/library/std/src/../../backtrace/src/backtrace/mod.rs:66:5
[INFO] [stdout]    2:     0x6183514a023a - std::sys::backtrace::_print_fmt::h916fac51166b18d7
[INFO] [stdout]                                at /rustc/df4ca44d3fbc9301ee17f30f4d474e6ae4b05252/library/std/src/sys/backtrace.rs:66:9
[INFO] [stdout]    3:     0x6183514a023a - <std::sys::backtrace::BacktraceLock::print::DisplayBacktrace as core::fmt::Display>::fmt::ha0a4c9b8ce3802e6
[INFO] [stdout]                                at /rustc/df4ca44d3fbc9301ee17f30f4d474e6ae4b05252/library/std/src/sys/backtrace.rs:39:26
[INFO] [stdout]    4:     0x6183514c6823 - core::fmt::rt::Argument::fmt::h4cfc8587d52b3eb5
[INFO] [stdout]                                at /rustc/df4ca44d3fbc9301ee17f30f4d474e6ae4b05252/library/core/src/fmt/rt.rs:177:76
[INFO] [stdout]    5:     0x6183514c6823 - core::fmt::write::h522cc39e5b36ae9f
[INFO] [stdout]                                at /rustc/df4ca44d3fbc9301ee17f30f4d474e6ae4b05252/library/core/src/fmt/mod.rs:1190:21
[INFO] [stdout]    6:     0x61835149cea3 - std::io::Write::write_fmt::h7d3c26752da97734
[INFO] [stdout]                                at /rustc/df4ca44d3fbc9301ee17f30f4d474e6ae4b05252/library/std/src/io/mod.rs:1839:15
[INFO] [stdout]    7:     0x6183514a0082 - std::sys::backtrace::BacktraceLock::print::h4b9e00b29e9c0942
[INFO] [stdout]                                at /rustc/df4ca44d3fbc9301ee17f30f4d474e6ae4b05252/library/std/src/sys/backtrace.rs:42:9
[INFO] [stdout]    8:     0x6183514a16ca - std::panicking::default_hook::{{closure}}::hb59b88280d0324d9
[INFO] [stdout]                                at /rustc/df4ca44d3fbc9301ee17f30f4d474e6ae4b05252/library/std/src/panicking.rs:268:22
[INFO] [stdout]    9:     0x6183514a14d4 - std::panicking::default_hook::he1dd496665be4a29
[INFO] [stdout]                                at /rustc/df4ca44d3fbc9301ee17f30f4d474e6ae4b05252/library/std/src/panicking.rs:292:9
[INFO] [stdout]   10:     0x61835146b269 - <alloc::boxed::Box<F,A> as core::ops::function::Fn<Args>>::call::h4ff71de18744e1dc
[INFO] [stdout]                                at /rustc/df4ca44d3fbc9301ee17f30f4d474e6ae4b05252/library/alloc/src/boxed.rs:2468:9
[INFO] [stdout]   11:     0x61835146b269 - test::test_main::{{closure}}::hcf7c055ce117aa81
[INFO] [stdout]                                at /rustc/df4ca44d3fbc9301ee17f30f4d474e6ae4b05252/library/test/src/lib.rs:133:21
[INFO] [stdout]   12:     0x6183514a1dc8 - <alloc::boxed::Box<F,A> as core::ops::function::Fn<Args>>::call::h1d66c6bbd60c9692
[INFO] [stdout]                                at /rustc/df4ca44d3fbc9301ee17f30f4d474e6ae4b05252/library/alloc/src/boxed.rs:2468:9
[INFO] [stdout]   13:     0x6183514a1dc8 - std::panicking::rust_panic_with_hook::h2ff17fe8f26dfcf8
[INFO] [stdout]                                at /rustc/df4ca44d3fbc9301ee17f30f4d474e6ae4b05252/library/std/src/panicking.rs:809:13
[INFO] [stdout]   14:     0x6183514a1b8a - std::panicking::begin_panic_handler::{{closure}}::h4fad77951c07e101
[INFO] [stdout]                                at /rustc/df4ca44d3fbc9301ee17f30f4d474e6ae4b05252/library/std/src/panicking.rs:674:13
[INFO] [stdout]   15:     0x6183514a0719 - std::sys::backtrace::__rust_end_short_backtrace::hb1a25b3da5d0ea08
[INFO] [stdout]                                at /rustc/df4ca44d3fbc9301ee17f30f4d474e6ae4b05252/library/std/src/sys/backtrace.rs:170:18
[INFO] [stdout]   16:     0x6183514a181c - rust_begin_unwind
[INFO] [stdout]                                at /rustc/df4ca44d3fbc9301ee17f30f4d474e6ae4b05252/library/std/src/panicking.rs:665:5
[INFO] [stdout]   17:     0x6183514c5220 - core::panicking::panic_fmt::ha9db07b529f9b256
[INFO] [stdout]                                at /rustc/df4ca44d3fbc9301ee17f30f4d474e6ae4b05252/library/core/src/panicking.rs:75:14
[INFO] [stdout]   18:     0x6183514c5666 - core::result::unwrap_failed::h5e8218e4d4338b8a
[INFO] [stdout]                                at /rustc/df4ca44d3fbc9301ee17f30f4d474e6ae4b05252/library/core/src/result.rs:1698:5
[INFO] [stdout]   19:     0x61835142f121 - core::result::Result<T,E>::expect::h7940682f5282f712
[INFO] [stdout]                                at /rustc/df4ca44d3fbc9301ee17f30f4d474e6ae4b05252/library/core/src/result.rs:1060:23
[INFO] [stdout]   20:     0x61835142ceac - deslite::tests::data_test::h5b8b5839d4fef35e
[INFO] [stdout]                                at /opt/rustwide/workdir/src/lib.rs:138:19
[INFO] [stdout]   21:     0x61835142cdd7 - deslite::tests::data_test::{{closure}}::h17fe077e353540c9
[INFO] [stdout]                                at /opt/rustwide/workdir/src/lib.rs:137:19
[INFO] [stdout]   22:     0x61835142e586 - core::ops::function::FnOnce::call_once::h3d176b8488017860
[INFO] [stdout]                                at /rustc/df4ca44d3fbc9301ee17f30f4d474e6ae4b05252/library/core/src/ops/function.rs:250:5
[INFO] [stdout]   23:     0x61835146fb3b - core::ops::function::FnOnce::call_once::h22c3ba5715e93f05
[INFO] [stdout]                                at /rustc/df4ca44d3fbc9301ee17f30f4d474e6ae4b05252/library/core/src/ops/function.rs:250:5
[INFO] [stdout]   24:     0x61835146fb3b - test::__rust_begin_short_backtrace::h8e82d8113d0da17f
[INFO] [stdout]                                at /rustc/df4ca44d3fbc9301ee17f30f4d474e6ae4b05252/library/test/src/lib.rs:621:18
[INFO] [stdout]   25:     0x61835146f4b7 - test::run_test_in_process::{{closure}}::h33235f4f20b7b7c7
[INFO] [stdout]                                at /rustc/df4ca44d3fbc9301ee17f30f4d474e6ae4b05252/library/test/src/lib.rs:644:60
[INFO] [stdout]   26:     0x61835146f4b7 - <core::panic::unwind_safe::AssertUnwindSafe<F> as core::ops::function::FnOnce<()>>::call_once::hb5043206310c586f
[INFO] [stdout]                                at /rustc/df4ca44d3fbc9301ee17f30f4d474e6ae4b05252/library/core/src/panic/unwind_safe.rs:272:9
[INFO] [stdout]   27:     0x61835146f4b7 - std::panicking::try::do_call::h9ad4731a60ab23e2
[INFO] [stdout]                                at /rustc/df4ca44d3fbc9301ee17f30f4d474e6ae4b05252/library/std/src/panicking.rs:557:40
[INFO] [stdout]   28:     0x61835146f4b7 - std::panicking::try::h3824d23db772a716
[INFO] [stdout]                                at /rustc/df4ca44d3fbc9301ee17f30f4d474e6ae4b05252/library/std/src/panicking.rs:520:19
[INFO] [stdout]   29:     0x61835146f4b7 - std::panic::catch_unwind::h5afd514605fde46b
[INFO] [stdout]                                at /rustc/df4ca44d3fbc9301ee17f30f4d474e6ae4b05252/library/std/src/panic.rs:358:14
[INFO] [stdout]   30:     0x61835146f4b7 - test::run_test_in_process::h0d5cbfa7067d1720
[INFO] [stdout]                                at /rustc/df4ca44d3fbc9301ee17f30f4d474e6ae4b05252/library/test/src/lib.rs:644:27
[INFO] [stdout]   31:     0x61835146f4b7 - test::run_test::{{closure}}::h708eb8872708115d
[INFO] [stdout]                                at /rustc/df4ca44d3fbc9301ee17f30f4d474e6ae4b05252/library/test/src/lib.rs:565:43
[INFO] [stdout]   32:     0x618351432bd4 - test::run_test::{{closure}}::h392c51cee94713ab
[INFO] [stdout]                                at /rustc/df4ca44d3fbc9301ee17f30f4d474e6ae4b05252/library/test/src/lib.rs:595:41
[INFO] [stdout]   33:     0x618351432bd4 - std::sys::backtrace::__rust_begin_short_backtrace::h2f40290710935a8b
[INFO] [stdout]                                at /rustc/df4ca44d3fbc9301ee17f30f4d474e6ae4b05252/library/std/src/sys/backtrace.rs:154:18
[INFO] [stdout]   34:     0x61835143637e - std::thread::Builder::spawn_unchecked_::{{closure}}::{{closure}}::h3fd968d89053a903
[INFO] [stdout]                                at /rustc/df4ca44d3fbc9301ee17f30f4d474e6ae4b05252/library/std/src/thread/mod.rs:541:17
[INFO] [stdout]   35:     0x61835143637e - <core::panic::unwind_safe::AssertUnwindSafe<F> as core::ops::function::FnOnce<()>>::call_once::h743f637ba4229880
[INFO] [stdout]                                at /rustc/df4ca44d3fbc9301ee17f30f4d474e6ae4b05252/library/core/src/panic/unwind_safe.rs:272:9
[INFO] [stdout]   36:     0x61835143637e - std::panicking::try::do_call::h07440897322525a6
[INFO] [stdout]                                at /rustc/df4ca44d3fbc9301ee17f30f4d474e6ae4b05252/library/std/src/panicking.rs:557:40
[INFO] [stdout]   37:     0x61835143637e - std::panicking::try::he5a2e00188156637
[INFO] [stdout]                                at /rustc/df4ca44d3fbc9301ee17f30f4d474e6ae4b05252/library/std/src/panicking.rs:520:19
[INFO] [stdout]   38:     0x61835143637e - std::panic::catch_unwind::hbaf3cae49b3c6433
[INFO] [stdout]                                at /rustc/df4ca44d3fbc9301ee17f30f4d474e6ae4b05252/library/std/src/panic.rs:358:14
[INFO] [stdout]   39:     0x61835143637e - std::thread::Builder::spawn_unchecked_::{{closure}}::h8e141ea224820bce
[INFO] [stdout]                                at /rustc/df4ca44d3fbc9301ee17f30f4d474e6ae4b05252/library/std/src/thread/mod.rs:540:30
[INFO] [stdout]   40:     0x61835143637e - core::ops::function::FnOnce::call_once{{vtable.shim}}::h90d312fedd7b8ea8
[INFO] [stdout]                                at /rustc/df4ca44d3fbc9301ee17f30f4d474e6ae4b05252/library/core/src/ops/function.rs:250:5
[INFO] [stdout]   41:     0x6183514a5bbb - <alloc::boxed::Box<F,A> as core::ops::function::FnOnce<Args>>::call_once::h69aa08ddb6adb8b6
[INFO] [stdout]                                at /rustc/df4ca44d3fbc9301ee17f30f4d474e6ae4b05252/library/alloc/src/boxed.rs:2454:9
[INFO] [stdout]   42:     0x6183514a5bbb - <alloc::boxed::Box<F,A> as core::ops::function::FnOnce<Args>>::call_once::h5aa36efdb79c806f
[INFO] [stdout]                                at /rustc/df4ca44d3fbc9301ee17f30f4d474e6ae4b05252/library/alloc/src/boxed.rs:2454:9
[INFO] [stdout]   43:     0x6183514a5bbb - std::sys::pal::unix::thread::Thread::new::thread_start::h6cd80a1b4be5158d
[INFO] [stdout]                                at /rustc/df4ca44d3fbc9301ee17f30f4d474e6ae4b05252/library/std/src/sys/pal/unix/thread.rs:105:17
[INFO] [stdout]   44:     0x739f1bb16ac3 - <unknown>
[INFO] [stdout]   45:     0x739f1bba7a04 - clone
[INFO] [stdout]   46:                0x0 - <unknown>
[INFO] [stdout] 
[INFO] [stdout] 
[INFO] [stdout] failures:
[INFO] [stdout]     tests::data_test
[INFO] [stdout] 
[INFO] [stdout] test result: FAILED. 1 passed; 1 failed; 0 ignored; 0 measured; 0 filtered out; finished in 0.01s
[INFO] [stdout] 
[INFO] [stderr] error: test failed, to rerun pass `--lib`
[INFO] running `Command { std: "docker" "inspect" "35cd827cabdd6baf5249bd5725c00840696e4eaa310941c454a6622fbca1a845", kill_on_drop: false }`
[INFO] running `Command { std: "docker" "rm" "-f" "35cd827cabdd6baf5249bd5725c00840696e4eaa310941c454a6622fbca1a845", kill_on_drop: false }`
[INFO] [stdout] 35cd827cabdd6baf5249bd5725c00840696e4eaa310941c454a6622fbca1a845
