[INFO] fetching crate derive_display 0.0.3...
[INFO] testing derive_display-0.0.3 against nightly-2024-10-28+rustflags=-Zrandomize-layout for randomize-layout
[INFO] extracting crate derive_display 0.0.3 into /workspace/builds/worker-1-tc2/source
[INFO] validating manifest of crates.io crate derive_display 0.0.3 on toolchain nightly-2024-10-28
[INFO] running `Command { std: CARGO_HOME="/workspace/cargo-home" RUSTUP_HOME="/workspace/rustup-home" "/workspace/cargo-home/bin/cargo" "+nightly-2024-10-28" "metadata" "--manifest-path" "Cargo.toml" "--no-deps", kill_on_drop: false }`
[INFO] removed /workspace/builds/worker-1-tc2/source/rust-toolchain.toml
[INFO] started tweaking crates.io crate derive_display 0.0.3
[INFO] finished tweaking crates.io crate derive_display 0.0.3
[INFO] tweaked toml for crates.io crate derive_display 0.0.3 written to /workspace/builds/worker-1-tc2/source/Cargo.toml
[INFO] running `Command { std: CARGO_HOME="/workspace/cargo-home" RUSTUP_HOME="/workspace/rustup-home" "/workspace/cargo-home/bin/cargo" "+nightly-2024-10-28" "generate-lockfile" "--manifest-path" "Cargo.toml", kill_on_drop: false }`
[INFO] [stderr]     Updating crates.io index
[INFO] [stderr]      Locking 5 packages to latest compatible versions
[INFO] running `Command { std: CARGO_HOME="/workspace/cargo-home" RUSTUP_HOME="/workspace/rustup-home" "/workspace/cargo-home/bin/cargo" "+nightly-2024-10-28" "fetch" "--manifest-path" "Cargo.toml", kill_on_drop: false }`
[INFO] [stderr] warning: only one of `license` or `license-file` is necessary
[INFO] [stderr] `license` should be used if the package license can be expressed with a standard SPDX expression.
[INFO] [stderr] `license-file` should be used if the package uses a non-standard license.
[INFO] [stderr] See https://doc.rust-lang.org/cargo/reference/manifest.html#the-license-and-license-file-fields for more information.
[INFO] running `Command { std: "docker" "create" "-v" "/var/lib/crater-agent-workspace/builds/worker-1-tc2/target:/opt/rustwide/target:rw,Z" "-v" "/var/lib/crater-agent-workspace/builds/worker-1-tc2/source:/opt/rustwide/workdir:ro,Z" "-v" "/var/lib/crater-agent-workspace/cargo-home:/opt/rustwide/cargo-home:ro,Z" "-v" "/var/lib/crater-agent-workspace/rustup-home:/opt/rustwide/rustup-home:ro,Z" "-e" "SOURCE_DIR=/opt/rustwide/workdir" "-e" "CARGO_TARGET_DIR=/opt/rustwide/target" "-e" "CARGO_HOME=/opt/rustwide/cargo-home" "-e" "RUSTUP_HOME=/opt/rustwide/rustup-home" "-w" "/opt/rustwide/workdir" "-m" "1610612736" "--user" "0:0" "--network" "none" "ghcr.io/rust-lang/crates-build-env/linux@sha256:4a844ea9eb2546a2d2c7022eacef16ef2e8229c7fbb2c7d4d55a9ceca922f72d" "/opt/rustwide/cargo-home/bin/cargo" "+nightly-2024-10-28" "metadata" "--no-deps" "--format-version=1", kill_on_drop: false }`
[INFO] [stdout] 12040c0900861ff99ec2ccef1c9a611e031f8f9e62e003171f47773e846d1c09
[INFO] running `Command { std: "docker" "start" "-a" "12040c0900861ff99ec2ccef1c9a611e031f8f9e62e003171f47773e846d1c09", kill_on_drop: false }`
[INFO] running `Command { std: "docker" "inspect" "12040c0900861ff99ec2ccef1c9a611e031f8f9e62e003171f47773e846d1c09", kill_on_drop: false }`
[INFO] running `Command { std: "docker" "rm" "-f" "12040c0900861ff99ec2ccef1c9a611e031f8f9e62e003171f47773e846d1c09", kill_on_drop: false }`
[INFO] [stdout] 12040c0900861ff99ec2ccef1c9a611e031f8f9e62e003171f47773e846d1c09
[INFO] running `Command { std: "docker" "create" "-v" "/var/lib/crater-agent-workspace/builds/worker-1-tc2/target:/opt/rustwide/target:rw,Z" "-v" "/var/lib/crater-agent-workspace/builds/worker-1-tc2/source:/opt/rustwide/workdir:ro,Z" "-v" "/var/lib/crater-agent-workspace/cargo-home:/opt/rustwide/cargo-home:ro,Z" "-v" "/var/lib/crater-agent-workspace/rustup-home:/opt/rustwide/rustup-home:ro,Z" "-e" "SOURCE_DIR=/opt/rustwide/workdir" "-e" "CARGO_TARGET_DIR=/opt/rustwide/target" "-e" "CARGO_INCREMENTAL=0" "-e" "RUST_BACKTRACE=full" "-e" "RUSTFLAGS=--cap-lints=forbid -Zrandomize-layout" "-e" "RUSTDOCFLAGS=--cap-lints=forbid" "-e" "CARGO_HOME=/opt/rustwide/cargo-home" "-e" "RUSTUP_HOME=/opt/rustwide/rustup-home" "-w" "/opt/rustwide/workdir" "-m" "1610612736" "--user" "0:0" "--network" "none" "ghcr.io/rust-lang/crates-build-env/linux@sha256:4a844ea9eb2546a2d2c7022eacef16ef2e8229c7fbb2c7d4d55a9ceca922f72d" "/opt/rustwide/cargo-home/bin/cargo" "+nightly-2024-10-28" "build" "--frozen" "--message-format=json", kill_on_drop: false }`
[INFO] [stdout] 12f7640b44ec13921cf467caadb00eedb655d939de5add3404f9525e92ef6042
[INFO] running `Command { std: "docker" "start" "-a" "12f7640b44ec13921cf467caadb00eedb655d939de5add3404f9525e92ef6042", kill_on_drop: false }`
[INFO] [stderr] warning: only one of `license` or `license-file` is necessary
[INFO] [stderr] `license` should be used if the package license can be expressed with a standard SPDX expression.
[INFO] [stderr] `license-file` should be used if the package uses a non-standard license.
[INFO] [stderr] See https://doc.rust-lang.org/cargo/reference/manifest.html#the-license-and-license-file-fields for more information.
[INFO] [stderr]    Compiling proc-macro2 v1.0.89
[INFO] [stderr]    Compiling unicode-ident v1.0.13
[INFO] [stderr]    Compiling include_proc_macro v1.0.6
[INFO] [stderr]    Compiling quote v1.0.37
[INFO] [stderr]    Compiling syn v2.0.86
[INFO] [stderr]    Compiling derive_display v0.0.3 (/opt/rustwide/workdir)
[INFO] [stderr]     Finished `dev` profile [unoptimized + debuginfo] target(s) in 5.22s
[INFO] running `Command { std: "docker" "inspect" "12f7640b44ec13921cf467caadb00eedb655d939de5add3404f9525e92ef6042", kill_on_drop: false }`
[INFO] running `Command { std: "docker" "rm" "-f" "12f7640b44ec13921cf467caadb00eedb655d939de5add3404f9525e92ef6042", kill_on_drop: false }`
[INFO] [stdout] 12f7640b44ec13921cf467caadb00eedb655d939de5add3404f9525e92ef6042
[INFO] running `Command { std: "docker" "create" "-v" "/var/lib/crater-agent-workspace/builds/worker-1-tc2/target:/opt/rustwide/target:rw,Z" "-v" "/var/lib/crater-agent-workspace/builds/worker-1-tc2/source:/opt/rustwide/workdir:ro,Z" "-v" "/var/lib/crater-agent-workspace/cargo-home:/opt/rustwide/cargo-home:ro,Z" "-v" "/var/lib/crater-agent-workspace/rustup-home:/opt/rustwide/rustup-home:ro,Z" "-e" "SOURCE_DIR=/opt/rustwide/workdir" "-e" "CARGO_TARGET_DIR=/opt/rustwide/target" "-e" "CARGO_INCREMENTAL=0" "-e" "RUST_BACKTRACE=full" "-e" "RUSTFLAGS=--cap-lints=forbid -Zrandomize-layout" "-e" "RUSTDOCFLAGS=--cap-lints=forbid" "-e" "CARGO_HOME=/opt/rustwide/cargo-home" "-e" "RUSTUP_HOME=/opt/rustwide/rustup-home" "-w" "/opt/rustwide/workdir" "-m" "1610612736" "--user" "0:0" "--network" "none" "ghcr.io/rust-lang/crates-build-env/linux@sha256:4a844ea9eb2546a2d2c7022eacef16ef2e8229c7fbb2c7d4d55a9ceca922f72d" "/opt/rustwide/cargo-home/bin/cargo" "+nightly-2024-10-28" "test" "--frozen" "--no-run" "--message-format=json", kill_on_drop: false }`
[INFO] [stdout] 2cbb44c5c311560aee53339778cdce187e86971412fbd9f48967cfa28e8e61ff
[INFO] running `Command { std: "docker" "start" "-a" "2cbb44c5c311560aee53339778cdce187e86971412fbd9f48967cfa28e8e61ff", kill_on_drop: false }`
[INFO] [stderr] warning: only one of `license` or `license-file` is necessary
[INFO] [stderr] `license` should be used if the package license can be expressed with a standard SPDX expression.
[INFO] [stderr] `license-file` should be used if the package uses a non-standard license.
[INFO] [stderr] See https://doc.rust-lang.org/cargo/reference/manifest.html#the-license-and-license-file-fields for more information.
[INFO] [stderr]    Compiling derive_display v0.0.3 (/opt/rustwide/workdir)
[INFO] [stderr]     Finished `test` profile [unoptimized + debuginfo] target(s) in 0.43s
[INFO] running `Command { std: "docker" "inspect" "2cbb44c5c311560aee53339778cdce187e86971412fbd9f48967cfa28e8e61ff", kill_on_drop: false }`
[INFO] running `Command { std: "docker" "rm" "-f" "2cbb44c5c311560aee53339778cdce187e86971412fbd9f48967cfa28e8e61ff", kill_on_drop: false }`
[INFO] [stdout] 2cbb44c5c311560aee53339778cdce187e86971412fbd9f48967cfa28e8e61ff
[INFO] running `Command { std: "docker" "create" "-v" "/var/lib/crater-agent-workspace/builds/worker-1-tc2/target:/opt/rustwide/target:rw,Z" "-v" "/var/lib/crater-agent-workspace/builds/worker-1-tc2/source:/opt/rustwide/workdir:ro,Z" "-v" "/var/lib/crater-agent-workspace/cargo-home:/opt/rustwide/cargo-home:ro,Z" "-v" "/var/lib/crater-agent-workspace/rustup-home:/opt/rustwide/rustup-home:ro,Z" "-e" "SOURCE_DIR=/opt/rustwide/workdir" "-e" "CARGO_TARGET_DIR=/opt/rustwide/target" "-e" "CARGO_INCREMENTAL=0" "-e" "RUST_BACKTRACE=full" "-e" "RUSTFLAGS=--cap-lints=forbid -Zrandomize-layout" "-e" "RUSTDOCFLAGS=--cap-lints=forbid" "-e" "CARGO_HOME=/opt/rustwide/cargo-home" "-e" "RUSTUP_HOME=/opt/rustwide/rustup-home" "-w" "/opt/rustwide/workdir" "-m" "1610612736" "--user" "0:0" "--network" "none" "ghcr.io/rust-lang/crates-build-env/linux@sha256:4a844ea9eb2546a2d2c7022eacef16ef2e8229c7fbb2c7d4d55a9ceca922f72d" "/opt/rustwide/cargo-home/bin/cargo" "+nightly-2024-10-28" "test" "--frozen", kill_on_drop: false }`
[INFO] [stdout] e6367d4bc771eb43ea72c8b930eb4f72cff04d4919da7ac43f69a15a716afa24
[INFO] running `Command { std: "docker" "start" "-a" "e6367d4bc771eb43ea72c8b930eb4f72cff04d4919da7ac43f69a15a716afa24", kill_on_drop: false }`
[INFO] [stderr] warning: only one of `license` or `license-file` is necessary
[INFO] [stderr] `license` should be used if the package license can be expressed with a standard SPDX expression.
[INFO] [stderr] `license-file` should be used if the package uses a non-standard license.
[INFO] [stderr] See https://doc.rust-lang.org/cargo/reference/manifest.html#the-license-and-license-file-fields for more information.
[INFO] [stderr]     Finished `test` profile [unoptimized + debuginfo] target(s) in 0.02s
[INFO] [stderr]      Running unittests src/lib.rs (/opt/rustwide/target/debug/deps/derive_display-20a092c363039522)
[INFO] [stdout] 
[INFO] [stdout] running 0 tests
[INFO] [stdout] 
[INFO] [stdout] test result: ok. 0 passed; 0 failed; 0 ignored; 0 measured; 0 filtered out; finished in 0.00s
[INFO] [stdout] 
[INFO] [stderr]    Doc-tests derive_display
[INFO] [stdout] 
[INFO] [stdout] running 3 tests
[INFO] [stdout] test README.md - (line 27) ... FAILED
[INFO] [stdout] test README.md - (line 56) ... FAILED
[INFO] [stdout] test README.md - (line 76) ... FAILED
[INFO] [stdout] 
[INFO] [stdout] failures:
[INFO] [stdout] 
[INFO] [stdout] ---- README.md - (line 27) stdout ----
[INFO] [stdout] error: unexpected token: `...`
[INFO] [stdout]   --> README.md:34:9
[INFO] [stdout]    |
[INFO] [stdout] 10 |         ...
[INFO] [stdout]    |         ^^^
[INFO] [stdout]    |
[INFO] [stderr] error: doctest failed, to rerun pass `--doc`
[INFO] [stdout] help: use `..` for an exclusive range
[INFO] [stdout]    |
[INFO] [stdout] 10 |         ..
[INFO] [stdout]    |
[INFO] [stdout] help: or `..=` for an inclusive range
[INFO] [stdout]    |
[INFO] [stdout] 10 |         ..=
[INFO] [stdout]    |
[INFO] [stdout] 
[INFO] [stdout] error[E0586]: inclusive range with no end
[INFO] [stdout]   --> README.md:34:9
[INFO] [stdout]    |
[INFO] [stdout] 10 |         ...
[INFO] [stdout]    |         ^^^
[INFO] [stdout]    |
[INFO] [stdout]    = note: inclusive ranges must be bounded at the end (`..=b` or `a..=b`)
[INFO] [stdout] help: use `..` instead
[INFO] [stdout]    |
[INFO] [stdout] 10 -         ...
[INFO] [stdout] 10 +         ..
[INFO] [stdout]    |
[INFO] [stdout] 
[INFO] [stdout] error: custom attribute panicked
[INFO] [stdout]  --> README.md:31:1
[INFO] [stdout]   |
[INFO] [stdout] 7 | #[derive_display]
[INFO] [stdout]   | ^^^^^^^^^^^^^^^^^
[INFO] [stdout]   |
[INFO] [stdout]   = help: message: Expected a valid ItemImpl block: Error("expected `..=`")
[INFO] [stdout] 
[INFO] [stdout] error: aborting due to 3 previous errors
[INFO] [stdout] 
[INFO] [stdout] For more information about this error, try `rustc --explain E0586`.
[INFO] [stdout] Couldn't compile the test.
[INFO] [stdout] ---- README.md - (line 56) stdout ----
[INFO] [stdout] error: cannot find macro `quote` in this scope
[INFO] [stdout]   --> README.md:66:1
[INFO] [stdout]    |
[INFO] [stdout] 13 | #[derive_display]
[INFO] [stdout]    | ^^^^^^^^^^^^^^^^^
[INFO] [stdout]    |
[INFO] [stdout]    = note: `quote` is in scope, but it is a crate, not a macro
[INFO] [stdout]    = note: this error originates in the attribute macro `derive_display` (in Nightly builds, run with -Z macro-backtrace for more info)
[INFO] [stdout] help: consider importing one of these macros
[INFO] [stdout]    |
[INFO] [stdout] 2  + use proc_macro::quote;
[INFO] [stdout]    |
[INFO] [stdout] 2  + use quote::quote;
[INFO] [stdout]    |
[INFO] [stdout] 
[INFO] [stdout] error[E0405]: cannot find trait `Display` in this scope
[INFO] [stdout]   --> README.md:66:1
[INFO] [stdout]    |
[INFO] [stdout] 13 | #[derive_display]
[INFO] [stdout]    | ^^^^^^^^^^^^^^^^^ not found in this scope
[INFO] [stdout]    |
[INFO] [stdout]    = note: this error originates in the attribute macro `derive_display` (in Nightly builds, run with -Z macro-backtrace for more info)
[INFO] [stdout] help: consider importing this trait
[INFO] [stdout]    |
[INFO] [stdout] 2  + use std::fmt::Display;
[INFO] [stdout]    |
[INFO] [stdout] 
[INFO] [stdout] error[E0412]: cannot find type `Formatter` in this scope
[INFO] [stdout]   --> README.md:66:1
[INFO] [stdout]    |
[INFO] [stdout] 13 | #[derive_display]
[INFO] [stdout]    | ^^^^^^^^^^^^^^^^^ not found in this scope
[INFO] [stdout]    |
[INFO] [stdout]    = note: this error originates in the attribute macro `derive_display` (in Nightly builds, run with -Z macro-backtrace for more info)
[INFO] [stdout] help: consider importing this struct
[INFO] [stdout]    |
[INFO] [stdout] 2  + use std::fmt::Formatter;
[INFO] [stdout]    |
[INFO] [stdout] 
[INFO] [stdout] error: aborting due to 3 previous errors
[INFO] [stdout] 
[INFO] [stdout] Some errors have detailed explanations: E0405, E0412.
[INFO] [stdout] For more information about an error, try `rustc --explain E0405`.
[INFO] [stdout] Couldn't compile the test.
[INFO] [stdout] ---- README.md - (line 76) stdout ----
[INFO] [stdout] error: cannot find macro `quote` in this scope
[INFO] [stdout]  --> README.md:80:17
[INFO] [stdout]   |
[INFO] [stdout] 6 |         let q = quote!(#s); // <-- this is for the `ToTokens` derive
[INFO] [stdout]   |                 ^^^^^
[INFO] [stdout]   |
[INFO] [stdout]   = note: `quote` is in scope, but it is a crate, not a macro
[INFO] [stdout] help: consider importing one of these macros
[INFO] [stdout]   |
[INFO] [stdout] 2 + use proc_macro::quote;
[INFO] [stdout]   |
[INFO] [stdout] 2 + use quote::quote;
[INFO] [stdout]   |
[INFO] [stdout] 
[INFO] [stdout] error[E0405]: cannot find trait `Display` in this scope
[INFO] [stdout]  --> README.md:77:6
[INFO] [stdout]   |
[INFO] [stdout] 3 | impl Display for MyStruct {
[INFO] [stdout]   |      ^^^^^^^ not found in this scope
[INFO] [stdout]   |
[INFO] [stdout] help: consider importing this trait
[INFO] [stdout]   |
[INFO] [stdout] 2 + use std::fmt::Display;
[INFO] [stdout]   |
[INFO] [stdout] 
[INFO] [stdout] error[E0412]: cannot find type `MyStruct` in this scope
[INFO] [stdout]  --> README.md:77:18
[INFO] [stdout]   |
[INFO] [stdout] 3 | impl Display for MyStruct {
[INFO] [stdout]   |                  ^^^^^^^^ not found in this scope
[INFO] [stdout] 
[INFO] [stdout] error[E0412]: cannot find type `Formatter` in this scope
[INFO] [stdout]  --> README.md:78:27
[INFO] [stdout]   |
[INFO] [stdout] 4 |     fn fmt(&self, f: &mut Formatter<'_>) -> std::fmt::Result {
[INFO] [stdout]   |                           ^^^^^^^^^ not found in this scope
[INFO] [stdout]   |
[INFO] [stdout] help: consider importing this struct
[INFO] [stdout]   |
[INFO] [stdout] 2 + use std::fmt::Formatter;
[INFO] [stdout]   |
[INFO] [stdout] 
[INFO] [stdout] error: aborting due to 4 previous errors
[INFO] [stdout] 
[INFO] [stdout] Some errors have detailed explanations: E0405, E0412.
[INFO] [stdout] For more information about an error, try `rustc --explain E0405`.
[INFO] [stdout] Couldn't compile the test.
[INFO] [stdout] 
[INFO] [stdout] failures:
[INFO] [stdout]     README.md - (line 27)
[INFO] [stdout]     README.md - (line 56)
[INFO] [stdout]     README.md - (line 76)
[INFO] [stdout] 
[INFO] [stdout] test result: FAILED. 0 passed; 3 failed; 0 ignored; 0 measured; 0 filtered out; finished in 0.20s
[INFO] [stdout] 
[INFO] running `Command { std: "docker" "inspect" "e6367d4bc771eb43ea72c8b930eb4f72cff04d4919da7ac43f69a15a716afa24", kill_on_drop: false }`
[INFO] running `Command { std: "docker" "rm" "-f" "e6367d4bc771eb43ea72c8b930eb4f72cff04d4919da7ac43f69a15a716afa24", kill_on_drop: false }`
[INFO] [stdout] e6367d4bc771eb43ea72c8b930eb4f72cff04d4919da7ac43f69a15a716afa24
